Jul 23 02:08:08.268869 np0000005693 nova-scheduler[93646]: DEBUG cotyledon.oslo_config_glue [-] oslo_messaging_rabbit.rabbit_quorum_max_memory_length = 0 {{(pid=93646) log_opt_values /opt/stack/data/venv/lib/python3.12/site-packages/oslo_config/cfg.py:3253}}
Jul 23 02:08:08.268869 np0000005693 nova-scheduler[93646]: DEBUG cotyledon.oslo_config_glue [-] oslo_messaging_rabbit.rabbit_quorum_queue = False {{(pid=93646) log_opt_values /opt/stack/data/venv/lib/python3.12/site-packages/oslo_config/cfg.py:3253}}
Jul 23 02:08:08.268869 np0000005693 nova-scheduler[93646]: DEBUG cotyledon.oslo_config_glue [-] oslo_messaging_rabbit.rabbit_retry_backoff = 2 {{(pid=93646) log_opt_values /opt/stack/data/venv/lib/python3.12/site-packages/oslo_config/cfg.py:3253}}
Jul 23 02:08:08.268869 np0000005693 nova-scheduler[93646]: DEBUG cotyledon.oslo_config_glue [-] oslo_messaging_rabbit.rabbit_retry_interval = 1 {{(pid=93646) log_opt_values /opt/stack/data/venv/lib/python3.12/site-packages/oslo_config/cfg.py:3253}}
Jul 23 02:08:08.268869 np0000005693 nova-scheduler[93646]: DEBUG cotyledon.oslo_config_glue [-] oslo_messaging_rabbit.rabbit_stream_fanout = False {{(pid=93646) log_opt_values /opt/stack/data/venv/lib/python3.12/site-packages/oslo_config/cfg.py:3253}}
Jul 23 02:08:08.268869 np0000005693 nova-scheduler[93646]: DEBUG cotyledon.oslo_config_glue [-] oslo_messaging_rabbit.rabbit_transient_queues_ttl = 1800 {{(pid=93646) log_opt_values /opt/stack/data/venv/lib/python3.12/site-packages/oslo_config/cfg.py:3253}}
Jul 23 02:08:08.268869 np0000005693 nova-scheduler[93646]: DEBUG cotyledon.oslo_config_glue [-] oslo_messaging_rabbit.rabbit_transient_quorum_queue = False {{(pid=93646) log_opt_values /opt/stack/data/venv/lib/python3.12/site-packages/oslo_config/cfg.py:3253}}
Jul 23 02:08:08.269102 np0000005693 nova-scheduler[93646]: DEBUG cotyledon.oslo_config_glue [-] oslo_messaging_rabbit.rpc_conn_pool_size = 30 {{(pid=93646) log_opt_values /opt/stack/data/venv/lib/python3.12/site-packages/oslo_config/cfg.py:3253}}
Jul 23 02:08:08.269102 np0000005693 nova-scheduler[93646]: DEBUG cotyledon.oslo_config_glue [-] oslo_messaging_rabbit.ssl = False {{(pid=93646) log_opt_values /opt/stack/data/venv/lib/python3.12/site-packages/oslo_config/cfg.py:3253}}
Jul 23 02:08:08.269102 np0000005693 nova-scheduler[93646]: DEBUG cotyledon.oslo_config_glue [-] oslo_messaging_rabbit.ssl_ca_file = {{(pid=93646) log_opt_values /opt/stack/data/venv/lib/python3.12/site-packages/oslo_config/cfg.py:3253}}
Jul 23 02:08:08.269102 np0000005693 nova-scheduler[93646]: DEBUG cotyledon.oslo_config_glue [-] oslo_messaging_rabbit.ssl_cert_file = {{(pid=93646) log_opt_values /opt/stack/data/venv/lib/python3.12/site-packages/oslo_config/cfg.py:3253}}
Jul 23 02:08:08.269102 np0000005693 nova-scheduler[93646]: DEBUG cotyledon.oslo_config_glue [-] oslo_messaging_rabbit.ssl_enforce_fips_mode = False {{(pid=93646) log_opt_values /opt/stack/data/venv/lib/python3.12/site-packages/oslo_config/cfg.py:3253}}
Jul 23 02:08:08.269102 np0000005693 nova-scheduler[93646]: DEBUG cotyledon.oslo_config_glue [-] oslo_messaging_rabbit.ssl_enforce_hostname_verification = True {{(pid=93646) log_opt_values /opt/stack/data/venv/lib/python3.12/site-packages/oslo_config/cfg.py:3253}}
Jul 23 02:08:08.269102 np0000005693 nova-scheduler[93646]: DEBUG cotyledon.oslo_config_glue [-] oslo_messaging_rabbit.ssl_key_file = {{(pid=93646) log_opt_values /opt/stack/data/venv/lib/python3.12/site-packages/oslo_config/cfg.py:3253}}
Jul 23 02:08:08.269102 np0000005693 nova-scheduler[93646]: DEBUG cotyledon.oslo_config_glue [-] oslo_messaging_rabbit.ssl_version = {{(pid=93646) log_opt_values /opt/stack/data/venv/lib/python3.12/site-packages/oslo_config/cfg.py:3253}}
Jul 23 02:08:08.269102 np0000005693 nova-scheduler[93646]: DEBUG cotyledon.oslo_config_glue [-] oslo_messaging_rabbit.use_queue_manager = False {{(pid=93646) log_opt_values /opt/stack/data/venv/lib/python3.12/site-packages/oslo_config/cfg.py:3253}}
Jul 23 02:08:08.269329 np0000005693 nova-scheduler[93646]: DEBUG cotyledon.oslo_config_glue [-] oslo_messaging_notifications.driver = ['messagingv2'] {{(pid=93646) log_opt_values /opt/stack/data/venv/lib/python3.12/site-packages/oslo_config/cfg.py:3253}}
Jul 23 02:08:08.269329 np0000005693 nova-scheduler[93646]: DEBUG cotyledon.oslo_config_glue [-] oslo_messaging_notifications.retry = -1 {{(pid=93646) log_opt_values /opt/stack/data/venv/lib/python3.12/site-packages/oslo_config/cfg.py:3253}}
Jul 23 02:08:08.269329 np0000005693 nova-scheduler[93646]: DEBUG cotyledon.oslo_config_glue [-] oslo_messaging_notifications.topics = ['notifications'] {{(pid=93646) log_opt_values /opt/stack/data/venv/lib/python3.12/site-packages/oslo_config/cfg.py:3253}}
Jul 23 02:08:08.269329 np0000005693 nova-scheduler[93646]: DEBUG cotyledon.oslo_config_glue [-] oslo_messaging_notifications.transport_url = **** {{(pid=93646) log_opt_values /opt/stack/data/venv/lib/python3.12/site-packages/oslo_config/cfg.py:3253}}
Jul 23 02:08:08.269329 np0000005693 nova-scheduler[93646]: DEBUG cotyledon.oslo_config_glue [-] oslo_limit.auth_section = None {{(pid=93646) log_opt_values /opt/stack/data/venv/lib/python3.12/site-packages/oslo_config/cfg.py:3253}}
Jul 23 02:08:08.269329 np0000005693 nova-scheduler[93646]: DEBUG cotyledon.oslo_config_glue [-] oslo_limit.auth_type = None {{(pid=93646) log_opt_values /opt/stack/data/venv/lib/python3.12/site-packages/oslo_config/cfg.py:3253}}
Jul 23 02:08:08.269329 np0000005693 nova-scheduler[93646]: DEBUG cotyledon.oslo_config_glue [-] oslo_limit.cafile = None {{(pid=93646) log_opt_values /opt/stack/data/venv/lib/python3.12/site-packages/oslo_config/cfg.py:3253}}
Jul 23 02:08:08.269329 np0000005693 nova-scheduler[93646]: DEBUG cotyledon.oslo_config_glue [-] oslo_limit.certfile = None {{(pid=93646) log_opt_values /opt/stack/data/venv/lib/python3.12/site-packages/oslo_config/cfg.py:3253}}
Jul 23 02:08:08.269329 np0000005693 nova-scheduler[93646]: DEBUG cotyledon.oslo_config_glue [-] oslo_limit.collect_timing = False {{(pid=93646) log_opt_values /opt/stack/data/venv/lib/python3.12/site-packages/oslo_config/cfg.py:3253}}
Jul 23 02:08:08.269581 np0000005693 nova-scheduler[93646]: DEBUG cotyledon.oslo_config_glue [-] oslo_limit.connect_retries = None {{(pid=93646) log_opt_values /opt/stack/data/venv/lib/python3.12/site-packages/oslo_config/cfg.py:3253}}
Jul 23 02:08:08.269581 np0000005693 nova-scheduler[93646]: DEBUG cotyledon.oslo_config_glue [-] oslo_limit.connect_retry_delay = None {{(pid=93646) log_opt_values /opt/stack/data/venv/lib/python3.12/site-packages/oslo_config/cfg.py:3253}}
Jul 23 02:08:08.269581 np0000005693 nova-scheduler[93646]: DEBUG cotyledon.oslo_config_glue [-] oslo_limit.endpoint_id = None {{(pid=93646) log_opt_values /opt/stack/data/venv/lib/python3.12/site-packages/oslo_config/cfg.py:3253}}
Jul 23 02:08:08.269581 np0000005693 nova-scheduler[93646]: DEBUG cotyledon.oslo_config_glue [-] oslo_limit.endpoint_interface = public {{(pid=93646) log_opt_values /opt/stack/data/venv/lib/python3.12/site-packages/oslo_config/cfg.py:3253}}
Jul 23 02:08:08.269581 np0000005693 nova-scheduler[93646]: DEBUG cotyledon.oslo_config_glue [-] oslo_limit.endpoint_override = None {{(pid=93646) log_opt_values /opt/stack/data/venv/lib/python3.12/site-packages/oslo_config/cfg.py:3253}}
Jul 23 02:08:08.269581 np0000005693 nova-scheduler[93646]: DEBUG cotyledon.oslo_config_glue [-] oslo_limit.endpoint_region_name = None {{(pid=93646) log_opt_values /opt/stack/data/venv/lib/python3.12/site-packages/oslo_config/cfg.py:3253}}
Jul 23 02:08:08.269581 np0000005693 nova-scheduler[93646]: DEBUG cotyledon.oslo_config_glue [-] oslo_limit.endpoint_service_name = None {{(pid=93646) log_opt_values /opt/stack/data/venv/lib/python3.12/site-packages/oslo_config/cfg.py:3253}}
Jul 23 02:08:08.269581 np0000005693 nova-scheduler[93646]: DEBUG cotyledon.oslo_config_glue [-] oslo_limit.endpoint_service_type = None {{(pid=93646) log_opt_values /opt/stack/data/venv/lib/python3.12/site-packages/oslo_config/cfg.py:3253}}
Jul 23 02:08:08.269581 np0000005693 nova-scheduler[93646]: DEBUG cotyledon.oslo_config_glue [-] oslo_limit.insecure = False {{(pid=93646) log_opt_values /opt/stack/data/venv/lib/python3.12/site-packages/oslo_config/cfg.py:3253}}
Jul 23 02:08:08.269975 np0000005693 nova-scheduler[93646]: DEBUG cotyledon.oslo_config_glue [-] oslo_limit.keyfile = None {{(pid=93646) log_opt_values /opt/stack/data/venv/lib/python3.12/site-packages/oslo_config/cfg.py:3253}}
Jul 23 02:08:08.269975 np0000005693 nova-scheduler[93646]: DEBUG cotyledon.oslo_config_glue [-] oslo_limit.max_version = None {{(pid=93646) log_opt_values /opt/stack/data/venv/lib/python3.12/site-packages/oslo_config/cfg.py:3253}}
Jul 23 02:08:08.269975 np0000005693 nova-scheduler[93646]: DEBUG cotyledon.oslo_config_glue [-] oslo_limit.min_version = None {{(pid=93646) log_opt_values /opt/stack/data/venv/lib/python3.12/site-packages/oslo_config/cfg.py:3253}}
Jul 23 02:08:08.269975 np0000005693 nova-scheduler[93646]: DEBUG cotyledon.oslo_config_glue [-] oslo_limit.region_name = None {{(pid=93646) log_opt_values /opt/stack/data/venv/lib/python3.12/site-packages/oslo_config/cfg.py:3253}}
Jul 23 02:08:08.269975 np0000005693 nova-scheduler[93646]: DEBUG cotyledon.oslo_config_glue [-] oslo_limit.retriable_status_codes = None {{(pid=93646) log_opt_values /opt/stack/data/venv/lib/python3.12/site-packages/oslo_config/cfg.py:3253}}
Jul 23 02:08:08.269975 np0000005693 nova-scheduler[93646]: DEBUG cotyledon.oslo_config_glue [-] oslo_limit.service_name = None {{(pid=93646) log_opt_values /opt/stack/data/venv/lib/python3.12/site-packages/oslo_config/cfg.py:3253}}
Jul 23 02:08:08.269975 np0000005693 nova-scheduler[93646]: DEBUG cotyledon.oslo_config_glue [-] oslo_limit.service_type = None {{(pid=93646) log_opt_values /opt/stack/data/venv/lib/python3.12/site-packages/oslo_config/cfg.py:3253}}
Jul 23 02:08:08.269975 np0000005693 nova-scheduler[93646]: DEBUG cotyledon.oslo_config_glue [-] oslo_limit.split_loggers = False {{(pid=93646) log_opt_values /opt/stack/data/venv/lib/python3.12/site-packages/oslo_config/cfg.py:3253}}
Jul 23 02:08:08.269975 np0000005693 nova-scheduler[93646]: DEBUG cotyledon.oslo_config_glue [-] oslo_limit.status_code_retries = None {{(pid=93646) log_opt_values /opt/stack/data/venv/lib/python3.12/site-packages/oslo_config/cfg.py:3253}}
Jul 23 02:08:08.270284 np0000005693 nova-scheduler[93646]: DEBUG cotyledon.oslo_config_glue [-] oslo_limit.status_code_retry_delay = None {{(pid=93646) log_opt_values /opt/stack/data/venv/lib/python3.12/site-packages/oslo_config/cfg.py:3253}}
Jul 23 02:08:08.270284 np0000005693 nova-scheduler[93646]: DEBUG cotyledon.oslo_config_glue [-] oslo_limit.timeout = None {{(pid=93646) log_opt_values /opt/stack/data/venv/lib/python3.12/site-packages/oslo_config/cfg.py:3253}}
Jul 23 02:08:08.270284 np0000005693 nova-scheduler[93646]: DEBUG cotyledon.oslo_config_glue [-] oslo_limit.valid_interfaces = None {{(pid=93646) log_opt_values /opt/stack/data/venv/lib/python3.12/site-packages/oslo_config/cfg.py:3253}}
Jul 23 02:08:08.270284 np0000005693 nova-scheduler[93646]: DEBUG cotyledon.oslo_config_glue [-] oslo_limit.version = None {{(pid=93646) log_opt_values /opt/stack/data/venv/lib/python3.12/site-packages/oslo_config/cfg.py:3253}}
Jul 23 02:08:08.270284 np0000005693 nova-scheduler[93646]: DEBUG cotyledon.oslo_config_glue [-] oslo_reports.file_event_handler = None {{(pid=93646) log_opt_values /opt/stack/data/venv/lib/python3.12/site-packages/oslo_config/cfg.py:3253}}
Jul 23 02:08:08.270284 np0000005693 nova-scheduler[93646]: DEBUG cotyledon.oslo_config_glue [-] oslo_reports.file_event_handler_interval = 1 {{(pid=93646) log_opt_values /opt/stack/data/venv/lib/python3.12/site-packages/oslo_config/cfg.py:3253}}
Jul 23 02:08:08.270284 np0000005693 nova-scheduler[93646]: DEBUG cotyledon.oslo_config_glue [-] oslo_reports.log_dir = None {{(pid=93646) log_opt_values /opt/stack/data/venv/lib/python3.12/site-packages/oslo_config/cfg.py:3253}}
Jul 23 02:08:08.270284 np0000005693 nova-scheduler[93646]: DEBUG cotyledon.oslo_config_glue [-] ******************************************************************************** {{(pid=93646) log_opt_values /opt/stack/data/venv/lib/python3.12/site-packages/oslo_config/cfg.py:3260}}
Jul 23 02:08:08.270555 np0000005693 nova-scheduler[93642]: DEBUG oslo_db.sqlalchemy.engines [None req-abfc7696-b14a-49a0-a46a-d6cfb290dee0 None None] MySQL server mode set to STRICT_TRANS_TABLES,STRICT_ALL_TABLES,NO_ZERO_IN_DATE,NO_ZERO_DATE,ERROR_FOR_DIVISION_BY_ZERO,TRADITIONAL,NO_ENGINE_SUBSTITUTION {{(pid=93642) _check_effective_sql_mode /opt/stack/data/venv/lib/python3.12/site-packages/oslo_db/sqlalchemy/engines.py:325}}
Jul 23 02:08:08.270604 np0000005693 nova-scheduler[93646]: DEBUG cotyledon._service_worker [-] Run service ServiceWrapper(2) [93646] {{(pid=93646) wait_forever /opt/stack/data/venv/lib/python3.12/site-packages/cotyledon/_service_worker.py:218}}
Jul 23 02:08:08.271204 np0000005693 nova-scheduler[93646]: INFO nova.service [-] Starting scheduler node (version 33.1.0)
Jul 23 02:08:08.275886 np0000005693 nova-scheduler[93646]: INFO dbcounter [None req-8490ca7b-2f8b-4d19-96e1-9200574a756b None None] Registered counter for database nova_cell0
Jul 23 02:08:08.279849 np0000005693 nova-scheduler[93642]: DEBUG dbcounter [-] [93642] Writer thread running {{(pid=93642) stat_writer /opt/stack/data/venv/lib/python3.12/site-packages/dbcounter.py:102}}
Jul 23 02:08:08.292347 np0000005693 nova-scheduler[93644]: DEBUG oslo_db.sqlalchemy.engines [None req-5231112f-b9f5-4ba5-a407-b6ad89227304 None None] MySQL server mode set to STRICT_TRANS_TABLES,STRICT_ALL_TABLES,NO_ZERO_IN_DATE,NO_ZERO_DATE,ERROR_FOR_DIVISION_BY_ZERO,TRADITIONAL,NO_ENGINE_SUBSTITUTION {{(pid=93644) _check_effective_sql_mode /opt/stack/data/venv/lib/python3.12/site-packages/oslo_db/sqlalchemy/engines.py:325}}
Jul 23 02:08:08.296970 np0000005693 nova-scheduler[93642]: DEBUG nova.service [None req-abfc7696-b14a-49a0-a46a-d6cfb290dee0 None None] Creating RPC server for service: nova-scheduler on topic: scheduler {{(pid=93642) start /opt/stack/nova/nova/service.py:196}}
Jul 23 02:08:08.302849 np0000005693 nova-scheduler[93644]: DEBUG dbcounter [-] [93644] Writer thread running {{(pid=93644) stat_writer /opt/stack/data/venv/lib/python3.12/site-packages/dbcounter.py:102}}
Jul 23 02:08:08.310196 np0000005693 nova-scheduler[93644]: DEBUG nova.service [None req-5231112f-b9f5-4ba5-a407-b6ad89227304 None None] Creating RPC server for service: nova-scheduler on topic: scheduler {{(pid=93644) start /opt/stack/nova/nova/service.py:196}}
Jul 23 02:08:08.318114 np0000005693 nova-scheduler[93646]: DEBUG oslo_db.sqlalchemy.engines [None req-8490ca7b-2f8b-4d19-96e1-9200574a756b None None] MySQL server mode set to STRICT_TRANS_TABLES,STRICT_ALL_TABLES,NO_ZERO_IN_DATE,NO_ZERO_DATE,ERROR_FOR_DIVISION_BY_ZERO,TRADITIONAL,NO_ENGINE_SUBSTITUTION {{(pid=93646) _check_effective_sql_mode /opt/stack/data/venv/lib/python3.12/site-packages/oslo_db/sqlalchemy/engines.py:325}}
Jul 23 02:08:08.326385 np0000005693 nova-scheduler[93642]: DEBUG nova.service [None req-abfc7696-b14a-49a0-a46a-d6cfb290dee0 None None] Join ServiceGroup membership for this service scheduler {{(pid=93642) start /opt/stack/nova/nova/service.py:222}}
Jul 23 02:08:08.326678 np0000005693 nova-scheduler[93642]: DEBUG nova.servicegroup.drivers.db [None req-abfc7696-b14a-49a0-a46a-d6cfb290dee0 None None] DB_Driver: join new ServiceGroup member np0000005693 to the scheduler group, service = {{(pid=93642) join /opt/stack/nova/nova/servicegroup/drivers/db.py:44}}
Jul 23 02:08:08.329499 np0000005693 nova-scheduler[93646]: DEBUG dbcounter [-] [93646] Writer thread running {{(pid=93646) stat_writer /opt/stack/data/venv/lib/python3.12/site-packages/dbcounter.py:102}}
Jul 23 02:08:08.333280 np0000005693 nova-scheduler[93646]: DEBUG nova.service [None req-8490ca7b-2f8b-4d19-96e1-9200574a756b None None] Creating RPC server for service: nova-scheduler on topic: scheduler {{(pid=93646) start /opt/stack/nova/nova/service.py:196}}
Jul 23 02:08:08.341974 np0000005693 nova-scheduler[93644]: DEBUG nova.service [None req-5231112f-b9f5-4ba5-a407-b6ad89227304 None None] Join ServiceGroup membership for this service scheduler {{(pid=93644) start /opt/stack/nova/nova/service.py:222}}
Jul 23 02:08:08.342275 np0000005693 nova-scheduler[93644]: DEBUG nova.servicegroup.drivers.db [None req-5231112f-b9f5-4ba5-a407-b6ad89227304 None None] DB_Driver: join new ServiceGroup member np0000005693 to the scheduler group, service = {{(pid=93644) join /opt/stack/nova/nova/servicegroup/drivers/db.py:44}}
Jul 23 02:08:08.357880 np0000005693 nova-scheduler[93646]: DEBUG nova.service [None req-8490ca7b-2f8b-4d19-96e1-9200574a756b None None] Join ServiceGroup membership for this service scheduler {{(pid=93646) start /opt/stack/nova/nova/service.py:222}}
Jul 23 02:08:08.358114 np0000005693 nova-scheduler[93646]: DEBUG nova.servicegroup.drivers.db [None req-8490ca7b-2f8b-4d19-96e1-9200574a756b None None] DB_Driver: join new ServiceGroup member np0000005693 to the scheduler group, service = {{(pid=93646) join /opt/stack/nova/nova/servicegroup/drivers/db.py:44}}
Jul 23 02:08:13.338908 np0000005693 nova-scheduler[93642]: DEBUG oslo.service.backend._threading.loopingcall [-] Fixed interval looping call 'nova.servicegroup.drivers.db.DbDriver._report_state' sleeping for 119.99 seconds {{(pid=93642) _run_loop /opt/stack/data/venv/lib/python3.12/site-packages/oslo_service/backend/_threading/loopingcall.py:125}}
Jul 23 02:08:13.352361 np0000005693 nova-scheduler[93644]: DEBUG oslo.service.backend._threading.loopingcall [-] Fixed interval looping call 'nova.servicegroup.drivers.db.DbDriver._report_state' sleeping for 119.99 seconds {{(pid=93644) _run_loop /opt/stack/data/venv/lib/python3.12/site-packages/oslo_service/backend/_threading/loopingcall.py:125}}
Jul 23 02:08:13.368060 np0000005693 nova-scheduler[93646]: DEBUG oslo.service.backend._threading.loopingcall [-] Fixed interval looping call 'nova.servicegroup.drivers.db.DbDriver._report_state' sleeping for 119.99 seconds {{(pid=93646) _run_loop /opt/stack/data/venv/lib/python3.12/site-packages/oslo_service/backend/_threading/loopingcall.py:125}}
Jul 23 02:08:16.897031 np0000005693 nova-scheduler[92450]: DEBUG dbcounter [-] [92450] Writing DB stats nova_api:SELECT=3 {{(pid=92450) stat_writer /opt/stack/data/venv/lib/python3.12/site-packages/dbcounter.py:115}}
Jul 23 02:08:17.027840 np0000005693 nova-scheduler[92450]: DEBUG dbcounter [-] [92450] Writing DB stats nova_cell0:SELECT=1 {{(pid=92450) stat_writer /opt/stack/data/venv/lib/python3.12/site-packages/dbcounter.py:115}}
Jul 23 02:08:17.041414 np0000005693 nova-scheduler[92450]: DEBUG dbcounter [-] [92450] Writing DB stats nova_cell1:SELECT=1 {{(pid=92450) stat_writer /opt/stack/data/venv/lib/python3.12/site-packages/dbcounter.py:115}}
Jul 23 02:08:20.328809 np0000005693 nova-scheduler[93642]: DEBUG oslo.service.backend._threading.loopingcall [None req-98e33c5b-e149-4746-9730-2aa1eff437c3 None None] Dynamic interval looping call 'nova.service.Service.periodic_tasks' sleeping for 60.00 seconds {{(pid=93642) _run_loop /opt/stack/data/venv/lib/python3.12/site-packages/oslo_service/backend/_threading/loopingcall.py:125}}
Jul 23 02:08:22.344792 np0000005693 nova-scheduler[93644]: DEBUG oslo.service.backend._threading.loopingcall [None req-e740c2c5-a96d-4174-9fc6-5c1c84fdfadd None None] Dynamic interval looping call 'nova.service.Service.periodic_tasks' sleeping for 60.00 seconds {{(pid=93644) _run_loop /opt/stack/data/venv/lib/python3.12/site-packages/oslo_service/backend/_threading/loopingcall.py:125}}
Jul 23 02:08:23.336101 np0000005693 nova-scheduler[93642]: DEBUG dbcounter [-] [93642] Writing DB stats nova_cell0:SELECT=4,nova_cell0:INSERT=1,nova_cell0:UPDATE=1 {{(pid=93642) stat_writer /opt/stack/data/venv/lib/python3.12/site-packages/dbcounter.py:115}}
Jul 23 02:08:23.349931 np0000005693 nova-scheduler[93644]: DEBUG dbcounter [-] [93644] Writing DB stats nova_cell0:SELECT=3 {{(pid=93644) stat_writer /opt/stack/data/venv/lib/python3.12/site-packages/dbcounter.py:115}}
Jul 23 02:08:23.365515 np0000005693 nova-scheduler[93646]: DEBUG dbcounter [-] [93646] Writing DB stats nova_cell0:SELECT=3 {{(pid=93646) stat_writer /opt/stack/data/venv/lib/python3.12/site-packages/dbcounter.py:115}}
Jul 23 02:09:02.360533 np0000005693 nova-scheduler[93646]: DEBUG oslo.service.backend._threading.loopingcall [None req-ed5db0e9-7f2e-4726-89da-5640f30234bb None None] Dynamic interval looping call 'nova.service.Service.periodic_tasks' sleeping for 60.00 seconds {{(pid=93646) _run_loop /opt/stack/data/venv/lib/python3.12/site-packages/oslo_service/backend/_threading/loopingcall.py:125}}
Jul 23 02:09:20.329298 np0000005693 nova-scheduler[93642]: DEBUG oslo.service.backend._threading.loopingcall [None req-98e33c5b-e149-4746-9730-2aa1eff437c3 None None] Dynamic interval looping call 'nova.service.Service.periodic_tasks' sleeping for 60.00 seconds {{(pid=93642) _run_loop /opt/stack/data/venv/lib/python3.12/site-packages/oslo_service/backend/_threading/loopingcall.py:125}}
Jul 23 02:09:22.345375 np0000005693 nova-scheduler[93644]: DEBUG oslo.service.backend._threading.loopingcall [None req-e740c2c5-a96d-4174-9fc6-5c1c84fdfadd None None] Dynamic interval looping call 'nova.service.Service.periodic_tasks' sleeping for 60.00 seconds {{(pid=93644) _run_loop /opt/stack/data/venv/lib/python3.12/site-packages/oslo_service/backend/_threading/loopingcall.py:125}}
Jul 23 02:10:02.361000 np0000005693 nova-scheduler[93646]: DEBUG oslo.service.backend._threading.loopingcall [None req-ed5db0e9-7f2e-4726-89da-5640f30234bb None None] Dynamic interval looping call 'nova.service.Service.periodic_tasks' sleeping for 60.00 seconds {{(pid=93646) _run_loop /opt/stack/data/venv/lib/python3.12/site-packages/oslo_service/backend/_threading/loopingcall.py:125}}
Jul 23 02:10:13.338202 np0000005693 nova-scheduler[93642]: DEBUG oslo.service.backend._threading.loopingcall [-] Fixed interval looping call 'nova.servicegroup.drivers.db.DbDriver._report_state' sleeping for 119.99 seconds {{(pid=93642) _run_loop /opt/stack/data/venv/lib/python3.12/site-packages/oslo_service/backend/_threading/loopingcall.py:125}}
Jul 23 02:10:13.345787 np0000005693 nova-scheduler[93644]: DEBUG oslo.service.backend._threading.loopingcall [-] Fixed interval looping call 'nova.servicegroup.drivers.db.DbDriver._report_state' sleeping for 120.00 seconds {{(pid=93644) _run_loop /opt/stack/data/venv/lib/python3.12/site-packages/oslo_service/backend/_threading/loopingcall.py:125}}
Jul 23 02:10:13.361989 np0000005693 nova-scheduler[93646]: DEBUG oslo.service.backend._threading.loopingcall [-] Fixed interval looping call 'nova.servicegroup.drivers.db.DbDriver._report_state' sleeping for 120.00 seconds {{(pid=93646) _run_loop /opt/stack/data/venv/lib/python3.12/site-packages/oslo_service/backend/_threading/loopingcall.py:125}}
Jul 23 02:10:20.329754 np0000005693 nova-scheduler[93642]: DEBUG oslo.service.backend._threading.loopingcall [None req-98e33c5b-e149-4746-9730-2aa1eff437c3 None None] Dynamic interval looping call 'nova.service.Service.periodic_tasks' sleeping for 60.00 seconds {{(pid=93642) _run_loop /opt/stack/data/venv/lib/python3.12/site-packages/oslo_service/backend/_threading/loopingcall.py:125}}
Jul 23 02:10:22.345863 np0000005693 nova-scheduler[93644]: DEBUG oslo.service.backend._threading.loopingcall [None req-e740c2c5-a96d-4174-9fc6-5c1c84fdfadd None None] Dynamic interval looping call 'nova.service.Service.periodic_tasks' sleeping for 60.00 seconds {{(pid=93644) _run_loop /opt/stack/data/venv/lib/python3.12/site-packages/oslo_service/backend/_threading/loopingcall.py:125}}
Jul 23 02:10:23.331858 np0000005693 nova-scheduler[93642]: DEBUG dbcounter [-] [93642] Writing DB stats nova_cell0:SELECT=1,nova_cell0:UPDATE=1 {{(pid=93642) stat_writer /opt/stack/data/venv/lib/python3.12/site-packages/dbcounter.py:115}}
Jul 23 02:10:23.344193 np0000005693 nova-scheduler[93644]: DEBUG dbcounter [-] [93644] Writing DB stats nova_cell0:SELECT=1 {{(pid=93644) stat_writer /opt/stack/data/venv/lib/python3.12/site-packages/dbcounter.py:115}}
Jul 23 02:10:23.361120 np0000005693 nova-scheduler[93646]: DEBUG dbcounter [-] [93646] Writing DB stats nova_cell0:SELECT=1 {{(pid=93646) stat_writer /opt/stack/data/venv/lib/python3.12/site-packages/dbcounter.py:115}}
Jul 23 02:10:38.799476 np0000005693 nova-scheduler[93642]: DEBUG nova.scheduler.manager [None req-1e0414a3-4067-48e6-9fac-cb62718451ce tempest-DeleteServersTestJSON-457060592 tempest-DeleteServersTestJSON-457060592-project-member] Starting to schedule for instances: ['2ea22a4a-9625-405a-a4a3-73386e1dfbbd'] {{(pid=93642) select_destinations /opt/stack/nova/nova/scheduler/manager.py:209}}
Jul 23 02:10:38.800558 np0000005693 nova-scheduler[93642]: DEBUG nova.scheduler.request_filter [None req-1e0414a3-4067-48e6-9fac-cb62718451ce tempest-DeleteServersTestJSON-457060592 tempest-DeleteServersTestJSON-457060592-project-member] compute_status_filter request filter added forbidden trait COMPUTE_STATUS_DISABLED {{(pid=93642) compute_status_filter /opt/stack/nova/nova/scheduler/request_filter.py:253}}
Jul 23 02:10:38.800852 np0000005693 nova-scheduler[93642]: DEBUG nova.scheduler.request_filter [None req-1e0414a3-4067-48e6-9fac-cb62718451ce tempest-DeleteServersTestJSON-457060592 tempest-DeleteServersTestJSON-457060592-project-member] Request filter 'compute_status_filter' took 0.0 seconds {{(pid=93642) wrapper /opt/stack/nova/nova/scheduler/request_filter.py:46}}
Jul 23 02:10:38.801193 np0000005693 nova-scheduler[93642]: DEBUG nova.scheduler.request_filter [None req-1e0414a3-4067-48e6-9fac-cb62718451ce tempest-DeleteServersTestJSON-457060592 tempest-DeleteServersTestJSON-457060592-project-member] Request filter 'accelerators_filter' took 0.0 seconds {{(pid=93642) wrapper /opt/stack/nova/nova/scheduler/request_filter.py:46}}
Jul 23 02:10:38.801452 np0000005693 nova-scheduler[93642]: DEBUG nova.scheduler.request_filter [None req-1e0414a3-4067-48e6-9fac-cb62718451ce tempest-DeleteServersTestJSON-457060592 tempest-DeleteServersTestJSON-457060592-project-member] Request filter 'packed_virtqueue_filter' took 0.0 seconds {{(pid=93642) wrapper /opt/stack/nova/nova/scheduler/request_filter.py:46}}
Jul 23 02:10:38.801823 np0000005693 nova-scheduler[93642]: DEBUG nova.scheduler.request_filter [None req-1e0414a3-4067-48e6-9fac-cb62718451ce tempest-DeleteServersTestJSON-457060592 tempest-DeleteServersTestJSON-457060592-project-member] Request filter 'remote_managed_ports_filter' took 0.0 seconds {{(pid=93642) wrapper /opt/stack/nova/nova/scheduler/request_filter.py:46}}
Jul 23 02:10:38.802230 np0000005693 nova-scheduler[93642]: DEBUG nova.scheduler.request_filter [None req-1e0414a3-4067-48e6-9fac-cb62718451ce tempest-DeleteServersTestJSON-457060592 tempest-DeleteServersTestJSON-457060592-project-member] ephemeral_encryption_filter skipped {{(pid=93642) ephemeral_encryption_filter /opt/stack/nova/nova/scheduler/request_filter.py:426}}
Jul 23 02:10:38.802487 np0000005693 nova-scheduler[93642]: DEBUG nova.scheduler.request_filter [None req-1e0414a3-4067-48e6-9fac-cb62718451ce tempest-DeleteServersTestJSON-457060592 tempest-DeleteServersTestJSON-457060592-project-member] virtio_sound_filter skipped {{(pid=93642) virtio_sound_filter /opt/stack/nova/nova/scheduler/request_filter.py:460}}
Jul 23 02:10:38.802735 np0000005693 nova-scheduler[93642]: DEBUG nova.scheduler.request_filter [None req-1e0414a3-4067-48e6-9fac-cb62718451ce tempest-DeleteServersTestJSON-457060592 tempest-DeleteServersTestJSON-457060592-project-member] tpm_secret_security_filter skipped {{(pid=93642) tpm_secret_security_filter /opt/stack/nova/nova/scheduler/request_filter.py:477}}
Jul 23 02:10:39.380547 np0000005693 nova-scheduler[93642]: INFO nova.utils [None req-1e0414a3-4067-48e6-9fac-cb62718451ce tempest-DeleteServersTestJSON-457060592 tempest-DeleteServersTestJSON-457060592-project-member] The cell worker thread pool ForkProcess-1.cell_worker is initialized
Jul 23 02:10:39.382238 np0000005693 nova-scheduler[93642]: DEBUG oslo_concurrency.lockutils [None req-1e0414a3-4067-48e6-9fac-cb62718451ce tempest-DeleteServersTestJSON-457060592 tempest-DeleteServersTestJSON-457060592-project-member] Acquiring lock "976adb32-660a-442d-83b6-4513814c73a9" by "nova.context.set_target_cell..get_or_set_cached_cell_and_set_connections" {{(pid=93642) inner /opt/stack/data/venv/lib/python3.12/site-packages/oslo_concurrency/lockutils.py:512}}
Jul 23 02:10:39.382638 np0000005693 nova-scheduler[93642]: DEBUG oslo_concurrency.lockutils [None req-1e0414a3-4067-48e6-9fac-cb62718451ce tempest-DeleteServersTestJSON-457060592 tempest-DeleteServersTestJSON-457060592-project-member] Lock "976adb32-660a-442d-83b6-4513814c73a9" acquired by "nova.context.set_target_cell..get_or_set_cached_cell_and_set_connections" :: waited 0.000s {{(pid=93642) inner /opt/stack/data/venv/lib/python3.12/site-packages/oslo_concurrency/lockutils.py:525}}
Jul 23 02:10:39.385452 np0000005693 nova-scheduler[93642]: DEBUG oslo_concurrency.lockutils [None req-1e0414a3-4067-48e6-9fac-cb62718451ce tempest-DeleteServersTestJSON-457060592 tempest-DeleteServersTestJSON-457060592-project-member] Lock "976adb32-660a-442d-83b6-4513814c73a9" "released" by "nova.context.set_target_cell..get_or_set_cached_cell_and_set_connections" :: held 0.003s {{(pid=93642) inner /opt/stack/data/venv/lib/python3.12/site-packages/oslo_concurrency/lockutils.py:544}}
Jul 23 02:10:39.388531 np0000005693 nova-scheduler[93642]: INFO dbcounter [None req-1e0414a3-4067-48e6-9fac-cb62718451ce tempest-DeleteServersTestJSON-457060592 tempest-DeleteServersTestJSON-457060592-project-member] Registered counter for database nova_cell1
Jul 23 02:10:39.436536 np0000005693 nova-scheduler[93642]: DEBUG oslo_db.sqlalchemy.engines [None req-1e0414a3-4067-48e6-9fac-cb62718451ce tempest-DeleteServersTestJSON-457060592 tempest-DeleteServersTestJSON-457060592-project-member] MySQL server mode set to STRICT_TRANS_TABLES,STRICT_ALL_TABLES,NO_ZERO_IN_DATE,NO_ZERO_DATE,ERROR_FOR_DIVISION_BY_ZERO,TRADITIONAL,NO_ENGINE_SUBSTITUTION {{(pid=93642) _check_effective_sql_mode /opt/stack/data/venv/lib/python3.12/site-packages/oslo_db/sqlalchemy/engines.py:325}}
Jul 23 02:10:39.444247 np0000005693 nova-scheduler[93642]: DEBUG dbcounter [-] [93642] Writer thread running {{(pid=93642) stat_writer /opt/stack/data/venv/lib/python3.12/site-packages/dbcounter.py:102}}
Jul 23 02:10:39.461452 np0000005693 nova-scheduler[93642]: DEBUG oslo_db.sqlalchemy.engines [None req-1e0414a3-4067-48e6-9fac-cb62718451ce tempest-DeleteServersTestJSON-457060592 tempest-DeleteServersTestJSON-457060592-project-member] Parent process 92450 forked (93642) with an open database connection, which is being discarded and recreated. {{(pid=93642) checkout /opt/stack/data/venv/lib/python3.12/site-packages/oslo_db/sqlalchemy/engines.py:402}}
Jul 23 02:10:39.513833 np0000005693 nova-scheduler[93642]: DEBUG dbcounter [-] [93642] Writer thread running {{(pid=93642) stat_writer /opt/stack/data/venv/lib/python3.12/site-packages/dbcounter.py:102}}
Jul 23 02:10:39.516990 np0000005693 nova-scheduler[93642]: DEBUG oslo_concurrency.lockutils [None req-1e0414a3-4067-48e6-9fac-cb62718451ce tempest-DeleteServersTestJSON-457060592 tempest-DeleteServersTestJSON-457060592-project-member] Acquiring lock "976adb32-660a-442d-83b6-4513814c73a9" by "nova.context.set_target_cell..get_or_set_cached_cell_and_set_connections" {{(pid=93642) inner /opt/stack/data/venv/lib/python3.12/site-packages/oslo_concurrency/lockutils.py:512}}
Jul 23 02:10:39.517341 np0000005693 nova-scheduler[93642]: DEBUG oslo_concurrency.lockutils [None req-1e0414a3-4067-48e6-9fac-cb62718451ce tempest-DeleteServersTestJSON-457060592 tempest-DeleteServersTestJSON-457060592-project-member] Lock "976adb32-660a-442d-83b6-4513814c73a9" acquired by "nova.context.set_target_cell..get_or_set_cached_cell_and_set_connections" :: waited 0.000s {{(pid=93642) inner /opt/stack/data/venv/lib/python3.12/site-packages/oslo_concurrency/lockutils.py:525}}
Jul 23 02:10:39.517911 np0000005693 nova-scheduler[93642]: DEBUG oslo_concurrency.lockutils [None req-1e0414a3-4067-48e6-9fac-cb62718451ce tempest-DeleteServersTestJSON-457060592 tempest-DeleteServersTestJSON-457060592-project-member] Lock "976adb32-660a-442d-83b6-4513814c73a9" "released" by "nova.context.set_target_cell..get_or_set_cached_cell_and_set_connections" :: held 0.000s {{(pid=93642) inner /opt/stack/data/venv/lib/python3.12/site-packages/oslo_concurrency/lockutils.py:544}}
Jul 23 02:10:39.521727 np0000005693 nova-scheduler[93642]: DEBUG oslo_concurrency.lockutils [None req-1e0414a3-4067-48e6-9fac-cb62718451ce tempest-DeleteServersTestJSON-457060592 tempest-DeleteServersTestJSON-457060592-project-member] Acquiring lock "np0000005693-np0000005693" by "nova.scheduler.host_manager.HostState.update.._locked_update" {{(pid=93642) inner /opt/stack/data/venv/lib/python3.12/site-packages/oslo_concurrency/lockutils.py:512}}
Jul 23 02:10:39.522110 np0000005693 nova-scheduler[93642]: DEBUG oslo_concurrency.lockutils [None req-1e0414a3-4067-48e6-9fac-cb62718451ce tempest-DeleteServersTestJSON-457060592 tempest-DeleteServersTestJSON-457060592-project-member] Lock "np0000005693-np0000005693" acquired by "nova.scheduler.host_manager.HostState.update.._locked_update" :: waited 0.000s {{(pid=93642) inner /opt/stack/data/venv/lib/python3.12/site-packages/oslo_concurrency/lockutils.py:525}}
Jul 23 02:10:39.523611 np0000005693 nova-scheduler[93642]: DEBUG nova.scheduler.host_manager [None req-1e0414a3-4067-48e6-9fac-cb62718451ce tempest-DeleteServersTestJSON-457060592 tempest-DeleteServersTestJSON-457060592-project-member] Update host state from compute node: ComputeNode(cpu_allocation_ratio=4.0,cpu_info='{"arch": "x86_64", "model": "EPYC-Milan", "vendor": "AMD", "topology": {"cells": 1, "sockets": 16, "cores": 1, "threads": 1}, "maxphysaddr": {"mode": "emulate", "bits": 40}, "features": ["pcid", "rdseed", "invpcid", "pse36", "bmi2", "perfctr_core", "lbrv", "movbe", "rdctl-no", "pfthreshold", "abm", "xgetbv1", "cmov", "xsave", "vmcb-clean", "pse", "rdrand", "v-vmsave-vmload", "cx16", "sha-ni", "no-nested-data-bp", "bmi1", "pschange-mc-no", "fsrm", "sep", "lahf_lm", "stibp", "mtrr", "xsaveopt", "pat", "de", "ssse3", "xsaveerptr", "clwb", "pdpe1gb", "nx", "apic", "tsc-scale", "pni", "tsc-deadline", "fxsr_opt", "pae", "mmxext", "wbnoinvd", "sse4.2", "mce", "popcnt", "vaes", "cr8legacy", "sse2", "tsc_adjust", "lfence-always-serializing", "cx8", "aes", "virt-ssbd", "ibpb", "amd-ssbd", "rdpid", "vpclmulqdq", "x2apic", "fxsr", "flushbyasid", "pause-filter", "clzero", "smap", "umip", "mca", "stibp-always-on", "vgif", "amd-psfd", "nrip-save", "skip-l1dfl-vmentry", "fma", "rdtscp", "pclmuldq", "f16c", "topoext", "arch-capabilities", "mds-no", "hypervisor", "erms", "xsavec", "npt", "cmp_legacy", "svme-addr-chk", "osvw", "pku", "mmx", "avx", "sse", "null-sel-clr-base", "misalignsse", "ibrs", "pge", "spec-ctrl", "fsgsbase", "adx", "lm", "arat", "smep", "syscall", "amd-stibp", "svm", "3dnowprefetch", "fpu", "sse4a", "vme", "avx2", "gds-no", "ssbd", "clflush", "sse4.1", "xsaves", "clflushopt", "msr", "tsc"]}',created_at=2026-07-23T02:08:31Z,current_workload=0,deleted=False,deleted_at=None,disk_allocation_ratio=1.0,disk_available_least=73,free_disk_gb=95,free_ram_mb=62765,host='np0000005693',host_ip=10.4.3.183,hypervisor_hostname='np0000005693',hypervisor_type='QEMU',hypervisor_version=8002002,id=1,local_gb=95,local_gb_used=0,mapped=1,memory_mb=63277,memory_mb_used=512,metrics='[]',numa_topology='{"nova_object.name": "NUMATopology", "nova_object.namespace": "nova", "nova_object.version": "1.2", "nova_object.data": {"cells": [{"nova_object.name": "NUMACell", "nova_object.namespace": "nova", "nova_object.version": "1.5", "nova_object.data": {"id": 0, "cpuset": [0, 1, 2, 3, 4, 5, 6, 7, 8, 9, 10, 11, 12, 13, 14, 15], "pcpuset": [0, 1, 2, 3, 4, 5, 6, 7, 8, 9, 10, 11, 12, 13, 14, 15], "memory": 63277, "cpu_usage": 0, "memory_usage": 0, "pinned_cpus": [], "siblings": [[6], [12], [2], [15], [5], [11], [8], [14], [4], [1], [7], [10], [0], [13], [3], [9]], "mempages": [{"nova_object.name": "NUMAPagesTopology", "nova_object.namespace": "nova", "nova_object.version": "1.1", "nova_object.data": {"size_kb": 4, "total": 16177928, "used": 0, "reserved": 0}, "nova_object.changes": ["total", "size_kb", "reserved", "used"]}, {"nova_object.name": "NUMAPagesTopology", "nova_object.namespace": "nova", "nova_object.version": "1.1", "nova_object.data": {"size_kb": 2048, "total": 41, "used": 0, "reserved": 0}, "nova_object.changes": ["total", "size_kb", "reserved", "used"]}, {"nova_object.name": "NUMAPagesTopology", "nova_object.namespace": "nova", "nova_object.version": "1.1", "nova_object.data": {"size_kb": 1048576, "total": 0, "used": 0, "reserved": 0}, "nova_object.changes": ["total", "size_kb", "reserved", "used"]}], "network_metadata": {"nova_object.name": "NetworkMetadata", "nova_object.namespace": "nova", "nova_object.version": "1.0", "nova_object.data": {"physnets": [], "tunneled": false}, "nova_object.changes": ["physnets", "tunneled"]}, "socket": null}, "nova_object.changes": ["pcpuset", "siblings", "mempages", "socket", "network_metadata", "id", "pinned_cpus", "cpuset", "memory_usage", "cpu_usage", "memory"]}]}, "nova_object.changes": ["cells"]}',pci_device_pools=PciDevicePoolList,ram_allocation_ratio=1.0,running_vms=0,service_id=3,stats={failed_builds='0',uptime=' 02:10:16 up 14 min, 2 users, load average: 1.68, 1.59, 0.89
Jul 23 02:10:39.523611 np0000005693 nova-scheduler[93642]: '},supported_hv_specs=[HVSpec,HVSpec,HVSpec,HVSpec,HVSpec,HVSpec,HVSpec,HVSpec,HVSpec,HVSpec,HVSpec,HVSpec,HVSpec,HVSpec,HVSpec,HVSpec,HVSpec,HVSpec,HVSpec,HVSpec,HVSpec,HVSpec,HVSpec,HVSpec,HVSpec],updated_at=2026-07-23T02:10:17Z,uuid=93b9c1ce-9891-4547-b7c7-ae09a2e512b3,vcpus=16,vcpus_used=0) {{(pid=93642) _locked_update /opt/stack/nova/nova/scheduler/host_manager.py:168}}
Jul 23 02:10:39.524890 np0000005693 nova-scheduler[93642]: DEBUG nova.scheduler.host_manager [None req-1e0414a3-4067-48e6-9fac-cb62718451ce tempest-DeleteServersTestJSON-457060592 tempest-DeleteServersTestJSON-457060592-project-member] Update host state with aggregates: [] {{(pid=93642) _locked_update /opt/stack/nova/nova/scheduler/host_manager.py:171}}
Jul 23 02:10:39.525175 np0000005693 nova-scheduler[93642]: DEBUG nova.scheduler.host_manager [None req-1e0414a3-4067-48e6-9fac-cb62718451ce tempest-DeleteServersTestJSON-457060592 tempest-DeleteServersTestJSON-457060592-project-member] Update host state with service dict: {'id': 3, 'uuid': 'c67f58b6-176e-4c75-a1d4-46c3d079b47c', 'host': 'np0000005693', 'binary': 'nova-compute', 'topic': 'compute', 'report_count': 2, 'disabled': False, 'disabled_reason': None, 'last_seen_up': datetime.datetime(2026, 7, 23, 2, 10, 37, tzinfo=datetime.timezone.utc), 'forced_down': False, 'version': 72, 'created_at': datetime.datetime(2026, 7, 23, 2, 8, 30, tzinfo=datetime.timezone.utc), 'updated_at': datetime.datetime(2026, 7, 23, 2, 10, 37, tzinfo=datetime.timezone.utc), 'deleted_at': None, 'deleted': False} {{(pid=93642) _locked_update /opt/stack/nova/nova/scheduler/host_manager.py:174}}
Jul 23 02:10:39.525445 np0000005693 nova-scheduler[93642]: DEBUG nova.scheduler.host_manager [None req-1e0414a3-4067-48e6-9fac-cb62718451ce tempest-DeleteServersTestJSON-457060592 tempest-DeleteServersTestJSON-457060592-project-member] Update host state with instances: [] {{(pid=93642) _locked_update /opt/stack/nova/nova/scheduler/host_manager.py:177}}
Jul 23 02:10:39.525677 np0000005693 nova-scheduler[93642]: DEBUG oslo_concurrency.lockutils [None req-1e0414a3-4067-48e6-9fac-cb62718451ce tempest-DeleteServersTestJSON-457060592 tempest-DeleteServersTestJSON-457060592-project-member] Lock "np0000005693-np0000005693" "released" by "nova.scheduler.host_manager.HostState.update.._locked_update" :: held 0.004s {{(pid=93642) inner /opt/stack/data/venv/lib/python3.12/site-packages/oslo_concurrency/lockutils.py:544}}
Jul 23 02:10:39.526323 np0000005693 nova-scheduler[93642]: DEBUG nova.filters [None req-1e0414a3-4067-48e6-9fac-cb62718451ce tempest-DeleteServersTestJSON-457060592 tempest-DeleteServersTestJSON-457060592-project-member] Starting with 1 host(s) {{(pid=93642) get_filtered_objects /opt/stack/nova/nova/filters.py:70}}
Jul 23 02:10:39.526653 np0000005693 nova-scheduler[93642]: DEBUG nova.filters [None req-1e0414a3-4067-48e6-9fac-cb62718451ce tempest-DeleteServersTestJSON-457060592 tempest-DeleteServersTestJSON-457060592-project-member] Filter ComputeFilter returned 1 host(s) {{(pid=93642) get_filtered_objects /opt/stack/nova/nova/filters.py:102}}
Jul 23 02:10:39.526940 np0000005693 nova-scheduler[93642]: DEBUG nova.filters [None req-1e0414a3-4067-48e6-9fac-cb62718451ce tempest-DeleteServersTestJSON-457060592 tempest-DeleteServersTestJSON-457060592-project-member] Filter ComputeCapabilitiesFilter returned 1 host(s) {{(pid=93642) get_filtered_objects /opt/stack/nova/nova/filters.py:102}}
Jul 23 02:10:39.528222 np0000005693 nova-scheduler[93642]: DEBUG nova.filters [None req-1e0414a3-4067-48e6-9fac-cb62718451ce tempest-DeleteServersTestJSON-457060592 tempest-DeleteServersTestJSON-457060592-project-member] Filter ImagePropertiesFilter returned 1 host(s) {{(pid=93642) get_filtered_objects /opt/stack/nova/nova/filters.py:102}}
Jul 23 02:10:39.528599 np0000005693 nova-scheduler[93642]: DEBUG nova.filters [None req-1e0414a3-4067-48e6-9fac-cb62718451ce tempest-DeleteServersTestJSON-457060592 tempest-DeleteServersTestJSON-457060592-project-member] Filter ServerGroupAntiAffinityFilter returned 1 host(s) {{(pid=93642) get_filtered_objects /opt/stack/nova/nova/filters.py:102}}
Jul 23 02:10:39.528862 np0000005693 nova-scheduler[93642]: DEBUG nova.filters [None req-1e0414a3-4067-48e6-9fac-cb62718451ce tempest-DeleteServersTestJSON-457060592 tempest-DeleteServersTestJSON-457060592-project-member] Filter ServerGroupAffinityFilter returned 1 host(s) {{(pid=93642) get_filtered_objects /opt/stack/nova/nova/filters.py:102}}
Jul 23 02:10:39.529129 np0000005693 nova-scheduler[93642]: DEBUG nova.filters [None req-1e0414a3-4067-48e6-9fac-cb62718451ce tempest-DeleteServersTestJSON-457060592 tempest-DeleteServersTestJSON-457060592-project-member] Filter SameHostFilter returned 1 host(s) {{(pid=93642) get_filtered_objects /opt/stack/nova/nova/filters.py:102}}
Jul 23 02:10:39.529363 np0000005693 nova-scheduler[93642]: DEBUG nova.filters [None req-1e0414a3-4067-48e6-9fac-cb62718451ce tempest-DeleteServersTestJSON-457060592 tempest-DeleteServersTestJSON-457060592-project-member] Filter DifferentHostFilter returned 1 host(s) {{(pid=93642) get_filtered_objects /opt/stack/nova/nova/filters.py:102}}
Jul 23 02:10:39.529601 np0000005693 nova-scheduler[93642]: DEBUG nova.scheduler.manager [None req-1e0414a3-4067-48e6-9fac-cb62718451ce tempest-DeleteServersTestJSON-457060592 tempest-DeleteServersTestJSON-457060592-project-member] Filtered [(np0000005693, np0000005693) ram: 62765MB disk: 74752MB io_ops: 0 instances: 0, allocation_candidates: 1] {{(pid=93642) _get_sorted_hosts /opt/stack/nova/nova/scheduler/manager.py:742}}
Jul 23 02:10:39.529974 np0000005693 nova-scheduler[93642]: DEBUG nova.scheduler.manager [None req-1e0414a3-4067-48e6-9fac-cb62718451ce tempest-DeleteServersTestJSON-457060592 tempest-DeleteServersTestJSON-457060592-project-member] Weighed [WeighedHost [host: (np0000005693, np0000005693) ram: 62765MB disk: 74752MB io_ops: 0 instances: 0, allocation_candidates: 1, weight: 0.0]] {{(pid=93642) _get_sorted_hosts /opt/stack/nova/nova/scheduler/manager.py:764}}
Jul 23 02:10:39.530291 np0000005693 nova-scheduler[93642]: DEBUG nova.scheduler.utils [None req-1e0414a3-4067-48e6-9fac-cb62718451ce tempest-DeleteServersTestJSON-457060592 tempest-DeleteServersTestJSON-457060592-project-member] Attempting to claim resources in the placement API for instance 2ea22a4a-9625-405a-a4a3-73386e1dfbbd {{(pid=93642) claim_resources /opt/stack/nova/nova/scheduler/utils.py:1345}}
Jul 23 02:10:39.707681 np0000005693 nova-scheduler[93642]: DEBUG nova.scheduler.manager [None req-1e0414a3-4067-48e6-9fac-cb62718451ce tempest-DeleteServersTestJSON-457060592 tempest-DeleteServersTestJSON-457060592-project-member] [instance: 2ea22a4a-9625-405a-a4a3-73386e1dfbbd] Selected host: (np0000005693, np0000005693) ram: 62765MB disk: 74752MB io_ops: 0 instances: 0, allocation_candidates: 1 {{(pid=93642) _consume_selected_host /opt/stack/nova/nova/scheduler/manager.py:624}}
Jul 23 02:10:39.707939 np0000005693 nova-scheduler[93642]: DEBUG oslo_concurrency.lockutils [None req-1e0414a3-4067-48e6-9fac-cb62718451ce tempest-DeleteServersTestJSON-457060592 tempest-DeleteServersTestJSON-457060592-project-member] Acquiring lock "np0000005693-np0000005693" by "nova.scheduler.host_manager.HostState.consume_from_request.._locked" {{(pid=93642) inner /opt/stack/data/venv/lib/python3.12/site-packages/oslo_concurrency/lockutils.py:512}}
Jul 23 02:10:39.708115 np0000005693 nova-scheduler[93642]: DEBUG oslo_concurrency.lockutils [None req-1e0414a3-4067-48e6-9fac-cb62718451ce tempest-DeleteServersTestJSON-457060592 tempest-DeleteServersTestJSON-457060592-project-member] Lock "np0000005693-np0000005693" acquired by "nova.scheduler.host_manager.HostState.consume_from_request.._locked" :: waited 0.000s {{(pid=93642) inner /opt/stack/data/venv/lib/python3.12/site-packages/oslo_concurrency/lockutils.py:525}}
Jul 23 02:10:39.708267 np0000005693 nova-scheduler[93642]: DEBUG oslo_concurrency.lockutils [None req-1e0414a3-4067-48e6-9fac-cb62718451ce tempest-DeleteServersTestJSON-457060592 tempest-DeleteServersTestJSON-457060592-project-member] Lock "np0000005693-np0000005693" "released" by "nova.scheduler.host_manager.HostState.consume_from_request.._locked" :: held 0.000s {{(pid=93642) inner /opt/stack/data/venv/lib/python3.12/site-packages/oslo_concurrency/lockutils.py:544}}
Jul 23 02:10:44.691046 np0000005693 nova-scheduler[93644]: DEBUG nova.scheduler.manager [None req-3cd03b83-7c50-4f89-8f1d-fb6223bd6cce tempest-ServerActionsTestOtherB-271496443 tempest-ServerActionsTestOtherB-271496443-project-member] Starting to schedule for instances: ['c942d89d-24db-4c45-bd59-0dc01afcf214'] {{(pid=93644) select_destinations /opt/stack/nova/nova/scheduler/manager.py:209}}
Jul 23 02:10:44.692176 np0000005693 nova-scheduler[93644]: DEBUG nova.scheduler.request_filter [None req-3cd03b83-7c50-4f89-8f1d-fb6223bd6cce tempest-ServerActionsTestOtherB-271496443 tempest-ServerActionsTestOtherB-271496443-project-member] compute_status_filter request filter added forbidden trait COMPUTE_STATUS_DISABLED {{(pid=93644) compute_status_filter /opt/stack/nova/nova/scheduler/request_filter.py:253}}
Jul 23 02:10:44.692352 np0000005693 nova-scheduler[93644]: DEBUG nova.scheduler.request_filter [None req-3cd03b83-7c50-4f89-8f1d-fb6223bd6cce tempest-ServerActionsTestOtherB-271496443 tempest-ServerActionsTestOtherB-271496443-project-member] Request filter 'compute_status_filter' took 0.0 seconds {{(pid=93644) wrapper /opt/stack/nova/nova/scheduler/request_filter.py:46}}
Jul 23 02:10:44.692698 np0000005693 nova-scheduler[93644]: DEBUG nova.scheduler.request_filter [None req-3cd03b83-7c50-4f89-8f1d-fb6223bd6cce tempest-ServerActionsTestOtherB-271496443 tempest-ServerActionsTestOtherB-271496443-project-member] Request filter 'accelerators_filter' took 0.0 seconds {{(pid=93644) wrapper /opt/stack/nova/nova/scheduler/request_filter.py:46}}
Jul 23 02:10:44.692932 np0000005693 nova-scheduler[93644]: DEBUG nova.scheduler.request_filter [None req-3cd03b83-7c50-4f89-8f1d-fb6223bd6cce tempest-ServerActionsTestOtherB-271496443 tempest-ServerActionsTestOtherB-271496443-project-member] Request filter 'packed_virtqueue_filter' took 0.0 seconds {{(pid=93644) wrapper /opt/stack/nova/nova/scheduler/request_filter.py:46}}
Jul 23 02:10:44.693296 np0000005693 nova-scheduler[93644]: DEBUG nova.scheduler.request_filter [None req-3cd03b83-7c50-4f89-8f1d-fb6223bd6cce tempest-ServerActionsTestOtherB-271496443 tempest-ServerActionsTestOtherB-271496443-project-member] Request filter 'remote_managed_ports_filter' took 0.0 seconds {{(pid=93644) wrapper /opt/stack/nova/nova/scheduler/request_filter.py:46}}
Jul 23 02:10:44.693546 np0000005693 nova-scheduler[93644]: DEBUG nova.scheduler.request_filter [None req-3cd03b83-7c50-4f89-8f1d-fb6223bd6cce tempest-ServerActionsTestOtherB-271496443 tempest-ServerActionsTestOtherB-271496443-project-member] ephemeral_encryption_filter skipped {{(pid=93644) ephemeral_encryption_filter /opt/stack/nova/nova/scheduler/request_filter.py:426}}
Jul 23 02:10:44.694110 np0000005693 nova-scheduler[93644]: DEBUG nova.scheduler.request_filter [None req-3cd03b83-7c50-4f89-8f1d-fb6223bd6cce tempest-ServerActionsTestOtherB-271496443 tempest-ServerActionsTestOtherB-271496443-project-member] virtio_sound_filter skipped {{(pid=93644) virtio_sound_filter /opt/stack/nova/nova/scheduler/request_filter.py:460}}
Jul 23 02:10:44.694284 np0000005693 nova-scheduler[93644]: DEBUG nova.scheduler.request_filter [None req-3cd03b83-7c50-4f89-8f1d-fb6223bd6cce tempest-ServerActionsTestOtherB-271496443 tempest-ServerActionsTestOtherB-271496443-project-member] tpm_secret_security_filter skipped {{(pid=93644) tpm_secret_security_filter /opt/stack/nova/nova/scheduler/request_filter.py:477}}
Jul 23 02:10:44.821229 np0000005693 nova-scheduler[93644]: INFO nova.utils [None req-3cd03b83-7c50-4f89-8f1d-fb6223bd6cce tempest-ServerActionsTestOtherB-271496443 tempest-ServerActionsTestOtherB-271496443-project-member] The cell worker thread pool ForkProcess-2.cell_worker is initialized
