Jul 23 02:08:03.024357 np0000005693 devstack@neutron-api.service[87804]: DEBUG neutron.plugins.ml2.drivers.ovn.mech_driver.ovsdb.commands [None req-a97aa278-9954-41bd-a68c-02ba95a61312 None None] Converting tag [] to a tag_request {{(pid=87804) _tag_column_to_tag_request /opt/stack/neutron/neutron/plugins/ml2/drivers/ovn/mech_driver/ovsdb/commands.py:205}}
Jul 23 02:08:03.025135 np0000005693 devstack@neutron-api.service[87804]: DEBUG ovsdbapp.backend.ovs_idl.transaction [None req-53590657-7584-4e28-aafd-daefb01c40bc None None] Running txn n=1 command(idx=0): CheckRevisionNumberCommand(_result=None, name=7e026f9d-0c5f-4316-af1c-bb61dd0aa9e9, resource={'id': '7e026f9d-0c5f-4316-af1c-bb61dd0aa9e9', 'name': '', 'network_id': '90f7a189-59dd-4670-8fd0-0fba1a583f76', 'project_id': '', 'mac_address': 'fa:16:3e:52:74:71', 'admin_state_up': True, 'status': 'ACTIVE', 'device_id': 'cf54c66a-9f79-42dd-8a51-5d149cb854fb', 'device_owner': 'network:router_gateway', 'standard_attr_id': 23, 'fixed_ips': [{'subnet_id': '8f2af60a-ac50-4ace-a549-54327957d30b', 'ip_address': '172.24.5.234'}, {'subnet_id': '40809241-7adf-4c71-98e5-3a88b726cf6f', 'ip_address': '2001:db8::1'}], 'allowed_address_pairs': [], 'extra_dhcp_opts': [], 'security_groups': [], 'description': '', 'binding:vnic_type': 'normal', 'binding:profile': {}, 'binding:host_id': 'np0000005693', 'binding:vif_type': 'ovs', 'binding:vif_details': {'port_filter': True, 'connectivity': 'l2', 'ovs_create_tap': True, 'bridge_name': 'br-int', 'datapath_type': 'system'}, 'port_security_enabled': False, 'tags': [], 'created_at': '2026-07-23T02:07:56Z', 'updated_at': '2026-07-23T02:08:01Z', 'revision_number': 6, 'tenant_id': '', 'network': {'id': '90f7a189-59dd-4670-8fd0-0fba1a583f76', 'name': 'public', 'tenant_id': 'd720113c2a894d8aa45f3b9158701cd3', 'project_id': 'd720113c2a894d8aa45f3b9158701cd3', 'admin_state_up': True, 'mtu': 1430, 'status': 'ACTIVE', 'subnets': ['40809241-7adf-4c71-98e5-3a88b726cf6f', '8f2af60a-ac50-4ace-a549-54327957d30b'], 'standard_attr_id': 18, 'shared': False, 'availability_zone_hints': [], 'availability_zones': [], 'ipv4_address_scope': None, 'ipv6_address_scope': None, 'router:external': True, 'qinq': False, 'vlan_transparent': False, 'description': '', 'port_security_enabled': True, 'is_default': True, 'tags': [], 'created_at': '2026-07-23T02:07:52Z', 'updated_at': '2026-07-23T02:08:01Z', 'revision_number': 3, 'provider:network_type': 'flat', 'provider:physical_network': 'public', 'provider:segmentation_id': None}}, resource_type=ports, if_exists=True) {{(pid=87804) do_commit /opt/stack/data/venv/lib/python3.12/site-packages/ovsdbapp/backend/ovs_idl/transaction.py:89}}
Jul 23 02:08:03.025606 np0000005693 devstack@neutron-api.service[87804]: DEBUG ovsdbapp.backend.ovs_idl.transaction [None req-53590657-7584-4e28-aafd-daefb01c40bc None None] Running txn n=1 command(idx=1): SetLSwitchPortCommand(_result=None, lport=7e026f9d-0c5f-4316-af1c-bb61dd0aa9e9, external_ids_update=None, columns={'external_ids': {'neutron:port_name': '', 'neutron:device_id': 'cf54c66a-9f79-42dd-8a51-5d149cb854fb', 'neutron:project_id': '', 'neutron:cidrs': '172.24.5.234/24 2001:db8::1/64', 'neutron:device_owner': 'network:router_gateway', 'neutron:subnet_pool_addr_scope4': '', 'neutron:subnet_pool_addr_scope6': '', 'neutron:network_name': 'neutron-90f7a189-59dd-4670-8fd0-0fba1a583f76', 'neutron:security_group_ids': '', 'neutron:revision_number': '6', 'neutron:vnic_type': 'normal', 'neutron:port_capabilities': '', 'neutron:mtu': '', 'neutron:host_id': 'np0000005693'}, 'parent_name': [], 'options': {'requested-chassis': 'np0000005693', 'exclude-lb-vips-from-garp': 'true', 'nat-addresses': 'router', 'router-port': 'lrp-7e026f9d-0c5f-4316-af1c-bb61dd0aa9e9'}, 'enabled': True, 'port_security': [], 'dhcpv4_options': [], 'dhcpv6_options': [], 'type': 'router', 'ha_chassis_group': [], 'tag_request': []}, if_exists=False) {{(pid=87804) do_commit /opt/stack/data/venv/lib/python3.12/site-packages/ovsdbapp/backend/ovs_idl/transaction.py:89}}
Jul 23 02:08:03.026234 np0000005693 devstack@neutron-api.service[87804]: DEBUG ovsdbapp.backend.ovs_idl.transaction [None req-53590657-7584-4e28-aafd-daefb01c40bc None None] Running txn n=1 command(idx=2): PgDelPortCommand(_result=None, port_group=neutron_pg_drop, lsp=['7e026f9d-0c5f-4316-af1c-bb61dd0aa9e9'], if_exists=False) {{(pid=87804) do_commit /opt/stack/data/venv/lib/python3.12/site-packages/ovsdbapp/backend/ovs_idl/transaction.py:89}}
Jul 23 02:08:03.057771 np0000005693 devstack@neutron-api.service[87804]: DEBUG ovsdbapp.backend.ovs_idl.transaction [None req-53590657-7584-4e28-aafd-daefb01c40bc None None] Running txn n=1 command(idx=0): DbSetCommand(_result=None, table=Logical_Switch_Port, record=7e026f9d-0c5f-4316-af1c-bb61dd0aa9e9, col_values=(('external_ids', {'neutron:host_id': 'np0000005693'}),), if_exists=True) {{(pid=87804) do_commit /opt/stack/data/venv/lib/python3.12/site-packages/ovsdbapp/backend/ovs_idl/transaction.py:89}}
Jul 23 02:08:03.058405 np0000005693 devstack@neutron-api.service[87804]: DEBUG ovsdbapp.backend.ovs_idl.transaction [None req-53590657-7584-4e28-aafd-daefb01c40bc None None] Transaction caused no change {{(pid=87804) do_commit /opt/stack/data/venv/lib/python3.12/site-packages/ovsdbapp/backend/ovs_idl/transaction.py:129}}
Jul 23 02:08:03.239375 np0000005693 devstack@neutron-api.service[87804]: DEBUG neutron.api.wsgi [None req-7af4bf42-3e77-4567-969f-875c39f1b36d admin admin] Missing Content-Type {{(pid=87804) get_content_type /opt/stack/neutron/neutron/api/wsgi.py:80}}
Jul 23 02:08:03.283363 np0000005693 devstack@neutron-api.service[87804]: [pid: 87804|app: 0|req: 12/32] 10.4.3.183 () {64 vars in 1381 bytes} [Thu Jul 23 02:08:03 2026] GET /networking/v2.0/routers/cf54c66a-9f79-42dd-8a51-5d149cb854fb => generated 1110 bytes in 46 msecs (HTTP/1.1 200) 4 headers in 158 bytes (1 switches on core 0)
Jul 23 02:08:03.334705 np0000005693 devstack@neutron-api.service[87802]: DEBUG neutron.pecan_wsgi.hooks.policy_enforcement [None req-df906bac-d0ce-4dee-8d53-af7ad975200b admin admin] Attributes excluded by policy engine: ['standard_attr_id'] {{(pid=87802) _exclude_attributes_by_policy /opt/stack/neutron/neutron/pecan_wsgi/hooks/policy_enforcement.py:259}}
Jul 23 02:08:03.336594 np0000005693 devstack@neutron-api.service[87802]: [pid: 87802|app: 0|req: 11/33] 10.4.3.183 () {64 vars in 1370 bytes} [Thu Jul 23 02:08:03 2026] GET /networking/v2.0/ports?device_id=cf54c66a-9f79-42dd-8a51-5d149cb854fb => generated 2594 bytes in 45 msecs (HTTP/1.1 200) 4 headers in 158 bytes (1 switches on core 0)
Jul 23 02:08:09.285108 np0000005693 devstack@neutron-api.service[87804]: DEBUG futurist.periodics [-] Submitting periodic callback 'neutron.plugins.ml2.drivers.ovn.mech_driver.ovsdb.maintenance.HashRingHealthCheckPeriodics.touch_hash_ring_node' {{(pid=87804) _process_scheduled /opt/stack/data/venv/lib/python3.12/site-packages/futurist/periodics.py:784}}
Jul 23 02:08:09.285686 np0000005693 devstack@neutron-api.service[87804]: DEBUG neutron.plugins.ml2.drivers.ovn.mech_driver.ovsdb.maintenance [-] Touching Hash Ring node "b6fd88d618ae56ff9fc2195d4e4aeb1e" from periodic health check thread {{(pid=87804) touch_hash_ring_node /opt/stack/neutron/neutron/plugins/ml2/drivers/ovn/mech_driver/ovsdb/maintenance.py:1417}}
Jul 23 02:08:10.241548 np0000005693 devstack@neutron-api.service[87802]: DEBUG futurist.periodics [-] Submitting periodic callback 'neutron.plugins.ml2.drivers.ovn.mech_driver.ovsdb.maintenance.HashRingHealthCheckPeriodics.touch_hash_ring_node' {{(pid=87802) _process_scheduled /opt/stack/data/venv/lib/python3.12/site-packages/futurist/periodics.py:784}}
Jul 23 02:08:10.242118 np0000005693 devstack@neutron-api.service[87802]: DEBUG neutron.plugins.ml2.drivers.ovn.mech_driver.ovsdb.maintenance [-] Touching Hash Ring node "230965d4a1de5d9e967b5f6cc402e49c" from periodic health check thread {{(pid=87802) touch_hash_ring_node /opt/stack/neutron/neutron/plugins/ml2/drivers/ovn/mech_driver/ovsdb/maintenance.py:1417}}
Jul 23 02:08:10.345649 np0000005693 devstack@neutron-api.service[87803]: DEBUG futurist.periodics [-] Submitting periodic callback 'neutron.plugins.ml2.drivers.ovn.mech_driver.ovsdb.maintenance.HashRingHealthCheckPeriodics.touch_hash_ring_node' {{(pid=87803) _process_scheduled /opt/stack/data/venv/lib/python3.12/site-packages/futurist/periodics.py:784}}
Jul 23 02:08:10.346368 np0000005693 devstack@neutron-api.service[87803]: DEBUG neutron.plugins.ml2.drivers.ovn.mech_driver.ovsdb.maintenance [-] Touching Hash Ring node "a58c00a706ef5f9c8252259a597197b9" from periodic health check thread {{(pid=87803) touch_hash_ring_node /opt/stack/neutron/neutron/plugins/ml2/drivers/ovn/mech_driver/ovsdb/maintenance.py:1417}}
Jul 23 02:08:19.295902 np0000005693 devstack@neutron-api.service[87804]: DEBUG dbcounter [-] [87804] Writing DB stats neutron:SELECT=3099,neutron:INSERT=730,neutron:DELETE=11,neutron:UPDATE=143 {{(pid=87804) stat_writer /opt/stack/data/venv/lib/python3.12/site-packages/dbcounter.py:115}}
Jul 23 02:08:20.249716 np0000005693 devstack@neutron-api.service[87802]: DEBUG dbcounter [-] [87802] Writing DB stats neutron:SELECT=652,neutron:INSERT=19,neutron:DELETE=5,neutron:UPDATE=22 {{(pid=87802) stat_writer /opt/stack/data/venv/lib/python3.12/site-packages/dbcounter.py:115}}
Jul 23 02:08:20.358472 np0000005693 devstack@neutron-api.service[87803]: DEBUG dbcounter [-] [87803] Writing DB stats neutron:SELECT=2267,neutron:INSERT=56,neutron:DELETE=11,neutron:UPDATE=77 {{(pid=87803) stat_writer /opt/stack/data/venv/lib/python3.12/site-packages/dbcounter.py:115}}
Jul 23 02:08:24.285266 np0000005693 devstack@neutron-api.service[87804]: DEBUG futurist.periodics [-] Submitting periodic callback 'neutron.plugins.ml2.drivers.ovn.mech_driver.ovsdb.maintenance.HashRingHealthCheckPeriodics.touch_hash_ring_node' {{(pid=87804) _process_scheduled /opt/stack/data/venv/lib/python3.12/site-packages/futurist/periodics.py:784}}
Jul 23 02:08:24.285772 np0000005693 devstack@neutron-api.service[87804]: DEBUG neutron.plugins.ml2.drivers.ovn.mech_driver.ovsdb.maintenance [-] Touching Hash Ring node "b6fd88d618ae56ff9fc2195d4e4aeb1e" from periodic health check thread {{(pid=87804) touch_hash_ring_node /opt/stack/neutron/neutron/plugins/ml2/drivers/ovn/mech_driver/ovsdb/maintenance.py:1417}}
Jul 23 02:08:25.242304 np0000005693 devstack@neutron-api.service[87802]: DEBUG futurist.periodics [-] Submitting periodic callback 'neutron.plugins.ml2.drivers.ovn.mech_driver.ovsdb.maintenance.HashRingHealthCheckPeriodics.touch_hash_ring_node' {{(pid=87802) _process_scheduled /opt/stack/data/venv/lib/python3.12/site-packages/futurist/periodics.py:784}}
Jul 23 02:08:25.242802 np0000005693 devstack@neutron-api.service[87802]: DEBUG neutron.plugins.ml2.drivers.ovn.mech_driver.ovsdb.maintenance [-] Touching Hash Ring node "230965d4a1de5d9e967b5f6cc402e49c" from periodic health check thread {{(pid=87802) touch_hash_ring_node /opt/stack/neutron/neutron/plugins/ml2/drivers/ovn/mech_driver/ovsdb/maintenance.py:1417}}
Jul 23 02:08:25.346289 np0000005693 devstack@neutron-api.service[87803]: DEBUG futurist.periodics [-] Submitting periodic callback 'neutron.plugins.ml2.drivers.ovn.mech_driver.ovsdb.maintenance.HashRingHealthCheckPeriodics.touch_hash_ring_node' {{(pid=87803) _process_scheduled /opt/stack/data/venv/lib/python3.12/site-packages/futurist/periodics.py:784}}
Jul 23 02:08:25.346790 np0000005693 devstack@neutron-api.service[87803]: DEBUG neutron.plugins.ml2.drivers.ovn.mech_driver.ovsdb.maintenance [-] Touching Hash Ring node "a58c00a706ef5f9c8252259a597197b9" from periodic health check thread {{(pid=87803) touch_hash_ring_node /opt/stack/neutron/neutron/plugins/ml2/drivers/ovn/mech_driver/ovsdb/maintenance.py:1417}}
Jul 23 02:08:34.293818 np0000005693 devstack@neutron-api.service[87804]: DEBUG dbcounter [-] [87804] Writing DB stats neutron:UPDATE=1,neutron:SELECT=1 {{(pid=87804) stat_writer /opt/stack/data/venv/lib/python3.12/site-packages/dbcounter.py:115}}
Jul 23 02:08:35.252882 np0000005693 devstack@neutron-api.service[87802]: DEBUG dbcounter [-] [87802] Writing DB stats neutron:UPDATE=1,neutron:SELECT=1 {{(pid=87802) stat_writer /opt/stack/data/venv/lib/python3.12/site-packages/dbcounter.py:115}}
Jul 23 02:08:35.354111 np0000005693 devstack@neutron-api.service[87803]: DEBUG dbcounter [-] [87803] Writing DB stats neutron:UPDATE=1,neutron:SELECT=1 {{(pid=87803) stat_writer /opt/stack/data/venv/lib/python3.12/site-packages/dbcounter.py:115}}
Jul 23 02:08:39.285836 np0000005693 devstack@neutron-api.service[87804]: DEBUG futurist.periodics [-] Submitting periodic callback 'neutron.plugins.ml2.drivers.ovn.mech_driver.ovsdb.maintenance.HashRingHealthCheckPeriodics.touch_hash_ring_node' {{(pid=87804) _process_scheduled /opt/stack/data/venv/lib/python3.12/site-packages/futurist/periodics.py:784}}
Jul 23 02:08:39.286294 np0000005693 devstack@neutron-api.service[87804]: DEBUG neutron.plugins.ml2.drivers.ovn.mech_driver.ovsdb.maintenance [-] Touching Hash Ring node "b6fd88d618ae56ff9fc2195d4e4aeb1e" from periodic health check thread {{(pid=87804) touch_hash_ring_node /opt/stack/neutron/neutron/plugins/ml2/drivers/ovn/mech_driver/ovsdb/maintenance.py:1417}}
Jul 23 02:08:40.248236 np0000005693 devstack@neutron-api.service[87802]: DEBUG futurist.periodics [-] Submitting periodic callback 'neutron.plugins.ml2.drivers.ovn.mech_driver.ovsdb.maintenance.HashRingHealthCheckPeriodics.touch_hash_ring_node' {{(pid=87802) _process_scheduled /opt/stack/data/venv/lib/python3.12/site-packages/futurist/periodics.py:784}}
Jul 23 02:08:40.248689 np0000005693 devstack@neutron-api.service[87802]: DEBUG neutron.plugins.ml2.drivers.ovn.mech_driver.ovsdb.maintenance [-] Touching Hash Ring node "230965d4a1de5d9e967b5f6cc402e49c" from periodic health check thread {{(pid=87802) touch_hash_ring_node /opt/stack/neutron/neutron/plugins/ml2/drivers/ovn/mech_driver/ovsdb/maintenance.py:1417}}
Jul 23 02:08:40.346748 np0000005693 devstack@neutron-api.service[87803]: DEBUG futurist.periodics [-] Submitting periodic callback 'neutron.plugins.ml2.drivers.ovn.mech_driver.ovsdb.maintenance.HashRingHealthCheckPeriodics.touch_hash_ring_node' {{(pid=87803) _process_scheduled /opt/stack/data/venv/lib/python3.12/site-packages/futurist/periodics.py:784}}
Jul 23 02:08:40.347190 np0000005693 devstack@neutron-api.service[87803]: DEBUG neutron.plugins.ml2.drivers.ovn.mech_driver.ovsdb.maintenance [-] Touching Hash Ring node "a58c00a706ef5f9c8252259a597197b9" from periodic health check thread {{(pid=87803) touch_hash_ring_node /opt/stack/neutron/neutron/plugins/ml2/drivers/ovn/mech_driver/ovsdb/maintenance.py:1417}}
Jul 23 02:08:49.295279 np0000005693 devstack@neutron-api.service[87804]: DEBUG dbcounter [-] [87804] Writing DB stats neutron:UPDATE=1,neutron:SELECT=1 {{(pid=87804) stat_writer /opt/stack/data/venv/lib/python3.12/site-packages/dbcounter.py:115}}
Jul 23 02:08:50.255260 np0000005693 devstack@neutron-api.service[87802]: DEBUG dbcounter [-] [87802] Writing DB stats neutron:UPDATE=1,neutron:SELECT=1 {{(pid=87802) stat_writer /opt/stack/data/venv/lib/python3.12/site-packages/dbcounter.py:115}}
Jul 23 02:08:50.354450 np0000005693 devstack@neutron-api.service[87803]: DEBUG dbcounter [-] [87803] Writing DB stats neutron:UPDATE=1,neutron:SELECT=1 {{(pid=87803) stat_writer /opt/stack/data/venv/lib/python3.12/site-packages/dbcounter.py:115}}
Jul 23 02:08:54.286379 np0000005693 devstack@neutron-api.service[87804]: DEBUG futurist.periodics [-] Submitting periodic callback 'neutron.plugins.ml2.drivers.ovn.mech_driver.ovsdb.maintenance.HashRingHealthCheckPeriodics.touch_hash_ring_node' {{(pid=87804) _process_scheduled /opt/stack/data/venv/lib/python3.12/site-packages/futurist/periodics.py:784}}
Jul 23 02:08:54.286868 np0000005693 devstack@neutron-api.service[87804]: DEBUG neutron.plugins.ml2.drivers.ovn.mech_driver.ovsdb.maintenance [-] Touching Hash Ring node "b6fd88d618ae56ff9fc2195d4e4aeb1e" from periodic health check thread {{(pid=87804) touch_hash_ring_node /opt/stack/neutron/neutron/plugins/ml2/drivers/ovn/mech_driver/ovsdb/maintenance.py:1417}}
Jul 23 02:08:55.248757 np0000005693 devstack@neutron-api.service[87802]: DEBUG futurist.periodics [-] Submitting periodic callback 'neutron.plugins.ml2.drivers.ovn.mech_driver.ovsdb.maintenance.HashRingHealthCheckPeriodics.touch_hash_ring_node' {{(pid=87802) _process_scheduled /opt/stack/data/venv/lib/python3.12/site-packages/futurist/periodics.py:784}}
Jul 23 02:08:55.249394 np0000005693 devstack@neutron-api.service[87802]: DEBUG neutron.plugins.ml2.drivers.ovn.mech_driver.ovsdb.maintenance [-] Touching Hash Ring node "230965d4a1de5d9e967b5f6cc402e49c" from periodic health check thread {{(pid=87802) touch_hash_ring_node /opt/stack/neutron/neutron/plugins/ml2/drivers/ovn/mech_driver/ovsdb/maintenance.py:1417}}
Jul 23 02:08:55.347464 np0000005693 devstack@neutron-api.service[87803]: DEBUG futurist.periodics [-] Submitting periodic callback 'neutron.plugins.ml2.drivers.ovn.mech_driver.ovsdb.maintenance.HashRingHealthCheckPeriodics.touch_hash_ring_node' {{(pid=87803) _process_scheduled /opt/stack/data/venv/lib/python3.12/site-packages/futurist/periodics.py:784}}
Jul 23 02:08:55.348027 np0000005693 devstack@neutron-api.service[87803]: DEBUG neutron.plugins.ml2.drivers.ovn.mech_driver.ovsdb.maintenance [-] Touching Hash Ring node "a58c00a706ef5f9c8252259a597197b9" from periodic health check thread {{(pid=87803) touch_hash_ring_node /opt/stack/neutron/neutron/plugins/ml2/drivers/ovn/mech_driver/ovsdb/maintenance.py:1417}}
Jul 23 02:09:04.294536 np0000005693 devstack@neutron-api.service[87804]: DEBUG dbcounter [-] [87804] Writing DB stats neutron:UPDATE=1,neutron:SELECT=1 {{(pid=87804) stat_writer /opt/stack/data/venv/lib/python3.12/site-packages/dbcounter.py:115}}
Jul 23 02:09:05.258456 np0000005693 devstack@neutron-api.service[87802]: DEBUG dbcounter [-] [87802] Writing DB stats neutron:UPDATE=1,neutron:SELECT=1 {{(pid=87802) stat_writer /opt/stack/data/venv/lib/python3.12/site-packages/dbcounter.py:115}}
Jul 23 02:09:05.354514 np0000005693 devstack@neutron-api.service[87803]: DEBUG dbcounter [-] [87803] Writing DB stats neutron:UPDATE=1,neutron:SELECT=1 {{(pid=87803) stat_writer /opt/stack/data/venv/lib/python3.12/site-packages/dbcounter.py:115}}
Jul 23 02:09:07.660336 np0000005693 devstack@neutron-api.service[87803]: DEBUG neutron.api.wsgi [None req-d3949c6d-8ca6-4201-8744-be717f4f6f6a admin admin] Missing Content-Type {{(pid=87803) get_content_type /opt/stack/neutron/neutron/api/wsgi.py:80}}
Jul 23 02:09:07.660909 np0000005693 devstack@neutron-api.service[87803]: DEBUG neutron.api.wsgi [None req-d3949c6d-8ca6-4201-8744-be717f4f6f6a admin admin] https://10.4.3.183/networking/v2.0/extensions returned with HTTP 200 {{(pid=87803) __call__ /opt/stack/neutron/neutron/api/wsgi.py:540}}
Jul 23 02:09:07.661268 np0000005693 devstack@neutron-api.service[87803]: [pid: 87803|app: 0|req: 11/34] 10.4.3.183 () {64 vars in 1292 bytes} [Thu Jul 23 02:09:07 2026] GET /networking/v2.0/extensions => generated 16171 bytes in 4 msecs (HTTP/1.1 200) 4 headers in 159 bytes (1 switches on core 0)
Jul 23 02:09:07.950258 np0000005693 devstack@neutron-api.service[87804]: INFO neutron.pecan_wsgi.hooks.translation [None req-01f8735b-ddcb-4281-a023-3e1e3dc8488d admin admin] GET failed (client error): The resource could not be found.
Jul 23 02:09:07.951029 np0000005693 devstack@neutron-api.service[87804]: [pid: 87804|app: 0|req: 13/35] 10.4.3.183 () {64 vars in 1294 bytes} [Thu Jul 23 02:09:07 2026] GET /networking/v2.0/networks/public => generated 108 bytes in 9 msecs (HTTP/1.1 404) 4 headers in 164 bytes (1 switches on core 0)
Jul 23 02:09:07.996660 np0000005693 devstack@neutron-api.service[87802]: DEBUG neutron.pecan_wsgi.hooks.policy_enforcement [None req-944100b0-8b9c-4fba-a6c2-3bc7f6fc4ddd admin admin] Attributes excluded by policy engine: ['standard_attr_id'] {{(pid=87802) _exclude_attributes_by_policy /opt/stack/neutron/neutron/pecan_wsgi/hooks/policy_enforcement.py:259}}
Jul 23 02:09:07.997761 np0000005693 devstack@neutron-api.service[87802]: [pid: 87802|app: 0|req: 12/36] 10.4.3.183 () {64 vars in 1309 bytes} [Thu Jul 23 02:09:07 2026] GET /networking/v2.0/networks?name=public => generated 759 bytes in 40 msecs (HTTP/1.1 200) 4 headers in 157 bytes (1 switches on core 0)
Jul 23 02:09:08.249088 np0000005693 devstack@neutron-api.service[87803]: DEBUG neutron.api.v2.base [None req-14c3068a-959b-4ec3-98bb-1e10ad3db407 admin admin] Request body: {'network': {'name': 'shared', 'shared': True, 'admin_state_up': True}} {{(pid=87803) prepare_request_body /opt/stack/neutron/neutron/api/v2/base.py:727}}
Jul 23 02:09:08.264120 np0000005693 devstack@neutron-api.service[87803]: DEBUG neutron.pecan_wsgi.hooks.quota_enforcement [None req-14c3068a-959b-4ec3-98bb-1e10ad3db407 admin admin] Made reservation on behalf of d720113c2a894d8aa45f3b9158701cd3 for: {'network': 1} {{(pid=87803) before /opt/stack/neutron/neutron/pecan_wsgi/hooks/quota_enforcement.py:66}}
Jul 23 02:09:08.266980 np0000005693 devstack@neutron-api.service[87803]: DEBUG neutron_lib.callbacks.manager [None req-14c3068a-959b-4ec3-98bb-1e10ad3db407 admin admin] Publish callbacks ['neutron.plugins.ml2.plugin.SecurityGroupDbMixin._ensure_default_security_group_handler-49260'] for network (None), before_create {{(pid=87803) _notify_loop /opt/stack/data/venv/lib/python3.12/site-packages/neutron_lib/callbacks/manager.py:184}}
Jul 23 02:09:08.297465 np0000005693 devstack@neutron-api.service[87803]: WARNING neutron.services.revisions.revision_plugin [None req-14c3068a-959b-4ec3-98bb-1e10ad3db407 admin admin] Could not find related network for resource to bump revision.
Jul 23 02:09:08.324603 np0000005693 devstack@neutron-api.service[87803]: DEBUG neutron.plugins.ml2.drivers.helpers [None req-14c3068a-959b-4ec3-98bb-1e10ad3db407 admin admin] geneve segment allocate from pool success with {'geneve_vni': 20210} {{(pid=87803) allocate_partially_specified_segment /opt/stack/neutron/neutron/plugins/ml2/drivers/helpers.py:142}}
Jul 23 02:09:08.331980 np0000005693 devstack@neutron-api.service[87803]: DEBUG neutron_lib.callbacks.manager [None req-14c3068a-959b-4ec3-98bb-1e10ad3db407 admin admin] Publish callbacks ['neutron.plugins.ml2.plugin.Ml2Plugin._handle_segment_change-3975064'] for segment (3823f2b7-ead4-42c9-a7e9-0dbf61fc6281), precommit_create {{(pid=87803) _notify_loop /opt/stack/data/venv/lib/python3.12/site-packages/neutron_lib/callbacks/manager.py:184}}
Jul 23 02:09:08.332163 np0000005693 devstack@neutron-api.service[87803]: INFO neutron.db.segments_db [None req-14c3068a-959b-4ec3-98bb-1e10ad3db407 admin admin] Added segment 3823f2b7-ead4-42c9-a7e9-0dbf61fc6281 of type geneve for network 0e92c3db-84d9-4e7c-b071-d89d9507eb0e
Jul 23 02:09:08.346504 np0000005693 devstack@neutron-api.service[87803]: DEBUG neutron_lib.callbacks.manager [None req-14c3068a-959b-4ec3-98bb-1e10ad3db407 admin admin] Publish callbacks ['neutron.services.auto_allocate.db._ensure_external_network_default_value_callback-8241833527900'] for network (0e92c3db-84d9-4e7c-b071-d89d9507eb0e), precommit_create {{(pid=87803) _notify_loop /opt/stack/data/venv/lib/python3.12/site-packages/neutron_lib/callbacks/manager.py:184}}
Jul 23 02:09:08.358787 np0000005693 devstack@neutron-api.service[87803]: DEBUG neutron.plugins.ml2.drivers.ovn.mech_driver.mech_driver [None req-14c3068a-959b-4ec3-98bb-1e10ad3db407 admin admin] Validating network segment with type geneve, segmentation ID 20210, physical network None {{(pid=87803) _validate_network_segments /opt/stack/neutron/neutron/plugins/ml2/drivers/ovn/mech_driver/mech_driver.py:646}}
Jul 23 02:09:08.359130 np0000005693 devstack@neutron-api.service[87803]: DEBUG neutron.db.ovn_revision_numbers_db [None req-14c3068a-959b-4ec3-98bb-1e10ad3db407 admin admin] create_initial_revision uuid=0e92c3db-84d9-4e7c-b071-d89d9507eb0e, type=networks, rev=-1 {{(pid=87803) create_initial_revision /opt/stack/neutron/neutron/db/ovn_revision_numbers_db.py:98}}
Jul 23 02:09:08.366507 np0000005693 devstack@neutron-api.service[87803]: DEBUG neutron_lib.callbacks.manager [None req-14c3068a-959b-4ec3-98bb-1e10ad3db407 admin admin] Publish callbacks ['neutron.plugins.ml2.ovo_rpc._ObjectChangeHandler.handle_event-2769196'] for network (0e92c3db-84d9-4e7c-b071-d89d9507eb0e), after_create {{(pid=87803) _notify_loop /opt/stack/data/venv/lib/python3.12/site-packages/neutron_lib/callbacks/manager.py:184}}
Jul 23 02:09:08.381417 np0000005693 devstack@neutron-api.service[87803]: DEBUG neutron.api.rpc.handlers.resources_rpc [None req-14c3068a-959b-4ec3-98bb-1e10ad3db407 admin admin] Pushing event updated for resources: {'Network': ['ID=0e92c3db-84d9-4e7c-b071-d89d9507eb0e,revision_number=1']} {{(pid=87803) push /opt/stack/neutron/neutron/api/rpc/handlers/resources_rpc.py:237}}
Jul 23 02:09:08.385329 np0000005693 devstack@neutron-api.service[87803]: DEBUG ovsdbapp.backend.ovs_idl.transaction [None req-8dcb3ed9-77e9-4231-af04-94ed0ce1158c None None] Running txn n=1 command(idx=0): CheckLivenessCommand(_result=None) {{(pid=87803) do_commit /opt/stack/data/venv/lib/python3.12/site-packages/ovsdbapp/backend/ovs_idl/transaction.py:89}}
Jul 23 02:09:08.390914 np0000005693 devstack@neutron-api.service[87804]: DEBUG ovsdbapp.backend.ovs_idl.event [None req-eaa669b0-18f4-499e-a882-5fa153cfaaac None None] Matched UPDATE: ChassisAgentWriteEvent(events=('create', 'update'), table='Chassis_Private', conditions=None, old_conditions=None), priority=20 to row=Chassis_Private(uuid=22c78e6d-7cc1-46c4-840b-06695bacf7ec, chassis=1b2d6eea-b1be-4f5e-9b42-fc05ae24db4d, external_ids={'neutron:ovn-bridge': 'br-int', 'neutron:ovn-neutron-agent-id': 'e4737947-b9a1-5b87-9fe4-352cb6e9dd42', 'neutron:ovn-neutron-agent-sb-cfg': '1'}, name='39ce57d9-22a0-4aa1-bdf7-84d56016616b', nb_cfg=2, nb_cfg_timestamp=1784772548387) old=Chassis_Private(uuid=22c78e6d-7cc1-46c4-840b-06695bacf7ec, nb_cfg=1, nb_cfg_timestamp=1784772466946) {{(pid=87804) matches /opt/stack/data/venv/lib/python3.12/site-packages/ovsdbapp/backend/ovs_idl/event.py:55}}
Jul 23 02:09:08.391564 np0000005693 devstack@neutron-api.service[87803]: DEBUG ovsdbapp.backend.ovs_idl.event [None req-86f0bcc9-de5c-4acb-9f8d-a785a88d96d5 None None] Matched UPDATE: ChassisAgentWriteEvent(events=('create', 'update'), table='Chassis_Private', conditions=None, old_conditions=None), priority=20 to row=Chassis_Private(uuid=22c78e6d-7cc1-46c4-840b-06695bacf7ec, chassis=1b2d6eea-b1be-4f5e-9b42-fc05ae24db4d, external_ids={'neutron:ovn-bridge': 'br-int', 'neutron:ovn-neutron-agent-id': 'e4737947-b9a1-5b87-9fe4-352cb6e9dd42', 'neutron:ovn-neutron-agent-sb-cfg': '1'}, name='39ce57d9-22a0-4aa1-bdf7-84d56016616b', nb_cfg=2, nb_cfg_timestamp=1784772548387) old=Chassis_Private(uuid=22c78e6d-7cc1-46c4-840b-06695bacf7ec, nb_cfg=1, nb_cfg_timestamp=1784772466946) {{(pid=87803) matches /opt/stack/data/venv/lib/python3.12/site-packages/ovsdbapp/backend/ovs_idl/event.py:55}}
Jul 23 02:09:08.392396 np0000005693 devstack@neutron-api.service[87802]: DEBUG ovsdbapp.backend.ovs_idl.event [None req-f3d70d86-cd86-421f-8785-336df7445504 None None] Matched UPDATE: ChassisAgentWriteEvent(events=('create', 'update'), table='Chassis_Private', conditions=None, old_conditions=None), priority=20 to row=Chassis_Private(uuid=22c78e6d-7cc1-46c4-840b-06695bacf7ec, chassis=1b2d6eea-b1be-4f5e-9b42-fc05ae24db4d, external_ids={'neutron:ovn-bridge': 'br-int', 'neutron:ovn-neutron-agent-id': 'e4737947-b9a1-5b87-9fe4-352cb6e9dd42', 'neutron:ovn-neutron-agent-sb-cfg': '1'}, name='39ce57d9-22a0-4aa1-bdf7-84d56016616b', nb_cfg=2, nb_cfg_timestamp=1784772548387) old=Chassis_Private(uuid=22c78e6d-7cc1-46c4-840b-06695bacf7ec, nb_cfg=1, nb_cfg_timestamp=1784772466946) {{(pid=87802) matches /opt/stack/data/venv/lib/python3.12/site-packages/ovsdbapp/backend/ovs_idl/event.py:55}}
Jul 23 02:09:08.398144 np0000005693 devstack@neutron-api.service[87803]: DEBUG neutron.common.ovn.hash_ring_manager [None req-8dcb3ed9-77e9-4231-af04-94ed0ce1158c None None] Hash Ring loaded. 3 active nodes. 0 offline nodes {{(pid=87803) _load_hash_ring /opt/stack/neutron/neutron/common/ovn/hash_ring_manager.py:110}}
Jul 23 02:09:08.398487 np0000005693 devstack@neutron-api.service[87803]: DEBUG neutron.plugins.ml2.drivers.ovn.mech_driver.ovsdb.ovsdb_monitor [None req-8dcb3ed9-77e9-4231-af04-94ed0ce1158c None None] Hash Ring: Node a58c00a706ef5f9c8252259a597197b9 (host: np0000005693) handling event "update" for row 673d4d00-cb77-4be5-aa04-8fc54063bfb3 (table: NB_Global) {{(pid=87803) notify /opt/stack/neutron/neutron/plugins/ml2/drivers/ovn/mech_driver/ovsdb/ovsdb_monitor.py:1013}}
Jul 23 02:09:08.400380 np0000005693 devstack@neutron-api.service[87804]: DEBUG neutron.common.ovn.hash_ring_manager [None req-eaa669b0-18f4-499e-a882-5fa153cfaaac None None] Hash Ring loaded. 3 active nodes. 0 offline nodes {{(pid=87804) _load_hash_ring /opt/stack/neutron/neutron/common/ovn/hash_ring_manager.py:110}}
Jul 23 02:09:08.400905 np0000005693 devstack@neutron-api.service[87804]: DEBUG neutron.plugins.ml2.drivers.ovn.mech_driver.ovsdb.ovsdb_monitor [None req-eaa669b0-18f4-499e-a882-5fa153cfaaac None None] Hash Ring: Node b6fd88d618ae56ff9fc2195d4e4aeb1e (host: np0000005693) handling event "update" for row 22c78e6d-7cc1-46c4-840b-06695bacf7ec (table: Chassis_Private) {{(pid=87804) notify /opt/stack/neutron/neutron/plugins/ml2/drivers/ovn/mech_driver/ovsdb/ovsdb_monitor.py:1013}}
Jul 23 02:09:08.401107 np0000005693 devstack@neutron-api.service[87803]: DEBUG neutron.plugins.ml2.drivers.ovn.mech_driver.ovsdb.ovsdb_monitor [None req-8dcb3ed9-77e9-4231-af04-94ed0ce1158c None None] Hash Ring: Node a58c00a706ef5f9c8252259a597197b9 (host: np0000005693) handling event "update" for row 673d4d00-cb77-4be5-aa04-8fc54063bfb3 (table: NB_Global) {{(pid=87803) notify /opt/stack/neutron/neutron/plugins/ml2/drivers/ovn/mech_driver/ovsdb/ovsdb_monitor.py:1013}}
Jul 23 02:09:08.401421 np0000005693 devstack@neutron-api.service[87804]: DEBUG neutron.common.ovn.hash_ring_manager [None req-53590657-7584-4e28-aafd-daefb01c40bc None None] Hash Ring loaded. 3 active nodes. 0 offline nodes {{(pid=87804) _load_hash_ring /opt/stack/neutron/neutron/common/ovn/hash_ring_manager.py:110}}
Jul 23 02:09:08.402158 np0000005693 devstack@neutron-api.service[87802]: DEBUG neutron.common.ovn.hash_ring_manager [None req-c32a3b49-3594-43b5-9f9b-4df9dc32832c None None] Hash Ring loaded. 3 active nodes. 0 offline nodes {{(pid=87802) _load_hash_ring /opt/stack/neutron/neutron/common/ovn/hash_ring_manager.py:110}}
Jul 23 02:09:08.402334 np0000005693 devstack@neutron-api.service[87803]: DEBUG neutron.plugins.ml2.drivers.ovn.mech_driver.ovsdb.ovsdb_monitor [None req-8dcb3ed9-77e9-4231-af04-94ed0ce1158c None None] Hash Ring: Node a58c00a706ef5f9c8252259a597197b9 (host: np0000005693) handling event "update" for row 673d4d00-cb77-4be5-aa04-8fc54063bfb3 (table: NB_Global) {{(pid=87803) notify /opt/stack/neutron/neutron/plugins/ml2/drivers/ovn/mech_driver/ovsdb/ovsdb_monitor.py:1013}}
Jul 23 02:09:08.403049 np0000005693 devstack@neutron-api.service[87803]: DEBUG neutron.common.ovn.hash_ring_manager [None req-86f0bcc9-de5c-4acb-9f8d-a785a88d96d5 None None] Hash Ring loaded. 3 active nodes. 0 offline nodes {{(pid=87803) _load_hash_ring /opt/stack/neutron/neutron/common/ovn/hash_ring_manager.py:110}}
Jul 23 02:09:08.403484 np0000005693 devstack@neutron-api.service[87803]: DEBUG neutron.plugins.ml2.drivers.ovn.mech_driver.ovsdb.ovsdb_monitor [None req-8dcb3ed9-77e9-4231-af04-94ed0ce1158c None None] Hash Ring: Node a58c00a706ef5f9c8252259a597197b9 (host: np0000005693) handling event "update" for row 673d4d00-cb77-4be5-aa04-8fc54063bfb3 (table: NB_Global) {{(pid=87803) notify /opt/stack/neutron/neutron/plugins/ml2/drivers/ovn/mech_driver/ovsdb/ovsdb_monitor.py:1013}}
Jul 23 02:09:08.403680 np0000005693 devstack@neutron-api.service[87802]: DEBUG neutron.common.ovn.hash_ring_manager [None req-f3d70d86-cd86-421f-8785-336df7445504 None None] Hash Ring loaded. 3 active nodes. 0 offline nodes {{(pid=87802) _load_hash_ring /opt/stack/neutron/neutron/common/ovn/hash_ring_manager.py:110}}
Jul 23 02:09:08.413202 np0000005693 devstack@neutron-api.service[87803]: DEBUG ovsdbapp.backend.ovs_idl.transaction [None req-8dcb3ed9-77e9-4231-af04-94ed0ce1158c None None] Running txn n=1 command(idx=0): AddNetworkCommand(_result=None, network_uuid=0e92c3db-84d9-4e7c-b071-d89d9507eb0e, may_exist=True, columns={'external_ids': {'neutron:network_name': 'shared', 'neutron:mtu': '1372', 'neutron:revision_number': '1', 'neutron:availability_zone_hints': '', 'neutron:provnet-network-type': 'geneve'}, 'other_config': {'mcast_snoop': 'false', 'mcast_flood_unregistered': 'false', 'vlan-passthru': 'false'}}) {{(pid=87803) do_commit /opt/stack/data/venv/lib/python3.12/site-packages/ovsdbapp/backend/ovs_idl/transaction.py:89}}
Jul 23 02:09:08.416597 np0000005693 devstack@neutron-api.service[87802]: DEBUG neutron.plugins.ml2.drivers.ovn.mech_driver.ovsdb.ovsdb_monitor [None req-c32a3b49-3594-43b5-9f9b-4df9dc32832c None None] Hash Ring: Node 230965d4a1de5d9e967b5f6cc402e49c (host: np0000005693) handling event "create" for row 0e92c3db-84d9-4e7c-b071-d89d9507eb0e (table: Logical_Switch) {{(pid=87802) notify /opt/stack/neutron/neutron/plugins/ml2/drivers/ovn/mech_driver/ovsdb/ovsdb_monitor.py:1013}}
Jul 23 02:09:08.418517 np0000005693 devstack@neutron-api.service[87804]: DEBUG neutron.plugins.ml2.drivers.ovn.mech_driver.ovsdb.ovsdb_monitor [None req-eaa669b0-18f4-499e-a882-5fa153cfaaac None None] Hash Ring: Node b6fd88d618ae56ff9fc2195d4e4aeb1e (host: np0000005693) handling event "create" for row 20a81929-0bbb-4cfc-baab-6d4e6f56be59 (table: Datapath_Binding) {{(pid=87804) notify /opt/stack/neutron/neutron/plugins/ml2/drivers/ovn/mech_driver/ovsdb/ovsdb_monitor.py:1013}}
Jul 23 02:09:08.434080 np0000005693 devstack@neutron-api.service[87803]: INFO neutron.db.ovn_revision_numbers_db [None req-14c3068a-959b-4ec3-98bb-1e10ad3db407 admin admin] Successfully bumped revision number for resource 0e92c3db-84d9-4e7c-b071-d89d9507eb0e (type: networks) to 1
Jul 23 02:09:08.444407 np0000005693 devstack@neutron-api.service[87803]: DEBUG neutron_lib.callbacks.manager [None req-14c3068a-959b-4ec3-98bb-1e10ad3db407 admin admin] Publish callbacks ['neutron.plugins.ml2.plugin.SecurityGroupDbMixin._ensure_default_security_group_handler-49260'] for port (None), before_create {{(pid=87803) _notify_loop /opt/stack/data/venv/lib/python3.12/site-packages/neutron_lib/callbacks/manager.py:184}}
Jul 23 02:09:08.501647 np0000005693 devstack@neutron-api.service[87803]: DEBUG neutron_lib.callbacks.manager [None req-14c3068a-959b-4ec3-98bb-1e10ad3db407 admin admin] Publish callbacks ['neutron.plugins.ml2.drivers.ovn.mech_driver.mech_driver.OVNMechanismDriver._validate_allowed_address_pairs-241699'] for allowed_address_pair (ccad8b86-4379-49aa-b649-ee4dd9122a0e), before_create {{(pid=87803) _notify_loop /opt/stack/data/venv/lib/python3.12/site-packages/neutron_lib/callbacks/manager.py:184}}
Jul 23 02:09:08.502476 np0000005693 devstack@neutron-api.service[87803]: DEBUG neutron_lib.callbacks.manager [None req-14c3068a-959b-4ec3-98bb-1e10ad3db407 admin admin] Publish callbacks [] for port (ccad8b86-4379-49aa-b649-ee4dd9122a0e), precommit_create {{(pid=87803) _notify_loop /opt/stack/data/venv/lib/python3.12/site-packages/neutron_lib/callbacks/manager.py:184}}
Jul 23 02:09:08.502653 np0000005693 devstack@neutron-api.service[87803]: DEBUG neutron.plugins.ml2.drivers.ovn.mech_driver.mech_driver [None req-14c3068a-959b-4ec3-98bb-1e10ad3db407 admin admin] No provisioning block for port ccad8b86-4379-49aa-b649-ee4dd9122a0e since it does not have a host {{(pid=87803) _is_port_provisioning_required /opt/stack/neutron/neutron/plugins/ml2/drivers/ovn/mech_driver/mech_driver.py:899}}
Jul 23 02:09:08.502764 np0000005693 devstack@neutron-api.service[87803]: DEBUG neutron.db.ovn_revision_numbers_db [None req-14c3068a-959b-4ec3-98bb-1e10ad3db407 admin admin] create_initial_revision uuid=ccad8b86-4379-49aa-b649-ee4dd9122a0e, type=ports, rev=-1 {{(pid=87803) create_initial_revision /opt/stack/neutron/neutron/db/ovn_revision_numbers_db.py:98}}
Jul 23 02:09:08.533557 np0000005693 devstack@neutron-api.service[87803]: DEBUG neutron_lib.callbacks.manager [None req-14c3068a-959b-4ec3-98bb-1e10ad3db407 admin admin] Publish callbacks ['neutron.plugins.ml2.ovo_rpc._ObjectChangeHandler.handle_event-2769203'] for port (ccad8b86-4379-49aa-b649-ee4dd9122a0e), after_create {{(pid=87803) _notify_loop /opt/stack/data/venv/lib/python3.12/site-packages/neutron_lib/callbacks/manager.py:184}}
Jul 23 02:09:08.566364 np0000005693 devstack@neutron-api.service[87803]: DEBUG neutron.api.rpc.handlers.resources_rpc [None req-14c3068a-959b-4ec3-98bb-1e10ad3db407 admin admin] Pushing event updated for resources: {'Port': ['ID=ccad8b86-4379-49aa-b649-ee4dd9122a0e,revision_number=1']} {{(pid=87803) push /opt/stack/neutron/neutron/api/rpc/handlers/resources_rpc.py:237}}
Jul 23 02:09:08.571602 np0000005693 devstack@neutron-api.service[87803]: DEBUG neutron.plugins.ml2.drivers.ovn.mech_driver.ovsdb.commands [None req-14c3068a-959b-4ec3-98bb-1e10ad3db407 admin admin] Converting tag [] to a tag_request {{(pid=87803) _tag_column_to_tag_request /opt/stack/neutron/neutron/plugins/ml2/drivers/ovn/mech_driver/ovsdb/commands.py:205}}
Jul 23 02:09:08.572187 np0000005693 devstack@neutron-api.service[87803]: DEBUG ovsdbapp.backend.ovs_idl.transaction [None req-8dcb3ed9-77e9-4231-af04-94ed0ce1158c None None] Running txn n=1 command(idx=0): AddLSwitchPortCommand(_result=None, lport=ccad8b86-4379-49aa-b649-ee4dd9122a0e, lswitch=neutron-0e92c3db-84d9-4e7c-b071-d89d9507eb0e, may_exist=True, network_uuid=0e92c3db-84d9-4e7c-b071-d89d9507eb0e, columns={'addresses': ['fa:16:3e:79:69:9e'], 'external_ids': {'neutron:port_name': '', 'neutron:device_id': 'ovnmeta-0e92c3db-84d9-4e7c-b071-d89d9507eb0e', 'neutron:project_id': 'd720113c2a894d8aa45f3b9158701cd3', 'neutron:cidrs': '', 'neutron:device_owner': 'network:distributed', 'neutron:subnet_pool_addr_scope4': '', 'neutron:subnet_pool_addr_scope6': '', 'neutron:network_name': 'neutron-0e92c3db-84d9-4e7c-b071-d89d9507eb0e', 'neutron:security_group_ids': '', 'neutron:revision_number': '1', 'neutron:vnic_type': 'normal', 'neutron:port_capabilities': '', 'neutron:mtu': '1372'}, 'parent_name': [], 'enabled': True, 'options': {}, 'type': 'localport', 'port_security': [], 'dhcpv4_options': [], 'dhcpv6_options': [], 'tag_request': []}) {{(pid=87803) do_commit /opt/stack/data/venv/lib/python3.12/site-packages/ovsdbapp/backend/ovs_idl/transaction.py:89}}
Jul 23 02:09:08.572610 np0000005693 devstack@neutron-api.service[87803]: DEBUG ovsdbapp.backend.ovs_idl.transaction [None req-8dcb3ed9-77e9-4231-af04-94ed0ce1158c None None] Running txn n=1 command(idx=1): QoSDelCommand(_result=None, switch=neutron-0e92c3db-84d9-4e7c-b071-d89d9507eb0e, conditions=[('direction', '=', 'to-lport'), ('priority', '=', 2002), ('match', '=', 'outport == "ccad8b86-4379-49aa-b649-ee4dd9122a0e"')], if_exists=True) {{(pid=87803) do_commit /opt/stack/data/venv/lib/python3.12/site-packages/ovsdbapp/backend/ovs_idl/transaction.py:89}}
Jul 23 02:09:08.572788 np0000005693 devstack@neutron-api.service[87803]: DEBUG ovsdbapp.backend.ovs_idl.transaction [None req-8dcb3ed9-77e9-4231-af04-94ed0ce1158c None None] Running txn n=1 command(idx=2): QoSDelCommand(_result=None, switch=neutron-0e92c3db-84d9-4e7c-b071-d89d9507eb0e, conditions=[('direction', '=', 'from-lport'), ('priority', '=', 2002), ('match', '=', 'inport == "ccad8b86-4379-49aa-b649-ee4dd9122a0e"')], if_exists=True) {{(pid=87803) do_commit /opt/stack/data/venv/lib/python3.12/site-packages/ovsdbapp/backend/ovs_idl/transaction.py:89}}
Jul 23 02:09:08.581578 np0000005693 devstack@neutron-api.service[87802]: DEBUG neutron.plugins.ml2.drivers.ovn.mech_driver.ovsdb.ovsdb_monitor [None req-c32a3b49-3594-43b5-9f9b-4df9dc32832c None None] Hash Ring: Node 230965d4a1de5d9e967b5f6cc402e49c (host: np0000005693) handling event "update" for row 0e92c3db-84d9-4e7c-b071-d89d9507eb0e (table: Logical_Switch) {{(pid=87802) notify /opt/stack/neutron/neutron/plugins/ml2/drivers/ovn/mech_driver/ovsdb/ovsdb_monitor.py:1013}}
Jul 23 02:09:08.581919 np0000005693 devstack@neutron-api.service[87802]: DEBUG neutron.plugins.ml2.drivers.ovn.mech_driver.ovsdb.ovsdb_monitor [None req-c32a3b49-3594-43b5-9f9b-4df9dc32832c None None] Hash Ring: Node 230965d4a1de5d9e967b5f6cc402e49c (host: np0000005693) handling event "create" for row cdf8ca38-e76f-46fa-9825-48179da04276 (table: Logical_Switch_Port) {{(pid=87802) notify /opt/stack/neutron/neutron/plugins/ml2/drivers/ovn/mech_driver/ovsdb/ovsdb_monitor.py:1013}}
Jul 23 02:09:08.583179 np0000005693 devstack@neutron-api.service[87802]: DEBUG ovsdbapp.backend.ovs_idl.event [None req-c32a3b49-3594-43b5-9f9b-4df9dc32832c None None] Matched CREATE: LogicalSwitchPortCreateEvent(events=('create',), table='Logical_Switch_Port', conditions=[], old_conditions=None), priority=20 to row=Logical_Switch_Port(uuid=cdf8ca38-e76f-46fa-9825-48179da04276, addresses=['fa:16:3e:79:69:9e'], dhcpv4_options=[], dhcpv6_options=[], dynamic_addresses=[], enabled=True, external_ids={'neutron:cidrs': '', 'neutron:device_id': 'ovnmeta-0e92c3db-84d9-4e7c-b071-d89d9507eb0e', 'neutron:device_owner': 'network:distributed', 'neutron:mtu': '1372', 'neutron:network_name': 'neutron-0e92c3db-84d9-4e7c-b071-d89d9507eb0e', 'neutron:port_capabilities': '', 'neutron:port_name': '', 'neutron:project_id': 'd720113c2a894d8aa45f3b9158701cd3', 'neutron:revision_number': '1', 'neutron:security_group_ids': '', 'neutron:subnet_pool_addr_scope4': '', 'neutron:subnet_pool_addr_scope6': '', 'neutron:vnic_type': 'normal'}, ha_chassis_group=[], mirror_rules=[], name='ccad8b86-4379-49aa-b649-ee4dd9122a0e', options={}, parent_name=[], port_security=[], tag=[], tag_request=[], type='localport', up=[]) old= {{(pid=87802) matches /opt/stack/data/venv/lib/python3.12/site-packages/ovsdbapp/backend/ovs_idl/event.py:55}}
Jul 23 02:09:08.584197 np0000005693 devstack@neutron-api.service[87802]: INFO neutron.plugins.ml2.drivers.ovn.mech_driver.mech_driver [None req-64a5a57e-cfbf-46ad-b925-84b485a258f7 None None] OVN reports status down for port: ccad8b86-4379-49aa-b649-ee4dd9122a0e
Jul 23 02:09:08.585519 np0000005693 devstack@neutron-api.service[87804]: DEBUG neutron.plugins.ml2.drivers.ovn.mech_driver.ovsdb.ovsdb_monitor [None req-eaa669b0-18f4-499e-a882-5fa153cfaaac None None] Hash Ring: Node b6fd88d618ae56ff9fc2195d4e4aeb1e (host: np0000005693) handling event "create" for row 177241ea-6001-4927-bb90-defda5afd2ce (table: Port_Binding) {{(pid=87804) notify /opt/stack/neutron/neutron/plugins/ml2/drivers/ovn/mech_driver/ovsdb/ovsdb_monitor.py:1013}}
Jul 23 02:09:08.586394 np0000005693 devstack@neutron-api.service[87802]: DEBUG neutron.plugins.ml2.drivers.ovn.mech_driver.ovsdb.ovsdb_monitor [None req-c32a3b49-3594-43b5-9f9b-4df9dc32832c None None] Hash Ring: Node 230965d4a1de5d9e967b5f6cc402e49c (host: np0000005693) handling event "update" for row cdf8ca38-e76f-46fa-9825-48179da04276 (table: Logical_Switch_Port) {{(pid=87802) notify /opt/stack/neutron/neutron/plugins/ml2/drivers/ovn/mech_driver/ovsdb/ovsdb_monitor.py:1013}}
Jul 23 02:09:08.607169 np0000005693 devstack@neutron-api.service[87802]: DEBUG neutron.db.provisioning_blocks [None req-64a5a57e-cfbf-46ad-b925-84b485a258f7 None None] Transition to ACTIVE for port object ccad8b86-4379-49aa-b649-ee4dd9122a0e will not be triggered until provisioned by entity L2. {{(pid=87802) add_provisioning_component /opt/stack/neutron/neutron/db/provisioning_blocks.py:74}}
Jul 23 02:09:08.608884 np0000005693 devstack@neutron-api.service[87803]: INFO neutron.db.ovn_revision_numbers_db [None req-14c3068a-959b-4ec3-98bb-1e10ad3db407 admin admin] Successfully bumped revision number for resource ccad8b86-4379-49aa-b649-ee4dd9122a0e (type: ports) to 1
Jul 23 02:09:08.619439 np0000005693 devstack@neutron-api.service[87803]: DEBUG neutron.pecan_wsgi.hooks.policy_enforcement [None req-14c3068a-959b-4ec3-98bb-1e10ad3db407 admin admin] Attributes excluded by policy engine: ['standard_attr_id'] {{(pid=87803) _exclude_attributes_by_policy /opt/stack/neutron/neutron/pecan_wsgi/hooks/policy_enforcement.py:259}}
Jul 23 02:09:08.619742 np0000005693 devstack@neutron-api.service[87803]: DEBUG neutron_lib.callbacks.manager [None req-14c3068a-959b-4ec3-98bb-1e10ad3db407 admin admin] Publish callbacks [] for network (None), before_response {{(pid=87803) _notify_loop /opt/stack/data/venv/lib/python3.12/site-packages/neutron_lib/callbacks/manager.py:184}}
Jul 23 02:09:08.627037 np0000005693 devstack@neutron-api.service[87802]: DEBUG neutron.plugins.ml2.plugin [None req-64a5a57e-cfbf-46ad-b925-84b485a258f7 None None] Current status of the port ccad8b86-4379-49aa-b649-ee4dd9122a0e is: DOWN; New status is: DOWN {{(pid=87802) _update_individual_port_db_status /opt/stack/neutron/neutron/plugins/ml2/plugin.py:2473}}
Jul 23 02:09:08.628604 np0000005693 devstack@neutron-api.service[87802]: DEBUG ovsdbapp.backend.ovs_idl.transaction [None req-c32a3b49-3594-43b5-9f9b-4df9dc32832c None None] Running txn n=1 command(idx=0): DbRemoveCommand(_result=None, table=Logical_Switch_Port, record=ccad8b86-4379-49aa-b649-ee4dd9122a0e, column=external_ids, values=('neutron:host_id',), keyvalues={}, if_exists=True) {{(pid=87802) do_commit /opt/stack/data/venv/lib/python3.12/site-packages/ovsdbapp/backend/ovs_idl/transaction.py:89}}
Jul 23 02:09:08.630267 np0000005693 devstack@neutron-api.service[87803]: [pid: 87803|app: 0|req: 12/37] 10.4.3.183 () {68 vars in 1326 bytes} [Thu Jul 23 02:09:08 2026] POST /networking/v2.0/networks => generated 679 bytes in 384 msecs (HTTP/1.1 201) 4 headers in 162 bytes (1 switches on core 0)
Jul 23 02:09:08.838930 np0000005693 devstack@neutron-api.service[87804]: INFO neutron.pecan_wsgi.hooks.translation [None req-e193776d-26d1-4bb5-98c1-739078062f58 admin admin] GET failed (client error): The resource could not be found.
Jul 23 02:09:08.839610 np0000005693 devstack@neutron-api.service[87804]: [pid: 87804|app: 0|req: 14/38] 10.4.3.183 () {64 vars in 1294 bytes} [Thu Jul 23 02:09:08 2026] GET /networking/v2.0/networks/shared => generated 108 bytes in 8 msecs (HTTP/1.1 404) 4 headers in 164 bytes (1 switches on core 0)
Jul 23 02:09:08.868360 np0000005693 devstack@neutron-api.service[87802]: DEBUG neutron.pecan_wsgi.hooks.policy_enforcement [None req-ec94fdab-01a4-4c55-ab04-0a247a684b7e admin admin] Attributes excluded by policy engine: ['standard_attr_id'] {{(pid=87802) _exclude_attributes_by_policy /opt/stack/neutron/neutron/pecan_wsgi/hooks/policy_enforcement.py:259}}
Jul 23 02:09:08.869463 np0000005693 devstack@neutron-api.service[87802]: [pid: 87802|app: 0|req: 13/39] 10.4.3.183 () {64 vars in 1309 bytes} [Thu Jul 23 02:09:08 2026] GET /networking/v2.0/networks?name=shared => generated 663 bytes in 23 msecs (HTTP/1.1 200) 4 headers in 157 bytes (1 switches on core 0)
Jul 23 02:09:08.881288 np0000005693 devstack@neutron-api.service[87803]: DEBUG neutron.api.v2.base [None req-c186d94d-0a4a-4e66-8c13-0dda90468b28 admin admin] Request body: {'subnet': {'description': 'shared-subnet', 'ip_version': 4, 'name': 'shared-subnet', 'network_id': '0e92c3db-84d9-4e7c-b071-d89d9507eb0e', 'cidr': '192.168.233.0/24'}} {{(pid=87803) prepare_request_body /opt/stack/neutron/neutron/api/v2/base.py:727}}
Jul 23 02:09:08.895694 np0000005693 devstack@neutron-api.service[87803]: DEBUG neutron.pecan_wsgi.hooks.quota_enforcement [None req-c186d94d-0a4a-4e66-8c13-0dda90468b28 admin admin] Made reservation on behalf of d720113c2a894d8aa45f3b9158701cd3 for: {'subnet': 1} {{(pid=87803) before /opt/stack/neutron/neutron/pecan_wsgi/hooks/quota_enforcement.py:66}}
Jul 23 02:09:08.898211 np0000005693 devstack@neutron-api.service[87803]: DEBUG neutron_lib.callbacks.manager [None req-c186d94d-0a4a-4e66-8c13-0dda90468b28 admin admin] Publish callbacks [] for subnet (None), before_create {{(pid=87803) _notify_loop /opt/stack/data/venv/lib/python3.12/site-packages/neutron_lib/callbacks/manager.py:184}}
Jul 23 02:09:08.953724 np0000005693 devstack@neutron-api.service[87803]: DEBUG neutron.db.ovn_revision_numbers_db [None req-c186d94d-0a4a-4e66-8c13-0dda90468b28 admin admin] create_initial_revision uuid=d9360eb3-6b8a-4b95-8712-d35b18eb21da, type=subnets, rev=-1 {{(pid=87803) create_initial_revision /opt/stack/neutron/neutron/db/ovn_revision_numbers_db.py:98}}
Jul 23 02:09:08.957708 np0000005693 devstack@neutron-api.service[87803]: DEBUG neutron_lib.callbacks.manager [None req-c186d94d-0a4a-4e66-8c13-0dda90468b28 admin admin] Publish callbacks ['neutron.plugins.ml2.ovo_rpc._ObjectChangeHandler.handle_event-2769184'] for subnet (d9360eb3-6b8a-4b95-8712-d35b18eb21da), after_create {{(pid=87803) _notify_loop /opt/stack/data/venv/lib/python3.12/site-packages/neutron_lib/callbacks/manager.py:184}}
Jul 23 02:09:08.970245 np0000005693 devstack@neutron-api.service[87803]: DEBUG neutron.api.rpc.handlers.resources_rpc [None req-c186d94d-0a4a-4e66-8c13-0dda90468b28 admin admin] Pushing event updated for resources: {'Subnet': ['ID=d9360eb3-6b8a-4b95-8712-d35b18eb21da,revision_number=0']} {{(pid=87803) push /opt/stack/neutron/neutron/api/rpc/handlers/resources_rpc.py:237}}
Jul 23 02:09:09.014542 np0000005693 devstack@neutron-api.service[87803]: DEBUG neutron_lib.callbacks.manager [None req-c186d94d-0a4a-4e66-8c13-0dda90468b28 admin admin] Publish callbacks ['neutron.plugins.ml2.plugin.SecurityGroupDbMixin._ensure_default_security_group_handler-49260', 'neutron.services.ovn_l3.plugin.OVNL3RouterPlugin._port_update-8241833525208', 'neutron.db.l3_db.L3_NAT_dbonly_mixin._prevent_internal_ip_change_for_fip-8241834649824'] for port (ccad8b86-4379-49aa-b649-ee4dd9122a0e), before_update {{(pid=87803) _notify_loop /opt/stack/data/venv/lib/python3.12/site-packages/neutron_lib/callbacks/manager.py:184}}
