Jun 27 04:01:13.006477 np0000003830 nova-scheduler[96303]: DEBUG cotyledon.oslo_config_glue [-] profiler.hmac_keys = **** {{(pid=96303) log_opt_values /opt/stack/data/venv/lib/python3.12/site-packages/oslo_config/cfg.py:3253}}
Jun 27 04:01:13.006477 np0000003830 nova-scheduler[96303]: DEBUG cotyledon.oslo_config_glue [-] profiler.sentinel_service_name = mymaster {{(pid=96303) log_opt_values /opt/stack/data/venv/lib/python3.12/site-packages/oslo_config/cfg.py:3253}}
Jun 27 04:01:13.006477 np0000003830 nova-scheduler[96303]: DEBUG cotyledon.oslo_config_glue [-] profiler.socket_timeout = 0.1 {{(pid=96303) log_opt_values /opt/stack/data/venv/lib/python3.12/site-packages/oslo_config/cfg.py:3253}}
Jun 27 04:01:13.006477 np0000003830 nova-scheduler[96303]: DEBUG cotyledon.oslo_config_glue [-] profiler.trace_requests = False {{(pid=96303) log_opt_values /opt/stack/data/venv/lib/python3.12/site-packages/oslo_config/cfg.py:3253}}
Jun 27 04:01:13.006477 np0000003830 nova-scheduler[96303]: DEBUG cotyledon.oslo_config_glue [-] profiler.trace_sqlalchemy = False {{(pid=96303) log_opt_values /opt/stack/data/venv/lib/python3.12/site-packages/oslo_config/cfg.py:3253}}
Jun 27 04:01:13.006477 np0000003830 nova-scheduler[96303]: DEBUG cotyledon.oslo_config_glue [-] profiler_jaeger.process_tags = {} {{(pid=96303) log_opt_values /opt/stack/data/venv/lib/python3.12/site-packages/oslo_config/cfg.py:3253}}
Jun 27 04:01:13.006727 np0000003830 nova-scheduler[96303]: DEBUG cotyledon.oslo_config_glue [-] profiler_jaeger.service_name_prefix = None {{(pid=96303) log_opt_values /opt/stack/data/venv/lib/python3.12/site-packages/oslo_config/cfg.py:3253}}
Jun 27 04:01:13.006727 np0000003830 nova-scheduler[96303]: DEBUG cotyledon.oslo_config_glue [-] profiler_otlp.service_name_prefix = None {{(pid=96303) log_opt_values /opt/stack/data/venv/lib/python3.12/site-packages/oslo_config/cfg.py:3253}}
Jun 27 04:01:13.006727 np0000003830 nova-scheduler[96303]: DEBUG cotyledon.oslo_config_glue [-] oslo_messaging_rabbit.amqp_auto_delete = False {{(pid=96303) log_opt_values /opt/stack/data/venv/lib/python3.12/site-packages/oslo_config/cfg.py:3253}}
Jun 27 04:01:13.006727 np0000003830 nova-scheduler[96303]: DEBUG cotyledon.oslo_config_glue [-] oslo_messaging_rabbit.amqp_durable_queues = False {{(pid=96303) log_opt_values /opt/stack/data/venv/lib/python3.12/site-packages/oslo_config/cfg.py:3253}}
Jun 27 04:01:13.006727 np0000003830 nova-scheduler[96303]: DEBUG cotyledon.oslo_config_glue [-] oslo_messaging_rabbit.conn_pool_min_size = 2 {{(pid=96303) log_opt_values /opt/stack/data/venv/lib/python3.12/site-packages/oslo_config/cfg.py:3253}}
Jun 27 04:01:13.006727 np0000003830 nova-scheduler[96303]: DEBUG cotyledon.oslo_config_glue [-] oslo_messaging_rabbit.conn_pool_ttl = 1200 {{(pid=96303) log_opt_values /opt/stack/data/venv/lib/python3.12/site-packages/oslo_config/cfg.py:3253}}
Jun 27 04:01:13.006727 np0000003830 nova-scheduler[96303]: DEBUG cotyledon.oslo_config_glue [-] oslo_messaging_rabbit.direct_mandatory_flag = True {{(pid=96303) log_opt_values /opt/stack/data/venv/lib/python3.12/site-packages/oslo_config/cfg.py:3253}}
Jun 27 04:01:13.006727 np0000003830 nova-scheduler[96303]: DEBUG cotyledon.oslo_config_glue [-] oslo_messaging_rabbit.enable_cancel_on_failover = False {{(pid=96303) log_opt_values /opt/stack/data/venv/lib/python3.12/site-packages/oslo_config/cfg.py:3253}}
Jun 27 04:01:13.006727 np0000003830 nova-scheduler[96303]: DEBUG cotyledon.oslo_config_glue [-] oslo_messaging_rabbit.heartbeat_rate = 3 {{(pid=96303) log_opt_values /opt/stack/data/venv/lib/python3.12/site-packages/oslo_config/cfg.py:3253}}
Jun 27 04:01:13.006960 np0000003830 nova-scheduler[96303]: DEBUG cotyledon.oslo_config_glue [-] oslo_messaging_rabbit.heartbeat_timeout_threshold = 60 {{(pid=96303) log_opt_values /opt/stack/data/venv/lib/python3.12/site-packages/oslo_config/cfg.py:3253}}
Jun 27 04:01:13.006960 np0000003830 nova-scheduler[96303]: DEBUG cotyledon.oslo_config_glue [-] oslo_messaging_rabbit.hostname = np0000003830 {{(pid=96303) log_opt_values /opt/stack/data/venv/lib/python3.12/site-packages/oslo_config/cfg.py:3253}}
Jun 27 04:01:13.006960 np0000003830 nova-scheduler[96303]: DEBUG cotyledon.oslo_config_glue [-] oslo_messaging_rabbit.kombu_compression = None {{(pid=96303) log_opt_values /opt/stack/data/venv/lib/python3.12/site-packages/oslo_config/cfg.py:3253}}
Jun 27 04:01:13.006960 np0000003830 nova-scheduler[96303]: DEBUG cotyledon.oslo_config_glue [-] oslo_messaging_rabbit.kombu_failover_strategy = round-robin {{(pid=96303) log_opt_values /opt/stack/data/venv/lib/python3.12/site-packages/oslo_config/cfg.py:3253}}
Jun 27 04:01:13.006960 np0000003830 nova-scheduler[96303]: DEBUG cotyledon.oslo_config_glue [-] oslo_messaging_rabbit.kombu_missing_consumer_retry_timeout = 60 {{(pid=96303) log_opt_values /opt/stack/data/venv/lib/python3.12/site-packages/oslo_config/cfg.py:3253}}
Jun 27 04:01:13.006960 np0000003830 nova-scheduler[96303]: DEBUG cotyledon.oslo_config_glue [-] oslo_messaging_rabbit.kombu_reconnect_delay = 1.0 {{(pid=96303) log_opt_values /opt/stack/data/venv/lib/python3.12/site-packages/oslo_config/cfg.py:3253}}
Jun 27 04:01:13.006960 np0000003830 nova-scheduler[96303]: DEBUG cotyledon.oslo_config_glue [-] oslo_messaging_rabbit.kombu_reconnect_splay = 0.0 {{(pid=96303) log_opt_values /opt/stack/data/venv/lib/python3.12/site-packages/oslo_config/cfg.py:3253}}
Jun 27 04:01:13.006960 np0000003830 nova-scheduler[96303]: DEBUG cotyledon.oslo_config_glue [-] oslo_messaging_rabbit.processname = nova-scheduler {{(pid=96303) log_opt_values /opt/stack/data/venv/lib/python3.12/site-packages/oslo_config/cfg.py:3253}}
Jun 27 04:01:13.006960 np0000003830 nova-scheduler[96303]: DEBUG cotyledon.oslo_config_glue [-] oslo_messaging_rabbit.rabbit_ha_queues = False {{(pid=96303) log_opt_values /opt/stack/data/venv/lib/python3.12/site-packages/oslo_config/cfg.py:3253}}
Jun 27 04:01:13.007185 np0000003830 nova-scheduler[96303]: DEBUG cotyledon.oslo_config_glue [-] oslo_messaging_rabbit.rabbit_interval_max = 30 {{(pid=96303) log_opt_values /opt/stack/data/venv/lib/python3.12/site-packages/oslo_config/cfg.py:3253}}
Jun 27 04:01:13.007185 np0000003830 nova-scheduler[96303]: DEBUG cotyledon.oslo_config_glue [-] oslo_messaging_rabbit.rabbit_login_method = AMQPLAIN {{(pid=96303) log_opt_values /opt/stack/data/venv/lib/python3.12/site-packages/oslo_config/cfg.py:3253}}
Jun 27 04:01:13.007185 np0000003830 nova-scheduler[96303]: DEBUG cotyledon.oslo_config_glue [-] oslo_messaging_rabbit.rabbit_qos_prefetch_count = 0 {{(pid=96303) log_opt_values /opt/stack/data/venv/lib/python3.12/site-packages/oslo_config/cfg.py:3253}}
Jun 27 04:01:13.007185 np0000003830 nova-scheduler[96303]: DEBUG cotyledon.oslo_config_glue [-] oslo_messaging_rabbit.rabbit_quorum_delivery_limit = 0 {{(pid=96303) log_opt_values /opt/stack/data/venv/lib/python3.12/site-packages/oslo_config/cfg.py:3253}}
Jun 27 04:01:13.007185 np0000003830 nova-scheduler[96303]: DEBUG cotyledon.oslo_config_glue [-] oslo_messaging_rabbit.rabbit_quorum_max_memory_bytes = 0 {{(pid=96303) log_opt_values /opt/stack/data/venv/lib/python3.12/site-packages/oslo_config/cfg.py:3253}}
Jun 27 04:01:13.007185 np0000003830 nova-scheduler[96303]: DEBUG cotyledon.oslo_config_glue [-] oslo_messaging_rabbit.rabbit_quorum_max_memory_length = 0 {{(pid=96303) log_opt_values /opt/stack/data/venv/lib/python3.12/site-packages/oslo_config/cfg.py:3253}}
Jun 27 04:01:13.007185 np0000003830 nova-scheduler[96303]: DEBUG cotyledon.oslo_config_glue [-] oslo_messaging_rabbit.rabbit_quorum_queue = False {{(pid=96303) log_opt_values /opt/stack/data/venv/lib/python3.12/site-packages/oslo_config/cfg.py:3253}}
Jun 27 04:01:13.007185 np0000003830 nova-scheduler[96303]: DEBUG cotyledon.oslo_config_glue [-] oslo_messaging_rabbit.rabbit_retry_backoff = 2 {{(pid=96303) log_opt_values /opt/stack/data/venv/lib/python3.12/site-packages/oslo_config/cfg.py:3253}}
Jun 27 04:01:13.007185 np0000003830 nova-scheduler[96303]: DEBUG cotyledon.oslo_config_glue [-] oslo_messaging_rabbit.rabbit_retry_interval = 1 {{(pid=96303) log_opt_values /opt/stack/data/venv/lib/python3.12/site-packages/oslo_config/cfg.py:3253}}
Jun 27 04:01:13.007396 np0000003830 nova-scheduler[96303]: DEBUG cotyledon.oslo_config_glue [-] oslo_messaging_rabbit.rabbit_stream_fanout = False {{(pid=96303) log_opt_values /opt/stack/data/venv/lib/python3.12/site-packages/oslo_config/cfg.py:3253}}
Jun 27 04:01:13.007396 np0000003830 nova-scheduler[96303]: DEBUG cotyledon.oslo_config_glue [-] oslo_messaging_rabbit.rabbit_transient_queues_ttl = 1800 {{(pid=96303) log_opt_values /opt/stack/data/venv/lib/python3.12/site-packages/oslo_config/cfg.py:3253}}
Jun 27 04:01:13.007396 np0000003830 nova-scheduler[96303]: DEBUG cotyledon.oslo_config_glue [-] oslo_messaging_rabbit.rabbit_transient_quorum_queue = False {{(pid=96303) log_opt_values /opt/stack/data/venv/lib/python3.12/site-packages/oslo_config/cfg.py:3253}}
Jun 27 04:01:13.007396 np0000003830 nova-scheduler[96303]: DEBUG cotyledon.oslo_config_glue [-] oslo_messaging_rabbit.rpc_conn_pool_size = 30 {{(pid=96303) log_opt_values /opt/stack/data/venv/lib/python3.12/site-packages/oslo_config/cfg.py:3253}}
Jun 27 04:01:13.007396 np0000003830 nova-scheduler[96303]: DEBUG cotyledon.oslo_config_glue [-] oslo_messaging_rabbit.ssl = False {{(pid=96303) log_opt_values /opt/stack/data/venv/lib/python3.12/site-packages/oslo_config/cfg.py:3253}}
Jun 27 04:01:13.007396 np0000003830 nova-scheduler[96303]: DEBUG cotyledon.oslo_config_glue [-] oslo_messaging_rabbit.ssl_ca_file = {{(pid=96303) log_opt_values /opt/stack/data/venv/lib/python3.12/site-packages/oslo_config/cfg.py:3253}}
Jun 27 04:01:13.007396 np0000003830 nova-scheduler[96303]: DEBUG cotyledon.oslo_config_glue [-] oslo_messaging_rabbit.ssl_cert_file = {{(pid=96303) log_opt_values /opt/stack/data/venv/lib/python3.12/site-packages/oslo_config/cfg.py:3253}}
Jun 27 04:01:13.007396 np0000003830 nova-scheduler[96303]: DEBUG cotyledon.oslo_config_glue [-] oslo_messaging_rabbit.ssl_enforce_fips_mode = False {{(pid=96303) log_opt_values /opt/stack/data/venv/lib/python3.12/site-packages/oslo_config/cfg.py:3253}}
Jun 27 04:01:13.007396 np0000003830 nova-scheduler[96303]: DEBUG cotyledon.oslo_config_glue [-] oslo_messaging_rabbit.ssl_enforce_hostname_verification = True {{(pid=96303) log_opt_values /opt/stack/data/venv/lib/python3.12/site-packages/oslo_config/cfg.py:3253}}
Jun 27 04:01:13.007650 np0000003830 nova-scheduler[96303]: DEBUG cotyledon.oslo_config_glue [-] oslo_messaging_rabbit.ssl_key_file = {{(pid=96303) log_opt_values /opt/stack/data/venv/lib/python3.12/site-packages/oslo_config/cfg.py:3253}}
Jun 27 04:01:13.007650 np0000003830 nova-scheduler[96303]: DEBUG cotyledon.oslo_config_glue [-] oslo_messaging_rabbit.ssl_version = {{(pid=96303) log_opt_values /opt/stack/data/venv/lib/python3.12/site-packages/oslo_config/cfg.py:3253}}
Jun 27 04:01:13.007650 np0000003830 nova-scheduler[96303]: DEBUG cotyledon.oslo_config_glue [-] oslo_messaging_rabbit.use_queue_manager = False {{(pid=96303) log_opt_values /opt/stack/data/venv/lib/python3.12/site-packages/oslo_config/cfg.py:3253}}
Jun 27 04:01:13.007650 np0000003830 nova-scheduler[96303]: DEBUG cotyledon.oslo_config_glue [-] oslo_messaging_notifications.driver = ['messagingv2'] {{(pid=96303) log_opt_values /opt/stack/data/venv/lib/python3.12/site-packages/oslo_config/cfg.py:3253}}
Jun 27 04:01:13.007650 np0000003830 nova-scheduler[96303]: DEBUG cotyledon.oslo_config_glue [-] oslo_messaging_notifications.retry = -1 {{(pid=96303) log_opt_values /opt/stack/data/venv/lib/python3.12/site-packages/oslo_config/cfg.py:3253}}
Jun 27 04:01:13.007650 np0000003830 nova-scheduler[96303]: DEBUG cotyledon.oslo_config_glue [-] oslo_messaging_notifications.topics = ['notifications'] {{(pid=96303) log_opt_values /opt/stack/data/venv/lib/python3.12/site-packages/oslo_config/cfg.py:3253}}
Jun 27 04:01:13.007650 np0000003830 nova-scheduler[96303]: DEBUG cotyledon.oslo_config_glue [-] oslo_messaging_notifications.transport_url = **** {{(pid=96303) log_opt_values /opt/stack/data/venv/lib/python3.12/site-packages/oslo_config/cfg.py:3253}}
Jun 27 04:01:13.007650 np0000003830 nova-scheduler[96303]: DEBUG cotyledon.oslo_config_glue [-] oslo_limit.auth_section = None {{(pid=96303) log_opt_values /opt/stack/data/venv/lib/python3.12/site-packages/oslo_config/cfg.py:3253}}
Jun 27 04:01:13.007650 np0000003830 nova-scheduler[96303]: DEBUG cotyledon.oslo_config_glue [-] oslo_limit.auth_type = None {{(pid=96303) log_opt_values /opt/stack/data/venv/lib/python3.12/site-packages/oslo_config/cfg.py:3253}}
Jun 27 04:01:13.007860 np0000003830 nova-scheduler[96303]: DEBUG cotyledon.oslo_config_glue [-] oslo_limit.cafile = None {{(pid=96303) log_opt_values /opt/stack/data/venv/lib/python3.12/site-packages/oslo_config/cfg.py:3253}}
Jun 27 04:01:13.007860 np0000003830 nova-scheduler[96303]: DEBUG cotyledon.oslo_config_glue [-] oslo_limit.certfile = None {{(pid=96303) log_opt_values /opt/stack/data/venv/lib/python3.12/site-packages/oslo_config/cfg.py:3253}}
Jun 27 04:01:13.007860 np0000003830 nova-scheduler[96303]: DEBUG cotyledon.oslo_config_glue [-] oslo_limit.collect_timing = False {{(pid=96303) log_opt_values /opt/stack/data/venv/lib/python3.12/site-packages/oslo_config/cfg.py:3253}}
Jun 27 04:01:13.007860 np0000003830 nova-scheduler[96303]: DEBUG cotyledon.oslo_config_glue [-] oslo_limit.connect_retries = None {{(pid=96303) log_opt_values /opt/stack/data/venv/lib/python3.12/site-packages/oslo_config/cfg.py:3253}}
Jun 27 04:01:13.007860 np0000003830 nova-scheduler[96303]: DEBUG cotyledon.oslo_config_glue [-] oslo_limit.connect_retry_delay = None {{(pid=96303) log_opt_values /opt/stack/data/venv/lib/python3.12/site-packages/oslo_config/cfg.py:3253}}
Jun 27 04:01:13.007860 np0000003830 nova-scheduler[96303]: DEBUG cotyledon.oslo_config_glue [-] oslo_limit.endpoint_id = None {{(pid=96303) log_opt_values /opt/stack/data/venv/lib/python3.12/site-packages/oslo_config/cfg.py:3253}}
Jun 27 04:01:13.007860 np0000003830 nova-scheduler[96303]: DEBUG cotyledon.oslo_config_glue [-] oslo_limit.endpoint_interface = public {{(pid=96303) log_opt_values /opt/stack/data/venv/lib/python3.12/site-packages/oslo_config/cfg.py:3253}}
Jun 27 04:01:13.007860 np0000003830 nova-scheduler[96303]: DEBUG cotyledon.oslo_config_glue [-] oslo_limit.endpoint_override = None {{(pid=96303) log_opt_values /opt/stack/data/venv/lib/python3.12/site-packages/oslo_config/cfg.py:3253}}
Jun 27 04:01:13.007860 np0000003830 nova-scheduler[96303]: DEBUG cotyledon.oslo_config_glue [-] oslo_limit.endpoint_region_name = None {{(pid=96303) log_opt_values /opt/stack/data/venv/lib/python3.12/site-packages/oslo_config/cfg.py:3253}}
Jun 27 04:01:13.008154 np0000003830 nova-scheduler[96303]: DEBUG cotyledon.oslo_config_glue [-] oslo_limit.endpoint_service_name = None {{(pid=96303) log_opt_values /opt/stack/data/venv/lib/python3.12/site-packages/oslo_config/cfg.py:3253}}
Jun 27 04:01:13.008154 np0000003830 nova-scheduler[96303]: DEBUG cotyledon.oslo_config_glue [-] oslo_limit.endpoint_service_type = None {{(pid=96303) log_opt_values /opt/stack/data/venv/lib/python3.12/site-packages/oslo_config/cfg.py:3253}}
Jun 27 04:01:13.008154 np0000003830 nova-scheduler[96303]: DEBUG cotyledon.oslo_config_glue [-] oslo_limit.insecure = False {{(pid=96303) log_opt_values /opt/stack/data/venv/lib/python3.12/site-packages/oslo_config/cfg.py:3253}}
Jun 27 04:01:13.008154 np0000003830 nova-scheduler[96303]: DEBUG cotyledon.oslo_config_glue [-] oslo_limit.keyfile = None {{(pid=96303) log_opt_values /opt/stack/data/venv/lib/python3.12/site-packages/oslo_config/cfg.py:3253}}
Jun 27 04:01:13.008154 np0000003830 nova-scheduler[96303]: DEBUG cotyledon.oslo_config_glue [-] oslo_limit.max_version = None {{(pid=96303) log_opt_values /opt/stack/data/venv/lib/python3.12/site-packages/oslo_config/cfg.py:3253}}
Jun 27 04:01:13.008154 np0000003830 nova-scheduler[96303]: DEBUG cotyledon.oslo_config_glue [-] oslo_limit.min_version = None {{(pid=96303) log_opt_values /opt/stack/data/venv/lib/python3.12/site-packages/oslo_config/cfg.py:3253}}
Jun 27 04:01:13.008154 np0000003830 nova-scheduler[96303]: DEBUG cotyledon.oslo_config_glue [-] oslo_limit.region_name = None {{(pid=96303) log_opt_values /opt/stack/data/venv/lib/python3.12/site-packages/oslo_config/cfg.py:3253}}
Jun 27 04:01:13.008154 np0000003830 nova-scheduler[96303]: DEBUG cotyledon.oslo_config_glue [-] oslo_limit.retriable_status_codes = None {{(pid=96303) log_opt_values /opt/stack/data/venv/lib/python3.12/site-packages/oslo_config/cfg.py:3253}}
Jun 27 04:01:13.008154 np0000003830 nova-scheduler[96303]: DEBUG cotyledon.oslo_config_glue [-] oslo_limit.service_name = None {{(pid=96303) log_opt_values /opt/stack/data/venv/lib/python3.12/site-packages/oslo_config/cfg.py:3253}}
Jun 27 04:01:13.008383 np0000003830 nova-scheduler[96303]: DEBUG cotyledon.oslo_config_glue [-] oslo_limit.service_type = None {{(pid=96303) log_opt_values /opt/stack/data/venv/lib/python3.12/site-packages/oslo_config/cfg.py:3253}}
Jun 27 04:01:13.008383 np0000003830 nova-scheduler[96303]: DEBUG cotyledon.oslo_config_glue [-] oslo_limit.split_loggers = False {{(pid=96303) log_opt_values /opt/stack/data/venv/lib/python3.12/site-packages/oslo_config/cfg.py:3253}}
Jun 27 04:01:13.008383 np0000003830 nova-scheduler[96303]: DEBUG cotyledon.oslo_config_glue [-] oslo_limit.status_code_retries = None {{(pid=96303) log_opt_values /opt/stack/data/venv/lib/python3.12/site-packages/oslo_config/cfg.py:3253}}
Jun 27 04:01:13.008383 np0000003830 nova-scheduler[96303]: DEBUG cotyledon.oslo_config_glue [-] oslo_limit.status_code_retry_delay = None {{(pid=96303) log_opt_values /opt/stack/data/venv/lib/python3.12/site-packages/oslo_config/cfg.py:3253}}
Jun 27 04:01:13.008383 np0000003830 nova-scheduler[96303]: DEBUG cotyledon.oslo_config_glue [-] oslo_limit.timeout = None {{(pid=96303) log_opt_values /opt/stack/data/venv/lib/python3.12/site-packages/oslo_config/cfg.py:3253}}
Jun 27 04:01:13.008383 np0000003830 nova-scheduler[96303]: DEBUG cotyledon.oslo_config_glue [-] oslo_limit.valid_interfaces = None {{(pid=96303) log_opt_values /opt/stack/data/venv/lib/python3.12/site-packages/oslo_config/cfg.py:3253}}
Jun 27 04:01:13.008383 np0000003830 nova-scheduler[96303]: DEBUG cotyledon.oslo_config_glue [-] oslo_limit.version = None {{(pid=96303) log_opt_values /opt/stack/data/venv/lib/python3.12/site-packages/oslo_config/cfg.py:3253}}
Jun 27 04:01:13.008383 np0000003830 nova-scheduler[96303]: DEBUG cotyledon.oslo_config_glue [-] oslo_reports.file_event_handler = None {{(pid=96303) log_opt_values /opt/stack/data/venv/lib/python3.12/site-packages/oslo_config/cfg.py:3253}}
Jun 27 04:01:13.008383 np0000003830 nova-scheduler[96303]: DEBUG cotyledon.oslo_config_glue [-] oslo_reports.file_event_handler_interval = 1 {{(pid=96303) log_opt_values /opt/stack/data/venv/lib/python3.12/site-packages/oslo_config/cfg.py:3253}}
Jun 27 04:01:13.008640 np0000003830 nova-scheduler[96303]: DEBUG cotyledon.oslo_config_glue [-] oslo_reports.log_dir = None {{(pid=96303) log_opt_values /opt/stack/data/venv/lib/python3.12/site-packages/oslo_config/cfg.py:3253}}
Jun 27 04:01:13.008640 np0000003830 nova-scheduler[96303]: DEBUG cotyledon.oslo_config_glue [-] ******************************************************************************** {{(pid=96303) log_opt_values /opt/stack/data/venv/lib/python3.12/site-packages/oslo_config/cfg.py:3260}}
Jun 27 04:01:13.008640 np0000003830 nova-scheduler[96303]: DEBUG cotyledon._service_worker [-] Run service ServiceWrapper(3) [96303] {{(pid=96303) wait_forever /opt/stack/data/venv/lib/python3.12/site-packages/cotyledon/_service_worker.py:218}}
Jun 27 04:01:13.008727 np0000003830 nova-scheduler[96297]: DEBUG oslo_db.sqlalchemy.engines [None req-d2c11348-d276-4f23-9e92-326bf6a82e42 None None] MySQL server mode set to STRICT_TRANS_TABLES,STRICT_ALL_TABLES,NO_ZERO_IN_DATE,NO_ZERO_DATE,ERROR_FOR_DIVISION_BY_ZERO,TRADITIONAL,NO_ENGINE_SUBSTITUTION {{(pid=96297) _check_effective_sql_mode /opt/stack/data/venv/lib/python3.12/site-packages/oslo_db/sqlalchemy/engines.py:325}}
Jun 27 04:01:13.008765 np0000003830 nova-scheduler[96303]: INFO nova.service [-] Starting scheduler node (version 33.1.0)
Jun 27 04:01:13.008765 np0000003830 nova-scheduler[96303]: INFO dbcounter [None req-c9c6bf2c-4270-43e5-8f98-ad98d7aa935a None None] Registered counter for database nova_cell0
Jun 27 04:01:13.008819 np0000003830 nova-scheduler[96297]: DEBUG dbcounter [-] [96297] Writer thread running {{(pid=96297) stat_writer /opt/stack/data/venv/lib/python3.12/site-packages/dbcounter.py:102}}
Jun 27 04:01:13.008849 np0000003830 nova-scheduler[96299]: DEBUG oslo_db.sqlalchemy.engines [None req-3cc57c06-aab1-46f8-b8ae-834b4c1ba5dc None None] MySQL server mode set to STRICT_TRANS_TABLES,STRICT_ALL_TABLES,NO_ZERO_IN_DATE,NO_ZERO_DATE,ERROR_FOR_DIVISION_BY_ZERO,TRADITIONAL,NO_ENGINE_SUBSTITUTION {{(pid=96299) _check_effective_sql_mode /opt/stack/data/venv/lib/python3.12/site-packages/oslo_db/sqlalchemy/engines.py:325}}
Jun 27 04:01:13.008849 np0000003830 nova-scheduler[96299]: DEBUG dbcounter [-] [96299] Writer thread running {{(pid=96299) stat_writer /opt/stack/data/venv/lib/python3.12/site-packages/dbcounter.py:102}}
Jun 27 04:01:13.017260 np0000003830 nova-scheduler[96297]: DEBUG nova.service [None req-d2c11348-d276-4f23-9e92-326bf6a82e42 None None] Creating RPC server for service: nova-scheduler on topic: scheduler {{(pid=96297) start /opt/stack/nova/nova/service.py:196}}
Jun 27 04:01:13.026888 np0000003830 nova-scheduler[96299]: DEBUG nova.service [None req-3cc57c06-aab1-46f8-b8ae-834b4c1ba5dc None None] Creating RPC server for service: nova-scheduler on topic: scheduler {{(pid=96299) start /opt/stack/nova/nova/service.py:196}}
Jun 27 04:01:13.027881 np0000003830 nova-scheduler[96301]: DEBUG oslo_db.sqlalchemy.engines [None req-397a4553-c26d-4556-9573-956a7d4ebaf8 None None] MySQL server mode set to STRICT_TRANS_TABLES,STRICT_ALL_TABLES,NO_ZERO_IN_DATE,NO_ZERO_DATE,ERROR_FOR_DIVISION_BY_ZERO,TRADITIONAL,NO_ENGINE_SUBSTITUTION {{(pid=96301) _check_effective_sql_mode /opt/stack/data/venv/lib/python3.12/site-packages/oslo_db/sqlalchemy/engines.py:325}}
Jun 27 04:01:13.038686 np0000003830 nova-scheduler[96301]: DEBUG dbcounter [-] [96301] Writer thread running {{(pid=96301) stat_writer /opt/stack/data/venv/lib/python3.12/site-packages/dbcounter.py:102}}
Jun 27 04:01:13.041976 np0000003830 nova-scheduler[96301]: DEBUG nova.service [None req-397a4553-c26d-4556-9573-956a7d4ebaf8 None None] Creating RPC server for service: nova-scheduler on topic: scheduler {{(pid=96301) start /opt/stack/nova/nova/service.py:196}}
Jun 27 04:01:13.049905 np0000003830 nova-scheduler[96297]: DEBUG nova.service [None req-d2c11348-d276-4f23-9e92-326bf6a82e42 None None] Join ServiceGroup membership for this service scheduler {{(pid=96297) start /opt/stack/nova/nova/service.py:222}}
Jun 27 04:01:13.049905 np0000003830 nova-scheduler[96297]: DEBUG nova.servicegroup.drivers.db [None req-d2c11348-d276-4f23-9e92-326bf6a82e42 None None] DB_Driver: join new ServiceGroup member np0000003830 to the scheduler group, service = {{(pid=96297) join /opt/stack/nova/nova/servicegroup/drivers/db.py:44}}
Jun 27 04:01:13.052354 np0000003830 nova-scheduler[96303]: DEBUG oslo_db.sqlalchemy.engines [None req-c9c6bf2c-4270-43e5-8f98-ad98d7aa935a None None] MySQL server mode set to STRICT_TRANS_TABLES,STRICT_ALL_TABLES,NO_ZERO_IN_DATE,NO_ZERO_DATE,ERROR_FOR_DIVISION_BY_ZERO,TRADITIONAL,NO_ENGINE_SUBSTITUTION {{(pid=96303) _check_effective_sql_mode /opt/stack/data/venv/lib/python3.12/site-packages/oslo_db/sqlalchemy/engines.py:325}}
Jun 27 04:01:13.056763 np0000003830 nova-scheduler[96299]: DEBUG nova.service [None req-3cc57c06-aab1-46f8-b8ae-834b4c1ba5dc None None] Join ServiceGroup membership for this service scheduler {{(pid=96299) start /opt/stack/nova/nova/service.py:222}}
Jun 27 04:01:13.056763 np0000003830 nova-scheduler[96299]: DEBUG nova.servicegroup.drivers.db [None req-3cc57c06-aab1-46f8-b8ae-834b4c1ba5dc None None] DB_Driver: join new ServiceGroup member np0000003830 to the scheduler group, service = {{(pid=96299) join /opt/stack/nova/nova/servicegroup/drivers/db.py:44}}
Jun 27 04:01:13.066788 np0000003830 nova-scheduler[96303]: DEBUG dbcounter [-] [96303] Writer thread running {{(pid=96303) stat_writer /opt/stack/data/venv/lib/python3.12/site-packages/dbcounter.py:102}}
Jun 27 04:01:13.068422 np0000003830 nova-scheduler[96301]: DEBUG nova.service [None req-397a4553-c26d-4556-9573-956a7d4ebaf8 None None] Join ServiceGroup membership for this service scheduler {{(pid=96301) start /opt/stack/nova/nova/service.py:222}}
Jun 27 04:01:13.068635 np0000003830 nova-scheduler[96301]: DEBUG nova.servicegroup.drivers.db [None req-397a4553-c26d-4556-9573-956a7d4ebaf8 None None] DB_Driver: join new ServiceGroup member np0000003830 to the scheduler group, service = {{(pid=96301) join /opt/stack/nova/nova/servicegroup/drivers/db.py:44}}
Jun 27 04:01:13.070277 np0000003830 nova-scheduler[96303]: DEBUG nova.service [None req-c9c6bf2c-4270-43e5-8f98-ad98d7aa935a None None] Creating RPC server for service: nova-scheduler on topic: scheduler {{(pid=96303) start /opt/stack/nova/nova/service.py:196}}
Jun 27 04:01:13.090285 np0000003830 nova-scheduler[96303]: DEBUG nova.service [None req-c9c6bf2c-4270-43e5-8f98-ad98d7aa935a None None] Join ServiceGroup membership for this service scheduler {{(pid=96303) start /opt/stack/nova/nova/service.py:222}}
Jun 27 04:01:13.090470 np0000003830 nova-scheduler[96303]: DEBUG nova.servicegroup.drivers.db [None req-c9c6bf2c-4270-43e5-8f98-ad98d7aa935a None None] DB_Driver: join new ServiceGroup member np0000003830 to the scheduler group, service = {{(pid=96303) join /opt/stack/nova/nova/servicegroup/drivers/db.py:44}}
Jun 27 04:01:18.061747 np0000003830 nova-scheduler[96297]: DEBUG oslo.service.backend._threading.loopingcall [-] Fixed interval looping call 'nova.servicegroup.drivers.db.DbDriver._report_state' sleeping for 119.99 seconds {{(pid=96297) _run_loop /opt/stack/data/venv/lib/python3.12/site-packages/oslo_service/backend/_threading/loopingcall.py:125}}
Jun 27 04:01:18.065428 np0000003830 nova-scheduler[96299]: DEBUG oslo.service.backend._threading.loopingcall [-] Fixed interval looping call 'nova.servicegroup.drivers.db.DbDriver._report_state' sleeping for 119.99 seconds {{(pid=96299) _run_loop /opt/stack/data/venv/lib/python3.12/site-packages/oslo_service/backend/_threading/loopingcall.py:125}}
Jun 27 04:01:18.078597 np0000003830 nova-scheduler[96301]: DEBUG oslo.service.backend._threading.loopingcall [-] Fixed interval looping call 'nova.servicegroup.drivers.db.DbDriver._report_state' sleeping for 119.99 seconds {{(pid=96301) _run_loop /opt/stack/data/venv/lib/python3.12/site-packages/oslo_service/backend/_threading/loopingcall.py:125}}
Jun 27 04:01:18.100865 np0000003830 nova-scheduler[96303]: DEBUG oslo.service.backend._threading.loopingcall [-] Fixed interval looping call 'nova.servicegroup.drivers.db.DbDriver._report_state' sleeping for 119.99 seconds {{(pid=96303) _run_loop /opt/stack/data/venv/lib/python3.12/site-packages/oslo_service/backend/_threading/loopingcall.py:125}}
Jun 27 04:01:21.608417 np0000003830 nova-scheduler[95105]: DEBUG dbcounter [-] [95105] Writing DB stats nova_api:SELECT=3 {{(pid=95105) stat_writer /opt/stack/data/venv/lib/python3.12/site-packages/dbcounter.py:115}}
Jun 27 04:01:21.752027 np0000003830 nova-scheduler[95105]: DEBUG dbcounter [-] [95105] Writing DB stats nova_cell0:SELECT=1 {{(pid=95105) stat_writer /opt/stack/data/venv/lib/python3.12/site-packages/dbcounter.py:115}}
Jun 27 04:01:21.755533 np0000003830 nova-scheduler[95105]: DEBUG dbcounter [-] [95105] Writing DB stats nova_cell1:SELECT=1 {{(pid=95105) stat_writer /opt/stack/data/venv/lib/python3.12/site-packages/dbcounter.py:115}}
Jun 27 04:01:23.070850 np0000003830 nova-scheduler[96301]: DEBUG oslo.service.backend._threading.loopingcall [None req-d3674674-9c94-4205-9962-cc0a85b21529 None None] Dynamic interval looping call 'nova.service.Service.periodic_tasks' sleeping for 60.00 seconds {{(pid=96301) _run_loop /opt/stack/data/venv/lib/python3.12/site-packages/oslo_service/backend/_threading/loopingcall.py:125}}
Jun 27 04:01:28.057948 np0000003830 nova-scheduler[96297]: DEBUG dbcounter [-] [96297] Writing DB stats nova_cell0:SELECT=4,nova_cell0:INSERT=1,nova_cell0:UPDATE=1 {{(pid=96297) stat_writer /opt/stack/data/venv/lib/python3.12/site-packages/dbcounter.py:115}}
Jun 27 04:01:28.063337 np0000003830 nova-scheduler[96299]: DEBUG dbcounter [-] [96299] Writing DB stats nova_cell0:SELECT=5,nova_cell0:INSERT=1 {{(pid=96299) stat_writer /opt/stack/data/venv/lib/python3.12/site-packages/dbcounter.py:115}}
Jun 27 04:01:28.078771 np0000003830 nova-scheduler[96301]: DEBUG dbcounter [-] [96301] Writing DB stats nova_cell0:SELECT=3 {{(pid=96301) stat_writer /opt/stack/data/venv/lib/python3.12/site-packages/dbcounter.py:115}}
Jun 27 04:01:28.098128 np0000003830 nova-scheduler[96303]: DEBUG dbcounter [-] [96303] Writing DB stats nova_cell0:SELECT=3 {{(pid=96303) stat_writer /opt/stack/data/venv/lib/python3.12/site-packages/dbcounter.py:115}}
Jun 27 04:01:31.092368 np0000003830 nova-scheduler[96303]: DEBUG oslo.service.backend._threading.loopingcall [None req-a93fd13c-1eb7-4caf-87dc-d09796dedd9d None None] Dynamic interval looping call 'nova.service.Service.periodic_tasks' sleeping for 60.00 seconds {{(pid=96303) _run_loop /opt/stack/data/venv/lib/python3.12/site-packages/oslo_service/backend/_threading/loopingcall.py:125}}
Jun 27 04:01:46.050615 np0000003830 nova-scheduler[96297]: DEBUG oslo.service.backend._threading.loopingcall [None req-778734c9-6395-4a3c-b681-d47c16df7e17 None None] Dynamic interval looping call 'nova.service.Service.periodic_tasks' sleeping for 60.00 seconds {{(pid=96297) _run_loop /opt/stack/data/venv/lib/python3.12/site-packages/oslo_service/backend/_threading/loopingcall.py:125}}
Jun 27 04:02:00.058963 np0000003830 nova-scheduler[96299]: DEBUG oslo.service.backend._threading.loopingcall [None req-e1d12108-f8dc-405b-b6b6-721582d11d1e None None] Dynamic interval looping call 'nova.service.Service.periodic_tasks' sleeping for 60.00 seconds {{(pid=96299) _run_loop /opt/stack/data/venv/lib/python3.12/site-packages/oslo_service/backend/_threading/loopingcall.py:125}}
Jun 27 04:02:23.071340 np0000003830 nova-scheduler[96301]: DEBUG oslo.service.backend._threading.loopingcall [None req-d3674674-9c94-4205-9962-cc0a85b21529 None None] Dynamic interval looping call 'nova.service.Service.periodic_tasks' sleeping for 60.00 seconds {{(pid=96301) _run_loop /opt/stack/data/venv/lib/python3.12/site-packages/oslo_service/backend/_threading/loopingcall.py:125}}
Jun 27 04:02:31.092865 np0000003830 nova-scheduler[96303]: DEBUG oslo.service.backend._threading.loopingcall [None req-a93fd13c-1eb7-4caf-87dc-d09796dedd9d None None] Dynamic interval looping call 'nova.service.Service.periodic_tasks' sleeping for 60.00 seconds {{(pid=96303) _run_loop /opt/stack/data/venv/lib/python3.12/site-packages/oslo_service/backend/_threading/loopingcall.py:125}}
Jun 27 04:02:46.051071 np0000003830 nova-scheduler[96297]: DEBUG oslo.service.backend._threading.loopingcall [None req-778734c9-6395-4a3c-b681-d47c16df7e17 None None] Dynamic interval looping call 'nova.service.Service.periodic_tasks' sleeping for 60.00 seconds {{(pid=96297) _run_loop /opt/stack/data/venv/lib/python3.12/site-packages/oslo_service/backend/_threading/loopingcall.py:125}}
Jun 27 04:03:00.059479 np0000003830 nova-scheduler[96299]: DEBUG oslo.service.backend._threading.loopingcall [None req-e1d12108-f8dc-405b-b6b6-721582d11d1e None None] Dynamic interval looping call 'nova.service.Service.periodic_tasks' sleeping for 60.00 seconds {{(pid=96299) _run_loop /opt/stack/data/venv/lib/python3.12/site-packages/oslo_service/backend/_threading/loopingcall.py:125}}
Jun 27 04:03:18.063710 np0000003830 nova-scheduler[96297]: DEBUG oslo.service.backend._threading.loopingcall [-] Fixed interval looping call 'nova.servicegroup.drivers.db.DbDriver._report_state' sleeping for 119.99 seconds {{(pid=96297) _run_loop /opt/stack/data/venv/lib/python3.12/site-packages/oslo_service/backend/_threading/loopingcall.py:125}}
Jun 27 04:03:18.064213 np0000003830 nova-scheduler[96299]: DEBUG oslo.service.backend._threading.loopingcall [-] Fixed interval looping call 'nova.servicegroup.drivers.db.DbDriver._report_state' sleeping for 119.99 seconds {{(pid=96299) _run_loop /opt/stack/data/venv/lib/python3.12/site-packages/oslo_service/backend/_threading/loopingcall.py:125}}
Jun 27 04:03:18.073047 np0000003830 nova-scheduler[96301]: DEBUG oslo.service.backend._threading.loopingcall [-] Fixed interval looping call 'nova.servicegroup.drivers.db.DbDriver._report_state' sleeping for 120.00 seconds {{(pid=96301) _run_loop /opt/stack/data/venv/lib/python3.12/site-packages/oslo_service/backend/_threading/loopingcall.py:125}}
Jun 27 04:03:18.096325 np0000003830 nova-scheduler[96303]: DEBUG oslo.service.backend._threading.loopingcall [-] Fixed interval looping call 'nova.servicegroup.drivers.db.DbDriver._report_state' sleeping for 120.00 seconds {{(pid=96303) _run_loop /opt/stack/data/venv/lib/python3.12/site-packages/oslo_service/backend/_threading/loopingcall.py:125}}
Jun 27 04:03:23.071851 np0000003830 nova-scheduler[96301]: DEBUG oslo.service.backend._threading.loopingcall [None req-d3674674-9c94-4205-9962-cc0a85b21529 None None] Dynamic interval looping call 'nova.service.Service.periodic_tasks' sleeping for 60.00 seconds {{(pid=96301) _run_loop /opt/stack/data/venv/lib/python3.12/site-packages/oslo_service/backend/_threading/loopingcall.py:125}}
Jun 27 04:03:28.055527 np0000003830 nova-scheduler[96297]: DEBUG dbcounter [-] [96297] Writing DB stats nova_cell0:SELECT=1,nova_cell0:UPDATE=1 {{(pid=96297) stat_writer /opt/stack/data/venv/lib/python3.12/site-packages/dbcounter.py:115}}
Jun 27 04:03:28.060274 np0000003830 nova-scheduler[96299]: DEBUG dbcounter [-] [96299] Writing DB stats nova_cell0:SELECT=1,nova_cell0:UPDATE=1 {{(pid=96299) stat_writer /opt/stack/data/venv/lib/python3.12/site-packages/dbcounter.py:115}}
Jun 27 04:03:28.070912 np0000003830 nova-scheduler[96301]: DEBUG dbcounter [-] [96301] Writing DB stats nova_cell0:SELECT=1 {{(pid=96301) stat_writer /opt/stack/data/venv/lib/python3.12/site-packages/dbcounter.py:115}}
Jun 27 04:03:28.093510 np0000003830 nova-scheduler[96303]: DEBUG dbcounter [-] [96303] Writing DB stats nova_cell0:SELECT=1 {{(pid=96303) stat_writer /opt/stack/data/venv/lib/python3.12/site-packages/dbcounter.py:115}}
Jun 27 04:03:31.093297 np0000003830 nova-scheduler[96303]: DEBUG oslo.service.backend._threading.loopingcall [None req-a93fd13c-1eb7-4caf-87dc-d09796dedd9d None None] Dynamic interval looping call 'nova.service.Service.periodic_tasks' sleeping for 60.00 seconds {{(pid=96303) _run_loop /opt/stack/data/venv/lib/python3.12/site-packages/oslo_service/backend/_threading/loopingcall.py:125}}
Jun 27 04:03:46.052397 np0000003830 nova-scheduler[96297]: DEBUG oslo.service.backend._threading.loopingcall [None req-778734c9-6395-4a3c-b681-d47c16df7e17 None None] Dynamic interval looping call 'nova.service.Service.periodic_tasks' sleeping for 60.00 seconds {{(pid=96297) _run_loop /opt/stack/data/venv/lib/python3.12/site-packages/oslo_service/backend/_threading/loopingcall.py:125}}
Jun 27 04:03:56.932013 np0000003830 nova-scheduler[96297]: DEBUG nova.scheduler.manager [None req-8ac8e25b-b4b9-4fc7-b540-d763dc2bf19b tempest-ServerBootFromVolumeStableRescueTest-2029132639 tempest-ServerBootFromVolumeStableRescueTest-2029132639-project-member] Starting to schedule for instances: ['6ce1c75a-8520-40b5-a060-9580f2f789ed'] {{(pid=96297) select_destinations /opt/stack/nova/nova/scheduler/manager.py:210}}
Jun 27 04:03:56.932790 np0000003830 nova-scheduler[96297]: DEBUG nova.scheduler.request_filter [None req-8ac8e25b-b4b9-4fc7-b540-d763dc2bf19b tempest-ServerBootFromVolumeStableRescueTest-2029132639 tempest-ServerBootFromVolumeStableRescueTest-2029132639-project-member] compute_status_filter request filter added forbidden trait COMPUTE_STATUS_DISABLED {{(pid=96297) compute_status_filter /opt/stack/nova/nova/scheduler/request_filter.py:253}}
Jun 27 04:03:56.933990 np0000003830 nova-scheduler[96297]: DEBUG nova.scheduler.request_filter [None req-8ac8e25b-b4b9-4fc7-b540-d763dc2bf19b tempest-ServerBootFromVolumeStableRescueTest-2029132639 tempest-ServerBootFromVolumeStableRescueTest-2029132639-project-member] Request filter 'compute_status_filter' took 0.0 seconds {{(pid=96297) wrapper /opt/stack/nova/nova/scheduler/request_filter.py:46}}
Jun 27 04:03:56.934836 np0000003830 nova-scheduler[96297]: DEBUG nova.scheduler.request_filter [None req-8ac8e25b-b4b9-4fc7-b540-d763dc2bf19b tempest-ServerBootFromVolumeStableRescueTest-2029132639 tempest-ServerBootFromVolumeStableRescueTest-2029132639-project-member] Request filter 'accelerators_filter' took 0.0 seconds {{(pid=96297) wrapper /opt/stack/nova/nova/scheduler/request_filter.py:46}}
Jun 27 04:03:56.935832 np0000003830 nova-scheduler[96297]: DEBUG nova.scheduler.request_filter [None req-8ac8e25b-b4b9-4fc7-b540-d763dc2bf19b tempest-ServerBootFromVolumeStableRescueTest-2029132639 tempest-ServerBootFromVolumeStableRescueTest-2029132639-project-member] Request filter 'packed_virtqueue_filter' took 0.0 seconds {{(pid=96297) wrapper /opt/stack/nova/nova/scheduler/request_filter.py:46}}
Jun 27 04:03:56.936557 np0000003830 nova-scheduler[96297]: DEBUG nova.scheduler.request_filter [None req-8ac8e25b-b4b9-4fc7-b540-d763dc2bf19b tempest-ServerBootFromVolumeStableRescueTest-2029132639 tempest-ServerBootFromVolumeStableRescueTest-2029132639-project-member] Request filter 'remote_managed_ports_filter' took 0.0 seconds {{(pid=96297) wrapper /opt/stack/nova/nova/scheduler/request_filter.py:46}}
Jun 27 04:03:56.936557 np0000003830 nova-scheduler[96297]: DEBUG nova.scheduler.request_filter [None req-8ac8e25b-b4b9-4fc7-b540-d763dc2bf19b tempest-ServerBootFromVolumeStableRescueTest-2029132639 tempest-ServerBootFromVolumeStableRescueTest-2029132639-project-member] ephemeral_encryption_filter skipped {{(pid=96297) ephemeral_encryption_filter /opt/stack/nova/nova/scheduler/request_filter.py:426}}
Jun 27 04:03:56.936557 np0000003830 nova-scheduler[96297]: DEBUG nova.scheduler.request_filter [None req-8ac8e25b-b4b9-4fc7-b540-d763dc2bf19b tempest-ServerBootFromVolumeStableRescueTest-2029132639 tempest-ServerBootFromVolumeStableRescueTest-2029132639-project-member] virtio_sound_filter skipped {{(pid=96297) virtio_sound_filter /opt/stack/nova/nova/scheduler/request_filter.py:460}}
Jun 27 04:03:56.937095 np0000003830 nova-scheduler[96297]: DEBUG nova.scheduler.request_filter [None req-8ac8e25b-b4b9-4fc7-b540-d763dc2bf19b tempest-ServerBootFromVolumeStableRescueTest-2029132639 tempest-ServerBootFromVolumeStableRescueTest-2029132639-project-member] tpm_secret_security_filter skipped {{(pid=96297) tpm_secret_security_filter /opt/stack/nova/nova/scheduler/request_filter.py:477}}
Jun 27 04:03:57.609043 np0000003830 nova-scheduler[96297]: INFO nova.utils [None req-8ac8e25b-b4b9-4fc7-b540-d763dc2bf19b tempest-ServerBootFromVolumeStableRescueTest-2029132639 tempest-ServerBootFromVolumeStableRescueTest-2029132639-project-member] The cell worker thread pool ForkProcess-1.cell_worker is initialized
Jun 27 04:03:57.609756 np0000003830 nova-scheduler[96297]: DEBUG oslo_concurrency.lockutils [None req-8ac8e25b-b4b9-4fc7-b540-d763dc2bf19b tempest-ServerBootFromVolumeStableRescueTest-2029132639 tempest-ServerBootFromVolumeStableRescueTest-2029132639-project-member] Acquiring lock "03805356-9e28-4d08-a20d-1290b28ba056" by "nova.context.set_target_cell..get_or_set_cached_cell_and_set_connections" {{(pid=96297) inner /opt/stack/data/venv/lib/python3.12/site-packages/oslo_concurrency/lockutils.py:511}}
Jun 27 04:03:57.609756 np0000003830 nova-scheduler[96297]: DEBUG oslo_concurrency.lockutils [None req-8ac8e25b-b4b9-4fc7-b540-d763dc2bf19b tempest-ServerBootFromVolumeStableRescueTest-2029132639 tempest-ServerBootFromVolumeStableRescueTest-2029132639-project-member] Lock "03805356-9e28-4d08-a20d-1290b28ba056" acquired by "nova.context.set_target_cell..get_or_set_cached_cell_and_set_connections" :: waited 0.000s {{(pid=96297) inner /opt/stack/data/venv/lib/python3.12/site-packages/oslo_concurrency/lockutils.py:524}}
Jun 27 04:03:57.611366 np0000003830 nova-scheduler[96297]: DEBUG oslo_concurrency.lockutils [None req-8ac8e25b-b4b9-4fc7-b540-d763dc2bf19b tempest-ServerBootFromVolumeStableRescueTest-2029132639 tempest-ServerBootFromVolumeStableRescueTest-2029132639-project-member] Lock "03805356-9e28-4d08-a20d-1290b28ba056" "released" by "nova.context.set_target_cell..get_or_set_cached_cell_and_set_connections" :: held 0.001s {{(pid=96297) inner /opt/stack/data/venv/lib/python3.12/site-packages/oslo_concurrency/lockutils.py:543}}
Jun 27 04:03:57.613382 np0000003830 nova-scheduler[96297]: INFO dbcounter [None req-8ac8e25b-b4b9-4fc7-b540-d763dc2bf19b tempest-ServerBootFromVolumeStableRescueTest-2029132639 tempest-ServerBootFromVolumeStableRescueTest-2029132639-project-member] Registered counter for database nova_cell1
Jun 27 04:03:57.657465 np0000003830 nova-scheduler[96297]: DEBUG oslo_db.sqlalchemy.engines [None req-8ac8e25b-b4b9-4fc7-b540-d763dc2bf19b tempest-ServerBootFromVolumeStableRescueTest-2029132639 tempest-ServerBootFromVolumeStableRescueTest-2029132639-project-member] MySQL server mode set to STRICT_TRANS_TABLES,STRICT_ALL_TABLES,NO_ZERO_IN_DATE,NO_ZERO_DATE,ERROR_FOR_DIVISION_BY_ZERO,TRADITIONAL,NO_ENGINE_SUBSTITUTION {{(pid=96297) _check_effective_sql_mode /opt/stack/data/venv/lib/python3.12/site-packages/oslo_db/sqlalchemy/engines.py:325}}
Jun 27 04:03:57.668749 np0000003830 nova-scheduler[96297]: DEBUG dbcounter [-] [96297] Writer thread running {{(pid=96297) stat_writer /opt/stack/data/venv/lib/python3.12/site-packages/dbcounter.py:102}}
Jun 27 04:03:57.726103 np0000003830 nova-scheduler[96297]: DEBUG oslo_db.sqlalchemy.engines [None req-8ac8e25b-b4b9-4fc7-b540-d763dc2bf19b tempest-ServerBootFromVolumeStableRescueTest-2029132639 tempest-ServerBootFromVolumeStableRescueTest-2029132639-project-member] Parent process 95105 forked (96297) with an open database connection, which is being discarded and recreated. {{(pid=96297) checkout /opt/stack/data/venv/lib/python3.12/site-packages/oslo_db/sqlalchemy/engines.py:402}}
Jun 27 04:03:57.766822 np0000003830 nova-scheduler[96297]: DEBUG dbcounter [-] [96297] Writer thread running {{(pid=96297) stat_writer /opt/stack/data/venv/lib/python3.12/site-packages/dbcounter.py:102}}
Jun 27 04:03:57.772696 np0000003830 nova-scheduler[96297]: DEBUG oslo_concurrency.lockutils [None req-8ac8e25b-b4b9-4fc7-b540-d763dc2bf19b tempest-ServerBootFromVolumeStableRescueTest-2029132639 tempest-ServerBootFromVolumeStableRescueTest-2029132639-project-member] Acquiring lock "03805356-9e28-4d08-a20d-1290b28ba056" by "nova.context.set_target_cell..get_or_set_cached_cell_and_set_connections" {{(pid=96297) inner /opt/stack/data/venv/lib/python3.12/site-packages/oslo_concurrency/lockutils.py:511}}
Jun 27 04:03:57.772888 np0000003830 nova-scheduler[96297]: DEBUG oslo_concurrency.lockutils [None req-8ac8e25b-b4b9-4fc7-b540-d763dc2bf19b tempest-ServerBootFromVolumeStableRescueTest-2029132639 tempest-ServerBootFromVolumeStableRescueTest-2029132639-project-member] Lock "03805356-9e28-4d08-a20d-1290b28ba056" acquired by "nova.context.set_target_cell..get_or_set_cached_cell_and_set_connections" :: waited 0.000s {{(pid=96297) inner /opt/stack/data/venv/lib/python3.12/site-packages/oslo_concurrency/lockutils.py:524}}
Jun 27 04:03:57.773198 np0000003830 nova-scheduler[96297]: DEBUG oslo_concurrency.lockutils [None req-8ac8e25b-b4b9-4fc7-b540-d763dc2bf19b tempest-ServerBootFromVolumeStableRescueTest-2029132639 tempest-ServerBootFromVolumeStableRescueTest-2029132639-project-member] Lock "03805356-9e28-4d08-a20d-1290b28ba056" "released" by "nova.context.set_target_cell..get_or_set_cached_cell_and_set_connections" :: held 0.000s {{(pid=96297) inner /opt/stack/data/venv/lib/python3.12/site-packages/oslo_concurrency/lockutils.py:543}}
Jun 27 04:03:57.780207 np0000003830 nova-scheduler[96297]: DEBUG oslo_concurrency.lockutils [None req-8ac8e25b-b4b9-4fc7-b540-d763dc2bf19b tempest-ServerBootFromVolumeStableRescueTest-2029132639 tempest-ServerBootFromVolumeStableRescueTest-2029132639-project-member] Acquiring lock "('np0000003830', 'np0000003830')" by "nova.scheduler.host_manager.HostState.update.._locked_update" {{(pid=96297) inner /opt/stack/data/venv/lib/python3.12/site-packages/oslo_concurrency/lockutils.py:511}}
Jun 27 04:03:57.780468 np0000003830 nova-scheduler[96297]: DEBUG oslo_concurrency.lockutils [None req-8ac8e25b-b4b9-4fc7-b540-d763dc2bf19b tempest-ServerBootFromVolumeStableRescueTest-2029132639 tempest-ServerBootFromVolumeStableRescueTest-2029132639-project-member] Lock "('np0000003830', 'np0000003830')" acquired by "nova.scheduler.host_manager.HostState.update.._locked_update" :: waited 0.000s {{(pid=96297) inner /opt/stack/data/venv/lib/python3.12/site-packages/oslo_concurrency/lockutils.py:524}}
Jun 27 04:03:57.782245 np0000003830 nova-scheduler[96297]: DEBUG nova.scheduler.host_manager [None req-8ac8e25b-b4b9-4fc7-b540-d763dc2bf19b tempest-ServerBootFromVolumeStableRescueTest-2029132639 tempest-ServerBootFromVolumeStableRescueTest-2029132639-project-member] Update host state from compute node: ComputeNode(cpu_allocation_ratio=4.0,cpu_info='{"arch": "x86_64", "model": "EPYC-Milan", "vendor": "AMD", "topology": {"cells": 1, "sockets": 16, "cores": 1, "threads": 1}, "maxphysaddr": {"mode": "emulate", "bits": 40}, "features": ["clflush", "stibp", "pse", "gds-no", "vme", "avx", "tsc_adjust", "lfence-always-serializing", "skip-l1dfl-vmentry", "clzero", "msr", "sse4.1", "hypervisor", "xsaves", "amd-psfd", "adx", "rdtscp", "misalignsse", "tsc", "clwb", "amd-stibp", "fxsr", "erms", "mds-no", "cx16", "ibrs", "pclmuldq", "rdrand", "stibp-always-on", "vaes", "bmi2", "movbe", "topoext", "syscall", "v-vmsave-vmload", "arch-capabilities", "clflushopt", "sse4.2", "svm", "sep", "xsaveerptr", "arat", "mmx", "pfthreshold", "sse2", "xsaveopt", "tsc-deadline", "abm", "sha-ni", "perfctr_core", "pat", "invpcid", "ssse3", "x2apic", "null-sel-clr-base", "pschange-mc-no", "bmi1", "smap", "sse4a", "nrip-save", "cr8legacy", "popcnt", "rdpid", "pause-filter", "rdseed", "mtrr", "pni", "3dnowprefetch", "xsavec", "no-nested-data-bp", "xgetbv1", "mce", "osvw", "flushbyasid", "spec-ctrl", "amd-ssbd", "virt-ssbd", "cx8", "cmp_legacy", "pse36", "pge", "ibpb", "avx2", "pcid", "svme-addr-chk", "pae", "wbnoinvd", "vgif", "pdpe1gb", "umip", "fpu", "sse", "mmxext", "lm", "fma", "de", "xsave", "f16c", "vpclmulqdq", "lbrv", "tsc-scale", "fxsr_opt", "mca", "aes", "fsgsbase", "vmcb-clean", "fsrm", "smep", "cmov", "rdctl-no", "ssbd", "apic", "nx", "lahf_lm", "pku", "npt"]}',created_at=2026-06-27T04:01:38Z,current_workload=0,deleted=False,deleted_at=None,disk_allocation_ratio=1.0,disk_available_least=74,free_disk_gb=95,free_ram_mb=63789,host='np0000003830',host_ip=10.4.3.18,hypervisor_hostname='np0000003830',hypervisor_type='QEMU',hypervisor_version=8002002,id=1,local_gb=95,local_gb_used=0,mapped=1,memory_mb=64301,memory_mb_used=512,metrics='[]',numa_topology='{"nova_object.name": "NUMATopology", "nova_object.namespace": "nova", "nova_object.version": "1.2", "nova_object.data": {"cells": [{"nova_object.name": "NUMACell", "nova_object.namespace": "nova", "nova_object.version": "1.5", "nova_object.data": {"id": 0, "cpuset": [0, 1, 2, 3, 4, 5, 6, 7, 8, 9, 10, 11, 12, 13, 14, 15], "pcpuset": [0, 1, 2, 3, 4, 5, 6, 7, 8, 9, 10, 11, 12, 13, 14, 15], "memory": 64301, "cpu_usage": 0, "memory_usage": 0, "pinned_cpus": [], "siblings": [[6], [12], [2], [15], [5], [11], [8], [14], [4], [1], [7], [10], [0], [13], [3], [9]], "mempages": [{"nova_object.name": "NUMAPagesTopology", "nova_object.namespace": "nova", "nova_object.version": "1.1", "nova_object.data": {"size_kb": 4, "total": 16461070, "used": 0, "reserved": 0}, "nova_object.changes": ["size_kb", "reserved", "total", "used"]}, {"nova_object.name": "NUMAPagesTopology", "nova_object.namespace": "nova", "nova_object.version": "1.1", "nova_object.data": {"size_kb": 2048, "total": 0, "used": 0, "reserved": 0}, "nova_object.changes": ["size_kb", "reserved", "total", "used"]}, {"nova_object.name": "NUMAPagesTopology", "nova_object.namespace": "nova", "nova_object.version": "1.1", "nova_object.data": {"size_kb": 1048576, "total": 0, "used": 0, "reserved": 0}, "nova_object.changes": ["size_kb", "reserved", "total", "used"]}], "network_metadata": {"nova_object.name": "NetworkMetadata", "nova_object.namespace": "nova", "nova_object.version": "1.0", "nova_object.data": {"physnets": [], "tunneled": false}, "nova_object.changes": ["physnets", "tunneled"]}, "socket": null}, "nova_object.changes": ["network_metadata", "cpu_usage", "pcpuset", "mempages", "memory_usage", "memory", "cpuset", "id", "siblings", "socket", "pinned_cpus"]}]}, "nova_object.changes": ["cells"]}',pci_device_pools=PciDevicePoolList,ram_allocation_ratio=1.0,running_vms=0,service_id=2,stats={failed_builds='0',uptime=' 04:03:23 up 26 min, 2 users, load average: 1.40, 1.69, 1.00
Jun 27 04:03:57.782245 np0000003830 nova-scheduler[96297]: '},supported_hv_specs=[HVSpec,HVSpec,HVSpec,HVSpec,HVSpec,HVSpec,HVSpec,HVSpec,HVSpec,HVSpec,HVSpec,HVSpec,HVSpec,HVSpec,HVSpec,HVSpec,HVSpec,HVSpec,HVSpec,HVSpec,HVSpec,HVSpec,HVSpec,HVSpec,HVSpec],updated_at=2026-06-27T04:03:26Z,uuid=d6db2083-b24e-4fc9-8e4d-9a740cf9bf37,vcpus=16,vcpus_used=0) {{(pid=96297) _locked_update /opt/stack/nova/nova/scheduler/host_manager.py:168}}
