Jun 27 04:00:46.781596 np0000003830 devstack@neutron-api.service[90506]: DEBUG neutron.manager [None req-007d9f5f-9321-4c30-a5f2-d2229de6267f None None] Successfully loaded timestamp plugin. Description: Adds timestamps to Neutron resources with standard attributes {{(pid=90506) _create_and_add_service_plugin /opt/stack/neutron/neutron/manager.py:236}}
Jun 27 04:00:46.781706 np0000003830 devstack@neutron-api.service[90506]: INFO neutron.manager [None req-007d9f5f-9321-4c30-a5f2-d2229de6267f None None] Loading Plugin: network_ip_availability
Jun 27 04:00:46.784309 np0000003830 devstack@neutron-api.service[90506]: DEBUG neutron.manager [None req-007d9f5f-9321-4c30-a5f2-d2229de6267f None None] Successfully loaded network-ip-availability plugin. Description: Provides IP availability data for each network and subnet. {{(pid=90506) _create_and_add_service_plugin /opt/stack/neutron/neutron/manager.py:236}}
Jun 27 04:00:46.784779 np0000003830 devstack@neutron-api.service[90506]: INFO neutron.manager [None req-007d9f5f-9321-4c30-a5f2-d2229de6267f None None] Loading Plugin: flavors
Jun 27 04:00:46.785814 np0000003830 devstack@neutron-api.service[90506]: DEBUG neutron.manager [None req-007d9f5f-9321-4c30-a5f2-d2229de6267f None None] Successfully loaded FLAVORS plugin. Description: Neutron Flavors and Service Profiles manager plugin {{(pid=90506) _create_and_add_service_plugin /opt/stack/neutron/neutron/manager.py:236}}
Jun 27 04:00:46.786203 np0000003830 devstack@neutron-api.service[90506]: INFO neutron.manager [None req-007d9f5f-9321-4c30-a5f2-d2229de6267f None None] Loading Plugin: revisions
Jun 27 04:00:46.787692 np0000003830 devstack@neutron-api.service[90506]: DEBUG neutron.manager [None req-007d9f5f-9321-4c30-a5f2-d2229de6267f None None] Successfully loaded revision_plugin plugin. Description: Adds revision numbers to resources. {{(pid=90506) _create_and_add_service_plugin /opt/stack/neutron/neutron/manager.py:236}}
Jun 27 04:00:46.787877 np0000003830 devstack@neutron-api.service[90506]: DEBUG oslo_concurrency.lockutils [None req-007d9f5f-9321-4c30-a5f2-d2229de6267f None None] Lock "manager" "released" by "neutron.manager.NeutronManager._create_instance" :: held 4.236s {{(pid=90506) inner /opt/stack/data/venv/lib/python3.12/site-packages/oslo_concurrency/lockutils.py:543}}
Jun 27 04:00:46.788194 np0000003830 devstack@neutron-api.service[90506]: DEBUG neutron.api.extensions [None req-007d9f5f-9321-4c30-a5f2-d2229de6267f None None] get_extension_paths = OrderedDict({'/opt/stack/neutron/neutron/extensions': 1}) {{(pid=90506) get_extensions_path /opt/stack/neutron/neutron/api/extensions.py:640}}
Jun 27 04:00:46.788328 np0000003830 devstack@neutron-api.service[90506]: INFO neutron.api.extensions [None req-007d9f5f-9321-4c30-a5f2-d2229de6267f None None] Initializing extension manager.
Jun 27 04:00:46.788705 np0000003830 devstack@neutron-api.service[90509]: INFO neutron.plugins.ml2.drivers.type_vlan [None req-c4d37a5f-d130-4204-9922-d04fa8e4dcce None None] VlanTypeDriver initialization complete
Jun 27 04:00:46.789074 np0000003830 devstack@neutron-api.service[90506]: DEBUG neutron.api.extensions [None req-007d9f5f-9321-4c30-a5f2-d2229de6267f None None] Loading extension file: __init__.py {{(pid=90506) _load_all_extensions_from_path /opt/stack/neutron/neutron/api/extensions.py:449}}
Jun 27 04:00:46.789144 np0000003830 devstack@neutron-api.service[90509]: INFO neutron.plugins.ml2.managers [None req-c4d37a5f-d130-4204-9922-d04fa8e4dcce None None] Initializing extension driver 'port_security'
Jun 27 04:00:46.789220 np0000003830 devstack@neutron-api.service[90506]: DEBUG neutron.api.extensions [None req-007d9f5f-9321-4c30-a5f2-d2229de6267f None None] Loading extension file: __pycache__ {{(pid=90506) _load_all_extensions_from_path /opt/stack/neutron/neutron/api/extensions.py:449}}
Jun 27 04:00:46.789300 np0000003830 devstack@neutron-api.service[90509]: INFO neutron.plugins.ml2.extensions.port_security [None req-c4d37a5f-d130-4204-9922-d04fa8e4dcce None None] PortSecurityExtensionDriver initialization complete
Jun 27 04:00:46.789366 np0000003830 devstack@neutron-api.service[90506]: DEBUG neutron.api.extensions [None req-007d9f5f-9321-4c30-a5f2-d2229de6267f None None] Loading extension file: aap_reject_multicast.py {{(pid=90506) _load_all_extensions_from_path /opt/stack/neutron/neutron/api/extensions.py:449}}
Jun 27 04:00:46.789436 np0000003830 devstack@neutron-api.service[90509]: INFO neutron.plugins.ml2.managers [None req-c4d37a5f-d130-4204-9922-d04fa8e4dcce None None] Initializing extension driver 'qos'
Jun 27 04:00:46.789436 np0000003830 devstack@neutron-api.service[90509]: DEBUG neutron.plugins.ml2.extensions.qos [None req-c4d37a5f-d130-4204-9922-d04fa8e4dcce None None] QosExtensionDriver initialization complete {{(pid=90509) initialize /opt/stack/neutron/neutron/plugins/ml2/extensions/qos.py:31}}
Jun 27 04:00:46.789564 np0000003830 devstack@neutron-api.service[90506]: DEBUG neutron.api.extensions [None req-007d9f5f-9321-4c30-a5f2-d2229de6267f None None] Ext name="Allowed address pairs reject multicast extension" alias="aap-reject-multicast" description="Reject multicast addresses in Allowed Address Pairs" updated="2026-04-01T00:00:00-00:00" {{(pid=90506) _check_extension /opt/stack/neutron/neutron/api/extensions.py:415}}
Jun 27 04:00:46.789641 np0000003830 devstack@neutron-api.service[90509]: INFO neutron.plugins.ml2.managers [None req-c4d37a5f-d130-4204-9922-d04fa8e4dcce None None] Initializing mechanism driver 'ovn'
Jun 27 04:00:46.789641 np0000003830 devstack@neutron-api.service[90509]: INFO neutron.plugins.ml2.drivers.ovn.mech_driver.mech_driver [None req-c4d37a5f-d130-4204-9922-d04fa8e4dcce None None] Starting OVNMechanismDriver
Jun 27 04:00:46.789929 np0000003830 devstack@neutron-api.service[90506]: INFO neutron.api.extensions [None req-007d9f5f-9321-4c30-a5f2-d2229de6267f None None] Extension aap-reject-multicast not supported by any of loaded plugins
Jun 27 04:00:46.790075 np0000003830 devstack@neutron-api.service[90506]: DEBUG neutron.api.extensions [None req-007d9f5f-9321-4c30-a5f2-d2229de6267f None None] Loading extension file: address_group.py {{(pid=90506) _load_all_extensions_from_path /opt/stack/neutron/neutron/api/extensions.py:449}}
Jun 27 04:00:46.790628 np0000003830 devstack@neutron-api.service[90506]: DEBUG neutron.api.extensions [None req-007d9f5f-9321-4c30-a5f2-d2229de6267f None None] Ext name="Address group" alias="address-group" description="Support address group" updated="2020-07-15T10:00:00-00:00" {{(pid=90506) _check_extension /opt/stack/neutron/neutron/api/extensions.py:415}}
Jun 27 04:00:46.791053 np0000003830 devstack@neutron-api.service[90506]: INFO neutron.api.extensions [None req-007d9f5f-9321-4c30-a5f2-d2229de6267f None None] Loaded extension: address-group
Jun 27 04:00:46.791053 np0000003830 devstack@neutron-api.service[90506]: DEBUG neutron.api.extensions [None req-007d9f5f-9321-4c30-a5f2-d2229de6267f None None] Loading extension file: address_scope.py {{(pid=90506) _load_all_extensions_from_path /opt/stack/neutron/neutron/api/extensions.py:449}}
Jun 27 04:00:46.791622 np0000003830 devstack@neutron-api.service[90506]: DEBUG neutron.api.extensions [None req-007d9f5f-9321-4c30-a5f2-d2229de6267f None None] Ext name="Address scope" alias="address-scope" description="Address scopes extension." updated="2015-07-26T10:00:00-00:00" {{(pid=90506) _check_extension /opt/stack/neutron/neutron/api/extensions.py:415}}
Jun 27 04:00:46.791837 np0000003830 devstack@neutron-api.service[90506]: INFO neutron.api.extensions [None req-007d9f5f-9321-4c30-a5f2-d2229de6267f None None] Loaded extension: address-scope
Jun 27 04:00:46.792021 np0000003830 devstack@neutron-api.service[90506]: DEBUG neutron.api.extensions [None req-007d9f5f-9321-4c30-a5f2-d2229de6267f None None] Loading extension file: admin_state_down_before_update.py {{(pid=90506) _load_all_extensions_from_path /opt/stack/neutron/neutron/api/extensions.py:449}}
Jun 27 04:00:46.792187 np0000003830 devstack@neutron-api.service[90509]: DEBUG neutron_lib.callbacks.manager [None req-c4d37a5f-d130-4204-9922-d04fa8e4dcce None None] Subscribe: > process before_spawn 55550000, False {{(pid=90509) subscribe /opt/stack/data/venv/lib/python3.12/site-packages/neutron_lib/callbacks/manager.py:52}}
Jun 27 04:00:46.792329 np0000003830 devstack@neutron-api.service[90509]: DEBUG neutron_lib.callbacks.manager [None req-c4d37a5f-d130-4204-9922-d04fa8e4dcce None None] Subscribe: > process after_init 55550000, True {{(pid=90509) subscribe /opt/stack/data/venv/lib/python3.12/site-packages/neutron_lib/callbacks/manager.py:52}}
Jun 27 04:00:46.792458 np0000003830 devstack@neutron-api.service[90506]: DEBUG neutron.api.extensions [None req-007d9f5f-9321-4c30-a5f2-d2229de6267f None None] Ext name="Enforce Router's Admin State Down Before Update Extension" alias="router-admin-state-down-before-update" description="Ensure that the admin state of a router is DOWN (admin_state_up=False) before updating the distributed attribute" updated="2019-07-02T15:56:00" {{(pid=90506) _check_extension /opt/stack/neutron/neutron/api/extensions.py:415}}
Jun 27 04:00:46.792621 np0000003830 devstack@neutron-api.service[90509]: DEBUG neutron_lib.callbacks.manager [None req-c4d37a5f-d130-4204-9922-d04fa8e4dcce None None] Subscribe: > segment after_create 55550000, False {{(pid=90509) subscribe /opt/stack/data/venv/lib/python3.12/site-packages/neutron_lib/callbacks/manager.py:52}}
Jun 27 04:00:46.792621 np0000003830 devstack@neutron-api.service[90509]: DEBUG neutron_lib.callbacks.manager [None req-c4d37a5f-d130-4204-9922-d04fa8e4dcce None None] Subscribe: > segment after_create 55550000, False {{(pid=90509) subscribe /opt/stack/data/venv/lib/python3.12/site-packages/neutron_lib/callbacks/manager.py:52}}
Jun 27 04:00:46.792768 np0000003830 devstack@neutron-api.service[90506]: INFO neutron.api.extensions [None req-007d9f5f-9321-4c30-a5f2-d2229de6267f None None] Extension router-admin-state-down-before-update not supported by any of loaded plugins
Jun 27 04:00:46.792768 np0000003830 devstack@neutron-api.service[90506]: DEBUG neutron.api.extensions [None req-007d9f5f-9321-4c30-a5f2-d2229de6267f None None] Loading extension file: agent.py {{(pid=90506) _load_all_extensions_from_path /opt/stack/neutron/neutron/api/extensions.py:449}}
Jun 27 04:00:46.792939 np0000003830 devstack@neutron-api.service[90509]: DEBUG neutron_lib.callbacks.manager [None req-c4d37a5f-d130-4204-9922-d04fa8e4dcce None None] Subscribe: > segment after_delete 55550000, False {{(pid=90509) subscribe /opt/stack/data/venv/lib/python3.12/site-packages/neutron_lib/callbacks/manager.py:52}}
Jun 27 04:00:46.792939 np0000003830 devstack@neutron-api.service[90509]: DEBUG neutron_lib.callbacks.manager [None req-c4d37a5f-d130-4204-9922-d04fa8e4dcce None None] Subscribe: > allowed_address_pair before_create 55550000, False {{(pid=90509) subscribe /opt/stack/data/venv/lib/python3.12/site-packages/neutron_lib/callbacks/manager.py:52}}
Jun 27 04:00:46.793208 np0000003830 devstack@neutron-api.service[90509]: DEBUG neutron_lib.callbacks.manager [None req-c4d37a5f-d130-4204-9922-d04fa8e4dcce None None] Subscribe: > security_group precommit_create 55550000, False {{(pid=90509) subscribe /opt/stack/data/venv/lib/python3.12/site-packages/neutron_lib/callbacks/manager.py:52}}
Jun 27 04:00:46.793339 np0000003830 devstack@neutron-api.service[90506]: DEBUG neutron.api.extensions [None req-007d9f5f-9321-4c30-a5f2-d2229de6267f None None] Ext name="agent" alias="agent" description="The agent management extension." updated="2013-02-03T10:00:00-00:00" {{(pid=90506) _check_extension /opt/stack/neutron/neutron/api/extensions.py:415}}
Jun 27 04:00:46.794463 np0000003830 devstack@neutron-api.service[90509]: DEBUG neutron_lib.callbacks.manager [None req-c4d37a5f-d130-4204-9922-d04fa8e4dcce None None] Subscribe: > security_group after_update 55550000, False {{(pid=90509) subscribe /opt/stack/data/venv/lib/python3.12/site-packages/neutron_lib/callbacks/manager.py:52}}
Jun 27 04:00:46.794463 np0000003830 devstack@neutron-api.service[90509]: DEBUG neutron_lib.callbacks.manager [None req-c4d37a5f-d130-4204-9922-d04fa8e4dcce None None] Subscribe: > security_group after_create 55550000, False {{(pid=90509) subscribe /opt/stack/data/venv/lib/python3.12/site-packages/neutron_lib/callbacks/manager.py:52}}
Jun 27 04:00:46.794799 np0000003830 devstack@neutron-api.service[90506]: INFO neutron.api.extensions [None req-007d9f5f-9321-4c30-a5f2-d2229de6267f None None] Loaded extension: agent
Jun 27 04:00:46.795086 np0000003830 devstack@neutron-api.service[90509]: DEBUG neutron_lib.callbacks.manager [None req-c4d37a5f-d130-4204-9922-d04fa8e4dcce None None] Subscribe: > security_group precommit_delete 55550000, False {{(pid=90509) subscribe /opt/stack/data/venv/lib/python3.12/site-packages/neutron_lib/callbacks/manager.py:52}}
Jun 27 04:00:46.795322 np0000003830 devstack@neutron-api.service[90506]: DEBUG neutron.api.extensions [None req-007d9f5f-9321-4c30-a5f2-d2229de6267f None None] Loading extension file: agent_resources_synced.py {{(pid=90506) _load_all_extensions_from_path /opt/stack/neutron/neutron/api/extensions.py:449}}
Jun 27 04:00:46.795632 np0000003830 devstack@neutron-api.service[90509]: DEBUG neutron_lib.callbacks.manager [None req-c4d37a5f-d130-4204-9922-d04fa8e4dcce None None] Subscribe: > security_group after_delete 55550000, False {{(pid=90509) subscribe /opt/stack/data/venv/lib/python3.12/site-packages/neutron_lib/callbacks/manager.py:52}}
Jun 27 04:00:46.795632 np0000003830 devstack@neutron-api.service[90509]: DEBUG neutron_lib.callbacks.manager [None req-c4d37a5f-d130-4204-9922-d04fa8e4dcce None None] Subscribe: > security_group_rule precommit_create 55550000, False {{(pid=90509) subscribe /opt/stack/data/venv/lib/python3.12/site-packages/neutron_lib/callbacks/manager.py:52}}
Jun 27 04:00:46.795911 np0000003830 devstack@neutron-api.service[90506]: DEBUG neutron.api.extensions [None req-007d9f5f-9321-4c30-a5f2-d2229de6267f None None] Ext name="Agent's Resource View Synced to Placement" alias="agent-resources-synced" description="Stores success/failure of last sync to Placement" updated="2018-12-19T00:00:00-00:00" {{(pid=90506) _check_extension /opt/stack/neutron/neutron/api/extensions.py:415}}
Jun 27 04:00:46.796126 np0000003830 devstack@neutron-api.service[90509]: DEBUG neutron_lib.callbacks.manager [None req-c4d37a5f-d130-4204-9922-d04fa8e4dcce None None] Subscribe: > security_group_rule after_create 55550000, False {{(pid=90509) subscribe /opt/stack/data/venv/lib/python3.12/site-packages/neutron_lib/callbacks/manager.py:52}}
Jun 27 04:00:46.796280 np0000003830 devstack@neutron-api.service[90506]: INFO neutron.api.extensions [None req-007d9f5f-9321-4c30-a5f2-d2229de6267f None None] Extension agent-resources-synced not supported by any of loaded plugins
Jun 27 04:00:46.796801 np0000003830 devstack@neutron-api.service[90509]: DEBUG neutron_lib.callbacks.manager [None req-c4d37a5f-d130-4204-9922-d04fa8e4dcce None None] Subscribe: > security_group_rule before_delete 55550000, False {{(pid=90509) subscribe /opt/stack/data/venv/lib/python3.12/site-packages/neutron_lib/callbacks/manager.py:52}}
Jun 27 04:00:46.796940 np0000003830 devstack@neutron-api.service[90506]: DEBUG neutron.api.extensions [None req-007d9f5f-9321-4c30-a5f2-d2229de6267f None None] Loading extension file: agent_sort_key.py {{(pid=90506) _load_all_extensions_from_path /opt/stack/neutron/neutron/api/extensions.py:449}}
Jun 27 04:00:46.797102 np0000003830 devstack@neutron-api.service[90509]: DEBUG neutron_lib.callbacks.manager [None req-c4d37a5f-d130-4204-9922-d04fa8e4dcce None None] Subscribe: > address_group after_create 55550000, False {{(pid=90509) subscribe /opt/stack/data/venv/lib/python3.12/site-packages/neutron_lib/callbacks/manager.py:52}}
Jun 27 04:00:46.797102 np0000003830 devstack@neutron-api.service[90509]: DEBUG neutron_lib.callbacks.manager [None req-c4d37a5f-d130-4204-9922-d04fa8e4dcce None None] Subscribe: > address_group after_update 55550000, False {{(pid=90509) subscribe /opt/stack/data/venv/lib/python3.12/site-packages/neutron_lib/callbacks/manager.py:52}}
Jun 27 04:00:46.797102 np0000003830 devstack@neutron-api.service[90509]: DEBUG neutron_lib.callbacks.manager [None req-c4d37a5f-d130-4204-9922-d04fa8e4dcce None None] Subscribe: > address_group after_delete 55550000, False {{(pid=90509) subscribe /opt/stack/data/venv/lib/python3.12/site-packages/neutron_lib/callbacks/manager.py:52}}
Jun 27 04:00:46.797334 np0000003830 devstack@neutron-api.service[90506]: DEBUG neutron.api.extensions [None req-007d9f5f-9321-4c30-a5f2-d2229de6267f None None] Ext name="Agents Sort Key" alias="agent_sort_key" description="Enabling the keyword sort_key for sorting in agents." updated="2013-02-03T10:00:00-00:00" {{(pid=90506) _check_extension /opt/stack/neutron/neutron/api/extensions.py:415}}
Jun 27 04:00:46.797562 np0000003830 devstack@neutron-api.service[90509]: DEBUG neutron_lib.callbacks.manager [None req-c4d37a5f-d130-4204-9922-d04fa8e4dcce None None] Subscribe: > qos_plugin after_init 55550000, False {{(pid=90509) subscribe /opt/stack/data/venv/lib/python3.12/site-packages/neutron_lib/callbacks/manager.py:52}}
Jun 27 04:00:46.797764 np0000003830 devstack@neutron-api.service[90506]: INFO neutron.api.extensions [None req-007d9f5f-9321-4c30-a5f2-d2229de6267f None None] Extension agent_sort_key not supported by any of loaded plugins
Jun 27 04:00:46.797764 np0000003830 devstack@neutron-api.service[90506]: DEBUG neutron.api.extensions [None req-007d9f5f-9321-4c30-a5f2-d2229de6267f None None] Loading extension file: allowedaddresspairs.py {{(pid=90506) _load_all_extensions_from_path /opt/stack/neutron/neutron/api/extensions.py:449}}
Jun 27 04:00:46.798031 np0000003830 devstack@neutron-api.service[90509]: DEBUG neutron_lib.callbacks.manager [None req-c4d37a5f-d130-4204-9922-d04fa8e4dcce None None] Subscribe: > trunk_plugin after_init 55550000, False {{(pid=90509) subscribe /opt/stack/data/venv/lib/python3.12/site-packages/neutron_lib/callbacks/manager.py:52}}
Jun 27 04:00:46.798031 np0000003830 devstack@neutron-api.service[90509]: DEBUG neutron_lib.callbacks.manager [None req-c4d37a5f-d130-4204-9922-d04fa8e4dcce None None] Subscribe: > logging-plugin after_init 55550000, False {{(pid=90509) subscribe /opt/stack/data/venv/lib/python3.12/site-packages/neutron_lib/callbacks/manager.py:52}}
Jun 27 04:00:46.798031 np0000003830 devstack@neutron-api.service[90509]: INFO neutron.services.logapi.drivers.ovn.driver [None req-c4d37a5f-d130-4204-9922-d04fa8e4dcce None None] OVN logging driver registered
Jun 27 04:00:46.798455 np0000003830 devstack@neutron-api.service[90506]: DEBUG neutron.api.extensions [None req-007d9f5f-9321-4c30-a5f2-d2229de6267f None None] Ext name="Allowed Address Pairs" alias="allowed-address-pairs" description="Provides allowed address pairs" updated="2013-07-23T10:00:00-00:00" {{(pid=90506) _check_extension /opt/stack/neutron/neutron/api/extensions.py:415}}
Jun 27 04:00:46.798856 np0000003830 devstack@neutron-api.service[90509]: DEBUG neutron_lib.callbacks.manager [None req-c4d37a5f-d130-4204-9922-d04fa8e4dcce None None] Subscribe: ._register_pvlan_driver at 0x712d3f948f40> pvlan_plugin before_spawn 55550000, False {{(pid=90509) subscribe /opt/stack/data/venv/lib/python3.12/site-packages/neutron_lib/callbacks/manager.py:52}}
Jun 27 04:00:46.799099 np0000003830 devstack@neutron-api.service[90506]: INFO neutron.api.extensions [None req-007d9f5f-9321-4c30-a5f2-d2229de6267f None None] Loaded extension: allowed-address-pairs
Jun 27 04:00:46.799350 np0000003830 devstack@neutron-api.service[90509]: DEBUG neutron_lib.callbacks.manager [None req-c4d37a5f-d130-4204-9922-d04fa8e4dcce None None] Subscribe: process after_init 55550000, False {{(pid=90509) subscribe /opt/stack/data/venv/lib/python3.12/site-packages/neutron_lib/callbacks/manager.py:52}}
Jun 27 04:00:46.799450 np0000003830 devstack@neutron-api.service[90506]: DEBUG neutron.api.extensions [None req-007d9f5f-9321-4c30-a5f2-d2229de6267f None None] Loading extension file: auto_allocated_topology.py {{(pid=90506) _load_all_extensions_from_path /opt/stack/neutron/neutron/api/extensions.py:449}}
Jun 27 04:00:46.799450 np0000003830 devstack@neutron-api.service[90506]: DEBUG neutron.api.extensions [None req-007d9f5f-9321-4c30-a5f2-d2229de6267f None None] Ext name="Auto Allocated Topology Services" alias="auto-allocated-topology" description="Auto Allocated Topology Services." updated="2016-01-01T00:00:00-00:00" {{(pid=90506) _check_extension /opt/stack/neutron/neutron/api/extensions.py:415}}
Jun 27 04:00:46.799450 np0000003830 devstack@neutron-api.service[90506]: INFO neutron.api.extensions [None req-007d9f5f-9321-4c30-a5f2-d2229de6267f None None] Loaded extension: auto-allocated-topology
Jun 27 04:00:46.799450 np0000003830 devstack@neutron-api.service[90506]: DEBUG neutron.api.extensions [None req-007d9f5f-9321-4c30-a5f2-d2229de6267f None None] Loading extension file: availability_zone.py {{(pid=90506) _load_all_extensions_from_path /opt/stack/neutron/neutron/api/extensions.py:449}}
Jun 27 04:00:46.799450 np0000003830 devstack@neutron-api.service[90506]: DEBUG neutron.api.extensions [None req-007d9f5f-9321-4c30-a5f2-d2229de6267f None None] Ext name="Availability Zone" alias="availability_zone" description="The availability zone extension." updated="2015-01-01T10:00:00-00:00" {{(pid=90506) _check_extension /opt/stack/neutron/neutron/api/extensions.py:415}}
Jun 27 04:00:46.799450 np0000003830 devstack@neutron-api.service[90506]: INFO neutron.api.extensions [None req-007d9f5f-9321-4c30-a5f2-d2229de6267f None None] Loaded extension: availability_zone
Jun 27 04:00:46.799450 np0000003830 devstack@neutron-api.service[90506]: DEBUG neutron.api.extensions [None req-007d9f5f-9321-4c30-a5f2-d2229de6267f None None] Loading extension file: availability_zone_filter.py {{(pid=90506) _load_all_extensions_from_path /opt/stack/neutron/neutron/api/extensions.py:449}}
Jun 27 04:00:46.799710 np0000003830 devstack@neutron-api.service[90506]: DEBUG neutron.api.extensions [None req-007d9f5f-9321-4c30-a5f2-d2229de6267f None None] Ext name="Availability Zone Filter Extension" alias="availability_zone_filter" description="Add filter parameters to AvailabilityZone resource" updated="2018-06-22T10:00:00-00:00" {{(pid=90506) _check_extension /opt/stack/neutron/neutron/api/extensions.py:415}}
Jun 27 04:00:46.799710 np0000003830 devstack@neutron-api.service[90506]: INFO neutron.api.extensions [None req-007d9f5f-9321-4c30-a5f2-d2229de6267f None None] Extension availability_zone_filter not supported by any of loaded plugins
Jun 27 04:00:46.799817 np0000003830 devstack@neutron-api.service[90509]: DEBUG neutron.plugins.ml2.plugin [None req-c4d37a5f-d130-4204-9922-d04fa8e4dcce None None] neutron.plugins.ml2.plugin.Ml2Plugin method _start_rpc_notifiers called with arguments () {} {{(pid=90509) wrapper /opt/stack/data/venv/lib/python3.12/site-packages/oslo_log/helpers.py:77}}
Jun 27 04:00:46.799919 np0000003830 devstack@neutron-api.service[90506]: DEBUG neutron.api.extensions [None req-007d9f5f-9321-4c30-a5f2-d2229de6267f None None] Loading extension file: data_plane_status.py {{(pid=90506) _load_all_extensions_from_path /opt/stack/neutron/neutron/api/extensions.py:449}}
Jun 27 04:00:46.799919 np0000003830 devstack@neutron-api.service[90506]: DEBUG neutron.api.extensions [None req-007d9f5f-9321-4c30-a5f2-d2229de6267f None None] Ext name="Port data plane status extension" alias="data-plane-status" description="Expose status of underlying data plane" updated="2017-01-24T10:00:00-00:00" {{(pid=90506) _check_extension /opt/stack/neutron/neutron/api/extensions.py:415}}
Jun 27 04:00:46.800024 np0000003830 devstack@neutron-api.service[90509]: DEBUG neutron_lib.callbacks.manager [None req-c4d37a5f-d130-4204-9922-d04fa8e4dcce None None] Subscribe: > port after_create 55550000, False {{(pid=90509) subscribe /opt/stack/data/venv/lib/python3.12/site-packages/neutron_lib/callbacks/manager.py:52}}
Jun 27 04:00:46.800116 np0000003830 devstack@neutron-api.service[90506]: INFO neutron.api.extensions [None req-007d9f5f-9321-4c30-a5f2-d2229de6267f None None] Extension data-plane-status not supported by any of loaded plugins
Jun 27 04:00:46.800116 np0000003830 devstack@neutron-api.service[90506]: DEBUG neutron.api.extensions [None req-007d9f5f-9321-4c30-a5f2-d2229de6267f None None] Loading extension file: default_subnetpools.py {{(pid=90506) _load_all_extensions_from_path /opt/stack/neutron/neutron/api/extensions.py:449}}
Jun 27 04:00:46.800210 np0000003830 devstack@neutron-api.service[90509]: DEBUG neutron_lib.callbacks.manager [None req-c4d37a5f-d130-4204-9922-d04fa8e4dcce None None] Subscribe: > port after_update 55550000, False {{(pid=90509) subscribe /opt/stack/data/venv/lib/python3.12/site-packages/neutron_lib/callbacks/manager.py:52}}
Jun 27 04:00:46.800210 np0000003830 devstack@neutron-api.service[90509]: DEBUG neutron_lib.callbacks.manager [None req-c4d37a5f-d130-4204-9922-d04fa8e4dcce None None] Subscribe: > port after_delete 55550000, False {{(pid=90509) subscribe /opt/stack/data/venv/lib/python3.12/site-packages/neutron_lib/callbacks/manager.py:52}}
Jun 27 04:00:46.800317 np0000003830 devstack@neutron-api.service[90506]: DEBUG neutron.api.extensions [None req-007d9f5f-9321-4c30-a5f2-d2229de6267f None None] Ext name="Default Subnetpools" alias="default-subnetpools" description="Provides ability to mark and use a subnetpool as the default." updated="2016-02-18T18:00:00-00:00" {{(pid=90506) _check_extension /opt/stack/neutron/neutron/api/extensions.py:415}}
Jun 27 04:00:46.800396 np0000003830 devstack@neutron-api.service[90509]: DEBUG neutron_lib.callbacks.manager [None req-c4d37a5f-d130-4204-9922-d04fa8e4dcce None None] Subscribe: > subnet after_create 55550000, False {{(pid=90509) subscribe /opt/stack/data/venv/lib/python3.12/site-packages/neutron_lib/callbacks/manager.py:52}}
Jun 27 04:00:46.800514 np0000003830 devstack@neutron-api.service[90506]: INFO neutron.api.extensions [None req-007d9f5f-9321-4c30-a5f2-d2229de6267f None None] Loaded extension: default-subnetpools
Jun 27 04:00:46.800514 np0000003830 devstack@neutron-api.service[90506]: DEBUG neutron.api.extensions [None req-007d9f5f-9321-4c30-a5f2-d2229de6267f None None] Loading extension file: dhcpagentscheduler.py {{(pid=90506) _load_all_extensions_from_path /opt/stack/neutron/neutron/api/extensions.py:449}}
Jun 27 04:00:46.800729 np0000003830 devstack@neutron-api.service[90509]: DEBUG neutron_lib.callbacks.manager [None req-c4d37a5f-d130-4204-9922-d04fa8e4dcce None None] Subscribe: > subnet after_update 55550000, False {{(pid=90509) subscribe /opt/stack/data/venv/lib/python3.12/site-packages/neutron_lib/callbacks/manager.py:52}}
Jun 27 04:00:46.800729 np0000003830 devstack@neutron-api.service[90509]: DEBUG neutron_lib.callbacks.manager [None req-c4d37a5f-d130-4204-9922-d04fa8e4dcce None None] Subscribe: > subnet after_delete 55550000, False {{(pid=90509) subscribe /opt/stack/data/venv/lib/python3.12/site-packages/neutron_lib/callbacks/manager.py:52}}
Jun 27 04:00:46.800729 np0000003830 devstack@neutron-api.service[90509]: DEBUG neutron_lib.callbacks.manager [None req-c4d37a5f-d130-4204-9922-d04fa8e4dcce None None] Subscribe: > network after_create 55550000, False {{(pid=90509) subscribe /opt/stack/data/venv/lib/python3.12/site-packages/neutron_lib/callbacks/manager.py:52}}
Jun 27 04:00:46.800930 np0000003830 devstack@neutron-api.service[90506]: DEBUG neutron.api.extensions [None req-007d9f5f-9321-4c30-a5f2-d2229de6267f None None] Ext name="DHCP Agent Scheduler" alias="dhcp_agent_scheduler" description="Schedule networks among dhcp agents" updated="2013-02-07T10:00:00-00:00" {{(pid=90506) _check_extension /opt/stack/neutron/neutron/api/extensions.py:415}}
Jun 27 04:00:46.801031 np0000003830 devstack@neutron-api.service[90509]: DEBUG neutron_lib.callbacks.manager [None req-c4d37a5f-d130-4204-9922-d04fa8e4dcce None None] Subscribe: > network after_update 55550000, False {{(pid=90509) subscribe /opt/stack/data/venv/lib/python3.12/site-packages/neutron_lib/callbacks/manager.py:52}}
Jun 27 04:00:46.801142 np0000003830 devstack@neutron-api.service[90506]: INFO neutron.api.extensions [None req-007d9f5f-9321-4c30-a5f2-d2229de6267f None None] Loaded extension: dhcp_agent_scheduler
Jun 27 04:00:46.801221 np0000003830 devstack@neutron-api.service[90509]: DEBUG neutron_lib.callbacks.manager [None req-c4d37a5f-d130-4204-9922-d04fa8e4dcce None None] Subscribe: > network after_delete 55550000, False {{(pid=90509) subscribe /opt/stack/data/venv/lib/python3.12/site-packages/neutron_lib/callbacks/manager.py:52}}
Jun 27 04:00:46.801351 np0000003830 devstack@neutron-api.service[90506]: DEBUG neutron.api.extensions [None req-007d9f5f-9321-4c30-a5f2-d2229de6267f None None] Loading extension file: dns.py {{(pid=90506) _load_all_extensions_from_path /opt/stack/neutron/neutron/api/extensions.py:449}}
Jun 27 04:00:46.801434 np0000003830 devstack@neutron-api.service[90509]: DEBUG neutron_lib.callbacks.manager [None req-c4d37a5f-d130-4204-9922-d04fa8e4dcce None None] Subscribe: > security_group after_create 55550000, False {{(pid=90509) subscribe /opt/stack/data/venv/lib/python3.12/site-packages/neutron_lib/callbacks/manager.py:52}}
Jun 27 04:00:46.801542 np0000003830 devstack@neutron-api.service[90506]: DEBUG neutron.api.extensions [None req-007d9f5f-9321-4c30-a5f2-d2229de6267f None None] Ext name="DNS Integration" alias="dns-integration" description="Provides integration with DNS." updated="2015-08-15T18:00:00-00:00" {{(pid=90506) _check_extension /opt/stack/neutron/neutron/api/extensions.py:415}}
Jun 27 04:00:46.801661 np0000003830 devstack@neutron-api.service[90509]: DEBUG neutron_lib.callbacks.manager [None req-c4d37a5f-d130-4204-9922-d04fa8e4dcce None None] Subscribe: > security_group after_update 55550000, False {{(pid=90509) subscribe /opt/stack/data/venv/lib/python3.12/site-packages/neutron_lib/callbacks/manager.py:52}}
Jun 27 04:00:46.801858 np0000003830 devstack@neutron-api.service[90506]: INFO neutron.api.extensions [None req-007d9f5f-9321-4c30-a5f2-d2229de6267f None None] Loaded extension: dns-integration
Jun 27 04:00:46.801960 np0000003830 devstack@neutron-api.service[90509]: DEBUG neutron_lib.callbacks.manager [None req-c4d37a5f-d130-4204-9922-d04fa8e4dcce None None] Subscribe: > security_group after_delete 55550000, False {{(pid=90509) subscribe /opt/stack/data/venv/lib/python3.12/site-packages/neutron_lib/callbacks/manager.py:52}}
Jun 27 04:00:46.802342 np0000003830 devstack@neutron-api.service[90506]: DEBUG neutron.api.extensions [None req-007d9f5f-9321-4c30-a5f2-d2229de6267f None None] Loading extension file: dns_domain_ports.py {{(pid=90506) _load_all_extensions_from_path /opt/stack/neutron/neutron/api/extensions.py:449}}
Jun 27 04:00:46.802407 np0000003830 devstack@neutron-api.service[90509]: DEBUG neutron_lib.callbacks.manager [None req-c4d37a5f-d130-4204-9922-d04fa8e4dcce None None] Subscribe: > security_group_rule after_create 55550000, False {{(pid=90509) subscribe /opt/stack/data/venv/lib/python3.12/site-packages/neutron_lib/callbacks/manager.py:52}}
Jun 27 04:00:46.802468 np0000003830 devstack@neutron-api.service[90506]: DEBUG neutron.api.extensions [None req-007d9f5f-9321-4c30-a5f2-d2229de6267f None None] Ext name="dns_domain for ports" alias="dns-domain-ports" description="Allows the DNS domain to be specified for a network port." updated="2017-04-24T10:00:00-00:00" {{(pid=90506) _check_extension /opt/stack/neutron/neutron/api/extensions.py:415}}
Jun 27 04:00:46.802731 np0000003830 devstack@neutron-api.service[90509]: DEBUG neutron_lib.callbacks.manager [None req-c4d37a5f-d130-4204-9922-d04fa8e4dcce None None] Subscribe: > security_group_rule after_update 55550000, False {{(pid=90509) subscribe /opt/stack/data/venv/lib/python3.12/site-packages/neutron_lib/callbacks/manager.py:52}}
Jun 27 04:00:46.802731 np0000003830 devstack@neutron-api.service[90509]: DEBUG neutron_lib.callbacks.manager [None req-c4d37a5f-d130-4204-9922-d04fa8e4dcce None None] Subscribe: > security_group_rule after_delete 55550000, False {{(pid=90509) subscribe /opt/stack/data/venv/lib/python3.12/site-packages/neutron_lib/callbacks/manager.py:52}}
Jun 27 04:00:46.802824 np0000003830 devstack@neutron-api.service[90506]: INFO neutron.api.extensions [None req-007d9f5f-9321-4c30-a5f2-d2229de6267f None None] Loaded extension: dns-domain-ports
Jun 27 04:00:46.802824 np0000003830 devstack@neutron-api.service[90506]: DEBUG neutron.api.extensions [None req-007d9f5f-9321-4c30-a5f2-d2229de6267f None None] Loading extension file: dns_integration_domain_keywords.py {{(pid=90506) _load_all_extensions_from_path /opt/stack/neutron/neutron/api/extensions.py:449}}
Jun 27 04:00:46.802900 np0000003830 devstack@neutron-api.service[90509]: DEBUG neutron_lib.callbacks.manager [None req-c4d37a5f-d130-4204-9922-d04fa8e4dcce None None] Subscribe: > address_group after_create 55550000, False {{(pid=90509) subscribe /opt/stack/data/venv/lib/python3.12/site-packages/neutron_lib/callbacks/manager.py:52}}
Jun 27 04:00:46.802900 np0000003830 devstack@neutron-api.service[90509]: DEBUG neutron_lib.callbacks.manager [None req-c4d37a5f-d130-4204-9922-d04fa8e4dcce None None] Subscribe: > address_group after_update 55550000, False {{(pid=90509) subscribe /opt/stack/data/venv/lib/python3.12/site-packages/neutron_lib/callbacks/manager.py:52}}
Jun 27 04:00:46.802986 np0000003830 devstack@neutron-api.service[90506]: DEBUG neutron.api.extensions [None req-007d9f5f-9321-4c30-a5f2-d2229de6267f None None] Ext name="DNS domain names with keywords allowed" alias="dns-integration-domain-keywords" description="Allows to use keywords like , , and as DNS domain name" updated="2020-06-15T18:00:00-00:00" {{(pid=90506) _check_extension /opt/stack/neutron/neutron/api/extensions.py:415}}
Jun 27 04:00:46.803031 np0000003830 devstack@neutron-api.service[90509]: DEBUG neutron_lib.callbacks.manager [None req-c4d37a5f-d130-4204-9922-d04fa8e4dcce None None] Subscribe: > address_group after_delete 55550000, False {{(pid=90509) subscribe /opt/stack/data/venv/lib/python3.12/site-packages/neutron_lib/callbacks/manager.py:52}}
Jun 27 04:00:46.803031 np0000003830 devstack@neutron-api.service[90509]: DEBUG neutron.plugins.ml2.ovo_rpc [None req-c4d37a5f-d130-4204-9922-d04fa8e4dcce None None] ML2 OVO RPC backend initialized. {{(pid=90509) __init__ /opt/stack/neutron/neutron/plugins/ml2/ovo_rpc.py:117}}
Jun 27 04:00:46.803187 np0000003830 devstack@neutron-api.service[90506]: INFO neutron.api.extensions [None req-007d9f5f-9321-4c30-a5f2-d2229de6267f None None] Loaded extension: dns-integration-domain-keywords
Jun 27 04:00:46.803187 np0000003830 devstack@neutron-api.service[90506]: DEBUG neutron.api.extensions [None req-007d9f5f-9321-4c30-a5f2-d2229de6267f None None] Loading extension file: dvr.py {{(pid=90506) _load_all_extensions_from_path /opt/stack/neutron/neutron/api/extensions.py:449}}
Jun 27 04:00:46.803187 np0000003830 devstack@neutron-api.service[90506]: DEBUG neutron.api.extensions [None req-007d9f5f-9321-4c30-a5f2-d2229de6267f None None] Ext name="Distributed Virtual Router" alias="dvr" description="Enables configuration of Distributed Virtual Routers." updated="2014-06-1T10:00:00-00:00" {{(pid=90506) _check_extension /opt/stack/neutron/neutron/api/extensions.py:415}}
Jun 27 04:00:46.803187 np0000003830 devstack@neutron-api.service[90506]: INFO neutron.api.extensions [None req-007d9f5f-9321-4c30-a5f2-d2229de6267f None None] Extension dvr not supported by any of loaded plugins
Jun 27 04:00:46.803187 np0000003830 devstack@neutron-api.service[90506]: DEBUG neutron.api.extensions [None req-007d9f5f-9321-4c30-a5f2-d2229de6267f None None] Loading extension file: ecmp_routes.py {{(pid=90506) _load_all_extensions_from_path /opt/stack/neutron/neutron/api/extensions.py:449}}
Jun 27 04:00:46.803338 np0000003830 devstack@neutron-api.service[90506]: DEBUG neutron.api.extensions [None req-007d9f5f-9321-4c30-a5f2-d2229de6267f None None] Ext name="Equal Cost Multipath Routing" alias="ecmp_routes" description="Allows traffic to reach thesame destination via multiple different links " updated="2020-11-26T18:00:00-00:00" {{(pid=90506) _check_extension /opt/stack/neutron/neutron/api/extensions.py:415}}
Jun 27 04:00:46.803442 np0000003830 devstack@neutron-api.service[90506]: INFO neutron.api.extensions [None req-007d9f5f-9321-4c30-a5f2-d2229de6267f None None] Extension ecmp_routes not supported by any of loaded plugins
Jun 27 04:00:46.803531 np0000003830 devstack@neutron-api.service[90506]: DEBUG neutron.api.extensions [None req-007d9f5f-9321-4c30-a5f2-d2229de6267f None None] Loading extension file: empty_string_filtering.py {{(pid=90506) _load_all_extensions_from_path /opt/stack/neutron/neutron/api/extensions.py:449}}
Jun 27 04:00:46.803613 np0000003830 devstack@neutron-api.service[90509]: INFO neutron.quota [None req-c4d37a5f-d130-4204-9922-d04fa8e4dcce None None] Loaded quota_driver: .
Jun 27 04:00:46.803782 np0000003830 devstack@neutron-api.service[90506]: DEBUG neutron.api.extensions [None req-007d9f5f-9321-4c30-a5f2-d2229de6267f None None] Ext name="Empty String Filtering Extension" alias="empty-string-filtering" description="Allow filtering by attributes with empty string value" updated="2018-05-01T10:00:00-00:00" {{(pid=90506) _check_extension /opt/stack/neutron/neutron/api/extensions.py:415}}
Jun 27 04:00:46.803923 np0000003830 devstack@neutron-api.service[90509]: INFO neutron.plugins.ml2.plugin [None req-c4d37a5f-d130-4204-9922-d04fa8e4dcce None None] Modular L2 Plugin initialization complete
Jun 27 04:00:46.804048 np0000003830 devstack@neutron-api.service[90506]: INFO neutron.api.extensions [None req-007d9f5f-9321-4c30-a5f2-d2229de6267f None None] Loaded extension: empty-string-filtering
Jun 27 04:00:46.804048 np0000003830 devstack@neutron-api.service[90506]: DEBUG neutron.api.extensions [None req-007d9f5f-9321-4c30-a5f2-d2229de6267f None None] Loading extension file: evpn.py {{(pid=90506) _load_all_extensions_from_path /opt/stack/neutron/neutron/api/extensions.py:449}}
Jun 27 04:00:46.804188 np0000003830 devstack@neutron-api.service[90509]: DEBUG neutron.manager [None req-c4d37a5f-d130-4204-9922-d04fa8e4dcce None None] Loading services supported by the core plugin {{(pid=90509) _load_services_from_core_plugin /opt/stack/neutron/neutron/manager.py:167}}
Jun 27 04:00:46.804188 np0000003830 devstack@neutron-api.service[90509]: INFO neutron.plugins.ml2.managers [None req-c4d37a5f-d130-4204-9922-d04fa8e4dcce None None] Got port-security extension from driver 'port_security'
Jun 27 04:00:46.804352 np0000003830 devstack@neutron-api.service[90506]: DEBUG neutron.api.extensions [None req-007d9f5f-9321-4c30-a5f2-d2229de6267f None None] Ext name="EVPN" alias="evpn" description="Router extension to support EVPN Type-5 route advertisement" updated="2026-04-28T00:00:00-00:00" {{(pid=90506) _check_extension /opt/stack/neutron/neutron/api/extensions.py:415}}
Jun 27 04:00:46.804352 np0000003830 devstack@neutron-api.service[90506]: INFO neutron.api.extensions [None req-007d9f5f-9321-4c30-a5f2-d2229de6267f None None] Extension evpn not supported by any of loaded plugins
Jun 27 04:00:46.804486 np0000003830 devstack@neutron-api.service[90506]: DEBUG neutron.api.extensions [None req-007d9f5f-9321-4c30-a5f2-d2229de6267f None None] Loading extension file: expose_l3_conntrack_helper.py {{(pid=90506) _load_all_extensions_from_path /opt/stack/neutron/neutron/api/extensions.py:449}}
Jun 27 04:00:46.805154 np0000003830 devstack@neutron-api.service[90509]: DEBUG neutron.manager [None req-c4d37a5f-d130-4204-9922-d04fa8e4dcce None None] Loading service plugins: ['ovn-router', 'auto_allocate', 'tag', 'timestamp', 'network_ip_availability', 'flavors', 'revisions'] {{(pid=90509) _load_service_plugins /opt/stack/neutron/neutron/manager.py:192}}
Jun 27 04:00:46.805400 np0000003830 devstack@neutron-api.service[90506]: DEBUG neutron.api.extensions [None req-007d9f5f-9321-4c30-a5f2-d2229de6267f None None] Ext name="Expose CT target rules for conntrack helper" alias="expose-l3-conntrack-helper" description="Expose allow adding CT target rules for conntrack helper" updated="2019-04-04T10:00:00-00:00" {{(pid=90506) _check_extension /opt/stack/neutron/neutron/api/extensions.py:415}}
Jun 27 04:00:46.805653 np0000003830 devstack@neutron-api.service[90509]: INFO neutron.manager [None req-c4d37a5f-d130-4204-9922-d04fa8e4dcce None None] Loading Plugin: ovn-router
Jun 27 04:00:46.805841 np0000003830 devstack@neutron-api.service[90506]: INFO neutron.api.extensions [None req-007d9f5f-9321-4c30-a5f2-d2229de6267f None None] Extension expose-l3-conntrack-helper not supported by any of loaded plugins
Jun 27 04:00:46.805990 np0000003830 devstack@neutron-api.service[90507]: INFO neutron.plugins.ml2.drivers.type_vlan [None req-1e0ad8a4-8f43-40ed-8e09-e46e08272351 None None] VlanTypeDriver initialization complete
Jun 27 04:00:46.806462 np0000003830 devstack@neutron-api.service[90506]: DEBUG neutron.api.extensions [None req-007d9f5f-9321-4c30-a5f2-d2229de6267f None None] Loading extension file: expose_port_forwarding_in_fip.py {{(pid=90506) _load_all_extensions_from_path /opt/stack/neutron/neutron/api/extensions.py:449}}
Jun 27 04:00:46.806624 np0000003830 devstack@neutron-api.service[90507]: INFO neutron.plugins.ml2.managers [None req-1e0ad8a4-8f43-40ed-8e09-e46e08272351 None None] Initializing extension driver 'port_security'
Jun 27 04:00:46.806738 np0000003830 devstack@neutron-api.service[90506]: DEBUG neutron.api.extensions [None req-007d9f5f-9321-4c30-a5f2-d2229de6267f None None] Ext name="Expose Floating IP port forwardings" alias="expose-port-forwarding-in-fip" description="Expose port forwarding fields in floating IP response" updated="2018-06-28T16:00:00-00:00" {{(pid=90506) _check_extension /opt/stack/neutron/neutron/api/extensions.py:415}}
Jun 27 04:00:46.806911 np0000003830 devstack@neutron-api.service[90507]: INFO neutron.plugins.ml2.extensions.port_security [None req-1e0ad8a4-8f43-40ed-8e09-e46e08272351 None None] PortSecurityExtensionDriver initialization complete
Jun 27 04:00:46.807085 np0000003830 devstack@neutron-api.service[90506]: INFO neutron.api.extensions [None req-007d9f5f-9321-4c30-a5f2-d2229de6267f None None] Extension expose-port-forwarding-in-fip not supported by any of loaded plugins
Jun 27 04:00:46.807085 np0000003830 devstack@neutron-api.service[90506]: DEBUG neutron.api.extensions [None req-007d9f5f-9321-4c30-a5f2-d2229de6267f None None] Loading extension file: external_net.py {{(pid=90506) _load_all_extensions_from_path /opt/stack/neutron/neutron/api/extensions.py:449}}
Jun 27 04:00:46.807234 np0000003830 devstack@neutron-api.service[90507]: INFO neutron.plugins.ml2.managers [None req-1e0ad8a4-8f43-40ed-8e09-e46e08272351 None None] Initializing extension driver 'qos'
Jun 27 04:00:46.807234 np0000003830 devstack@neutron-api.service[90507]: DEBUG neutron.plugins.ml2.extensions.qos [None req-1e0ad8a4-8f43-40ed-8e09-e46e08272351 None None] QosExtensionDriver initialization complete {{(pid=90507) initialize /opt/stack/neutron/neutron/plugins/ml2/extensions/qos.py:31}}
Jun 27 04:00:46.807380 np0000003830 devstack@neutron-api.service[90506]: DEBUG neutron.api.extensions [None req-007d9f5f-9321-4c30-a5f2-d2229de6267f None None] Ext name="Neutron external network" alias="external-net" description="Adds external network attribute to network resource." updated="2013-01-14T10:00:00-00:00" {{(pid=90506) _check_extension /opt/stack/neutron/neutron/api/extensions.py:415}}
Jun 27 04:00:46.807456 np0000003830 devstack@neutron-api.service[90507]: INFO neutron.plugins.ml2.managers [None req-1e0ad8a4-8f43-40ed-8e09-e46e08272351 None None] Initializing mechanism driver 'ovn'
Jun 27 04:00:46.807545 np0000003830 devstack@neutron-api.service[90506]: INFO neutron.api.extensions [None req-007d9f5f-9321-4c30-a5f2-d2229de6267f None None] Loaded extension: external-net
Jun 27 04:00:46.807619 np0000003830 devstack@neutron-api.service[90507]: INFO neutron.plugins.ml2.drivers.ovn.mech_driver.mech_driver [None req-1e0ad8a4-8f43-40ed-8e09-e46e08272351 None None] Starting OVNMechanismDriver
Jun 27 04:00:46.807699 np0000003830 devstack@neutron-api.service[90506]: DEBUG neutron.api.extensions [None req-007d9f5f-9321-4c30-a5f2-d2229de6267f None None] Loading extension file: extra_dhcp_opt.py {{(pid=90506) _load_all_extensions_from_path /opt/stack/neutron/neutron/api/extensions.py:449}}
Jun 27 04:00:46.807699 np0000003830 devstack@neutron-api.service[90506]: DEBUG neutron.api.extensions [None req-007d9f5f-9321-4c30-a5f2-d2229de6267f None None] Ext name="Neutron Extra DHCP options" alias="extra_dhcp_opt" description="Extra options configuration for DHCP. For example PXE boot options to DHCP clients can be specified (e.g. tftp-server, server-ip-address, bootfile-name)" updated="2013-03-17T12:00:00-00:00" {{(pid=90506) _check_extension /opt/stack/neutron/neutron/api/extensions.py:415}}
Jun 27 04:00:46.807699 np0000003830 devstack@neutron-api.service[90506]: INFO neutron.api.extensions [None req-007d9f5f-9321-4c30-a5f2-d2229de6267f None None] Loaded extension: extra_dhcp_opt
Jun 27 04:00:46.807699 np0000003830 devstack@neutron-api.service[90506]: DEBUG neutron.api.extensions [None req-007d9f5f-9321-4c30-a5f2-d2229de6267f None None] Loading extension file: extraroute.py {{(pid=90506) _load_all_extensions_from_path /opt/stack/neutron/neutron/api/extensions.py:449}}
Jun 27 04:00:46.807699 np0000003830 devstack@neutron-api.service[90506]: DEBUG neutron.api.extensions [None req-007d9f5f-9321-4c30-a5f2-d2229de6267f None None] Ext name="Neutron Extra Route" alias="extraroute" description="Extra routes configuration for L3 router" updated="2013-02-01T10:00:00-00:00" {{(pid=90506) _check_extension /opt/stack/neutron/neutron/api/extensions.py:415}}
Jun 27 04:00:46.807699 np0000003830 devstack@neutron-api.service[90506]: INFO neutron.api.extensions [None req-007d9f5f-9321-4c30-a5f2-d2229de6267f None None] Loaded extension: extraroute
Jun 27 04:00:46.807699 np0000003830 devstack@neutron-api.service[90506]: DEBUG neutron.api.extensions [None req-007d9f5f-9321-4c30-a5f2-d2229de6267f None None] Loading extension file: extraroute_atomic.py {{(pid=90506) _load_all_extensions_from_path /opt/stack/neutron/neutron/api/extensions.py:449}}
Jun 27 04:00:46.808079 np0000003830 devstack@neutron-api.service[90506]: DEBUG neutron.api.extensions [None req-007d9f5f-9321-4c30-a5f2-d2229de6267f None None] Ext name="Atomically add/remove extra routes" alias="extraroute-atomic" description="Edit extra routes of a router on server side by atomically adding/removing extra routes" updated="2019-07-10T00:00:00+00:00" {{(pid=90506) _check_extension /opt/stack/neutron/neutron/api/extensions.py:415}}
Jun 27 04:00:46.808079 np0000003830 devstack@neutron-api.service[90506]: INFO neutron.api.extensions [None req-007d9f5f-9321-4c30-a5f2-d2229de6267f None None] Loaded extension: extraroute-atomic
Jun 27 04:00:46.808079 np0000003830 devstack@neutron-api.service[90506]: DEBUG neutron.api.extensions [None req-007d9f5f-9321-4c30-a5f2-d2229de6267f None None] Loading extension file: filter_validation.py {{(pid=90506) _load_all_extensions_from_path /opt/stack/neutron/neutron/api/extensions.py:449}}
Jun 27 04:00:46.808079 np0000003830 devstack@neutron-api.service[90506]: DEBUG neutron.api.extensions [None req-007d9f5f-9321-4c30-a5f2-d2229de6267f None None] Ext name="Filter parameters validation" alias="filter-validation" description="Provides validation on filter parameters." updated="2018-07-04T10:00:00-00:00" {{(pid=90506) _check_extension /opt/stack/neutron/neutron/api/extensions.py:415}}
Jun 27 04:00:46.808079 np0000003830 devstack@neutron-api.service[90506]: INFO neutron.api.extensions [None req-007d9f5f-9321-4c30-a5f2-d2229de6267f None None] Loaded extension: filter-validation
Jun 27 04:00:46.808079 np0000003830 devstack@neutron-api.service[90506]: DEBUG neutron.api.extensions [None req-007d9f5f-9321-4c30-a5f2-d2229de6267f None None] Loading extension file: fip_pf_description.py {{(pid=90506) _load_all_extensions_from_path /opt/stack/neutron/neutron/api/extensions.py:449}}
Jun 27 04:00:46.808288 np0000003830 devstack@neutron-api.service[90507]: DEBUG neutron_lib.callbacks.manager [None req-1e0ad8a4-8f43-40ed-8e09-e46e08272351 None None] Subscribe: > process before_spawn 55550000, False {{(pid=90507) subscribe /opt/stack/data/venv/lib/python3.12/site-packages/neutron_lib/callbacks/manager.py:52}}
Jun 27 04:00:46.808428 np0000003830 devstack@neutron-api.service[90506]: DEBUG neutron.api.extensions [None req-007d9f5f-9321-4c30-a5f2-d2229de6267f None None] Ext name="Floating IP Port Forwarding new attribute description" alias="floating-ip-port-forwarding-description" description="Add a description field to Port Forwarding rules" updated="2019-11-01T10:00:00-00:00" {{(pid=90506) _check_extension /opt/stack/neutron/neutron/api/extensions.py:415}}
Jun 27 04:00:46.808524 np0000003830 devstack@neutron-api.service[90507]: DEBUG neutron_lib.callbacks.manager [None req-1e0ad8a4-8f43-40ed-8e09-e46e08272351 None None] Subscribe: > process after_init 55550000, True {{(pid=90507) subscribe /opt/stack/data/venv/lib/python3.12/site-packages/neutron_lib/callbacks/manager.py:52}}
Jun 27 04:00:46.808618 np0000003830 devstack@neutron-api.service[90506]: INFO neutron.api.extensions [None req-007d9f5f-9321-4c30-a5f2-d2229de6267f None None] Extension floating-ip-port-forwarding-description not supported by any of loaded plugins
Jun 27 04:00:46.808618 np0000003830 devstack@neutron-api.service[90506]: DEBUG neutron.api.extensions [None req-007d9f5f-9321-4c30-a5f2-d2229de6267f None None] Loading extension file: fip_pf_detail.py {{(pid=90506) _load_all_extensions_from_path /opt/stack/neutron/neutron/api/extensions.py:449}}
