Jul 28 01:56:42.251802 np0000005939 devstack@c-api.service[97049]: [pid: 97049|app: 0|req: 64/188] 10.4.3.226 () {66 vars in 1342 bytes} [Tue Jul 28 01:56:42 2026] GET /volume/v3/types/2b1f72e9-4da4-40a1-bbbe-5e9880799e96 => generated 114 bytes in 19 msecs (HTTP/1.1 404) 7 headers in 292 bytes (1 switches on core 0)
Jul 28 01:56:42.267014 np0000005939 devstack@c-api.service[97051]: DEBUG cinder.api.middleware.request_id [None req-fd751894-38ad-4d5b-b2f2-a336c2959bac None None] RequestId filter calling following filter/app {{(pid=97051) _context_setter /opt/stack/cinder/cinder/api/middleware/request_id.py:62}}
Jul 28 01:56:42.270178 np0000005939 devstack@c-api.service[97050]: DEBUG cinder.coordination [req-a3efa89d-cec7-4eee-8afb-f0f7839b6d21 req-2b51adf7-76dc-4191-93b5-92cc9fc453fb tempest-TaggedAttachmentsTest-1510181746 tempest-TaggedAttachmentsTest-1510181746-project-member] Acquiring lock "cinder-attachment_update-52aac2bb-04be-4c6c-8457-12d8ee3e4a26-np0000005939" by "attachment_update" {{(pid=97050) __acquire /opt/stack/cinder/cinder/coordination.py:138}}
Jul 28 01:56:42.272443 np0000005939 devstack@c-api.service[97051]: INFO cinder.api.openstack.wsgi [None req-fd751894-38ad-4d5b-b2f2-a336c2959bac tempest-VolumeTypesTest-716543232 tempest-VolumeTypesTest-716543232-project-admin] POST https://10.4.3.226/volume/v3/types
Jul 28 01:56:42.276022 np0000005939 devstack@c-api.service[97051]: DEBUG cinder.api.openstack.wsgi [None req-fd751894-38ad-4d5b-b2f2-a336c2959bac tempest-VolumeTypesTest-716543232 tempest-VolumeTypesTest-716543232-project-admin] Action: 'create', calling method: _create, body: {"volume_type": {"name": "tempest-VolumeTypesTest-volume-type-965469745"}} {{(pid=97051) _process_stack /opt/stack/cinder/cinder/api/openstack/wsgi.py:876}}
Jul 28 01:56:42.284551 np0000005939 devstack@c-api.service[97050]: DEBUG cinder.coordination [req-a3efa89d-cec7-4eee-8afb-f0f7839b6d21 req-2b51adf7-76dc-4191-93b5-92cc9fc453fb tempest-TaggedAttachmentsTest-1510181746 tempest-TaggedAttachmentsTest-1510181746-project-member] Lock "cinder-attachment_update-52aac2bb-04be-4c6c-8457-12d8ee3e4a26-np0000005939" acquired by "attachment_update" :: waited 0.012s {{(pid=97050) __acquire /opt/stack/cinder/cinder/coordination.py:141}}
Jul 28 01:56:42.288882 np0000005939 devstack@c-api.service[97050]: /opt/stack/data/venv/lib/python3.12/site-packages/oslo_context/context.py:102: DeprecationWarning: Policy enforcement is depending on the value of is_admin. This key is deprecated. Please update your policy file to use the standard policy values.
Jul 28 01:56:42.288882 np0000005939 devstack@c-api.service[97050]: warnings.warn(
Jul 28 01:56:42.319560 np0000005939 devstack@c-api.service[97051]: INFO cinder.api.openstack.wsgi [None req-fd751894-38ad-4d5b-b2f2-a336c2959bac tempest-VolumeTypesTest-716543232 tempest-VolumeTypesTest-716543232-project-admin] https://10.4.3.226/volume/v3/types returned with HTTP 200
Jul 28 01:56:42.320349 np0000005939 devstack@c-api.service[97051]: [pid: 97051|app: 0|req: 63/189] 10.4.3.226 () {68 vars in 1252 bytes} [Tue Jul 28 01:56:42 2026] POST /volume/v3/types => generated 220 bytes in 55 msecs (HTTP/1.1 200) 7 headers in 285 bytes (1 switches on core 0)
Jul 28 01:56:42.333881 np0000005939 devstack@c-api.service[97049]: DEBUG cinder.api.middleware.request_id [None req-773e5e8a-7aaf-4126-8dc1-be2ab43421bd None None] RequestId filter calling following filter/app {{(pid=97049) _context_setter /opt/stack/cinder/cinder/api/middleware/request_id.py:62}}
Jul 28 01:56:42.337963 np0000005939 devstack@c-api.service[97049]: INFO cinder.api.openstack.wsgi [None req-773e5e8a-7aaf-4126-8dc1-be2ab43421bd tempest-VolumeTypesTest-716543232 tempest-VolumeTypesTest-716543232-project-admin] POST https://10.4.3.226/volume/v3/types/d916d813-6868-4f2e-937a-825ce1733233/encryption
Jul 28 01:56:42.338425 np0000005939 devstack@c-api.service[97049]: DEBUG cinder.api.openstack.wsgi [None req-773e5e8a-7aaf-4126-8dc1-be2ab43421bd tempest-VolumeTypesTest-716543232 tempest-VolumeTypesTest-716543232-project-admin] Action: 'create', calling method: create, body: {"encryption": {"provider": "LuksEncryptor", "key_size": 256, "cipher": "aes-xts-plain64", "control_location": "front-end"}} {{(pid=97049) _process_stack /opt/stack/cinder/cinder/api/openstack/wsgi.py:876}}
Jul 28 01:56:42.352234 np0000005939 devstack@c-api.service[97051]: DEBUG cinder.api.middleware.request_id [None req-340882fa-2385-47d0-9be0-67d3eebb0514 None None] RequestId filter calling following filter/app {{(pid=97051) _context_setter /opt/stack/cinder/cinder/api/middleware/request_id.py:62}}
Jul 28 01:56:42.353059 np0000005939 devstack@c-api.service[97051]: INFO cinder.api.openstack.wsgi [None req-340882fa-2385-47d0-9be0-67d3eebb0514 None None] GET https://10.4.3.226/volume//
Jul 28 01:56:42.353572 np0000005939 devstack@c-api.service[97051]: DEBUG cinder.api.openstack.wsgi [None req-340882fa-2385-47d0-9be0-67d3eebb0514 None None] Empty body provided in request {{(pid=97051) get_body /opt/stack/cinder/cinder/api/openstack/wsgi.py:725}}
Jul 28 01:56:42.354082 np0000005939 devstack@c-api.service[97051]: DEBUG cinder.api.openstack.wsgi [None req-340882fa-2385-47d0-9be0-67d3eebb0514 None None] Calling method 'all' {{(pid=97051) _process_stack /opt/stack/cinder/cinder/api/openstack/wsgi.py:878}}
Jul 28 01:56:42.359062 np0000005939 devstack@c-api.service[97051]: INFO cinder.api.openstack.wsgi [None req-340882fa-2385-47d0-9be0-67d3eebb0514 None None] https://10.4.3.226/volume// returned with HTTP 300
Jul 28 01:56:42.359845 np0000005939 devstack@c-api.service[97051]: [pid: 97051|app: 0|req: 64/190] 10.4.3.226 () {66 vars in 1426 bytes} [Tue Jul 28 01:56:42 2026] GET /volume/ => generated 386 bytes in 8 msecs (HTTP/1.1 300) 7 headers in 299 bytes (1 switches on core 0)
Jul 28 01:56:42.380511 np0000005939 devstack@c-api.service[97051]: DEBUG cinder.api.middleware.request_id [req-7338c6c0-b403-4488-bb92-1f9255421985 req-c2bef8fe-8115-4c77-979c-d93706cbb497 None None] RequestId filter calling following filter/app {{(pid=97051) _context_setter /opt/stack/cinder/cinder/api/middleware/request_id.py:62}}
Jul 28 01:56:42.386277 np0000005939 devstack@c-api.service[97051]: INFO cinder.api.openstack.wsgi [req-7338c6c0-b403-4488-bb92-1f9255421985 req-c2bef8fe-8115-4c77-979c-d93706cbb497 tempest-VolumesAssistedSnapshotsTest-1689504914 tempest-VolumesAssistedSnapshotsTest-1689504914-project-admin] GET https://10.4.3.226/volume/v3/volumes/b71a1834-d2db-4913-8152-d3561dc065f8
Jul 28 01:56:42.386277 np0000005939 devstack@c-api.service[97051]: DEBUG cinder.api.openstack.wsgi [req-7338c6c0-b403-4488-bb92-1f9255421985 req-c2bef8fe-8115-4c77-979c-d93706cbb497 tempest-VolumesAssistedSnapshotsTest-1689504914 tempest-VolumesAssistedSnapshotsTest-1689504914-project-admin] Empty body provided in request {{(pid=97051) get_body /opt/stack/cinder/cinder/api/openstack/wsgi.py:725}}
Jul 28 01:56:42.386572 np0000005939 devstack@c-api.service[97051]: DEBUG cinder.api.openstack.wsgi [req-7338c6c0-b403-4488-bb92-1f9255421985 req-c2bef8fe-8115-4c77-979c-d93706cbb497 tempest-VolumesAssistedSnapshotsTest-1689504914 tempest-VolumesAssistedSnapshotsTest-1689504914-project-admin] Calling method 'show' {{(pid=97051) _process_stack /opt/stack/cinder/cinder/api/openstack/wsgi.py:878}}
Jul 28 01:56:42.391130 np0000005939 devstack@c-api.service[97049]: INFO cinder.api.openstack.wsgi [None req-773e5e8a-7aaf-4126-8dc1-be2ab43421bd tempest-VolumeTypesTest-716543232 tempest-VolumeTypesTest-716543232-project-admin] https://10.4.3.226/volume/v3/types/d916d813-6868-4f2e-937a-825ce1733233/encryption returned with HTTP 200
Jul 28 01:56:42.391130 np0000005939 devstack@c-api.service[97049]: [pid: 97049|app: 0|req: 65/191] 10.4.3.226 () {68 vars in 1397 bytes} [Tue Jul 28 01:56:42 2026] POST /volume/v3/types/d916d813-6868-4f2e-937a-825ce1733233/encryption => generated 239 bytes in 58 msecs (HTTP/1.1 200) 7 headers in 285 bytes (1 switches on core 0)
Jul 28 01:56:42.408814 np0000005939 devstack@c-api.service[97049]: DEBUG cinder.api.middleware.request_id [None req-3523c168-a0d9-4bd7-8651-b327275b4828 None None] RequestId filter calling following filter/app {{(pid=97049) _context_setter /opt/stack/cinder/cinder/api/middleware/request_id.py:62}}
Jul 28 01:56:42.411785 np0000005939 devstack@c-api.service[97051]: /opt/stack/data/venv/lib/python3.12/site-packages/oslo_context/context.py:102: DeprecationWarning: Policy enforcement is depending on the value of is_admin. This key is deprecated. Please update your policy file to use the standard policy values.
Jul 28 01:56:42.411785 np0000005939 devstack@c-api.service[97051]: warnings.warn(
Jul 28 01:56:42.413379 np0000005939 devstack@c-api.service[97049]: INFO cinder.api.openstack.wsgi [None req-3523c168-a0d9-4bd7-8651-b327275b4828 tempest-VolumeTypesTest-716543232 tempest-VolumeTypesTest-716543232-project-admin] GET https://10.4.3.226/volume/v3/types/d916d813-6868-4f2e-937a-825ce1733233/encryption
Jul 28 01:56:42.414175 np0000005939 devstack@c-api.service[97049]: DEBUG cinder.api.openstack.wsgi [None req-3523c168-a0d9-4bd7-8651-b327275b4828 tempest-VolumeTypesTest-716543232 tempest-VolumeTypesTest-716543232-project-admin] Empty body provided in request {{(pid=97049) get_body /opt/stack/cinder/cinder/api/openstack/wsgi.py:725}}
Jul 28 01:56:42.415969 np0000005939 devstack@c-api.service[97049]: DEBUG cinder.api.openstack.wsgi [None req-3523c168-a0d9-4bd7-8651-b327275b4828 tempest-VolumeTypesTest-716543232 tempest-VolumeTypesTest-716543232-project-admin] Calling method 'index' {{(pid=97049) _process_stack /opt/stack/cinder/cinder/api/openstack/wsgi.py:878}}
Jul 28 01:56:42.419322 np0000005939 devstack@c-api.service[97051]: INFO cinder.volume.api [req-7338c6c0-b403-4488-bb92-1f9255421985 req-c2bef8fe-8115-4c77-979c-d93706cbb497 tempest-VolumesAssistedSnapshotsTest-1689504914 tempest-VolumesAssistedSnapshotsTest-1689504914-project-admin] Volume info retrieved successfully.
Jul 28 01:56:42.427375 np0000005939 devstack@c-api.service[97051]: INFO cinder.api.openstack.wsgi [req-7338c6c0-b403-4488-bb92-1f9255421985 req-c2bef8fe-8115-4c77-979c-d93706cbb497 tempest-VolumesAssistedSnapshotsTest-1689504914 tempest-VolumesAssistedSnapshotsTest-1689504914-project-admin] https://10.4.3.226/volume/v3/volumes/b71a1834-d2db-4913-8152-d3561dc065f8 returned with HTTP 200
Jul 28 01:56:42.427753 np0000005939 devstack@c-api.service[97049]: INFO cinder.api.openstack.wsgi [None req-3523c168-a0d9-4bd7-8651-b327275b4828 tempest-VolumeTypesTest-716543232 tempest-VolumeTypesTest-716543232-project-admin] https://10.4.3.226/volume/v3/types/d916d813-6868-4f2e-937a-825ce1733233/encryption returned with HTTP 200
Jul 28 01:56:42.427933 np0000005939 devstack@c-api.service[97051]: [pid: 97051|app: 0|req: 65/192] 10.4.3.226 () {70 vars in 1639 bytes} [Tue Jul 28 01:56:42 2026] GET /volume/v3/volumes/b71a1834-d2db-4913-8152-d3561dc065f8 => generated 1554 bytes in 50 msecs (HTTP/1.1 200) 7 headers in 287 bytes (1 switches on core 0)
Jul 28 01:56:42.428279 np0000005939 devstack@c-api.service[97049]: [pid: 97049|app: 0|req: 66/193] 10.4.3.226 () {66 vars in 1375 bytes} [Tue Jul 28 01:56:42 2026] GET /volume/v3/types/d916d813-6868-4f2e-937a-825ce1733233/encryption => generated 325 bytes in 21 msecs (HTTP/1.1 200) 7 headers in 285 bytes (2 switches on core 0)
Jul 28 01:56:42.442318 np0000005939 devstack@c-api.service[97051]: DEBUG cinder.api.middleware.request_id [None req-dbe57e20-90f2-4525-9427-cce1b9e75eeb None None] RequestId filter calling following filter/app {{(pid=97051) _context_setter /opt/stack/cinder/cinder/api/middleware/request_id.py:62}}
Jul 28 01:56:42.444951 np0000005939 devstack@c-api.service[97051]: INFO cinder.api.openstack.wsgi [None req-dbe57e20-90f2-4525-9427-cce1b9e75eeb tempest-VolumeTypesTest-716543232 tempest-VolumeTypesTest-716543232-project-admin] PUT https://10.4.3.226/volume/v3/types/d916d813-6868-4f2e-937a-825ce1733233/encryption/c06a45e0-baa7-43d5-bc91-5d0dc462da80
Jul 28 01:56:42.445139 np0000005939 devstack@c-api.service[97051]: DEBUG cinder.api.openstack.wsgi [None req-dbe57e20-90f2-4525-9427-cce1b9e75eeb tempest-VolumeTypesTest-716543232 tempest-VolumeTypesTest-716543232-project-admin] Action: 'update', calling method: update, body: {"encryption": {"key_size": 128, "provider": "SomeProvider", "cipher": "aes-xts-plain64", "control_location": "back-end"}} {{(pid=97051) _process_stack /opt/stack/cinder/cinder/api/openstack/wsgi.py:876}}
Jul 28 01:56:42.474839 np0000005939 devstack@c-api.service[97050]: DEBUG cinder.coordination [req-a3efa89d-cec7-4eee-8afb-f0f7839b6d21 req-2b51adf7-76dc-4191-93b5-92cc9fc453fb tempest-TaggedAttachmentsTest-1510181746 tempest-TaggedAttachmentsTest-1510181746-project-member] Lock "cinder-attachment_update-52aac2bb-04be-4c6c-8457-12d8ee3e4a26-np0000005939" released by "attachment_update" :: held 0.193s {{(pid=97050) __release /opt/stack/cinder/cinder/coordination.py:152}}
Jul 28 01:56:42.475325 np0000005939 devstack@c-api.service[97050]: INFO cinder.api.openstack.wsgi [req-a3efa89d-cec7-4eee-8afb-f0f7839b6d21 req-2b51adf7-76dc-4191-93b5-92cc9fc453fb tempest-TaggedAttachmentsTest-1510181746 tempest-TaggedAttachmentsTest-1510181746-project-member] https://10.4.3.226/volume/v3/attachments/64b63934-0658-4571-a17f-614b35c52af6 returned with HTTP 200
Jul 28 01:56:42.476669 np0000005939 devstack@c-api.service[97050]: [pid: 97050|app: 0|req: 63/194] 10.4.3.226 () {74 vars in 1705 bytes} [Tue Jul 28 01:56:42 2026] PUT /volume/v3/attachments/64b63934-0658-4571-a17f-614b35c52af6 => generated 535 bytes in 248 msecs (HTTP/1.1 200) 7 headers in 286 bytes (1 switches on core 0)
Jul 28 01:56:42.510462 np0000005939 devstack@c-api.service[97051]: INFO cinder.api.openstack.wsgi [None req-dbe57e20-90f2-4525-9427-cce1b9e75eeb tempest-VolumeTypesTest-716543232 tempest-VolumeTypesTest-716543232-project-admin] https://10.4.3.226/volume/v3/types/d916d813-6868-4f2e-937a-825ce1733233/encryption/c06a45e0-baa7-43d5-bc91-5d0dc462da80 returned with HTTP 200
Jul 28 01:56:42.511233 np0000005939 devstack@c-api.service[97051]: [pid: 97051|app: 0|req: 66/195] 10.4.3.226 () {68 vars in 1507 bytes} [Tue Jul 28 01:56:42 2026] PUT /volume/v3/types/d916d813-6868-4f2e-937a-825ce1733233/encryption/c06a45e0-baa7-43d5-bc91-5d0dc462da80 => generated 122 bytes in 69 msecs (HTTP/1.1 200) 7 headers in 285 bytes (1 switches on core 0)
Jul 28 01:56:42.525863 np0000005939 devstack@c-api.service[97049]: DEBUG cinder.api.middleware.request_id [None req-4c66025e-cc50-4995-84c5-dd4d63c75e14 None None] RequestId filter calling following filter/app {{(pid=97049) _context_setter /opt/stack/cinder/cinder/api/middleware/request_id.py:62}}
Jul 28 01:56:42.528868 np0000005939 devstack@c-api.service[97049]: INFO cinder.api.openstack.wsgi [None req-4c66025e-cc50-4995-84c5-dd4d63c75e14 tempest-VolumeTypesTest-716543232 tempest-VolumeTypesTest-716543232-project-admin] GET https://10.4.3.226/volume/v3/types/d916d813-6868-4f2e-937a-825ce1733233/encryption
Jul 28 01:56:42.529160 np0000005939 devstack@c-api.service[97049]: DEBUG cinder.api.openstack.wsgi [None req-4c66025e-cc50-4995-84c5-dd4d63c75e14 tempest-VolumeTypesTest-716543232 tempest-VolumeTypesTest-716543232-project-admin] Empty body provided in request {{(pid=97049) get_body /opt/stack/cinder/cinder/api/openstack/wsgi.py:725}}
Jul 28 01:56:42.529673 np0000005939 devstack@c-api.service[97049]: DEBUG cinder.api.openstack.wsgi [None req-4c66025e-cc50-4995-84c5-dd4d63c75e14 tempest-VolumeTypesTest-716543232 tempest-VolumeTypesTest-716543232-project-admin] Calling method 'index' {{(pid=97049) _process_stack /opt/stack/cinder/cinder/api/openstack/wsgi.py:878}}
Jul 28 01:56:42.543069 np0000005939 devstack@c-api.service[97049]: INFO cinder.api.openstack.wsgi [None req-4c66025e-cc50-4995-84c5-dd4d63c75e14 tempest-VolumeTypesTest-716543232 tempest-VolumeTypesTest-716543232-project-admin] https://10.4.3.226/volume/v3/types/d916d813-6868-4f2e-937a-825ce1733233/encryption returned with HTTP 200
Jul 28 01:56:42.544230 np0000005939 devstack@c-api.service[97049]: [pid: 97049|app: 0|req: 67/196] 10.4.3.226 () {66 vars in 1375 bytes} [Tue Jul 28 01:56:42 2026] GET /volume/v3/types/d916d813-6868-4f2e-937a-825ce1733233/encryption => generated 347 bytes in 18 msecs (HTTP/1.1 200) 7 headers in 285 bytes (1 switches on core 0)
Jul 28 01:56:42.556765 np0000005939 devstack@c-api.service[97050]: DEBUG cinder.api.middleware.request_id [None req-4e28c780-2dbb-4aad-8576-1fba4a460e03 None None] RequestId filter calling following filter/app {{(pid=97050) _context_setter /opt/stack/cinder/cinder/api/middleware/request_id.py:62}}
Jul 28 01:56:42.559737 np0000005939 devstack@c-api.service[97050]: INFO cinder.api.openstack.wsgi [None req-4e28c780-2dbb-4aad-8576-1fba4a460e03 tempest-VolumeTypesTest-716543232 tempest-VolumeTypesTest-716543232-project-admin] GET https://10.4.3.226/volume/v3/types/d916d813-6868-4f2e-937a-825ce1733233/encryption/cipher
Jul 28 01:56:42.560114 np0000005939 devstack@c-api.service[97050]: DEBUG cinder.api.openstack.wsgi [None req-4e28c780-2dbb-4aad-8576-1fba4a460e03 tempest-VolumeTypesTest-716543232 tempest-VolumeTypesTest-716543232-project-admin] Empty body provided in request {{(pid=97050) get_body /opt/stack/cinder/cinder/api/openstack/wsgi.py:725}}
Jul 28 01:56:42.560554 np0000005939 devstack@c-api.service[97050]: DEBUG cinder.api.openstack.wsgi [None req-4e28c780-2dbb-4aad-8576-1fba4a460e03 tempest-VolumeTypesTest-716543232 tempest-VolumeTypesTest-716543232-project-admin] Calling method 'show' {{(pid=97050) _process_stack /opt/stack/cinder/cinder/api/openstack/wsgi.py:878}}
Jul 28 01:56:42.560870 np0000005939 devstack@c-api.service[97050]: /opt/stack/data/venv/lib/python3.12/site-packages/oslo_context/context.py:102: DeprecationWarning: Policy enforcement is depending on the value of is_admin. This key is deprecated. Please update your policy file to use the standard policy values.
Jul 28 01:56:42.560870 np0000005939 devstack@c-api.service[97050]: warnings.warn(
Jul 28 01:56:42.570658 np0000005939 devstack@c-api.service[97050]: INFO cinder.api.openstack.wsgi [None req-4e28c780-2dbb-4aad-8576-1fba4a460e03 tempest-VolumeTypesTest-716543232 tempest-VolumeTypesTest-716543232-project-admin] https://10.4.3.226/volume/v3/types/d916d813-6868-4f2e-937a-825ce1733233/encryption/cipher returned with HTTP 200
Jul 28 01:56:42.571397 np0000005939 devstack@c-api.service[97050]: [pid: 97050|app: 0|req: 64/197] 10.4.3.226 () {66 vars in 1396 bytes} [Tue Jul 28 01:56:42 2026] GET /volume/v3/types/d916d813-6868-4f2e-937a-825ce1733233/encryption/cipher => generated 29 bytes in 16 msecs (HTTP/1.1 200) 7 headers in 284 bytes (1 switches on core 0)
Jul 28 01:56:42.581888 np0000005939 devstack@c-api.service[97051]: DEBUG cinder.api.middleware.request_id [None req-6bfa65e7-5a4d-45d4-8186-b5b470040ef2 None None] RequestId filter calling following filter/app {{(pid=97051) _context_setter /opt/stack/cinder/cinder/api/middleware/request_id.py:62}}
Jul 28 01:56:42.584628 np0000005939 devstack@c-api.service[97051]: INFO cinder.api.openstack.wsgi [None req-6bfa65e7-5a4d-45d4-8186-b5b470040ef2 tempest-VolumeTypesTest-716543232 tempest-VolumeTypesTest-716543232-project-admin] DELETE https://10.4.3.226/volume/v3/types/d916d813-6868-4f2e-937a-825ce1733233/encryption/c06a45e0-baa7-43d5-bc91-5d0dc462da80
Jul 28 01:56:42.584954 np0000005939 devstack@c-api.service[97051]: DEBUG cinder.api.openstack.wsgi [None req-6bfa65e7-5a4d-45d4-8186-b5b470040ef2 tempest-VolumeTypesTest-716543232 tempest-VolumeTypesTest-716543232-project-admin] Empty body provided in request {{(pid=97051) get_body /opt/stack/cinder/cinder/api/openstack/wsgi.py:725}}
Jul 28 01:56:42.585301 np0000005939 devstack@c-api.service[97051]: DEBUG cinder.api.openstack.wsgi [None req-6bfa65e7-5a4d-45d4-8186-b5b470040ef2 tempest-VolumeTypesTest-716543232 tempest-VolumeTypesTest-716543232-project-admin] Calling method 'delete' {{(pid=97051) _process_stack /opt/stack/cinder/cinder/api/openstack/wsgi.py:878}}
Jul 28 01:56:42.605795 np0000005939 devstack@c-api.service[97051]: INFO cinder.api.openstack.wsgi [None req-6bfa65e7-5a4d-45d4-8186-b5b470040ef2 tempest-VolumeTypesTest-716543232 tempest-VolumeTypesTest-716543232-project-admin] https://10.4.3.226/volume/v3/types/d916d813-6868-4f2e-937a-825ce1733233/encryption/c06a45e0-baa7-43d5-bc91-5d0dc462da80 returned with HTTP 202
Jul 28 01:56:42.606467 np0000005939 devstack@c-api.service[97051]: [pid: 97051|app: 0|req: 67/198] 10.4.3.226 () {66 vars in 1489 bytes} [Tue Jul 28 01:56:42 2026] DELETE /volume/v3/types/d916d813-6868-4f2e-937a-825ce1733233/encryption/c06a45e0-baa7-43d5-bc91-5d0dc462da80 => generated 0 bytes in 25 msecs (HTTP/1.1 202) 6 headers in 233 bytes (1 switches on core 0)
Jul 28 01:56:42.617271 np0000005939 devstack@c-api.service[97049]: DEBUG cinder.api.middleware.request_id [None req-d302fe89-ae89-40d3-ad71-5aa44ff33104 None None] RequestId filter calling following filter/app {{(pid=97049) _context_setter /opt/stack/cinder/cinder/api/middleware/request_id.py:62}}
Jul 28 01:56:42.619899 np0000005939 devstack@c-api.service[97049]: INFO cinder.api.openstack.wsgi [None req-d302fe89-ae89-40d3-ad71-5aa44ff33104 tempest-VolumeTypesTest-716543232 tempest-VolumeTypesTest-716543232-project-admin] GET https://10.4.3.226/volume/v3/types/d916d813-6868-4f2e-937a-825ce1733233/encryption
Jul 28 01:56:42.620203 np0000005939 devstack@c-api.service[97049]: DEBUG cinder.api.openstack.wsgi [None req-d302fe89-ae89-40d3-ad71-5aa44ff33104 tempest-VolumeTypesTest-716543232 tempest-VolumeTypesTest-716543232-project-admin] Empty body provided in request {{(pid=97049) get_body /opt/stack/cinder/cinder/api/openstack/wsgi.py:725}}
Jul 28 01:56:42.620537 np0000005939 devstack@c-api.service[97049]: DEBUG cinder.api.openstack.wsgi [None req-d302fe89-ae89-40d3-ad71-5aa44ff33104 tempest-VolumeTypesTest-716543232 tempest-VolumeTypesTest-716543232-project-admin] Calling method 'index' {{(pid=97049) _process_stack /opt/stack/cinder/cinder/api/openstack/wsgi.py:878}}
Jul 28 01:56:42.629251 np0000005939 devstack@c-api.service[97049]: INFO cinder.api.openstack.wsgi [None req-d302fe89-ae89-40d3-ad71-5aa44ff33104 tempest-VolumeTypesTest-716543232 tempest-VolumeTypesTest-716543232-project-admin] https://10.4.3.226/volume/v3/types/d916d813-6868-4f2e-937a-825ce1733233/encryption returned with HTTP 200
Jul 28 01:56:42.630093 np0000005939 devstack@c-api.service[97049]: [pid: 97049|app: 0|req: 68/199] 10.4.3.226 () {66 vars in 1375 bytes} [Tue Jul 28 01:56:42 2026] GET /volume/v3/types/d916d813-6868-4f2e-937a-825ce1733233/encryption => generated 2 bytes in 14 msecs (HTTP/1.1 200) 7 headers in 283 bytes (1 switches on core 0)
Jul 28 01:56:42.641966 np0000005939 devstack@c-api.service[97050]: DEBUG cinder.api.middleware.request_id [None req-01c5b207-1869-49e4-9b81-15226c7992e6 None None] RequestId filter calling following filter/app {{(pid=97050) _context_setter /opt/stack/cinder/cinder/api/middleware/request_id.py:62}}
Jul 28 01:56:42.645239 np0000005939 devstack@c-api.service[97050]: INFO cinder.api.openstack.wsgi [None req-01c5b207-1869-49e4-9b81-15226c7992e6 tempest-VolumeTypesTest-716543232 tempest-VolumeTypesTest-716543232-project-admin] GET https://10.4.3.226/volume/v3/types/d916d813-6868-4f2e-937a-825ce1733233/encryption
Jul 28 01:56:42.645637 np0000005939 devstack@c-api.service[97050]: DEBUG cinder.api.openstack.wsgi [None req-01c5b207-1869-49e4-9b81-15226c7992e6 tempest-VolumeTypesTest-716543232 tempest-VolumeTypesTest-716543232-project-admin] Empty body provided in request {{(pid=97050) get_body /opt/stack/cinder/cinder/api/openstack/wsgi.py:725}}
Jul 28 01:56:42.645943 np0000005939 devstack@c-api.service[97050]: DEBUG cinder.api.openstack.wsgi [None req-01c5b207-1869-49e4-9b81-15226c7992e6 tempest-VolumeTypesTest-716543232 tempest-VolumeTypesTest-716543232-project-admin] Calling method 'index' {{(pid=97050) _process_stack /opt/stack/cinder/cinder/api/openstack/wsgi.py:878}}
Jul 28 01:56:42.656450 np0000005939 devstack@c-api.service[97050]: INFO cinder.api.openstack.wsgi [None req-01c5b207-1869-49e4-9b81-15226c7992e6 tempest-VolumeTypesTest-716543232 tempest-VolumeTypesTest-716543232-project-admin] https://10.4.3.226/volume/v3/types/d916d813-6868-4f2e-937a-825ce1733233/encryption returned with HTTP 200
Jul 28 01:56:42.657195 np0000005939 devstack@c-api.service[97050]: [pid: 97050|app: 0|req: 65/200] 10.4.3.226 () {66 vars in 1375 bytes} [Tue Jul 28 01:56:42 2026] GET /volume/v3/types/d916d813-6868-4f2e-937a-825ce1733233/encryption => generated 2 bytes in 16 msecs (HTTP/1.1 200) 7 headers in 283 bytes (1 switches on core 0)
Jul 28 01:56:42.669155 np0000005939 devstack@c-api.service[97051]: DEBUG cinder.api.middleware.request_id [None req-1459af97-6f3a-46b8-a9df-63d40891ced1 None None] RequestId filter calling following filter/app {{(pid=97051) _context_setter /opt/stack/cinder/cinder/api/middleware/request_id.py:62}}
Jul 28 01:56:42.672566 np0000005939 devstack@c-api.service[97051]: INFO cinder.api.openstack.wsgi [None req-1459af97-6f3a-46b8-a9df-63d40891ced1 tempest-VolumeTypesTest-716543232 tempest-VolumeTypesTest-716543232-project-admin] DELETE https://10.4.3.226/volume/v3/types/d916d813-6868-4f2e-937a-825ce1733233
Jul 28 01:56:42.672566 np0000005939 devstack@c-api.service[97051]: DEBUG cinder.api.openstack.wsgi [None req-1459af97-6f3a-46b8-a9df-63d40891ced1 tempest-VolumeTypesTest-716543232 tempest-VolumeTypesTest-716543232-project-admin] Empty body provided in request {{(pid=97051) get_body /opt/stack/cinder/cinder/api/openstack/wsgi.py:725}}
Jul 28 01:56:42.672566 np0000005939 devstack@c-api.service[97051]: DEBUG cinder.api.openstack.wsgi [None req-1459af97-6f3a-46b8-a9df-63d40891ced1 tempest-VolumeTypesTest-716543232 tempest-VolumeTypesTest-716543232-project-admin] Calling method '_delete' {{(pid=97051) _process_stack /opt/stack/cinder/cinder/api/openstack/wsgi.py:878}}
Jul 28 01:56:42.734753 np0000005939 devstack@c-api.service[97051]: INFO cinder.api.openstack.wsgi [None req-1459af97-6f3a-46b8-a9df-63d40891ced1 tempest-VolumeTypesTest-716543232 tempest-VolumeTypesTest-716543232-project-admin] https://10.4.3.226/volume/v3/types/d916d813-6868-4f2e-937a-825ce1733233 returned with HTTP 202
Jul 28 01:56:42.735473 np0000005939 devstack@c-api.service[97051]: [pid: 97051|app: 0|req: 68/201] 10.4.3.226 () {66 vars in 1345 bytes} [Tue Jul 28 01:56:42 2026] DELETE /volume/v3/types/d916d813-6868-4f2e-937a-825ce1733233 => generated 0 bytes in 67 msecs (HTTP/1.1 202) 6 headers in 233 bytes (1 switches on core 0)
Jul 28 01:56:42.744704 np0000005939 devstack@c-api.service[97049]: DEBUG cinder.api.middleware.request_id [None req-97227915-9787-4c37-a596-703ed09533cc None None] RequestId filter calling following filter/app {{(pid=97049) _context_setter /opt/stack/cinder/cinder/api/middleware/request_id.py:62}}
Jul 28 01:56:42.747192 np0000005939 devstack@c-api.service[97049]: INFO cinder.api.openstack.wsgi [None req-97227915-9787-4c37-a596-703ed09533cc tempest-VolumeTypesTest-716543232 tempest-VolumeTypesTest-716543232-project-admin] GET https://10.4.3.226/volume/v3/types/d916d813-6868-4f2e-937a-825ce1733233
Jul 28 01:56:42.747485 np0000005939 devstack@c-api.service[97049]: DEBUG cinder.api.openstack.wsgi [None req-97227915-9787-4c37-a596-703ed09533cc tempest-VolumeTypesTest-716543232 tempest-VolumeTypesTest-716543232-project-admin] Empty body provided in request {{(pid=97049) get_body /opt/stack/cinder/cinder/api/openstack/wsgi.py:725}}
Jul 28 01:56:42.747808 np0000005939 devstack@c-api.service[97049]: DEBUG cinder.api.openstack.wsgi [None req-97227915-9787-4c37-a596-703ed09533cc tempest-VolumeTypesTest-716543232 tempest-VolumeTypesTest-716543232-project-admin] Calling method 'show' {{(pid=97049) _process_stack /opt/stack/cinder/cinder/api/openstack/wsgi.py:878}}
Jul 28 01:56:42.755166 np0000005939 devstack@c-api.service[97049]: INFO cinder.api.openstack.wsgi [None req-97227915-9787-4c37-a596-703ed09533cc tempest-VolumeTypesTest-716543232 tempest-VolumeTypesTest-716543232-project-admin] https://10.4.3.226/volume/v3/types/d916d813-6868-4f2e-937a-825ce1733233 returned with HTTP 404
Jul 28 01:56:42.755166 np0000005939 devstack@c-api.service[97049]: [pid: 97049|app: 0|req: 69/202] 10.4.3.226 () {66 vars in 1342 bytes} [Tue Jul 28 01:56:42 2026] GET /volume/v3/types/d916d813-6868-4f2e-937a-825ce1733233 => generated 114 bytes in 11 msecs (HTTP/1.1 404) 7 headers in 292 bytes (1 switches on core 0)
Jul 28 01:56:42.766550 np0000005939 devstack@c-api.service[97050]: DEBUG cinder.api.middleware.request_id [None req-93536f16-1e09-4b3d-91e2-7e7903fe625c None None] RequestId filter calling following filter/app {{(pid=97050) _context_setter /opt/stack/cinder/cinder/api/middleware/request_id.py:62}}
Jul 28 01:56:42.771632 np0000005939 devstack@c-api.service[97050]: INFO cinder.api.openstack.wsgi [None req-93536f16-1e09-4b3d-91e2-7e7903fe625c tempest-VolumeTypesTest-716543232 tempest-VolumeTypesTest-716543232-project-admin] GET https://10.4.3.226/volume/v3/types
Jul 28 01:56:42.772163 np0000005939 devstack@c-api.service[97050]: DEBUG cinder.api.openstack.wsgi [None req-93536f16-1e09-4b3d-91e2-7e7903fe625c tempest-VolumeTypesTest-716543232 tempest-VolumeTypesTest-716543232-project-admin] Empty body provided in request {{(pid=97050) get_body /opt/stack/cinder/cinder/api/openstack/wsgi.py:725}}
Jul 28 01:56:42.772535 np0000005939 devstack@c-api.service[97050]: DEBUG cinder.api.openstack.wsgi [None req-93536f16-1e09-4b3d-91e2-7e7903fe625c tempest-VolumeTypesTest-716543232 tempest-VolumeTypesTest-716543232-project-admin] Calling method 'index' {{(pid=97050) _process_stack /opt/stack/cinder/cinder/api/openstack/wsgi.py:878}}
Jul 28 01:56:42.790875 np0000005939 devstack@c-api.service[97050]: INFO cinder.api.openstack.wsgi [None req-93536f16-1e09-4b3d-91e2-7e7903fe625c tempest-VolumeTypesTest-716543232 tempest-VolumeTypesTest-716543232-project-admin] https://10.4.3.226/volume/v3/types returned with HTTP 200
Jul 28 01:56:42.791791 np0000005939 devstack@c-api.service[97050]: [pid: 97050|app: 0|req: 66/203] 10.4.3.226 () {66 vars in 1231 bytes} [Tue Jul 28 01:56:42 2026] GET /volume/v3/types => generated 451 bytes in 25 msecs (HTTP/1.1 200) 7 headers in 285 bytes (1 switches on core 0)
Jul 28 01:56:42.803842 np0000005939 devstack@c-api.service[97051]: DEBUG cinder.api.middleware.request_id [None req-03de059c-ac86-417e-a9d3-2282210944ce None None] RequestId filter calling following filter/app {{(pid=97051) _context_setter /opt/stack/cinder/cinder/api/middleware/request_id.py:62}}
Jul 28 01:56:42.806260 np0000005939 devstack@c-api.service[97051]: INFO cinder.api.openstack.wsgi [None req-03de059c-ac86-417e-a9d3-2282210944ce tempest-VolumeTypesTest-716543232 tempest-VolumeTypesTest-716543232-project-admin] POST https://10.4.3.226/volume/v3/types
Jul 28 01:56:42.806792 np0000005939 devstack@c-api.service[97051]: DEBUG cinder.api.openstack.wsgi [None req-03de059c-ac86-417e-a9d3-2282210944ce tempest-VolumeTypesTest-716543232 tempest-VolumeTypesTest-716543232-project-admin] Action: 'create', calling method: _create, body: {"volume_type": {"name": "tempest-VolumeTypesTest-volume-type-811637388"}} {{(pid=97051) _process_stack /opt/stack/cinder/cinder/api/openstack/wsgi.py:876}}
Jul 28 01:56:42.819835 np0000005939 devstack@c-api.service[97049]: DEBUG cinder.api.middleware.request_id [req-a3efa89d-cec7-4eee-8afb-f0f7839b6d21 req-15a4d6b6-a02f-4f36-be02-8873aef126bb None None] RequestId filter calling following filter/app {{(pid=97049) _context_setter /opt/stack/cinder/cinder/api/middleware/request_id.py:62}}
Jul 28 01:56:42.823110 np0000005939 devstack@c-api.service[97049]: INFO cinder.api.openstack.wsgi [req-a3efa89d-cec7-4eee-8afb-f0f7839b6d21 req-15a4d6b6-a02f-4f36-be02-8873aef126bb tempest-TaggedAttachmentsTest-1510181746 tempest-TaggedAttachmentsTest-1510181746-project-member] POST https://10.4.3.226/volume/v3/attachments/64b63934-0658-4571-a17f-614b35c52af6/action
Jul 28 01:56:42.823631 np0000005939 devstack@c-api.service[97049]: DEBUG cinder.api.openstack.wsgi [req-a3efa89d-cec7-4eee-8afb-f0f7839b6d21 req-15a4d6b6-a02f-4f36-be02-8873aef126bb tempest-TaggedAttachmentsTest-1510181746 tempest-TaggedAttachmentsTest-1510181746-project-member] Action body: b'{"os-complete": null}' {{(pid=97049) get_method /opt/stack/cinder/cinder/api/openstack/wsgi.py:993}}
Jul 28 01:56:42.823809 np0000005939 devstack@c-api.service[97049]: DEBUG cinder.api.openstack.wsgi [req-a3efa89d-cec7-4eee-8afb-f0f7839b6d21 req-15a4d6b6-a02f-4f36-be02-8873aef126bb tempest-TaggedAttachmentsTest-1510181746 tempest-TaggedAttachmentsTest-1510181746-project-member] Action: 'action', calling method: complete, body: {"os-complete": null} {{(pid=97049) _process_stack /opt/stack/cinder/cinder/api/openstack/wsgi.py:876}}
Jul 28 01:56:42.833912 np0000005939 devstack@c-api.service[97051]: INFO cinder.api.openstack.wsgi [None req-03de059c-ac86-417e-a9d3-2282210944ce tempest-VolumeTypesTest-716543232 tempest-VolumeTypesTest-716543232-project-admin] https://10.4.3.226/volume/v3/types returned with HTTP 200
Jul 28 01:56:42.834171 np0000005939 devstack@c-api.service[97051]: [pid: 97051|app: 0|req: 69/204] 10.4.3.226 () {68 vars in 1252 bytes} [Tue Jul 28 01:56:42 2026] POST /volume/v3/types => generated 220 bytes in 31 msecs (HTTP/1.1 200) 7 headers in 285 bytes (2 switches on core 0)
Jul 28 01:56:42.845564 np0000005939 devstack@c-api.service[97050]: DEBUG cinder.api.middleware.request_id [None req-99de2241-d1c7-41ea-b17d-9104dacc1750 None None] RequestId filter calling following filter/app {{(pid=97050) _context_setter /opt/stack/cinder/cinder/api/middleware/request_id.py:62}}
Jul 28 01:56:42.851463 np0000005939 devstack@c-api.service[97049]: /opt/stack/data/venv/lib/python3.12/site-packages/oslo_context/context.py:102: DeprecationWarning: Policy enforcement is depending on the value of is_admin. This key is deprecated. Please update your policy file to use the standard policy values.
Jul 28 01:56:42.851463 np0000005939 devstack@c-api.service[97049]: warnings.warn(
Jul 28 01:56:42.852082 np0000005939 devstack@c-api.service[97050]: INFO cinder.api.openstack.wsgi [None req-99de2241-d1c7-41ea-b17d-9104dacc1750 tempest-VolumeTypesTest-716543232 tempest-VolumeTypesTest-716543232-project-admin] PUT https://10.4.3.226/volume/v3/types/73dfce9d-e8d7-416f-aabb-ab295532946f
Jul 28 01:56:42.852621 np0000005939 devstack@c-api.service[97050]: DEBUG cinder.api.openstack.wsgi [None req-99de2241-d1c7-41ea-b17d-9104dacc1750 tempest-VolumeTypesTest-716543232 tempest-VolumeTypesTest-716543232-project-admin] Action: 'update', calling method: _update, body: {"volume_type": {"name": "tempest-volume-type-786645848", "description": "tempest-volume-type-description-1002236997", "is_public": false}} {{(pid=97050) _process_stack /opt/stack/cinder/cinder/api/openstack/wsgi.py:876}}
Jul 28 01:56:42.869043 np0000005939 devstack@c-api.service[97049]: INFO cinder.api.openstack.wsgi [req-a3efa89d-cec7-4eee-8afb-f0f7839b6d21 req-15a4d6b6-a02f-4f36-be02-8873aef126bb tempest-TaggedAttachmentsTest-1510181746 tempest-TaggedAttachmentsTest-1510181746-project-member] https://10.4.3.226/volume/v3/attachments/64b63934-0658-4571-a17f-614b35c52af6/action returned with HTTP 204
Jul 28 01:56:42.869791 np0000005939 devstack@c-api.service[97049]: [pid: 97049|app: 0|req: 70/205] 10.4.3.226 () {74 vars in 1725 bytes} [Tue Jul 28 01:56:42 2026] POST /volume/v3/attachments/64b63934-0658-4571-a17f-614b35c52af6/action => generated 0 bytes in 50 msecs (HTTP/1.1 204) 7 headers in 292 bytes (1 switches on core 0)
Jul 28 01:56:42.929979 np0000005939 devstack@c-api.service[97050]: INFO cinder.api.openstack.wsgi [None req-99de2241-d1c7-41ea-b17d-9104dacc1750 tempest-VolumeTypesTest-716543232 tempest-VolumeTypesTest-716543232-project-admin] https://10.4.3.226/volume/v3/types/73dfce9d-e8d7-416f-aabb-ab295532946f returned with HTTP 200
Jul 28 01:56:42.930626 np0000005939 devstack@c-api.service[97050]: [pid: 97050|app: 0|req: 67/206] 10.4.3.226 () {68 vars in 1363 bytes} [Tue Jul 28 01:56:42 2026] PUT /volume/v3/types/73dfce9d-e8d7-416f-aabb-ab295532946f => generated 204 bytes in 85 msecs (HTTP/1.1 200) 7 headers in 285 bytes (2 switches on core 0)
Jul 28 01:56:42.942048 np0000005939 devstack@c-api.service[97051]: DEBUG cinder.api.middleware.request_id [None req-f10ff75b-628a-4dbf-9e7d-855248921a0f None None] RequestId filter calling following filter/app {{(pid=97051) _context_setter /opt/stack/cinder/cinder/api/middleware/request_id.py:62}}
Jul 28 01:56:42.943427 np0000005939 devstack@c-api.service[97051]: INFO cinder.api.openstack.wsgi [None req-f10ff75b-628a-4dbf-9e7d-855248921a0f tempest-VolumeTypesTest-716543232 tempest-VolumeTypesTest-716543232-project-admin] GET https://10.4.3.226/volume/v3/types/73dfce9d-e8d7-416f-aabb-ab295532946f
Jul 28 01:56:42.943663 np0000005939 devstack@c-api.service[97051]: DEBUG cinder.api.openstack.wsgi [None req-f10ff75b-628a-4dbf-9e7d-855248921a0f tempest-VolumeTypesTest-716543232 tempest-VolumeTypesTest-716543232-project-admin] Empty body provided in request {{(pid=97051) get_body /opt/stack/cinder/cinder/api/openstack/wsgi.py:725}}
Jul 28 01:56:42.943870 np0000005939 devstack@c-api.service[97051]: DEBUG cinder.api.openstack.wsgi [None req-f10ff75b-628a-4dbf-9e7d-855248921a0f tempest-VolumeTypesTest-716543232 tempest-VolumeTypesTest-716543232-project-admin] Calling method 'show' {{(pid=97051) _process_stack /opt/stack/cinder/cinder/api/openstack/wsgi.py:878}}
Jul 28 01:56:42.949740 np0000005939 devstack@c-api.service[97051]: INFO cinder.api.openstack.wsgi [None req-f10ff75b-628a-4dbf-9e7d-855248921a0f tempest-VolumeTypesTest-716543232 tempest-VolumeTypesTest-716543232-project-admin] https://10.4.3.226/volume/v3/types/73dfce9d-e8d7-416f-aabb-ab295532946f returned with HTTP 200
Jul 28 01:56:42.950105 np0000005939 devstack@c-api.service[97051]: [pid: 97051|app: 0|req: 70/207] 10.4.3.226 () {66 vars in 1342 bytes} [Tue Jul 28 01:56:42 2026] GET /volume/v3/types/73dfce9d-e8d7-416f-aabb-ab295532946f => generated 268 bytes in 9 msecs (HTTP/1.1 200) 7 headers in 285 bytes (1 switches on core 0)
Jul 28 01:56:42.961887 np0000005939 devstack@c-api.service[97049]: DEBUG cinder.api.middleware.request_id [None req-af3d9948-2248-4aea-ab38-7ae2903a9e85 None None] RequestId filter calling following filter/app {{(pid=97049) _context_setter /opt/stack/cinder/cinder/api/middleware/request_id.py:62}}
Jul 28 01:56:42.964454 np0000005939 devstack@c-api.service[97049]: INFO cinder.api.openstack.wsgi [None req-af3d9948-2248-4aea-ab38-7ae2903a9e85 tempest-VolumeTypesTest-716543232 tempest-VolumeTypesTest-716543232-project-admin] DELETE https://10.4.3.226/volume/v3/types/73dfce9d-e8d7-416f-aabb-ab295532946f
Jul 28 01:56:42.964764 np0000005939 devstack@c-api.service[97049]: DEBUG cinder.api.openstack.wsgi [None req-af3d9948-2248-4aea-ab38-7ae2903a9e85 tempest-VolumeTypesTest-716543232 tempest-VolumeTypesTest-716543232-project-admin] Empty body provided in request {{(pid=97049) get_body /opt/stack/cinder/cinder/api/openstack/wsgi.py:725}}
Jul 28 01:56:42.965167 np0000005939 devstack@c-api.service[97049]: DEBUG cinder.api.openstack.wsgi [None req-af3d9948-2248-4aea-ab38-7ae2903a9e85 tempest-VolumeTypesTest-716543232 tempest-VolumeTypesTest-716543232-project-admin] Calling method '_delete' {{(pid=97049) _process_stack /opt/stack/cinder/cinder/api/openstack/wsgi.py:878}}
Jul 28 01:56:43.031574 np0000005939 devstack@c-api.service[97049]: INFO cinder.api.openstack.wsgi [None req-af3d9948-2248-4aea-ab38-7ae2903a9e85 tempest-VolumeTypesTest-716543232 tempest-VolumeTypesTest-716543232-project-admin] https://10.4.3.226/volume/v3/types/73dfce9d-e8d7-416f-aabb-ab295532946f returned with HTTP 202
Jul 28 01:56:43.031574 np0000005939 devstack@c-api.service[97049]: [pid: 97049|app: 0|req: 71/208] 10.4.3.226 () {66 vars in 1345 bytes} [Tue Jul 28 01:56:42 2026] DELETE /volume/v3/types/73dfce9d-e8d7-416f-aabb-ab295532946f => generated 0 bytes in 70 msecs (HTTP/1.1 202) 6 headers in 233 bytes (1 switches on core 0)
Jul 28 01:56:43.039267 np0000005939 devstack@c-api.service[97050]: DEBUG cinder.api.middleware.request_id [None req-6560ae32-dda0-404c-85b4-7245b94d1d35 None None] RequestId filter calling following filter/app {{(pid=97050) _context_setter /opt/stack/cinder/cinder/api/middleware/request_id.py:62}}
Jul 28 01:56:43.041784 np0000005939 devstack@c-api.service[97050]: INFO cinder.api.openstack.wsgi [None req-6560ae32-dda0-404c-85b4-7245b94d1d35 tempest-VolumeTypesTest-716543232 tempest-VolumeTypesTest-716543232-project-admin] GET https://10.4.3.226/volume/v3/types/73dfce9d-e8d7-416f-aabb-ab295532946f
Jul 28 01:56:43.042026 np0000005939 devstack@c-api.service[97050]: DEBUG cinder.api.openstack.wsgi [None req-6560ae32-dda0-404c-85b4-7245b94d1d35 tempest-VolumeTypesTest-716543232 tempest-VolumeTypesTest-716543232-project-admin] Empty body provided in request {{(pid=97050) get_body /opt/stack/cinder/cinder/api/openstack/wsgi.py:725}}
Jul 28 01:56:43.043998 np0000005939 devstack@c-api.service[97050]: DEBUG cinder.api.openstack.wsgi [None req-6560ae32-dda0-404c-85b4-7245b94d1d35 tempest-VolumeTypesTest-716543232 tempest-VolumeTypesTest-716543232-project-admin] Calling method 'show' {{(pid=97050) _process_stack /opt/stack/cinder/cinder/api/openstack/wsgi.py:878}}
Jul 28 01:56:43.052688 np0000005939 devstack@c-api.service[97050]: INFO cinder.api.openstack.wsgi [None req-6560ae32-dda0-404c-85b4-7245b94d1d35 tempest-VolumeTypesTest-716543232 tempest-VolumeTypesTest-716543232-project-admin] https://10.4.3.226/volume/v3/types/73dfce9d-e8d7-416f-aabb-ab295532946f returned with HTTP 404
Jul 28 01:56:43.053421 np0000005939 devstack@c-api.service[97050]: [pid: 97050|app: 0|req: 68/209] 10.4.3.226 () {66 vars in 1342 bytes} [Tue Jul 28 01:56:43 2026] GET /volume/v3/types/73dfce9d-e8d7-416f-aabb-ab295532946f => generated 114 bytes in 14 msecs (HTTP/1.1 404) 7 headers in 292 bytes (1 switches on core 0)
Jul 28 01:56:43.092839 np0000005939 devstack@c-api.service[97051]: DEBUG cinder.api.middleware.request_id [None req-471a7ac5-9915-4e34-a6bd-f028c443ed17 None None] RequestId filter calling following filter/app {{(pid=97051) _context_setter /opt/stack/cinder/cinder/api/middleware/request_id.py:62}}
Jul 28 01:56:43.097189 np0000005939 devstack@c-api.service[97051]: INFO cinder.api.openstack.wsgi [None req-471a7ac5-9915-4e34-a6bd-f028c443ed17 tempest-TaggedAttachmentsTest-1510181746 tempest-TaggedAttachmentsTest-1510181746-project-member] GET https://10.4.3.226/volume/v3/volumes/52aac2bb-04be-4c6c-8457-12d8ee3e4a26
Jul 28 01:56:43.097189 np0000005939 devstack@c-api.service[97051]: DEBUG cinder.api.openstack.wsgi [None req-471a7ac5-9915-4e34-a6bd-f028c443ed17 tempest-TaggedAttachmentsTest-1510181746 tempest-TaggedAttachmentsTest-1510181746-project-member] Empty body provided in request {{(pid=97051) get_body /opt/stack/cinder/cinder/api/openstack/wsgi.py:725}}
Jul 28 01:56:43.097189 np0000005939 devstack@c-api.service[97051]: DEBUG cinder.api.openstack.wsgi [None req-471a7ac5-9915-4e34-a6bd-f028c443ed17 tempest-TaggedAttachmentsTest-1510181746 tempest-TaggedAttachmentsTest-1510181746-project-member] Calling method 'show' {{(pid=97051) _process_stack /opt/stack/cinder/cinder/api/openstack/wsgi.py:878}}
Jul 28 01:56:43.111223 np0000005939 devstack@c-api.service[97051]: /opt/stack/data/venv/lib/python3.12/site-packages/oslo_context/context.py:102: DeprecationWarning: Policy enforcement is depending on the value of is_admin. This key is deprecated. Please update your policy file to use the standard policy values.
Jul 28 01:56:43.111223 np0000005939 devstack@c-api.service[97051]: warnings.warn(
Jul 28 01:56:43.116489 np0000005939 devstack@c-api.service[97051]: INFO cinder.volume.api [None req-471a7ac5-9915-4e34-a6bd-f028c443ed17 tempest-TaggedAttachmentsTest-1510181746 tempest-TaggedAttachmentsTest-1510181746-project-member] Volume info retrieved successfully.
Jul 28 01:56:43.123426 np0000005939 devstack@c-api.service[97051]: INFO cinder.api.openstack.wsgi [None req-471a7ac5-9915-4e34-a6bd-f028c443ed17 tempest-TaggedAttachmentsTest-1510181746 tempest-TaggedAttachmentsTest-1510181746-project-member] https://10.4.3.226/volume/v3/volumes/52aac2bb-04be-4c6c-8457-12d8ee3e4a26 returned with HTTP 200
Jul 28 01:56:43.123839 np0000005939 devstack@c-api.service[97051]: [pid: 97051|app: 0|req: 71/210] 10.4.3.226 () {66 vars in 1348 bytes} [Tue Jul 28 01:56:43 2026] GET /volume/v3/volumes/52aac2bb-04be-4c6c-8457-12d8ee3e4a26 => generated 1137 bytes in 32 msecs (HTTP/1.1 200) 7 headers in 286 bytes (1 switches on core 0)
Jul 28 01:56:43.144392 np0000005939 devstack@c-api.service[97049]: DEBUG cinder.api.middleware.request_id [None req-09729b52-4e6a-4b9e-8620-f15cf8e04e9c None None] RequestId filter calling following filter/app {{(pid=97049) _context_setter /opt/stack/cinder/cinder/api/middleware/request_id.py:62}}
Jul 28 01:56:43.147533 np0000005939 devstack@c-api.service[97049]: INFO cinder.api.openstack.wsgi [None req-09729b52-4e6a-4b9e-8620-f15cf8e04e9c tempest-TaggedAttachmentsTest-1510181746 tempest-TaggedAttachmentsTest-1510181746-project-member] GET https://10.4.3.226/volume/v3/volumes/52aac2bb-04be-4c6c-8457-12d8ee3e4a26
Jul 28 01:56:43.147533 np0000005939 devstack@c-api.service[97049]: DEBUG cinder.api.openstack.wsgi [None req-09729b52-4e6a-4b9e-8620-f15cf8e04e9c tempest-TaggedAttachmentsTest-1510181746 tempest-TaggedAttachmentsTest-1510181746-project-member] Empty body provided in request {{(pid=97049) get_body /opt/stack/cinder/cinder/api/openstack/wsgi.py:725}}
Jul 28 01:56:43.147533 np0000005939 devstack@c-api.service[97049]: DEBUG cinder.api.openstack.wsgi [None req-09729b52-4e6a-4b9e-8620-f15cf8e04e9c tempest-TaggedAttachmentsTest-1510181746 tempest-TaggedAttachmentsTest-1510181746-project-member] Calling method 'show' {{(pid=97049) _process_stack /opt/stack/cinder/cinder/api/openstack/wsgi.py:878}}
Jul 28 01:56:43.163051 np0000005939 devstack@c-api.service[97049]: /opt/stack/data/venv/lib/python3.12/site-packages/oslo_context/context.py:102: DeprecationWarning: Policy enforcement is depending on the value of is_admin. This key is deprecated. Please update your policy file to use the standard policy values.
Jul 28 01:56:43.163051 np0000005939 devstack@c-api.service[97049]: warnings.warn(
Jul 28 01:56:43.170719 np0000005939 devstack@c-api.service[97049]: INFO cinder.volume.api [None req-09729b52-4e6a-4b9e-8620-f15cf8e04e9c tempest-TaggedAttachmentsTest-1510181746 tempest-TaggedAttachmentsTest-1510181746-project-member] Volume info retrieved successfully.
Jul 28 01:56:43.177616 np0000005939 devstack@c-api.service[97049]: INFO cinder.api.openstack.wsgi [None req-09729b52-4e6a-4b9e-8620-f15cf8e04e9c tempest-TaggedAttachmentsTest-1510181746 tempest-TaggedAttachmentsTest-1510181746-project-member] https://10.4.3.226/volume/v3/volumes/52aac2bb-04be-4c6c-8457-12d8ee3e4a26 returned with HTTP 200
Jul 28 01:56:43.177816 np0000005939 devstack@c-api.service[97049]: [pid: 97049|app: 0|req: 72/211] 10.4.3.226 () {66 vars in 1348 bytes} [Tue Jul 28 01:56:43 2026] GET /volume/v3/volumes/52aac2bb-04be-4c6c-8457-12d8ee3e4a26 => generated 1137 bytes in 34 msecs (HTTP/1.1 200) 7 headers in 286 bytes (1 switches on core 0)
Jul 28 01:56:44.004611 np0000005939 devstack@c-api.service[97050]: DEBUG cinder.api.middleware.request_id [req-7338c6c0-b403-4488-bb92-1f9255421985 req-da84cbaa-86a7-48fe-bb79-ebf7d42a5087 None None] RequestId filter calling following filter/app {{(pid=97050) _context_setter /opt/stack/cinder/cinder/api/middleware/request_id.py:62}}
Jul 28 01:56:44.008390 np0000005939 devstack@c-api.service[97050]: INFO cinder.api.openstack.wsgi [req-7338c6c0-b403-4488-bb92-1f9255421985 req-da84cbaa-86a7-48fe-bb79-ebf7d42a5087 tempest-VolumesAssistedSnapshotsTest-1689504914 tempest-VolumesAssistedSnapshotsTest-1689504914-project-admin] DELETE https://10.4.3.226/volume/v3/attachments/247800e9-5c70-4910-9e35-1646c9fb6038
Jul 28 01:56:44.009658 np0000005939 devstack@c-api.service[97050]: DEBUG cinder.api.openstack.wsgi [req-7338c6c0-b403-4488-bb92-1f9255421985 req-da84cbaa-86a7-48fe-bb79-ebf7d42a5087 tempest-VolumesAssistedSnapshotsTest-1689504914 tempest-VolumesAssistedSnapshotsTest-1689504914-project-admin] Empty body provided in request {{(pid=97050) get_body /opt/stack/cinder/cinder/api/openstack/wsgi.py:725}}
Jul 28 01:56:44.009804 np0000005939 devstack@c-api.service[97050]: DEBUG cinder.api.openstack.wsgi [req-7338c6c0-b403-4488-bb92-1f9255421985 req-da84cbaa-86a7-48fe-bb79-ebf7d42a5087 tempest-VolumesAssistedSnapshotsTest-1689504914 tempest-VolumesAssistedSnapshotsTest-1689504914-project-admin] Calling method 'version_select' {{(pid=97050) _process_stack /opt/stack/cinder/cinder/api/openstack/wsgi.py:878}}
Jul 28 01:56:44.022524 np0000005939 devstack@c-api.service[97050]: /opt/stack/data/venv/lib/python3.12/site-packages/oslo_context/context.py:102: DeprecationWarning: Policy enforcement is depending on the value of is_admin. This key is deprecated. Please update your policy file to use the standard policy values.
Jul 28 01:56:44.022524 np0000005939 devstack@c-api.service[97050]: warnings.warn(
Jul 28 01:56:44.103050 np0000005939 devstack@c-api.service[97050]: INFO cinder.api.openstack.wsgi [req-7338c6c0-b403-4488-bb92-1f9255421985 req-da84cbaa-86a7-48fe-bb79-ebf7d42a5087 tempest-VolumesAssistedSnapshotsTest-1689504914 tempest-VolumesAssistedSnapshotsTest-1689504914-project-admin] https://10.4.3.226/volume/v3/attachments/247800e9-5c70-4910-9e35-1646c9fb6038 returned with HTTP 200
Jul 28 01:56:44.103553 np0000005939 devstack@c-api.service[97050]: [pid: 97050|app: 0|req: 69/212] 10.4.3.226 () {72 vars in 1673 bytes} [Tue Jul 28 01:56:44 2026] DELETE /volume/v3/attachments/247800e9-5c70-4910-9e35-1646c9fb6038 => generated 19 bytes in 100 msecs (HTTP/1.1 200) 7 headers in 285 bytes (1 switches on core 0)
