Jul 28 01:55:39.286021 np0000005939 devstack@g-api.service[99770]: DEBUG glance.image_cache.drivers.centralized_db [None req-087a1814-9407-4537-8c02-faf184bd4094 tempest-AttachSCSIVolumeTestJSON-1228586457 tempest-AttachSCSIVolumeTestJSON-1228586457-project-admin] Image cached successfully. {{(pid=99770) commit /opt/stack/glance/glance/image_cache/drivers/centralized_db.py:258}}
Jul 28 01:55:39.286320 np0000005939 devstack@g-api.service[99770]: [pid: 99770|app: 0|req: 10/27] 127.0.0.1 () {40 vars in 848 bytes} [Tue Jul 28 01:55:38 2026] GET /v2/images/19f5475f-93de-442f-b5c2-a43fede59fd9/file => generated 21692416 bytes in 1266 msecs (HTTP/1.1 200) 4 headers in 191 bytes (334 switches on core 0)
Jul 28 01:55:39.306389 np0000005939 devstack@g-api.service[99772]: DEBUG glance.api.middleware.version_negotiation [None req-82be2def-a0ef-4dd3-8d91-d00c64933679 tempest-AttachSCSIVolumeTestJSON-1228586457 tempest-AttachSCSIVolumeTestJSON-1228586457-project-admin] Determining version of request: GET /v2/images/19f5475f-93de-442f-b5c2-a43fede59fd9 Accept: */* {{(pid=99772) process_request /opt/stack/glance/glance/api/middleware/version_negotiation.py:44}}
Jul 28 01:55:39.306553 np0000005939 devstack@g-api.service[99772]: DEBUG glance.api.middleware.version_negotiation [None req-82be2def-a0ef-4dd3-8d91-d00c64933679 tempest-AttachSCSIVolumeTestJSON-1228586457 tempest-AttachSCSIVolumeTestJSON-1228586457-project-admin] Using url versioning {{(pid=99772) process_request /opt/stack/glance/glance/api/middleware/version_negotiation.py:57}}
Jul 28 01:55:39.306723 np0000005939 devstack@g-api.service[99772]: DEBUG glance.api.middleware.version_negotiation [None req-82be2def-a0ef-4dd3-8d91-d00c64933679 tempest-AttachSCSIVolumeTestJSON-1228586457 tempest-AttachSCSIVolumeTestJSON-1228586457-project-admin] Matched version: v2 {{(pid=99772) process_request /opt/stack/glance/glance/api/middleware/version_negotiation.py:69}}
Jul 28 01:55:39.306850 np0000005939 devstack@g-api.service[99772]: DEBUG glance.api.middleware.version_negotiation [None req-82be2def-a0ef-4dd3-8d91-d00c64933679 tempest-AttachSCSIVolumeTestJSON-1228586457 tempest-AttachSCSIVolumeTestJSON-1228586457-project-admin] new path /v2/images/19f5475f-93de-442f-b5c2-a43fede59fd9 {{(pid=99772) process_request /opt/stack/glance/glance/api/middleware/version_negotiation.py:70}}
Jul 28 01:55:39.562740 np0000005939 devstack@g-api.service[99772]: [pid: 99772|app: 0|req: 10/28] 127.0.0.1 () {44 vars in 1115 bytes} [Tue Jul 28 01:55:39 2026] GET /v2/images/19f5475f-93de-442f-b5c2-a43fede59fd9 => generated 1044 bytes in 256 msecs (HTTP/1.1 200) 4 headers in 158 bytes (1 switches on core 0)
Jul 28 01:55:39.570788 np0000005939 devstack@g-api.service[99770]: DEBUG glance.api.middleware.version_negotiation [None req-087a1814-9407-4537-8c02-faf184bd4094 tempest-AttachSCSIVolumeTestJSON-1228586457 tempest-AttachSCSIVolumeTestJSON-1228586457-project-admin] Determining version of request: GET /v2/schemas/image Accept: */* {{(pid=99770) process_request /opt/stack/glance/glance/api/middleware/version_negotiation.py:44}}
Jul 28 01:55:39.570970 np0000005939 devstack@g-api.service[99770]: DEBUG glance.api.middleware.version_negotiation [None req-087a1814-9407-4537-8c02-faf184bd4094 tempest-AttachSCSIVolumeTestJSON-1228586457 tempest-AttachSCSIVolumeTestJSON-1228586457-project-admin] Using url versioning {{(pid=99770) process_request /opt/stack/glance/glance/api/middleware/version_negotiation.py:57}}
Jul 28 01:55:39.571101 np0000005939 devstack@g-api.service[99770]: DEBUG glance.api.middleware.version_negotiation [None req-087a1814-9407-4537-8c02-faf184bd4094 tempest-AttachSCSIVolumeTestJSON-1228586457 tempest-AttachSCSIVolumeTestJSON-1228586457-project-admin] Matched version: v2 {{(pid=99770) process_request /opt/stack/glance/glance/api/middleware/version_negotiation.py:69}}
Jul 28 01:55:39.571199 np0000005939 devstack@g-api.service[99770]: DEBUG glance.api.middleware.version_negotiation [None req-087a1814-9407-4537-8c02-faf184bd4094 tempest-AttachSCSIVolumeTestJSON-1228586457 tempest-AttachSCSIVolumeTestJSON-1228586457-project-admin] new path /v2/schemas/image {{(pid=99770) process_request /opt/stack/glance/glance/api/middleware/version_negotiation.py:70}}
Jul 28 01:55:39.574232 np0000005939 devstack@g-api.service[99770]: [pid: 99770|app: 0|req: 11/29] 127.0.0.1 () {44 vars in 1055 bytes} [Tue Jul 28 01:55:39 2026] GET /v2/schemas/image => generated 6083 bytes in 3 msecs (HTTP/1.1 200) 4 headers in 158 bytes (1 switches on core 0)
Jul 28 01:55:39.581899 np0000005939 devstack@g-api.service[99772]: DEBUG glance.api.middleware.version_negotiation [None req-18881199-82e6-493f-9618-3a106a01a1f8 tempest-TaggedBootDevicesTest_v242-265890612 tempest-TaggedBootDevicesTest_v242-265890612-project-member] Determining version of request: GET /v2/schemas/image Accept: */* {{(pid=99772) process_request /opt/stack/glance/glance/api/middleware/version_negotiation.py:44}}
Jul 28 01:55:39.582176 np0000005939 devstack@g-api.service[99772]: DEBUG glance.api.middleware.version_negotiation [None req-18881199-82e6-493f-9618-3a106a01a1f8 tempest-TaggedBootDevicesTest_v242-265890612 tempest-TaggedBootDevicesTest_v242-265890612-project-member] Using url versioning {{(pid=99772) process_request /opt/stack/glance/glance/api/middleware/version_negotiation.py:57}}
Jul 28 01:55:39.582930 np0000005939 devstack@g-api.service[99772]: DEBUG glance.api.middleware.version_negotiation [None req-18881199-82e6-493f-9618-3a106a01a1f8 tempest-TaggedBootDevicesTest_v242-265890612 tempest-TaggedBootDevicesTest_v242-265890612-project-member] Matched version: v2 {{(pid=99772) process_request /opt/stack/glance/glance/api/middleware/version_negotiation.py:69}}
Jul 28 01:55:39.582930 np0000005939 devstack@g-api.service[99772]: DEBUG glance.api.middleware.version_negotiation [None req-18881199-82e6-493f-9618-3a106a01a1f8 tempest-TaggedBootDevicesTest_v242-265890612 tempest-TaggedBootDevicesTest_v242-265890612-project-member] new path /v2/schemas/image {{(pid=99772) process_request /opt/stack/glance/glance/api/middleware/version_negotiation.py:70}}
Jul 28 01:55:39.585456 np0000005939 devstack@g-api.service[99772]: [pid: 99772|app: 0|req: 11/30] 127.0.0.1 () {44 vars in 1055 bytes} [Tue Jul 28 01:55:39 2026] GET /v2/schemas/image => generated 6083 bytes in 4 msecs (HTTP/1.1 200) 4 headers in 158 bytes (1 switches on core 0)
Jul 28 01:55:39.592859 np0000005939 devstack@g-api.service[99770]: DEBUG glance.api.middleware.version_negotiation [None req-18881199-82e6-493f-9618-3a106a01a1f8 tempest-TaggedBootDevicesTest_v242-265890612 tempest-TaggedBootDevicesTest_v242-265890612-project-member] Determining version of request: GET /v2/images/19f5475f-93de-442f-b5c2-a43fede59fd9 Accept: */* {{(pid=99770) process_request /opt/stack/glance/glance/api/middleware/version_negotiation.py:44}}
Jul 28 01:55:39.592993 np0000005939 devstack@g-api.service[99770]: DEBUG glance.api.middleware.version_negotiation [None req-18881199-82e6-493f-9618-3a106a01a1f8 tempest-TaggedBootDevicesTest_v242-265890612 tempest-TaggedBootDevicesTest_v242-265890612-project-member] Using url versioning {{(pid=99770) process_request /opt/stack/glance/glance/api/middleware/version_negotiation.py:57}}
Jul 28 01:55:39.593115 np0000005939 devstack@g-api.service[99770]: DEBUG glance.api.middleware.version_negotiation [None req-18881199-82e6-493f-9618-3a106a01a1f8 tempest-TaggedBootDevicesTest_v242-265890612 tempest-TaggedBootDevicesTest_v242-265890612-project-member] Matched version: v2 {{(pid=99770) process_request /opt/stack/glance/glance/api/middleware/version_negotiation.py:69}}
Jul 28 01:55:39.593209 np0000005939 devstack@g-api.service[99770]: DEBUG glance.api.middleware.version_negotiation [None req-18881199-82e6-493f-9618-3a106a01a1f8 tempest-TaggedBootDevicesTest_v242-265890612 tempest-TaggedBootDevicesTest_v242-265890612-project-member] new path /v2/images/19f5475f-93de-442f-b5c2-a43fede59fd9 {{(pid=99770) process_request /opt/stack/glance/glance/api/middleware/version_negotiation.py:70}}
Jul 28 01:55:39.603813 np0000005939 devstack@g-api.service[99770]: [pid: 99770|app: 0|req: 12/31] 127.0.0.1 () {44 vars in 1115 bytes} [Tue Jul 28 01:55:39 2026] GET /v2/images/19f5475f-93de-442f-b5c2-a43fede59fd9 => generated 1044 bytes in 11 msecs (HTTP/1.1 200) 4 headers in 158 bytes (1 switches on core 0)
Jul 28 01:55:39.613171 np0000005939 devstack@g-api.service[99772]: DEBUG glance.api.middleware.version_negotiation [None req-18881199-82e6-493f-9618-3a106a01a1f8 tempest-TaggedBootDevicesTest_v242-265890612 tempest-TaggedBootDevicesTest_v242-265890612-project-member] Determining version of request: GET /v2/schemas/image Accept: */* {{(pid=99772) process_request /opt/stack/glance/glance/api/middleware/version_negotiation.py:44}}
Jul 28 01:55:39.613744 np0000005939 devstack@g-api.service[99772]: DEBUG glance.api.middleware.version_negotiation [None req-18881199-82e6-493f-9618-3a106a01a1f8 tempest-TaggedBootDevicesTest_v242-265890612 tempest-TaggedBootDevicesTest_v242-265890612-project-member] Using url versioning {{(pid=99772) process_request /opt/stack/glance/glance/api/middleware/version_negotiation.py:57}}
Jul 28 01:55:39.613994 np0000005939 devstack@g-api.service[99772]: DEBUG glance.api.middleware.version_negotiation [None req-18881199-82e6-493f-9618-3a106a01a1f8 tempest-TaggedBootDevicesTest_v242-265890612 tempest-TaggedBootDevicesTest_v242-265890612-project-member] Matched version: v2 {{(pid=99772) process_request /opt/stack/glance/glance/api/middleware/version_negotiation.py:69}}
Jul 28 01:55:39.616219 np0000005939 devstack@g-api.service[99772]: DEBUG glance.api.middleware.version_negotiation [None req-18881199-82e6-493f-9618-3a106a01a1f8 tempest-TaggedBootDevicesTest_v242-265890612 tempest-TaggedBootDevicesTest_v242-265890612-project-member] new path /v2/schemas/image {{(pid=99772) process_request /opt/stack/glance/glance/api/middleware/version_negotiation.py:70}}
Jul 28 01:55:39.621629 np0000005939 devstack@g-api.service[99772]: [pid: 99772|app: 0|req: 12/32] 127.0.0.1 () {44 vars in 1055 bytes} [Tue Jul 28 01:55:39 2026] GET /v2/schemas/image => generated 6083 bytes in 8 msecs (HTTP/1.1 200) 4 headers in 158 bytes (1 switches on core 0)
Jul 28 01:55:39.630539 np0000005939 devstack@g-api.service[99770]: DEBUG glance.api.middleware.version_negotiation [None req-18881199-82e6-493f-9618-3a106a01a1f8 tempest-TaggedBootDevicesTest_v242-265890612 tempest-TaggedBootDevicesTest_v242-265890612-project-member] Determining version of request: GET /v2/schemas/image Accept: */* {{(pid=99770) process_request /opt/stack/glance/glance/api/middleware/version_negotiation.py:44}}
Jul 28 01:55:39.630539 np0000005939 devstack@g-api.service[99770]: DEBUG glance.api.middleware.version_negotiation [None req-18881199-82e6-493f-9618-3a106a01a1f8 tempest-TaggedBootDevicesTest_v242-265890612 tempest-TaggedBootDevicesTest_v242-265890612-project-member] Using url versioning {{(pid=99770) process_request /opt/stack/glance/glance/api/middleware/version_negotiation.py:57}}
Jul 28 01:55:39.630717 np0000005939 devstack@g-api.service[99770]: DEBUG glance.api.middleware.version_negotiation [None req-18881199-82e6-493f-9618-3a106a01a1f8 tempest-TaggedBootDevicesTest_v242-265890612 tempest-TaggedBootDevicesTest_v242-265890612-project-member] Matched version: v2 {{(pid=99770) process_request /opt/stack/glance/glance/api/middleware/version_negotiation.py:69}}
Jul 28 01:55:39.630774 np0000005939 devstack@g-api.service[99770]: DEBUG glance.api.middleware.version_negotiation [None req-18881199-82e6-493f-9618-3a106a01a1f8 tempest-TaggedBootDevicesTest_v242-265890612 tempest-TaggedBootDevicesTest_v242-265890612-project-member] new path /v2/schemas/image {{(pid=99770) process_request /opt/stack/glance/glance/api/middleware/version_negotiation.py:70}}
Jul 28 01:55:39.633535 np0000005939 devstack@g-api.service[99770]: [pid: 99770|app: 0|req: 13/33] 127.0.0.1 () {44 vars in 1055 bytes} [Tue Jul 28 01:55:39 2026] GET /v2/schemas/image => generated 6083 bytes in 3 msecs (HTTP/1.1 200) 4 headers in 158 bytes (1 switches on core 0)
Jul 28 01:55:39.694018 np0000005939 devstack@g-api.service[99772]: DEBUG glance.api.middleware.version_negotiation [None req-18881199-82e6-493f-9618-3a106a01a1f8 tempest-TaggedBootDevicesTest_v242-265890612 tempest-TaggedBootDevicesTest_v242-265890612-project-member] Determining version of request: GET /v2/images/19f5475f-93de-442f-b5c2-a43fede59fd9 Accept: */* {{(pid=99772) process_request /opt/stack/glance/glance/api/middleware/version_negotiation.py:44}}
Jul 28 01:55:39.694442 np0000005939 devstack@g-api.service[99772]: DEBUG glance.api.middleware.version_negotiation [None req-18881199-82e6-493f-9618-3a106a01a1f8 tempest-TaggedBootDevicesTest_v242-265890612 tempest-TaggedBootDevicesTest_v242-265890612-project-member] Using url versioning {{(pid=99772) process_request /opt/stack/glance/glance/api/middleware/version_negotiation.py:57}}
Jul 28 01:55:39.694578 np0000005939 devstack@g-api.service[99772]: DEBUG glance.api.middleware.version_negotiation [None req-18881199-82e6-493f-9618-3a106a01a1f8 tempest-TaggedBootDevicesTest_v242-265890612 tempest-TaggedBootDevicesTest_v242-265890612-project-member] Matched version: v2 {{(pid=99772) process_request /opt/stack/glance/glance/api/middleware/version_negotiation.py:69}}
Jul 28 01:55:39.694628 np0000005939 devstack@g-api.service[99772]: DEBUG glance.api.middleware.version_negotiation [None req-18881199-82e6-493f-9618-3a106a01a1f8 tempest-TaggedBootDevicesTest_v242-265890612 tempest-TaggedBootDevicesTest_v242-265890612-project-member] new path /v2/images/19f5475f-93de-442f-b5c2-a43fede59fd9 {{(pid=99772) process_request /opt/stack/glance/glance/api/middleware/version_negotiation.py:70}}
Jul 28 01:55:39.713500 np0000005939 devstack@g-api.service[99772]: [pid: 99772|app: 0|req: 13/34] 127.0.0.1 () {44 vars in 1115 bytes} [Tue Jul 28 01:55:39 2026] GET /v2/images/19f5475f-93de-442f-b5c2-a43fede59fd9 => generated 1044 bytes in 21 msecs (HTTP/1.1 200) 4 headers in 158 bytes (1 switches on core 0)
Jul 28 01:55:39.724850 np0000005939 devstack@g-api.service[99770]: DEBUG glance.api.middleware.version_negotiation [None req-18881199-82e6-493f-9618-3a106a01a1f8 tempest-TaggedBootDevicesTest_v242-265890612 tempest-TaggedBootDevicesTest_v242-265890612-project-member] Determining version of request: GET /v2/schemas/image Accept: */* {{(pid=99770) process_request /opt/stack/glance/glance/api/middleware/version_negotiation.py:44}}
Jul 28 01:55:39.724850 np0000005939 devstack@g-api.service[99770]: DEBUG glance.api.middleware.version_negotiation [None req-18881199-82e6-493f-9618-3a106a01a1f8 tempest-TaggedBootDevicesTest_v242-265890612 tempest-TaggedBootDevicesTest_v242-265890612-project-member] Using url versioning {{(pid=99770) process_request /opt/stack/glance/glance/api/middleware/version_negotiation.py:57}}
Jul 28 01:55:39.724850 np0000005939 devstack@g-api.service[99770]: DEBUG glance.api.middleware.version_negotiation [None req-18881199-82e6-493f-9618-3a106a01a1f8 tempest-TaggedBootDevicesTest_v242-265890612 tempest-TaggedBootDevicesTest_v242-265890612-project-member] Matched version: v2 {{(pid=99770) process_request /opt/stack/glance/glance/api/middleware/version_negotiation.py:69}}
Jul 28 01:55:39.724850 np0000005939 devstack@g-api.service[99770]: DEBUG glance.api.middleware.version_negotiation [None req-18881199-82e6-493f-9618-3a106a01a1f8 tempest-TaggedBootDevicesTest_v242-265890612 tempest-TaggedBootDevicesTest_v242-265890612-project-member] new path /v2/schemas/image {{(pid=99770) process_request /opt/stack/glance/glance/api/middleware/version_negotiation.py:70}}
Jul 28 01:55:39.728081 np0000005939 devstack@g-api.service[99770]: [pid: 99770|app: 0|req: 14/35] 127.0.0.1 () {44 vars in 1055 bytes} [Tue Jul 28 01:55:39 2026] GET /v2/schemas/image => generated 6083 bytes in 4 msecs (HTTP/1.1 200) 4 headers in 158 bytes (1 switches on core 0)
Jul 28 01:55:39.737413 np0000005939 devstack@g-api.service[99772]: DEBUG glance.api.middleware.version_negotiation [None req-18881199-82e6-493f-9618-3a106a01a1f8 tempest-TaggedBootDevicesTest_v242-265890612 tempest-TaggedBootDevicesTest_v242-265890612-project-member] Determining version of request: GET /v2/schemas/image Accept: */* {{(pid=99772) process_request /opt/stack/glance/glance/api/middleware/version_negotiation.py:44}}
Jul 28 01:55:39.737573 np0000005939 devstack@g-api.service[99772]: DEBUG glance.api.middleware.version_negotiation [None req-18881199-82e6-493f-9618-3a106a01a1f8 tempest-TaggedBootDevicesTest_v242-265890612 tempest-TaggedBootDevicesTest_v242-265890612-project-member] Using url versioning {{(pid=99772) process_request /opt/stack/glance/glance/api/middleware/version_negotiation.py:57}}
Jul 28 01:55:39.737706 np0000005939 devstack@g-api.service[99772]: DEBUG glance.api.middleware.version_negotiation [None req-18881199-82e6-493f-9618-3a106a01a1f8 tempest-TaggedBootDevicesTest_v242-265890612 tempest-TaggedBootDevicesTest_v242-265890612-project-member] Matched version: v2 {{(pid=99772) process_request /opt/stack/glance/glance/api/middleware/version_negotiation.py:69}}
Jul 28 01:55:39.737822 np0000005939 devstack@g-api.service[99772]: DEBUG glance.api.middleware.version_negotiation [None req-18881199-82e6-493f-9618-3a106a01a1f8 tempest-TaggedBootDevicesTest_v242-265890612 tempest-TaggedBootDevicesTest_v242-265890612-project-member] new path /v2/schemas/image {{(pid=99772) process_request /opt/stack/glance/glance/api/middleware/version_negotiation.py:70}}
Jul 28 01:55:39.741725 np0000005939 devstack@g-api.service[99772]: [pid: 99772|app: 0|req: 14/36] 127.0.0.1 () {44 vars in 1055 bytes} [Tue Jul 28 01:55:39 2026] GET /v2/schemas/image => generated 6083 bytes in 4 msecs (HTTP/1.1 200) 4 headers in 158 bytes (1 switches on core 0)
Jul 28 01:55:39.877080 np0000005939 devstack@g-api.service[99771]: INFO glance.api.v2.image_data [None req-52d38a80-a6d9-44f9-8165-b24f7ff82ce8 tempest-AttachSCSIVolumeTestJSON-1228586457 tempest-AttachSCSIVolumeTestJSON-1228586457-project-admin] Unable to create trust: no such option collect_timing in group [keystone_authtoken] Use the existing user token.
Jul 28 01:55:40.503506 np0000005939 devstack@g-api.service[99770]: DEBUG glance.api.middleware.version_negotiation [None req-18881199-82e6-493f-9618-3a106a01a1f8 tempest-TaggedBootDevicesTest_v242-265890612 tempest-TaggedBootDevicesTest_v242-265890612-project-member] Determining version of request: GET /versions Accept: */* {{(pid=99770) process_request /opt/stack/glance/glance/api/middleware/version_negotiation.py:44}}
Jul 28 01:55:40.504047 np0000005939 devstack@g-api.service[99770]: [pid: 99770|app: 0|req: 15/37] 127.0.0.1 () {44 vars in 1039 bytes} [Tue Jul 28 01:55:40 2026] GET /versions => generated 1515 bytes in 1 msecs (HTTP/1.1 200) 3 headers in 92 bytes (1 switches on core 0)
Jul 28 01:55:40.509497 np0000005939 devstack@g-api.service[99771]: DEBUG glance.location [None req-52d38a80-a6d9-44f9-8165-b24f7ff82ce8 tempest-AttachSCSIVolumeTestJSON-1228586457 tempest-AttachSCSIVolumeTestJSON-1228586457-project-admin] Enabling in-flight format inspection for qcow2 {{(pid=99771) set_data /opt/stack/glance/glance/location.py:596}}
Jul 28 01:55:40.510044 np0000005939 devstack@g-api.service[99771]: DEBUG glance_store.backend [None req-52d38a80-a6d9-44f9-8165-b24f7ff82ce8 tempest-AttachSCSIVolumeTestJSON-1228586457 tempest-AttachSCSIVolumeTestJSON-1228586457-project-admin] Attempting to import store swift {{(pid=99771) _load_store /opt/stack/data/venv/lib/python3.12/site-packages/glance_store/backend.py:215}}
Jul 28 01:55:40.512614 np0000005939 devstack@g-api.service[99772]: DEBUG glance.api.middleware.version_negotiation [None req-18881199-82e6-493f-9618-3a106a01a1f8 tempest-TaggedBootDevicesTest_v242-265890612 tempest-TaggedBootDevicesTest_v242-265890612-project-member] Determining version of request: GET /v2/images/19f5475f-93de-442f-b5c2-a43fede59fd9/locations Accept: */* {{(pid=99772) process_request /opt/stack/glance/glance/api/middleware/version_negotiation.py:44}}
Jul 28 01:55:40.516306 np0000005939 devstack@g-api.service[99772]: DEBUG glance.api.middleware.version_negotiation [None req-18881199-82e6-493f-9618-3a106a01a1f8 tempest-TaggedBootDevicesTest_v242-265890612 tempest-TaggedBootDevicesTest_v242-265890612-project-member] Using url versioning {{(pid=99772) process_request /opt/stack/glance/glance/api/middleware/version_negotiation.py:57}}
Jul 28 01:55:40.516406 np0000005939 devstack@g-api.service[99771]: DEBUG glance_store.capabilities [None req-52d38a80-a6d9-44f9-8165-b24f7ff82ce8 tempest-AttachSCSIVolumeTestJSON-1228586457 tempest-AttachSCSIVolumeTestJSON-1228586457-project-admin] Store glance_store._drivers.swift.store.SingleTenantStore doesn't support updating dynamic storage capabilities. Please overwrite 'update_capabilities' method of the store to implement updating logics if needed. {{(pid=99771) update_capabilities /opt/stack/data/venv/lib/python3.12/site-packages/glance_store/capabilities.py:91}}
Jul 28 01:55:40.516491 np0000005939 devstack@g-api.service[99772]: DEBUG glance.api.middleware.version_negotiation [None req-18881199-82e6-493f-9618-3a106a01a1f8 tempest-TaggedBootDevicesTest_v242-265890612 tempest-TaggedBootDevicesTest_v242-265890612-project-member] Matched version: v2 {{(pid=99772) process_request /opt/stack/glance/glance/api/middleware/version_negotiation.py:69}}
Jul 28 01:55:40.516526 np0000005939 devstack@g-api.service[99771]: DEBUG glance_store.driver [None req-52d38a80-a6d9-44f9-8165-b24f7ff82ce8 tempest-AttachSCSIVolumeTestJSON-1228586457 tempest-AttachSCSIVolumeTestJSON-1228586457-project-admin] Late loading location class glance_store._drivers.swift.store.StoreLocation {{(pid=99771) get_store_location_class /opt/stack/data/venv/lib/python3.12/site-packages/glance_store/driver.py:134}}
Jul 28 01:55:40.516526 np0000005939 devstack@g-api.service[99771]: DEBUG glance_store.location [None req-52d38a80-a6d9-44f9-8165-b24f7ff82ce8 tempest-AttachSCSIVolumeTestJSON-1228586457 tempest-AttachSCSIVolumeTestJSON-1228586457-project-admin] Registering scheme swift+https with {'store': , 'location_class': , 'store_entry': 'swift'} {{(pid=99771) register_scheme_map /opt/stack/data/venv/lib/python3.12/site-packages/glance_store/location.py:146}}
Jul 28 01:55:40.516526 np0000005939 devstack@g-api.service[99771]: DEBUG glance_store.location [None req-52d38a80-a6d9-44f9-8165-b24f7ff82ce8 tempest-AttachSCSIVolumeTestJSON-1228586457 tempest-AttachSCSIVolumeTestJSON-1228586457-project-admin] Registering scheme swift+https with {'store': , 'location_class': , 'store_entry': 'swift'} {{(pid=99771) register_scheme_map /opt/stack/data/venv/lib/python3.12/site-packages/glance_store/location.py:146}}
Jul 28 01:55:40.516621 np0000005939 devstack@g-api.service[99771]: DEBUG glance_store.location [None req-52d38a80-a6d9-44f9-8165-b24f7ff82ce8 tempest-AttachSCSIVolumeTestJSON-1228586457 tempest-AttachSCSIVolumeTestJSON-1228586457-project-admin] Registering scheme swift with {'store': , 'location_class': , 'store_entry': 'swift'} {{(pid=99771) register_scheme_map /opt/stack/data/venv/lib/python3.12/site-packages/glance_store/location.py:146}}
Jul 28 01:55:40.516621 np0000005939 devstack@g-api.service[99771]: DEBUG glance_store.location [None req-52d38a80-a6d9-44f9-8165-b24f7ff82ce8 tempest-AttachSCSIVolumeTestJSON-1228586457 tempest-AttachSCSIVolumeTestJSON-1228586457-project-admin] Registering scheme swift+https with {'store': , 'location_class': , 'store_entry': 'swift'} {{(pid=99771) register_scheme_map /opt/stack/data/venv/lib/python3.12/site-packages/glance_store/location.py:146}}
Jul 28 01:55:40.516695 np0000005939 devstack@g-api.service[99772]: DEBUG glance.api.middleware.version_negotiation [None req-18881199-82e6-493f-9618-3a106a01a1f8 tempest-TaggedBootDevicesTest_v242-265890612 tempest-TaggedBootDevicesTest_v242-265890612-project-member] new path /v2/images/19f5475f-93de-442f-b5c2-a43fede59fd9/locations {{(pid=99772) process_request /opt/stack/glance/glance/api/middleware/version_negotiation.py:70}}
Jul 28 01:55:40.516734 np0000005939 devstack@g-api.service[99771]: DEBUG glance_store.location [None req-52d38a80-a6d9-44f9-8165-b24f7ff82ce8 tempest-AttachSCSIVolumeTestJSON-1228586457 tempest-AttachSCSIVolumeTestJSON-1228586457-project-admin] Registering scheme swift with {'store': , 'location_class': , 'store_entry': 'swift'} {{(pid=99771) register_scheme_map /opt/stack/data/venv/lib/python3.12/site-packages/glance_store/location.py:146}}
Jul 28 01:55:40.516734 np0000005939 devstack@g-api.service[99771]: DEBUG glance_store.location [None req-52d38a80-a6d9-44f9-8165-b24f7ff82ce8 tempest-AttachSCSIVolumeTestJSON-1228586457 tempest-AttachSCSIVolumeTestJSON-1228586457-project-admin] Registering scheme swift+http with {'store': , 'location_class': , 'store_entry': 'swift'} {{(pid=99771) register_scheme_map /opt/stack/data/venv/lib/python3.12/site-packages/glance_store/location.py:146}}
Jul 28 01:55:40.516734 np0000005939 devstack@g-api.service[99771]: DEBUG glance_store.location [None req-52d38a80-a6d9-44f9-8165-b24f7ff82ce8 tempest-AttachSCSIVolumeTestJSON-1228586457 tempest-AttachSCSIVolumeTestJSON-1228586457-project-admin] Registering scheme swift+https with {'store': , 'location_class': , 'store_entry': 'swift'} {{(pid=99771) register_scheme_map /opt/stack/data/venv/lib/python3.12/site-packages/glance_store/location.py:146}}
Jul 28 01:55:40.516827 np0000005939 devstack@g-api.service[99771]: DEBUG glance_store.location [None req-52d38a80-a6d9-44f9-8165-b24f7ff82ce8 tempest-AttachSCSIVolumeTestJSON-1228586457 tempest-AttachSCSIVolumeTestJSON-1228586457-project-admin] Registering scheme swift with {'store': , 'location_class': , 'store_entry': 'swift'} {{(pid=99771) register_scheme_map /opt/stack/data/venv/lib/python3.12/site-packages/glance_store/location.py:146}}
Jul 28 01:55:40.516827 np0000005939 devstack@g-api.service[99771]: DEBUG glance_store.location [None req-52d38a80-a6d9-44f9-8165-b24f7ff82ce8 tempest-AttachSCSIVolumeTestJSON-1228586457 tempest-AttachSCSIVolumeTestJSON-1228586457-project-admin] Registering scheme swift+http with {'store': , 'location_class': , 'store_entry': 'swift'} {{(pid=99771) register_scheme_map /opt/stack/data/venv/lib/python3.12/site-packages/glance_store/location.py:146}}
Jul 28 01:55:40.516827 np0000005939 devstack@g-api.service[99771]: DEBUG glance_store.location [None req-52d38a80-a6d9-44f9-8165-b24f7ff82ce8 tempest-AttachSCSIVolumeTestJSON-1228586457 tempest-AttachSCSIVolumeTestJSON-1228586457-project-admin] Registering scheme swift+config with {'store': , 'location_class': , 'store_entry': 'swift'} {{(pid=99771) register_scheme_map /opt/stack/data/venv/lib/python3.12/site-packages/glance_store/location.py:146}}
Jul 28 01:55:40.851323 np0000005939 devstack@g-api.service[99772]: [pid: 99772|app: 0|req: 15/38] 127.0.0.1 () {44 vars in 1135 bytes} [Tue Jul 28 01:55:40 2026] GET /v2/images/19f5475f-93de-442f-b5c2-a43fede59fd9/locations => generated 92 bytes in 339 msecs (HTTP/1.1 200) 4 headers in 156 bytes (1 switches on core 0)
Jul 28 01:55:40.860478 np0000005939 devstack@g-api.service[99770]: DEBUG glance.api.middleware.version_negotiation [None req-18881199-82e6-493f-9618-3a106a01a1f8 tempest-TaggedBootDevicesTest_v242-265890612 tempest-TaggedBootDevicesTest_v242-265890612-project-member] Determining version of request: GET /v2/images/19f5475f-93de-442f-b5c2-a43fede59fd9 Accept: */* {{(pid=99770) process_request /opt/stack/glance/glance/api/middleware/version_negotiation.py:44}}
Jul 28 01:55:40.860613 np0000005939 devstack@g-api.service[99770]: DEBUG glance.api.middleware.version_negotiation [None req-18881199-82e6-493f-9618-3a106a01a1f8 tempest-TaggedBootDevicesTest_v242-265890612 tempest-TaggedBootDevicesTest_v242-265890612-project-member] Using url versioning {{(pid=99770) process_request /opt/stack/glance/glance/api/middleware/version_negotiation.py:57}}
Jul 28 01:55:40.861191 np0000005939 devstack@g-api.service[99770]: DEBUG glance.api.middleware.version_negotiation [None req-18881199-82e6-493f-9618-3a106a01a1f8 tempest-TaggedBootDevicesTest_v242-265890612 tempest-TaggedBootDevicesTest_v242-265890612-project-member] Matched version: v2 {{(pid=99770) process_request /opt/stack/glance/glance/api/middleware/version_negotiation.py:69}}
Jul 28 01:55:40.861191 np0000005939 devstack@g-api.service[99770]: DEBUG glance.api.middleware.version_negotiation [None req-18881199-82e6-493f-9618-3a106a01a1f8 tempest-TaggedBootDevicesTest_v242-265890612 tempest-TaggedBootDevicesTest_v242-265890612-project-member] new path /v2/images/19f5475f-93de-442f-b5c2-a43fede59fd9 {{(pid=99770) process_request /opt/stack/glance/glance/api/middleware/version_negotiation.py:70}}
Jul 28 01:55:40.878484 np0000005939 devstack@g-api.service[99770]: [pid: 99770|app: 0|req: 16/39] 127.0.0.1 () {44 vars in 1115 bytes} [Tue Jul 28 01:55:40 2026] GET /v2/images/19f5475f-93de-442f-b5c2-a43fede59fd9 => generated 1044 bytes in 18 msecs (HTTP/1.1 200) 4 headers in 158 bytes (1 switches on core 0)
Jul 28 01:55:40.883202 np0000005939 devstack@g-api.service[99771]: DEBUG swiftclient [None req-52d38a80-a6d9-44f9-8165-b24f7ff82ce8 tempest-AttachSCSIVolumeTestJSON-1228586457 tempest-AttachSCSIVolumeTestJSON-1228586457-project-admin] REQ: curl -i https://10.4.3.226:8080/v1/AUTH_9912691d07f7436091bc5f01788957b9/glance -I -H "X-Auth-Token: gAAAAABqaAwcodml..." {{(pid=99771) http_log /opt/stack/data/venv/lib/python3.12/site-packages/swiftclient/client.py:160}}
Jul 28 01:55:40.883431 np0000005939 devstack@g-api.service[99771]: DEBUG swiftclient [None req-52d38a80-a6d9-44f9-8165-b24f7ff82ce8 tempest-AttachSCSIVolumeTestJSON-1228586457 tempest-AttachSCSIVolumeTestJSON-1228586457-project-admin] RESP STATUS: 204 No Content {{(pid=99771) http_log /opt/stack/data/venv/lib/python3.12/site-packages/swiftclient/client.py:161}}
Jul 28 01:55:40.883671 np0000005939 devstack@g-api.service[99771]: DEBUG swiftclient [None req-52d38a80-a6d9-44f9-8165-b24f7ff82ce8 tempest-AttachSCSIVolumeTestJSON-1228586457 tempest-AttachSCSIVolumeTestJSON-1228586457-project-admin] RESP HEADERS: {'Date': 'Tue, 28 Jul 2026 01:55:40 GMT', 'Server': 'Apache/2.4.58 (Ubuntu)', 'Content-Type': 'text/plain; charset=utf-8', 'X-Container-Object-Count': '3', 'X-Container-Bytes-Used': '64356352', 'X-Timestamp': '1785203617.72438', 'Last-Modified': 'Tue, 28 Jul 2026 01:53:38 GMT', 'Accept-Ranges': 'bytes', 'X-Storage-Policy': 'Policy-0', 'X-Container-Sharding': 'False', 'Vary': 'Accept', 'X-Trans-Id': 'tx03e926dbab654060be10b-006a680c1c', 'X-Openstack-Request-Id': 'tx03e926dbab654060be10b-006a680c1c', 'Connection': 'close'} {{(pid=99771) http_log /opt/stack/data/venv/lib/python3.12/site-packages/swiftclient/client.py:162}}
Jul 28 01:55:40.883906 np0000005939 devstack@g-api.service[99771]: DEBUG glance_store._drivers.swift.store [None req-52d38a80-a6d9-44f9-8165-b24f7ff82ce8 tempest-AttachSCSIVolumeTestJSON-1228586457 tempest-AttachSCSIVolumeTestJSON-1228586457-project-admin] Adding image object 'f4e8309e-e5fb-4bd3-a65e-bd5b0d489599' to Swift {{(pid=99771) add /opt/stack/data/venv/lib/python3.12/site-packages/glance_store/_drivers/swift/store.py:970}}
Jul 28 01:55:40.884023 np0000005939 devstack@g-api.service[99771]: DEBUG glance_store._drivers.swift.store [None req-52d38a80-a6d9-44f9-8165-b24f7ff82ce8 tempest-AttachSCSIVolumeTestJSON-1228586457 tempest-AttachSCSIVolumeTestJSON-1228586457-project-admin] Cannot determine image size because it is either not provided in the request or chunked-transfer encoding is used. Adding image as a segmented object to Swift. {{(pid=99771) add /opt/stack/data/venv/lib/python3.12/site-packages/glance_store/_drivers/swift/store.py:994}}
Jul 28 01:55:40.886702 np0000005939 devstack@g-api.service[99772]: DEBUG glance.api.middleware.version_negotiation [None req-18881199-82e6-493f-9618-3a106a01a1f8 service glance] Determining version of request: GET /v2/schemas/image Accept: */* {{(pid=99772) process_request /opt/stack/glance/glance/api/middleware/version_negotiation.py:44}}
Jul 28 01:55:40.886836 np0000005939 devstack@g-api.service[99772]: DEBUG glance.api.middleware.version_negotiation [None req-18881199-82e6-493f-9618-3a106a01a1f8 service glance] Using url versioning {{(pid=99772) process_request /opt/stack/glance/glance/api/middleware/version_negotiation.py:57}}
Jul 28 01:55:40.886950 np0000005939 devstack@g-api.service[99772]: DEBUG glance.api.middleware.version_negotiation [None req-18881199-82e6-493f-9618-3a106a01a1f8 service glance] Matched version: v2 {{(pid=99772) process_request /opt/stack/glance/glance/api/middleware/version_negotiation.py:69}}
Jul 28 01:55:40.887040 np0000005939 devstack@g-api.service[99772]: DEBUG glance.api.middleware.version_negotiation [None req-18881199-82e6-493f-9618-3a106a01a1f8 service glance] new path /v2/schemas/image {{(pid=99772) process_request /opt/stack/glance/glance/api/middleware/version_negotiation.py:70}}
Jul 28 01:55:40.889184 np0000005939 devstack@g-api.service[99772]: [pid: 99772|app: 0|req: 16/40] 127.0.0.1 () {44 vars in 1055 bytes} [Tue Jul 28 01:55:40 2026] GET /v2/schemas/image => generated 6083 bytes in 2 msecs (HTTP/1.1 200) 4 headers in 158 bytes (1 switches on core 0)
Jul 28 01:55:40.894738 np0000005939 devstack@g-api.service[99771]: DEBUG oslo_utils.imageutils.format_inspector [None req-52d38a80-a6d9-44f9-8165-b24f7ff82ce8 tempest-AttachSCSIVolumeTestJSON-1228586457 tempest-AttachSCSIVolumeTestJSON-1228586457-project-admin] Format inspector for vmdk does not match, excluding from consideration (Signature KDMV not found: b'QFI\xfb') {{(pid=99771) _process_chunk /opt/stack/data/venv/lib/python3.12/site-packages/oslo_utils/imageutils/format_inspector.py:1758}}
Jul 28 01:55:40.897104 np0000005939 devstack@g-api.service[99770]: DEBUG glance.api.middleware.version_negotiation [None req-18881199-82e6-493f-9618-3a106a01a1f8 tempest-TaggedBootDevicesTest_v242-265890612 tempest-TaggedBootDevicesTest_v242-265890612-project-member] Determining version of request: GET /v2/schemas/image Accept: */* {{(pid=99770) process_request /opt/stack/glance/glance/api/middleware/version_negotiation.py:44}}
Jul 28 01:55:40.897229 np0000005939 devstack@g-api.service[99770]: DEBUG glance.api.middleware.version_negotiation [None req-18881199-82e6-493f-9618-3a106a01a1f8 tempest-TaggedBootDevicesTest_v242-265890612 tempest-TaggedBootDevicesTest_v242-265890612-project-member] Using url versioning {{(pid=99770) process_request /opt/stack/glance/glance/api/middleware/version_negotiation.py:57}}
Jul 28 01:55:40.897338 np0000005939 devstack@g-api.service[99770]: DEBUG glance.api.middleware.version_negotiation [None req-18881199-82e6-493f-9618-3a106a01a1f8 tempest-TaggedBootDevicesTest_v242-265890612 tempest-TaggedBootDevicesTest_v242-265890612-project-member] Matched version: v2 {{(pid=99770) process_request /opt/stack/glance/glance/api/middleware/version_negotiation.py:69}}
Jul 28 01:55:40.897505 np0000005939 devstack@g-api.service[99770]: DEBUG glance.api.middleware.version_negotiation [None req-18881199-82e6-493f-9618-3a106a01a1f8 tempest-TaggedBootDevicesTest_v242-265890612 tempest-TaggedBootDevicesTest_v242-265890612-project-member] new path /v2/schemas/image {{(pid=99770) process_request /opt/stack/glance/glance/api/middleware/version_negotiation.py:70}}
Jul 28 01:55:40.900147 np0000005939 devstack@g-api.service[99770]: [pid: 99770|app: 0|req: 17/41] 127.0.0.1 () {44 vars in 1055 bytes} [Tue Jul 28 01:55:40 2026] GET /v2/schemas/image => generated 6083 bytes in 3 msecs (HTTP/1.1 200) 4 headers in 158 bytes (1 switches on core 0)
Jul 28 01:55:40.901459 np0000005939 devstack@g-api.service[99771]: DEBUG oslo_utils.imageutils.format_inspector [None req-52d38a80-a6d9-44f9-8165-b24f7ff82ce8 tempest-AttachSCSIVolumeTestJSON-1228586457 tempest-AttachSCSIVolumeTestJSON-1228586457-project-admin] Format inspector for vhdx does not match, excluding from consideration (Region signature not found at 30000) {{(pid=99771) _process_chunk /opt/stack/data/venv/lib/python3.12/site-packages/oslo_utils/imageutils/format_inspector.py:1758}}
Jul 28 01:55:40.935411 np0000005939 devstack@g-api.service[99772]: DEBUG glance.api.middleware.version_negotiation [None req-18881199-82e6-493f-9618-3a106a01a1f8 tempest-TaggedBootDevicesTest_v242-265890612 tempest-TaggedBootDevicesTest_v242-265890612-project-member] Determining version of request: GET /v2/images/19f5475f-93de-442f-b5c2-a43fede59fd9 Accept: */* {{(pid=99772) process_request /opt/stack/glance/glance/api/middleware/version_negotiation.py:44}}
Jul 28 01:55:40.936021 np0000005939 devstack@g-api.service[99772]: DEBUG glance.api.middleware.version_negotiation [None req-18881199-82e6-493f-9618-3a106a01a1f8 tempest-TaggedBootDevicesTest_v242-265890612 tempest-TaggedBootDevicesTest_v242-265890612-project-member] Using url versioning {{(pid=99772) process_request /opt/stack/glance/glance/api/middleware/version_negotiation.py:57}}
Jul 28 01:55:40.936021 np0000005939 devstack@g-api.service[99772]: DEBUG glance.api.middleware.version_negotiation [None req-18881199-82e6-493f-9618-3a106a01a1f8 tempest-TaggedBootDevicesTest_v242-265890612 tempest-TaggedBootDevicesTest_v242-265890612-project-member] Matched version: v2 {{(pid=99772) process_request /opt/stack/glance/glance/api/middleware/version_negotiation.py:69}}
Jul 28 01:55:40.936021 np0000005939 devstack@g-api.service[99772]: DEBUG glance.api.middleware.version_negotiation [None req-18881199-82e6-493f-9618-3a106a01a1f8 tempest-TaggedBootDevicesTest_v242-265890612 tempest-TaggedBootDevicesTest_v242-265890612-project-member] new path /v2/images/19f5475f-93de-442f-b5c2-a43fede59fd9 {{(pid=99772) process_request /opt/stack/glance/glance/api/middleware/version_negotiation.py:70}}
Jul 28 01:55:40.947330 np0000005939 devstack@g-api.service[99772]: [pid: 99772|app: 0|req: 17/42] 127.0.0.1 () {44 vars in 1115 bytes} [Tue Jul 28 01:55:40 2026] GET /v2/images/19f5475f-93de-442f-b5c2-a43fede59fd9 => generated 1044 bytes in 11 msecs (HTTP/1.1 200) 4 headers in 158 bytes (1 switches on core 0)
Jul 28 01:55:40.955877 np0000005939 devstack@g-api.service[99770]: DEBUG glance.api.middleware.version_negotiation [None req-18881199-82e6-493f-9618-3a106a01a1f8 tempest-TaggedBootDevicesTest_v242-265890612 tempest-TaggedBootDevicesTest_v242-265890612-project-member] Determining version of request: GET /v2/images/19f5475f-93de-442f-b5c2-a43fede59fd9/file Accept: */* {{(pid=99770) process_request /opt/stack/glance/glance/api/middleware/version_negotiation.py:44}}
Jul 28 01:55:40.956729 np0000005939 devstack@g-api.service[99770]: DEBUG glance.api.middleware.version_negotiation [None req-18881199-82e6-493f-9618-3a106a01a1f8 tempest-TaggedBootDevicesTest_v242-265890612 tempest-TaggedBootDevicesTest_v242-265890612-project-member] Using url versioning {{(pid=99770) process_request /opt/stack/glance/glance/api/middleware/version_negotiation.py:57}}
Jul 28 01:55:40.957592 np0000005939 devstack@g-api.service[99770]: DEBUG glance.api.middleware.version_negotiation [None req-18881199-82e6-493f-9618-3a106a01a1f8 tempest-TaggedBootDevicesTest_v242-265890612 tempest-TaggedBootDevicesTest_v242-265890612-project-member] Matched version: v2 {{(pid=99770) process_request /opt/stack/glance/glance/api/middleware/version_negotiation.py:69}}
Jul 28 01:55:40.957757 np0000005939 devstack@g-api.service[99770]: DEBUG glance.api.middleware.version_negotiation [None req-18881199-82e6-493f-9618-3a106a01a1f8 tempest-TaggedBootDevicesTest_v242-265890612 tempest-TaggedBootDevicesTest_v242-265890612-project-member] new path /v2/images/19f5475f-93de-442f-b5c2-a43fede59fd9/file {{(pid=99770) process_request /opt/stack/glance/glance/api/middleware/version_negotiation.py:70}}
Jul 28 01:55:40.974139 np0000005939 devstack@g-api.service[99770]: DEBUG glance.api.middleware.cache [None req-18881199-82e6-493f-9618-3a106a01a1f8 tempest-TaggedBootDevicesTest_v242-265890612 tempest-TaggedBootDevicesTest_v242-265890612-project-member] Cache hit for image '19f5475f-93de-442f-b5c2-a43fede59fd9' {{(pid=99770) process_request /opt/stack/glance/glance/api/middleware/cache.py:160}}
Jul 28 01:55:41.049555 np0000005939 devstack@g-api.service[99770]: [pid: 99770|app: 0|req: 18/43] 127.0.0.1 () {44 vars in 1125 bytes} [Tue Jul 28 01:55:40 2026] GET /v2/images/19f5475f-93de-442f-b5c2-a43fede59fd9/file => generated 21692416 bytes in 94 msecs (HTTP/1.1 200) 5 headers in 217 bytes (338 switches on core 0)
Jul 28 01:55:41.164924 np0000005939 devstack@g-api.service[99771]: DEBUG swiftclient [None req-52d38a80-a6d9-44f9-8165-b24f7ff82ce8 tempest-AttachSCSIVolumeTestJSON-1228586457 tempest-AttachSCSIVolumeTestJSON-1228586457-project-admin] REQ: curl -i https://10.4.3.226:8080/v1/AUTH_9912691d07f7436091bc5f01788957b9/glance/f4e8309e-e5fb-4bd3-a65e-bd5b0d489599-00001 -X PUT -H "X-Auth-Token: gAAAAABqaAwcodml..." {{(pid=99771) http_log /opt/stack/data/venv/lib/python3.12/site-packages/swiftclient/client.py:160}}
Jul 28 01:55:41.164924 np0000005939 devstack@g-api.service[99771]: DEBUG swiftclient [None req-52d38a80-a6d9-44f9-8165-b24f7ff82ce8 tempest-AttachSCSIVolumeTestJSON-1228586457 tempest-AttachSCSIVolumeTestJSON-1228586457-project-admin] RESP STATUS: 201 Created {{(pid=99771) http_log /opt/stack/data/venv/lib/python3.12/site-packages/swiftclient/client.py:161}}
Jul 28 01:55:41.164924 np0000005939 devstack@g-api.service[99771]: DEBUG swiftclient [None req-52d38a80-a6d9-44f9-8165-b24f7ff82ce8 tempest-AttachSCSIVolumeTestJSON-1228586457 tempest-AttachSCSIVolumeTestJSON-1228586457-project-admin] RESP HEADERS: {'Date': 'Tue, 28 Jul 2026 01:55:41 GMT', 'Server': 'Apache/2.4.58 (Ubuntu)', 'Content-Type': 'text/html; charset=UTF-8', 'Content-Length': '0', 'Etag': '87617e24a5e30cb3b87fda8c0764838f', 'Last-Modified': 'Tue, 28 Jul 2026 01:55:41 GMT', 'X-Trans-Id': 'txa45c4fc1a8624b02a665c-006a680c1c', 'X-Openstack-Request-Id': 'txa45c4fc1a8624b02a665c-006a680c1c', 'Connection': 'close'} {{(pid=99771) http_log /opt/stack/data/venv/lib/python3.12/site-packages/swiftclient/client.py:162}}
Jul 28 01:55:41.165158 np0000005939 devstack@g-api.service[99771]: DEBUG glance_store._drivers.swift.store [None req-52d38a80-a6d9-44f9-8165-b24f7ff82ce8 tempest-AttachSCSIVolumeTestJSON-1228586457 tempest-AttachSCSIVolumeTestJSON-1228586457-project-admin] Wrote chunk f4e8309e-e5fb-4bd3-a65e-bd5b0d489599-00001 (1/?) of length 21692416 to Swift returning MD5 of content: 87617e24a5e30cb3b87fda8c0764838f {{(pid=99771) add /opt/stack/data/venv/lib/python3.12/site-packages/glance_store/_drivers/swift/store.py:1059}}
Jul 28 01:55:41.165350 np0000005939 devstack@g-api.service[99771]: DEBUG glance_store._drivers.swift.store [None req-52d38a80-a6d9-44f9-8165-b24f7ff82ce8 tempest-AttachSCSIVolumeTestJSON-1228586457 tempest-AttachSCSIVolumeTestJSON-1228586457-project-admin] Not writing zero-length chunk. {{(pid=99771) add /opt/stack/data/venv/lib/python3.12/site-packages/glance_store/_drivers/swift/store.py:1028}}
Jul 28 01:55:41.175151 np0000005939 devstack@g-api.service[99772]: DEBUG glance.api.middleware.version_negotiation [None req-18881199-82e6-493f-9618-3a106a01a1f8 tempest-TaggedBootDevicesTest_v242-265890612 tempest-TaggedBootDevicesTest_v242-265890612-project-member] Determining version of request: GET /v2/images/19f5475f-93de-442f-b5c2-a43fede59fd9 Accept: */* {{(pid=99772) process_request /opt/stack/glance/glance/api/middleware/version_negotiation.py:44}}
Jul 28 01:55:41.175299 np0000005939 devstack@g-api.service[99772]: DEBUG glance.api.middleware.version_negotiation [None req-18881199-82e6-493f-9618-3a106a01a1f8 tempest-TaggedBootDevicesTest_v242-265890612 tempest-TaggedBootDevicesTest_v242-265890612-project-member] Using url versioning {{(pid=99772) process_request /opt/stack/glance/glance/api/middleware/version_negotiation.py:57}}
Jul 28 01:55:41.175456 np0000005939 devstack@g-api.service[99772]: DEBUG glance.api.middleware.version_negotiation [None req-18881199-82e6-493f-9618-3a106a01a1f8 tempest-TaggedBootDevicesTest_v242-265890612 tempest-TaggedBootDevicesTest_v242-265890612-project-member] Matched version: v2 {{(pid=99772) process_request /opt/stack/glance/glance/api/middleware/version_negotiation.py:69}}
Jul 28 01:55:41.175550 np0000005939 devstack@g-api.service[99772]: DEBUG glance.api.middleware.version_negotiation [None req-18881199-82e6-493f-9618-3a106a01a1f8 tempest-TaggedBootDevicesTest_v242-265890612 tempest-TaggedBootDevicesTest_v242-265890612-project-member] new path /v2/images/19f5475f-93de-442f-b5c2-a43fede59fd9 {{(pid=99772) process_request /opt/stack/glance/glance/api/middleware/version_negotiation.py:70}}
Jul 28 01:55:41.184475 np0000005939 devstack@g-api.service[99772]: [pid: 99772|app: 0|req: 18/44] 127.0.0.1 () {44 vars in 1115 bytes} [Tue Jul 28 01:55:41 2026] GET /v2/images/19f5475f-93de-442f-b5c2-a43fede59fd9 => generated 1044 bytes in 9 msecs (HTTP/1.1 200) 4 headers in 158 bytes (1 switches on core 0)
Jul 28 01:55:41.192971 np0000005939 devstack@g-api.service[99770]: DEBUG glance.api.middleware.version_negotiation [None req-18881199-82e6-493f-9618-3a106a01a1f8 tempest-TaggedBootDevicesTest_v242-265890612 tempest-TaggedBootDevicesTest_v242-265890612-project-member] Determining version of request: GET /v2/schemas/image Accept: */* {{(pid=99770) process_request /opt/stack/glance/glance/api/middleware/version_negotiation.py:44}}
Jul 28 01:55:41.193515 np0000005939 devstack@g-api.service[99770]: DEBUG glance.api.middleware.version_negotiation [None req-18881199-82e6-493f-9618-3a106a01a1f8 tempest-TaggedBootDevicesTest_v242-265890612 tempest-TaggedBootDevicesTest_v242-265890612-project-member] Using url versioning {{(pid=99770) process_request /opt/stack/glance/glance/api/middleware/version_negotiation.py:57}}
Jul 28 01:55:41.193515 np0000005939 devstack@g-api.service[99770]: DEBUG glance.api.middleware.version_negotiation [None req-18881199-82e6-493f-9618-3a106a01a1f8 tempest-TaggedBootDevicesTest_v242-265890612 tempest-TaggedBootDevicesTest_v242-265890612-project-member] Matched version: v2 {{(pid=99770) process_request /opt/stack/glance/glance/api/middleware/version_negotiation.py:69}}
Jul 28 01:55:41.193711 np0000005939 devstack@g-api.service[99770]: DEBUG glance.api.middleware.version_negotiation [None req-18881199-82e6-493f-9618-3a106a01a1f8 tempest-TaggedBootDevicesTest_v242-265890612 tempest-TaggedBootDevicesTest_v242-265890612-project-member] new path /v2/schemas/image {{(pid=99770) process_request /opt/stack/glance/glance/api/middleware/version_negotiation.py:70}}
Jul 28 01:55:41.195641 np0000005939 devstack@g-api.service[99771]: DEBUG swiftclient [None req-52d38a80-a6d9-44f9-8165-b24f7ff82ce8 tempest-AttachSCSIVolumeTestJSON-1228586457 tempest-AttachSCSIVolumeTestJSON-1228586457-project-admin] REQ: curl -i https://10.4.3.226:8080/v1/AUTH_9912691d07f7436091bc5f01788957b9/glance/f4e8309e-e5fb-4bd3-a65e-bd5b0d489599 -X PUT -H "X-Object-Manifest: glance/f4e8309e-e5fb-4bd3-a65e-bd5b0d489599-" -H "X-Auth-Token: gAAAAABqaAwcodml..." -H "Content-Length: 0" {{(pid=99771) http_log /opt/stack/data/venv/lib/python3.12/site-packages/swiftclient/client.py:160}}
Jul 28 01:55:41.195729 np0000005939 devstack@g-api.service[99771]: DEBUG swiftclient [None req-52d38a80-a6d9-44f9-8165-b24f7ff82ce8 tempest-AttachSCSIVolumeTestJSON-1228586457 tempest-AttachSCSIVolumeTestJSON-1228586457-project-admin] RESP STATUS: 201 Created {{(pid=99771) http_log /opt/stack/data/venv/lib/python3.12/site-packages/swiftclient/client.py:161}}
Jul 28 01:55:41.195859 np0000005939 devstack@g-api.service[99771]: DEBUG swiftclient [None req-52d38a80-a6d9-44f9-8165-b24f7ff82ce8 tempest-AttachSCSIVolumeTestJSON-1228586457 tempest-AttachSCSIVolumeTestJSON-1228586457-project-admin] RESP HEADERS: {'Date': 'Tue, 28 Jul 2026 01:55:41 GMT', 'Server': 'Apache/2.4.58 (Ubuntu)', 'Content-Type': 'text/html; charset=UTF-8', 'Content-Length': '0', 'Etag': 'd41d8cd98f00b204e9800998ecf8427e', 'Last-Modified': 'Tue, 28 Jul 2026 01:55:42 GMT', 'X-Trans-Id': 'tx47148e5ed6514c46a8073-006a680c1d', 'X-Openstack-Request-Id': 'tx47148e5ed6514c46a8073-006a680c1d', 'Connection': 'close'} {{(pid=99771) http_log /opt/stack/data/venv/lib/python3.12/site-packages/swiftclient/client.py:162}}
Jul 28 01:55:41.196344 np0000005939 devstack@g-api.service[99771]: INFO glance.location [None req-52d38a80-a6d9-44f9-8165-b24f7ff82ce8 tempest-AttachSCSIVolumeTestJSON-1228586457 tempest-AttachSCSIVolumeTestJSON-1228586457-project-admin] Image format matched and virtual size computed: 117440512
Jul 28 01:55:41.197392 np0000005939 devstack@g-api.service[99770]: [pid: 99770|app: 0|req: 19/45] 127.0.0.1 () {44 vars in 1055 bytes} [Tue Jul 28 01:55:41 2026] GET /v2/schemas/image => generated 6083 bytes in 5 msecs (HTTP/1.1 200) 4 headers in 158 bytes (1 switches on core 0)
Jul 28 01:55:41.218268 np0000005939 devstack@g-api.service[99771]: DEBUG glance_store.backend [None req-52d38a80-a6d9-44f9-8165-b24f7ff82ce8 tempest-AttachSCSIVolumeTestJSON-1228586457 tempest-AttachSCSIVolumeTestJSON-1228586457-project-admin] Attempting to import store swift {{(pid=99771) _load_store /opt/stack/data/venv/lib/python3.12/site-packages/glance_store/backend.py:215}}
Jul 28 01:55:41.219571 np0000005939 devstack@g-api.service[99771]: DEBUG glance_store.capabilities [None req-52d38a80-a6d9-44f9-8165-b24f7ff82ce8 tempest-AttachSCSIVolumeTestJSON-1228586457 tempest-AttachSCSIVolumeTestJSON-1228586457-project-admin] Store glance_store._drivers.swift.store.SingleTenantStore doesn't support updating dynamic storage capabilities. Please overwrite 'update_capabilities' method of the store to implement updating logics if needed. {{(pid=99771) update_capabilities /opt/stack/data/venv/lib/python3.12/site-packages/glance_store/capabilities.py:91}}
