Jul 17 14:31:30.187376 np0000005342 devstack@g-api.service[99764]: DEBUG glance_store.backend [-] Attempting to import store file {{(pid=99764) _load_store /opt/stack/data/venv/lib/python3.12/site-packages/glance_store/backend.py:215}}
Jul 17 14:31:30.187799 np0000005342 devstack@g-api.service[99764]: DEBUG glance_store.capabilities [-] Store glance_store._drivers.filesystem.Store doesn't support updating dynamic storage capabilities. Please overwrite 'update_capabilities' method of the store to implement updating logics if needed. {{(pid=99764) update_capabilities /opt/stack/data/venv/lib/python3.12/site-packages/glance_store/capabilities.py:91}}
Jul 17 14:31:30.187892 np0000005342 devstack@g-api.service[99764]: DEBUG glance_store.backend [-] Registering store file with schemes ('file', 'filesystem') {{(pid=99764) create_stores /opt/stack/data/venv/lib/python3.12/site-packages/glance_store/backend.py:261}}
Jul 17 14:31:30.187927 np0000005342 devstack@g-api.service[99764]: DEBUG glance_store.driver [-] Late loading location class glance_store._drivers.filesystem.StoreLocation {{(pid=99764) get_store_location_class /opt/stack/data/venv/lib/python3.12/site-packages/glance_store/driver.py:134}}
Jul 17 14:31:30.187984 np0000005342 devstack@g-api.service[99764]: DEBUG glance_store.location [-] Registering scheme file with {'store': , 'location_class': , 'store_entry': 'file'} {{(pid=99764) register_scheme_map /opt/stack/data/venv/lib/python3.12/site-packages/glance_store/location.py:146}}
Jul 17 14:31:30.188062 np0000005342 devstack@g-api.service[99764]: DEBUG glance_store.location [-] Registering scheme filesystem with {'store': , 'location_class': , 'store_entry': 'file'} {{(pid=99764) register_scheme_map /opt/stack/data/venv/lib/python3.12/site-packages/glance_store/location.py:146}}
Jul 17 14:31:30.188115 np0000005342 devstack@g-api.service[99764]: DEBUG glance_store.backend [-] Attempting to import store http {{(pid=99764) _load_store /opt/stack/data/venv/lib/python3.12/site-packages/glance_store/backend.py:215}}
Jul 17 14:31:30.188279 np0000005342 devstack@g-api.service[99764]: DEBUG glance_store.capabilities [-] Store glance_store._drivers.http.Store doesn't support updating dynamic storage capabilities. Please overwrite 'update_capabilities' method of the store to implement updating logics if needed. {{(pid=99764) update_capabilities /opt/stack/data/venv/lib/python3.12/site-packages/glance_store/capabilities.py:91}}
Jul 17 14:31:30.188337 np0000005342 devstack@g-api.service[99764]: DEBUG glance_store.backend [-] Registering store http with schemes ('http', 'https') {{(pid=99764) create_stores /opt/stack/data/venv/lib/python3.12/site-packages/glance_store/backend.py:261}}
Jul 17 14:31:30.188373 np0000005342 devstack@g-api.service[99764]: DEBUG glance_store.driver [-] Late loading location class glance_store._drivers.http.StoreLocation {{(pid=99764) get_store_location_class /opt/stack/data/venv/lib/python3.12/site-packages/glance_store/driver.py:134}}
Jul 17 14:31:30.188439 np0000005342 devstack@g-api.service[99764]: DEBUG glance_store.location [-] Registering scheme http with {'store': , 'location_class': , 'store_entry': 'http'} {{(pid=99764) register_scheme_map /opt/stack/data/venv/lib/python3.12/site-packages/glance_store/location.py:146}}
Jul 17 14:31:30.188493 np0000005342 devstack@g-api.service[99764]: DEBUG glance_store.location [-] Registering scheme https with {'store': , 'location_class': , 'store_entry': 'http'} {{(pid=99764) register_scheme_map /opt/stack/data/venv/lib/python3.12/site-packages/glance_store/location.py:146}}
Jul 17 14:31:30.188625 np0000005342 devstack@g-api.service[99764]: DEBUG glance_store.backend [-] Attempting to import store swift {{(pid=99764) _load_store /opt/stack/data/venv/lib/python3.12/site-packages/glance_store/backend.py:215}}
Jul 17 14:31:30.189653 np0000005342 devstack@g-api.service[99764]: DEBUG glance_store.capabilities [-] Store glance_store._drivers.swift.store.SingleTenantStore doesn't support updating dynamic storage capabilities. Please overwrite 'update_capabilities' method of the store to implement updating logics if needed. {{(pid=99764) update_capabilities /opt/stack/data/venv/lib/python3.12/site-packages/glance_store/capabilities.py:91}}
Jul 17 14:31:30.189742 np0000005342 devstack@g-api.service[99764]: DEBUG glance_store.driver [-] Late loading location class glance_store._drivers.swift.store.StoreLocation {{(pid=99764) get_store_location_class /opt/stack/data/venv/lib/python3.12/site-packages/glance_store/driver.py:134}}
Jul 17 14:31:30.189742 np0000005342 devstack@g-api.service[99764]: DEBUG glance_store.location [-] Registering scheme swift+https with {'store': , 'location_class': , 'store_entry': 'swift'} {{(pid=99764) register_scheme_map /opt/stack/data/venv/lib/python3.12/site-packages/glance_store/location.py:146}}
Jul 17 14:31:30.189879 np0000005342 devstack@g-api.service[99764]: DEBUG glance_store.location [-] Registering scheme swift+https with {'store': , 'location_class': , 'store_entry': 'swift'} {{(pid=99764) register_scheme_map /opt/stack/data/venv/lib/python3.12/site-packages/glance_store/location.py:146}}
Jul 17 14:31:30.189879 np0000005342 devstack@g-api.service[99764]: DEBUG glance_store.location [-] Registering scheme swift with {'store': , 'location_class': , 'store_entry': 'swift'} {{(pid=99764) register_scheme_map /opt/stack/data/venv/lib/python3.12/site-packages/glance_store/location.py:146}}
Jul 17 14:31:30.189936 np0000005342 devstack@g-api.service[99764]: DEBUG glance_store.location [-] Registering scheme swift+https with {'store': , 'location_class': , 'store_entry': 'swift'} {{(pid=99764) register_scheme_map /opt/stack/data/venv/lib/python3.12/site-packages/glance_store/location.py:146}}
Jul 17 14:31:30.189959 np0000005342 devstack@g-api.service[99764]: DEBUG glance_store.location [-] Registering scheme swift with {'store': , 'location_class': , 'store_entry': 'swift'} {{(pid=99764) register_scheme_map /opt/stack/data/venv/lib/python3.12/site-packages/glance_store/location.py:146}}
Jul 17 14:31:30.190030 np0000005342 devstack@g-api.service[99764]: DEBUG glance_store.location [-] Registering scheme swift+http with {'store': , 'location_class': , 'store_entry': 'swift'} {{(pid=99764) register_scheme_map /opt/stack/data/venv/lib/python3.12/site-packages/glance_store/location.py:146}}
Jul 17 14:31:30.190107 np0000005342 devstack@g-api.service[99764]: DEBUG glance_store.location [-] Registering scheme swift+https with {'store': , 'location_class': , 'store_entry': 'swift'} {{(pid=99764) register_scheme_map /opt/stack/data/venv/lib/python3.12/site-packages/glance_store/location.py:146}}
Jul 17 14:31:30.190179 np0000005342 devstack@g-api.service[99764]: DEBUG glance_store.location [-] Registering scheme swift with {'store': , 'location_class': , 'store_entry': 'swift'} {{(pid=99764) register_scheme_map /opt/stack/data/venv/lib/python3.12/site-packages/glance_store/location.py:146}}
Jul 17 14:31:30.190179 np0000005342 devstack@g-api.service[99764]: DEBUG glance_store.location [-] Registering scheme swift+http with {'store': , 'location_class': , 'store_entry': 'swift'} {{(pid=99764) register_scheme_map /opt/stack/data/venv/lib/python3.12/site-packages/glance_store/location.py:146}}
Jul 17 14:31:30.190244 np0000005342 devstack@g-api.service[99764]: DEBUG glance_store.location [-] Registering scheme swift+config with {'store': , 'location_class': , 'store_entry': 'swift'} {{(pid=99764) register_scheme_map /opt/stack/data/venv/lib/python3.12/site-packages/glance_store/location.py:146}}
Jul 17 14:31:30.190461 np0000005342 devstack@g-api.service[99764]: DEBUG glance.sqlite_migration [-] SQLite caching database not located, skipping migration {{(pid=99764) get_db_path /opt/stack/glance/glance/sqlite_migration.py:68}}
Jul 17 14:31:30.190654 np0000005342 devstack@g-api.service[99764]: WARNING glance.common.wsgi_app [-] Import methods are enabled but staging directory /tmp/staging/ does not exist; Imports will fail!
Jul 17 14:31:30.286060 np0000005342 devstack@g-api.service[99762]: DEBUG glance.common.config [None req-10382b91-1874-41d0-a1fd-b827a348fe34 None None] Loading glance-api-keystone+cachemanagement from /etc/glance/glance-api-paste.ini {{(pid=99762) load_paste_app /opt/stack/glance/glance/common/config.py:765}}
Jul 17 14:31:30.296067 np0000005342 devstack@g-api.service[99763]: DEBUG glance.common.config [None req-1bfda438-7697-448f-a646-d40c77ec28e6 None None] Loading glance-api-keystone+cachemanagement from /etc/glance/glance-api-paste.ini {{(pid=99763) load_paste_app /opt/stack/glance/glance/common/config.py:765}}
Jul 17 14:31:30.368547 np0000005342 devstack@g-api.service[99764]: DEBUG glance.common.config [None req-9a682c28-edfc-4762-91e8-928440dcf70d None None] Loading glance-api-keystone+cachemanagement from /etc/glance/glance-api-paste.ini {{(pid=99764) load_paste_app /opt/stack/glance/glance/common/config.py:765}}
Jul 17 14:31:30.889422 np0000005342 devstack@g-api.service[99762]: INFO glance.image_cache [None req-10382b91-1874-41d0-a1fd-b827a348fe34 None None] Image cache loaded driver 'centralized_db'.
Jul 17 14:31:30.890380 np0000005342 devstack@g-api.service[99763]: INFO glance.image_cache [None req-1bfda438-7697-448f-a646-d40c77ec28e6 None None] Image cache loaded driver 'centralized_db'.
Jul 17 14:31:30.903777 np0000005342 devstack@g-api.service[99764]: INFO glance.image_cache [None req-9a682c28-edfc-4762-91e8-928440dcf70d None None] Image cache loaded driver 'centralized_db'.
Jul 17 14:31:30.935732 np0000005342 devstack@g-api.service[99762]: INFO dbcounter [None req-10382b91-1874-41d0-a1fd-b827a348fe34 None None] Registered counter for database glance
Jul 17 14:31:30.936098 np0000005342 devstack@g-api.service[99763]: INFO dbcounter [None req-1bfda438-7697-448f-a646-d40c77ec28e6 None None] Registered counter for database glance
Jul 17 14:31:30.951010 np0000005342 devstack@g-api.service[99764]: INFO dbcounter [None req-9a682c28-edfc-4762-91e8-928440dcf70d None None] Registered counter for database glance
Jul 17 14:31:30.975270 np0000005342 devstack@g-api.service[99762]: DEBUG oslo_db.sqlalchemy.engines [None req-10382b91-1874-41d0-a1fd-b827a348fe34 None None] MySQL server mode set to STRICT_TRANS_TABLES,STRICT_ALL_TABLES,NO_ZERO_IN_DATE,NO_ZERO_DATE,ERROR_FOR_DIVISION_BY_ZERO,TRADITIONAL,NO_ENGINE_SUBSTITUTION {{(pid=99762) _check_effective_sql_mode /opt/stack/data/venv/lib/python3.12/site-packages/oslo_db/sqlalchemy/engines.py:325}}
Jul 17 14:31:30.979332 np0000005342 devstack@g-api.service[99763]: DEBUG oslo_db.sqlalchemy.engines [None req-1bfda438-7697-448f-a646-d40c77ec28e6 None None] MySQL server mode set to STRICT_TRANS_TABLES,STRICT_ALL_TABLES,NO_ZERO_IN_DATE,NO_ZERO_DATE,ERROR_FOR_DIVISION_BY_ZERO,TRADITIONAL,NO_ENGINE_SUBSTITUTION {{(pid=99763) _check_effective_sql_mode /opt/stack/data/venv/lib/python3.12/site-packages/oslo_db/sqlalchemy/engines.py:325}}
Jul 17 14:31:30.993596 np0000005342 devstack@g-api.service[99764]: DEBUG oslo_db.sqlalchemy.engines [None req-9a682c28-edfc-4762-91e8-928440dcf70d None None] MySQL server mode set to STRICT_TRANS_TABLES,STRICT_ALL_TABLES,NO_ZERO_IN_DATE,NO_ZERO_DATE,ERROR_FOR_DIVISION_BY_ZERO,TRADITIONAL,NO_ENGINE_SUBSTITUTION {{(pid=99764) _check_effective_sql_mode /opt/stack/data/venv/lib/python3.12/site-packages/oslo_db/sqlalchemy/engines.py:325}}
Jul 17 14:31:30.995263 np0000005342 devstack@g-api.service[99762]: DEBUG dbcounter [-] [99762] Writer thread running {{(pid=99762) stat_writer /opt/stack/data/venv/lib/python3.12/site-packages/dbcounter.py:102}}
Jul 17 14:31:31.002981 np0000005342 devstack@g-api.service[99763]: DEBUG dbcounter [-] [99763] Writer thread running {{(pid=99763) stat_writer /opt/stack/data/venv/lib/python3.12/site-packages/dbcounter.py:102}}
Jul 17 14:31:31.005305 np0000005342 devstack@g-api.service[99763]: DEBUG glance.image_cache.drivers.centralized_db [None req-1bfda438-7697-448f-a646-d40c77ec28e6 None None] Node reference is already recorded, ignoring it {{(pid=99763) configure /opt/stack/glance/glance/image_cache/drivers/centralized_db.py:71}}
Jul 17 14:31:31.011448 np0000005342 devstack@g-api.service[99763]: INFO glance.image_cache [None req-1bfda438-7697-448f-a646-d40c77ec28e6 None None] Image cache loaded driver 'centralized_db'.
Jul 17 14:31:31.015486 np0000005342 devstack@g-api.service[99764]: DEBUG dbcounter [-] [99764] Writer thread running {{(pid=99764) stat_writer /opt/stack/data/venv/lib/python3.12/site-packages/dbcounter.py:102}}
Jul 17 14:31:31.018154 np0000005342 devstack@g-api.service[99764]: DEBUG glance.image_cache.drivers.centralized_db [None req-9a682c28-edfc-4762-91e8-928440dcf70d None None] Node reference is already recorded, ignoring it {{(pid=99764) configure /opt/stack/glance/glance/image_cache/drivers/centralized_db.py:71}}
Jul 17 14:31:31.018363 np0000005342 devstack@g-api.service[99763]: DEBUG glance.image_cache.drivers.centralized_db [None req-1bfda438-7697-448f-a646-d40c77ec28e6 None None] Node reference is already recorded, ignoring it {{(pid=99763) configure /opt/stack/glance/glance/image_cache/drivers/centralized_db.py:71}}
Jul 17 14:31:31.087313 np0000005342 devstack@g-api.service[99762]: INFO glance.image_cache [None req-10382b91-1874-41d0-a1fd-b827a348fe34 None None] Image cache loaded driver 'centralized_db'.
Jul 17 14:31:31.094680 np0000005342 devstack@g-api.service[99762]: DEBUG glance.image_cache.drivers.centralized_db [None req-10382b91-1874-41d0-a1fd-b827a348fe34 None None] Node reference is already recorded, ignoring it {{(pid=99762) configure /opt/stack/glance/glance/image_cache/drivers/centralized_db.py:71}}
Jul 17 14:31:31.099174 np0000005342 devstack@g-api.service[99762]: DEBUG glance.api.v2.cached_images [None req-10382b91-1874-41d0-a1fd-b827a348fe34 None None] Started cache worker thread {{(pid=99762) __init__ /opt/stack/glance/glance/api/v2/cached_images.py:71}}
Jul 17 14:31:31.099898 np0000005342 devstack@g-api.service[99762]: INFO glance.image_cache [None req-10382b91-1874-41d0-a1fd-b827a348fe34 None None] Image cache loaded driver 'centralized_db'.
Jul 17 14:31:31.106761 np0000005342 devstack@g-api.service[99762]: DEBUG glance.image_cache.drivers.centralized_db [None req-10382b91-1874-41d0-a1fd-b827a348fe34 None None] Node reference is already recorded, ignoring it {{(pid=99762) configure /opt/stack/glance/glance/image_cache/drivers/centralized_db.py:71}}
Jul 17 14:31:31.110403 np0000005342 devstack@g-api.service[99763]: DEBUG glance.api.v2.cached_images [None req-1bfda438-7697-448f-a646-d40c77ec28e6 None None] Started cache worker thread {{(pid=99763) __init__ /opt/stack/glance/glance/api/v2/cached_images.py:71}}
Jul 17 14:31:31.111222 np0000005342 devstack@g-api.service[99763]: INFO glance.image_cache [None req-1bfda438-7697-448f-a646-d40c77ec28e6 None None] Image cache loaded driver 'centralized_db'.
Jul 17 14:31:31.111272 np0000005342 devstack@g-api.service[99762]: INFO glance.api.middleware.cache_manage [None req-10382b91-1874-41d0-a1fd-b827a348fe34 None None] Initialized image cache management middleware
Jul 17 14:31:31.111364 np0000005342 devstack@g-api.service[99762]: INFO glance.image_cache [None req-10382b91-1874-41d0-a1fd-b827a348fe34 None None] Image cache loaded driver 'centralized_db'.
Jul 17 14:31:31.114623 np0000005342 devstack@g-api.service[99764]: INFO glance.image_cache [None req-9a682c28-edfc-4762-91e8-928440dcf70d None None] Image cache loaded driver 'centralized_db'.
Jul 17 14:31:31.118099 np0000005342 devstack@g-api.service[99762]: DEBUG glance.image_cache.drivers.centralized_db [None req-10382b91-1874-41d0-a1fd-b827a348fe34 None None] Node reference is already recorded, ignoring it {{(pid=99762) configure /opt/stack/glance/glance/image_cache/drivers/centralized_db.py:71}}
Jul 17 14:31:31.118435 np0000005342 devstack@g-api.service[99763]: DEBUG glance.image_cache.drivers.centralized_db [None req-1bfda438-7697-448f-a646-d40c77ec28e6 None None] Node reference is already recorded, ignoring it {{(pid=99763) configure /opt/stack/glance/glance/image_cache/drivers/centralized_db.py:71}}
Jul 17 14:31:31.122411 np0000005342 devstack@g-api.service[99764]: DEBUG glance.image_cache.drivers.centralized_db [None req-9a682c28-edfc-4762-91e8-928440dcf70d None None] Node reference is already recorded, ignoring it {{(pid=99764) configure /opt/stack/glance/glance/image_cache/drivers/centralized_db.py:71}}
Jul 17 14:31:31.122482 np0000005342 devstack@g-api.service[99762]: INFO glance.api.middleware.cache [None req-10382b91-1874-41d0-a1fd-b827a348fe34 None None] Initialized image cache middleware
Jul 17 14:31:31.123117 np0000005342 devstack@g-api.service[99763]: INFO glance.api.middleware.cache_manage [None req-1bfda438-7697-448f-a646-d40c77ec28e6 None None] Initialized image cache management middleware
Jul 17 14:31:31.123257 np0000005342 devstack@g-api.service[99763]: INFO glance.image_cache [None req-1bfda438-7697-448f-a646-d40c77ec28e6 None None] Image cache loaded driver 'centralized_db'.
Jul 17 14:31:31.128098 np0000005342 devstack@g-api.service[99764]: DEBUG glance.api.v2.cached_images [None req-9a682c28-edfc-4762-91e8-928440dcf70d None None] Started cache worker thread {{(pid=99764) __init__ /opt/stack/glance/glance/api/v2/cached_images.py:71}}
Jul 17 14:31:31.129203 np0000005342 devstack@g-api.service[99764]: INFO glance.image_cache [None req-9a682c28-edfc-4762-91e8-928440dcf70d None None] Image cache loaded driver 'centralized_db'.
Jul 17 14:31:31.129743 np0000005342 devstack@g-api.service[99763]: DEBUG glance.image_cache.drivers.centralized_db [None req-1bfda438-7697-448f-a646-d40c77ec28e6 None None] Node reference is already recorded, ignoring it {{(pid=99763) configure /opt/stack/glance/glance/image_cache/drivers/centralized_db.py:71}}
Jul 17 14:31:31.132547 np0000005342 devstack@g-api.service[99762]: DEBUG glance.common.config [None req-10382b91-1874-41d0-a1fd-b827a348fe34 None None] ******************************************************************************** {{(pid=99762) log_opt_values /opt/stack/data/venv/lib/python3.12/site-packages/oslo_config/cfg.py:3226}}
Jul 17 14:31:31.132658 np0000005342 devstack@g-api.service[99762]: DEBUG glance.common.config [None req-10382b91-1874-41d0-a1fd-b827a348fe34 None None] Configuration options gathered from: {{(pid=99762) log_opt_values /opt/stack/data/venv/lib/python3.12/site-packages/oslo_config/cfg.py:3227}}
Jul 17 14:31:31.132924 np0000005342 devstack@g-api.service[99762]: DEBUG glance.common.config [None req-10382b91-1874-41d0-a1fd-b827a348fe34 None None] command line args: [] {{(pid=99762) log_opt_values /opt/stack/data/venv/lib/python3.12/site-packages/oslo_config/cfg.py:3228}}
Jul 17 14:31:31.133055 np0000005342 devstack@g-api.service[99762]: DEBUG glance.common.config [None req-10382b91-1874-41d0-a1fd-b827a348fe34 None None] config files: ['/etc/glance/glance-image-import.conf', '/etc/glance/glance-api.conf'] {{(pid=99762) log_opt_values /opt/stack/data/venv/lib/python3.12/site-packages/oslo_config/cfg.py:3229}}
Jul 17 14:31:31.133114 np0000005342 devstack@g-api.service[99762]: DEBUG glance.common.config [None req-10382b91-1874-41d0-a1fd-b827a348fe34 None None] ================================================================================ {{(pid=99762) log_opt_values /opt/stack/data/venv/lib/python3.12/site-packages/oslo_config/cfg.py:3234}}
Jul 17 14:31:31.133246 np0000005342 devstack@g-api.service[99762]: DEBUG glance.common.config [None req-10382b91-1874-41d0-a1fd-b827a348fe34 None None] allow_anonymous_access = False {{(pid=99762) log_opt_values /opt/stack/data/venv/lib/python3.12/site-packages/oslo_config/cfg.py:3242}}
Jul 17 14:31:31.133351 np0000005342 devstack@g-api.service[99762]: DEBUG glance.common.config [None req-10382b91-1874-41d0-a1fd-b827a348fe34 None None] api_limit_max = 1000 {{(pid=99762) log_opt_values /opt/stack/data/venv/lib/python3.12/site-packages/oslo_config/cfg.py:3242}}
Jul 17 14:31:31.133448 np0000005342 devstack@g-api.service[99762]: DEBUG glance.common.config [None req-10382b91-1874-41d0-a1fd-b827a348fe34 None None] config_dir = [] {{(pid=99762) log_opt_values /opt/stack/data/venv/lib/python3.12/site-packages/oslo_config/cfg.py:3242}}
Jul 17 14:31:31.133524 np0000005342 devstack@g-api.service[99762]: DEBUG glance.common.config [None req-10382b91-1874-41d0-a1fd-b827a348fe34 None None] config_file = ['/etc/glance/glance-image-import.conf', '/etc/glance/glance-api.conf'] {{(pid=99762) log_opt_values /opt/stack/data/venv/lib/python3.12/site-packages/oslo_config/cfg.py:3242}}
Jul 17 14:31:31.133644 np0000005342 devstack@g-api.service[99762]: DEBUG glance.common.config [None req-10382b91-1874-41d0-a1fd-b827a348fe34 None None] config_source = [] {{(pid=99762) log_opt_values /opt/stack/data/venv/lib/python3.12/site-packages/oslo_config/cfg.py:3242}}
Jul 17 14:31:31.133750 np0000005342 devstack@g-api.service[99762]: DEBUG glance.common.config [None req-10382b91-1874-41d0-a1fd-b827a348fe34 None None] control_exchange = glance {{(pid=99762) log_opt_values /opt/stack/data/venv/lib/python3.12/site-packages/oslo_config/cfg.py:3242}}
Jul 17 14:31:31.133833 np0000005342 devstack@g-api.service[99762]: DEBUG glance.common.config [None req-10382b91-1874-41d0-a1fd-b827a348fe34 None None] debug = True {{(pid=99762) log_opt_values /opt/stack/data/venv/lib/python3.12/site-packages/oslo_config/cfg.py:3242}}
Jul 17 14:31:31.133991 np0000005342 devstack@g-api.service[99762]: DEBUG glance.common.config [None req-10382b91-1874-41d0-a1fd-b827a348fe34 None None] default_log_levels = ['amqp=WARN', 'boto=WARN', 'sqlalchemy=WARN', 'suds=INFO', 'oslo.messaging=INFO', 'oslo_messaging=INFO', 'iso8601=WARN', 'requests.packages.urllib3.connectionpool=WARN', 'urllib3.connectionpool=WARN', 'websocket=WARN', 'requests.packages.urllib3.util.retry=WARN', 'urllib3.util.retry=WARN', 'keystonemiddleware=WARN', 'routes.middleware=WARN', 'stevedore=WARN', 'taskflow=WARN', 'keystoneauth=WARN', 'oslo.cache=INFO', 'oslo_policy=INFO', 'dogpile.core.dogpile=INFO'] {{(pid=99762) log_opt_values /opt/stack/data/venv/lib/python3.12/site-packages/oslo_config/cfg.py:3242}}
Jul 17 14:31:31.134110 np0000005342 devstack@g-api.service[99762]: DEBUG glance.common.config [None req-10382b91-1874-41d0-a1fd-b827a348fe34 None None] default_publisher_id = image.localhost {{(pid=99762) log_opt_values /opt/stack/data/venv/lib/python3.12/site-packages/oslo_config/cfg.py:3242}}
Jul 17 14:31:31.134156 np0000005342 devstack@g-api.service[99762]: DEBUG glance.common.config [None req-10382b91-1874-41d0-a1fd-b827a348fe34 None None] delayed_delete = False {{(pid=99762) log_opt_values /opt/stack/data/venv/lib/python3.12/site-packages/oslo_config/cfg.py:3242}}
Jul 17 14:31:31.134315 np0000005342 devstack@g-api.service[99762]: DEBUG glance.common.config [None req-10382b91-1874-41d0-a1fd-b827a348fe34 None None] digest_algorithm = sha256 {{(pid=99762) log_opt_values /opt/stack/data/venv/lib/python3.12/site-packages/oslo_config/cfg.py:3242}}
Jul 17 14:31:31.134396 np0000005342 devstack@g-api.service[99762]: DEBUG glance.common.config [None req-10382b91-1874-41d0-a1fd-b827a348fe34 None None] disabled_notifications = [] {{(pid=99762) log_opt_values /opt/stack/data/venv/lib/python3.12/site-packages/oslo_config/cfg.py:3242}}
Jul 17 14:31:31.134465 np0000005342 devstack@g-api.service[99762]: DEBUG glance.common.config [None req-10382b91-1874-41d0-a1fd-b827a348fe34 None None] do_secure_hash = True {{(pid=99762) log_opt_values /opt/stack/data/venv/lib/python3.12/site-packages/oslo_config/cfg.py:3242}}
Jul 17 14:31:31.134549 np0000005342 devstack@g-api.service[99762]: DEBUG glance.common.config [None req-10382b91-1874-41d0-a1fd-b827a348fe34 None None] enabled_backends = None {{(pid=99762) log_opt_values /opt/stack/data/venv/lib/python3.12/site-packages/oslo_config/cfg.py:3242}}
Jul 17 14:31:31.134680 np0000005342 devstack@g-api.service[99762]: DEBUG glance.common.config [None req-10382b91-1874-41d0-a1fd-b827a348fe34 None None] enabled_import_methods = ['glance-direct', 'web-download', 'copy-image'] {{(pid=99762) log_opt_values /opt/stack/data/venv/lib/python3.12/site-packages/oslo_config/cfg.py:3242}}
Jul 17 14:31:31.134768 np0000005342 devstack@g-api.service[99762]: DEBUG glance.common.config [None req-10382b91-1874-41d0-a1fd-b827a348fe34 None None] fatal_deprecations = False {{(pid=99762) log_opt_values /opt/stack/data/venv/lib/python3.12/site-packages/oslo_config/cfg.py:3242}}
Jul 17 14:31:31.134874 np0000005342 devstack@g-api.service[99762]: DEBUG glance.common.config [None req-10382b91-1874-41d0-a1fd-b827a348fe34 None None] hashing_algorithm = sha512 {{(pid=99762) log_opt_values /opt/stack/data/venv/lib/python3.12/site-packages/oslo_config/cfg.py:3242}}
Jul 17 14:31:31.135144 np0000005342 devstack@g-api.service[99762]: DEBUG glance.common.config [None req-10382b91-1874-41d0-a1fd-b827a348fe34 None None] http_retries = 3 {{(pid=99762) log_opt_values /opt/stack/data/venv/lib/python3.12/site-packages/oslo_config/cfg.py:3242}}
Jul 17 14:31:31.135144 np0000005342 devstack@g-api.service[99762]: DEBUG glance.common.config [None req-10382b91-1874-41d0-a1fd-b827a348fe34 None None] image_cache_dir = /opt/stack/data/glance/cache/ {{(pid=99762) log_opt_values /opt/stack/data/venv/lib/python3.12/site-packages/oslo_config/cfg.py:3242}}
Jul 17 14:31:31.135144 np0000005342 devstack@g-api.service[99762]: DEBUG glance.common.config [None req-10382b91-1874-41d0-a1fd-b827a348fe34 None None] image_cache_driver = centralized_db {{(pid=99762) log_opt_values /opt/stack/data/venv/lib/python3.12/site-packages/oslo_config/cfg.py:3242}}
Jul 17 14:31:31.135231 np0000005342 devstack@g-api.service[99763]: INFO glance.api.middleware.cache [None req-1bfda438-7697-448f-a646-d40c77ec28e6 None None] Initialized image cache middleware
Jul 17 14:31:31.135256 np0000005342 devstack@g-api.service[99762]: DEBUG glance.common.config [None req-10382b91-1874-41d0-a1fd-b827a348fe34 None None] image_cache_max_size = 10737418240 {{(pid=99762) log_opt_values /opt/stack/data/venv/lib/python3.12/site-packages/oslo_config/cfg.py:3242}}
Jul 17 14:31:31.135336 np0000005342 devstack@g-api.service[99762]: DEBUG glance.common.config [None req-10382b91-1874-41d0-a1fd-b827a348fe34 None None] image_cache_sqlite_db = cache.db {{(pid=99762) log_opt_values /opt/stack/data/venv/lib/python3.12/site-packages/oslo_config/cfg.py:3242}}
Jul 17 14:31:31.135414 np0000005342 devstack@g-api.service[99762]: DEBUG glance.common.config [None req-10382b91-1874-41d0-a1fd-b827a348fe34 None None] image_cache_stall_time = 86400 {{(pid=99762) log_opt_values /opt/stack/data/venv/lib/python3.12/site-packages/oslo_config/cfg.py:3242}}
Jul 17 14:31:31.135503 np0000005342 devstack@g-api.service[99762]: DEBUG glance.common.config [None req-10382b91-1874-41d0-a1fd-b827a348fe34 None None] image_location_quota = 10 {{(pid=99762) log_opt_values /opt/stack/data/venv/lib/python3.12/site-packages/oslo_config/cfg.py:3242}}
Jul 17 14:31:31.135615 np0000005342 devstack@g-api.service[99762]: DEBUG glance.common.config [None req-10382b91-1874-41d0-a1fd-b827a348fe34 None None] image_member_quota = 128 {{(pid=99762) log_opt_values /opt/stack/data/venv/lib/python3.12/site-packages/oslo_config/cfg.py:3242}}
Jul 17 14:31:31.135711 np0000005342 devstack@g-api.service[99762]: DEBUG glance.common.config [None req-10382b91-1874-41d0-a1fd-b827a348fe34 None None] image_property_quota = 128 {{(pid=99762) log_opt_values /opt/stack/data/venv/lib/python3.12/site-packages/oslo_config/cfg.py:3242}}
Jul 17 14:31:31.135804 np0000005342 devstack@g-api.service[99762]: DEBUG glance.common.config [None req-10382b91-1874-41d0-a1fd-b827a348fe34 None None] image_size_cap = 1099511627776 {{(pid=99762) log_opt_values /opt/stack/data/venv/lib/python3.12/site-packages/oslo_config/cfg.py:3242}}
Jul 17 14:31:31.135913 np0000005342 devstack@g-api.service[99762]: DEBUG glance.common.config [None req-10382b91-1874-41d0-a1fd-b827a348fe34 None None] image_tag_quota = 128 {{(pid=99762) log_opt_values /opt/stack/data/venv/lib/python3.12/site-packages/oslo_config/cfg.py:3242}}
Jul 17 14:31:31.136006 np0000005342 devstack@g-api.service[99762]: DEBUG glance.common.config [None req-10382b91-1874-41d0-a1fd-b827a348fe34 None None] instance_format = [instance: %(uuid)s] {{(pid=99762) log_opt_values /opt/stack/data/venv/lib/python3.12/site-packages/oslo_config/cfg.py:3242}}
Jul 17 14:31:31.136095 np0000005342 devstack@g-api.service[99762]: DEBUG glance.common.config [None req-10382b91-1874-41d0-a1fd-b827a348fe34 None None] instance_uuid_format = [instance: %(uuid)s] {{(pid=99762) log_opt_values /opt/stack/data/venv/lib/python3.12/site-packages/oslo_config/cfg.py:3242}}
Jul 17 14:31:31.136131 np0000005342 devstack@g-api.service[99764]: DEBUG glance.image_cache.drivers.centralized_db [None req-9a682c28-edfc-4762-91e8-928440dcf70d None None] Node reference is already recorded, ignoring it {{(pid=99764) configure /opt/stack/glance/glance/image_cache/drivers/centralized_db.py:71}}
Jul 17 14:31:31.136189 np0000005342 devstack@g-api.service[99762]: DEBUG glance.common.config [None req-10382b91-1874-41d0-a1fd-b827a348fe34 None None] limit_param_default = 25 {{(pid=99762) log_opt_values /opt/stack/data/venv/lib/python3.12/site-packages/oslo_config/cfg.py:3242}}
Jul 17 14:31:31.136293 np0000005342 devstack@g-api.service[99762]: DEBUG glance.common.config [None req-10382b91-1874-41d0-a1fd-b827a348fe34 None None] log_color = False {{(pid=99762) log_opt_values /opt/stack/data/venv/lib/python3.12/site-packages/oslo_config/cfg.py:3242}}
Jul 17 14:31:31.136399 np0000005342 devstack@g-api.service[99762]: DEBUG glance.common.config [None req-10382b91-1874-41d0-a1fd-b827a348fe34 None None] log_config_append = None {{(pid=99762) log_opt_values /opt/stack/data/venv/lib/python3.12/site-packages/oslo_config/cfg.py:3242}}
Jul 17 14:31:31.136492 np0000005342 devstack@g-api.service[99762]: DEBUG glance.common.config [None req-10382b91-1874-41d0-a1fd-b827a348fe34 None None] log_date_format = %Y-%m-%d %H:%M:%S {{(pid=99762) log_opt_values /opt/stack/data/venv/lib/python3.12/site-packages/oslo_config/cfg.py:3242}}
Jul 17 14:31:31.136600 np0000005342 devstack@g-api.service[99762]: DEBUG glance.common.config [None req-10382b91-1874-41d0-a1fd-b827a348fe34 None None] log_dir = None {{(pid=99762) log_opt_values /opt/stack/data/venv/lib/python3.12/site-packages/oslo_config/cfg.py:3242}}
Jul 17 14:31:31.136694 np0000005342 devstack@g-api.service[99762]: DEBUG glance.common.config [None req-10382b91-1874-41d0-a1fd-b827a348fe34 None None] log_file = None {{(pid=99762) log_opt_values /opt/stack/data/venv/lib/python3.12/site-packages/oslo_config/cfg.py:3242}}
Jul 17 14:31:31.136780 np0000005342 devstack@g-api.service[99762]: DEBUG glance.common.config [None req-10382b91-1874-41d0-a1fd-b827a348fe34 None None] log_rotate_interval = 1 {{(pid=99762) log_opt_values /opt/stack/data/venv/lib/python3.12/site-packages/oslo_config/cfg.py:3242}}
Jul 17 14:31:31.136895 np0000005342 devstack@g-api.service[99762]: DEBUG glance.common.config [None req-10382b91-1874-41d0-a1fd-b827a348fe34 None None] log_rotate_interval_type = days {{(pid=99762) log_opt_values /opt/stack/data/venv/lib/python3.12/site-packages/oslo_config/cfg.py:3242}}
Jul 17 14:31:31.137059 np0000005342 devstack@g-api.service[99762]: DEBUG glance.common.config [None req-10382b91-1874-41d0-a1fd-b827a348fe34 None None] log_rotation_type = none {{(pid=99762) log_opt_values /opt/stack/data/venv/lib/python3.12/site-packages/oslo_config/cfg.py:3242}}
Jul 17 14:31:31.137149 np0000005342 devstack@g-api.service[99762]: DEBUG glance.common.config [None req-10382b91-1874-41d0-a1fd-b827a348fe34 None None] logging_context_format_string = %(color)s%(levelname)s %(name)s [%(global_request_id)s %(request_id)s %(project_name)s %(user_name)s%(color)s] %(instance)s%(color)s%(message)s {{(pid=99762) log_opt_values /opt/stack/data/venv/lib/python3.12/site-packages/oslo_config/cfg.py:3242}}
Jul 17 14:31:31.137208 np0000005342 devstack@g-api.service[99762]: DEBUG glance.common.config [None req-10382b91-1874-41d0-a1fd-b827a348fe34 None None] logging_debug_format_suffix = {{(pid=%(process)d) %(funcName)s %(pathname)s:%(lineno)d}} {{(pid=99762) log_opt_values /opt/stack/data/venv/lib/python3.12/site-packages/oslo_config/cfg.py:3242}}
Jul 17 14:31:31.137327 np0000005342 devstack@g-api.service[99762]: DEBUG glance.common.config [None req-10382b91-1874-41d0-a1fd-b827a348fe34 None None] logging_default_format_string = %(color)s%(levelname)s %(name)s [-%(color)s] %(instance)s%(color)s%(message)s {{(pid=99762) log_opt_values /opt/stack/data/venv/lib/python3.12/site-packages/oslo_config/cfg.py:3242}}
Jul 17 14:31:31.137436 np0000005342 devstack@g-api.service[99762]: DEBUG glance.common.config [None req-10382b91-1874-41d0-a1fd-b827a348fe34 None None] logging_exception_prefix = ERROR %(name)s %(instance)s {{(pid=99762) log_opt_values /opt/stack/data/venv/lib/python3.12/site-packages/oslo_config/cfg.py:3242}}
Jul 17 14:31:31.137535 np0000005342 devstack@g-api.service[99762]: DEBUG glance.common.config [None req-10382b91-1874-41d0-a1fd-b827a348fe34 None None] logging_user_identity_format = %(user)s %(project)s %(domain)s %(system_scope)s %(user_domain)s %(project_domain)s {{(pid=99762) log_opt_values /opt/stack/data/venv/lib/python3.12/site-packages/oslo_config/cfg.py:3242}}
Jul 17 14:31:31.137629 np0000005342 devstack@g-api.service[99762]: DEBUG glance.common.config [None req-10382b91-1874-41d0-a1fd-b827a348fe34 None None] max_logfile_count = 30 {{(pid=99762) log_opt_values /opt/stack/data/venv/lib/python3.12/site-packages/oslo_config/cfg.py:3242}}
Jul 17 14:31:31.137723 np0000005342 devstack@g-api.service[99762]: DEBUG glance.common.config [None req-10382b91-1874-41d0-a1fd-b827a348fe34 None None] max_logfile_size_mb = 200 {{(pid=99762) log_opt_values /opt/stack/data/venv/lib/python3.12/site-packages/oslo_config/cfg.py:3242}}
Jul 17 14:31:31.137809 np0000005342 devstack@g-api.service[99762]: DEBUG glance.common.config [None req-10382b91-1874-41d0-a1fd-b827a348fe34 None None] max_request_id_length = 64 {{(pid=99762) log_opt_values /opt/stack/data/venv/lib/python3.12/site-packages/oslo_config/cfg.py:3242}}
Jul 17 14:31:31.138358 np0000005342 devstack@g-api.service[99762]: DEBUG glance.common.config [None req-10382b91-1874-41d0-a1fd-b827a348fe34 None None] metadata_encryption_key = **** {{(pid=99762) log_opt_values /opt/stack/data/venv/lib/python3.12/site-packages/oslo_config/cfg.py:3242}}
Jul 17 14:31:31.138358 np0000005342 devstack@g-api.service[99762]: DEBUG glance.common.config [None req-10382b91-1874-41d0-a1fd-b827a348fe34 None None] node_staging_uri = file:///tmp/staging/ {{(pid=99762) log_opt_values /opt/stack/data/venv/lib/python3.12/site-packages/oslo_config/cfg.py:3242}}
Jul 17 14:31:31.138358 np0000005342 devstack@g-api.service[99762]: DEBUG glance.common.config [None req-10382b91-1874-41d0-a1fd-b827a348fe34 None None] property_protection_file = None {{(pid=99762) log_opt_values /opt/stack/data/venv/lib/python3.12/site-packages/oslo_config/cfg.py:3242}}
Jul 17 14:31:31.138358 np0000005342 devstack@g-api.service[99762]: DEBUG glance.common.config [None req-10382b91-1874-41d0-a1fd-b827a348fe34 None None] property_protection_rule_format = roles {{(pid=99762) log_opt_values /opt/stack/data/venv/lib/python3.12/site-packages/oslo_config/cfg.py:3242}}
Jul 17 14:31:31.138358 np0000005342 devstack@g-api.service[99762]: DEBUG glance.common.config [None req-10382b91-1874-41d0-a1fd-b827a348fe34 None None] public_endpoint = https://10.4.3.42/image {{(pid=99762) log_opt_values /opt/stack/data/venv/lib/python3.12/site-packages/oslo_config/cfg.py:3242}}
Jul 17 14:31:31.138358 np0000005342 devstack@g-api.service[99762]: DEBUG glance.common.config [None req-10382b91-1874-41d0-a1fd-b827a348fe34 None None] publish_errors = False {{(pid=99762) log_opt_values /opt/stack/data/venv/lib/python3.12/site-packages/oslo_config/cfg.py:3242}}
Jul 17 14:31:31.138507 np0000005342 devstack@g-api.service[99762]: DEBUG glance.common.config [None req-10382b91-1874-41d0-a1fd-b827a348fe34 None None] pydev_worker_debug_host = None {{(pid=99762) log_opt_values /opt/stack/data/venv/lib/python3.12/site-packages/oslo_config/cfg.py:3242}}
Jul 17 14:31:31.138507 np0000005342 devstack@g-api.service[99762]: DEBUG glance.common.config [None req-10382b91-1874-41d0-a1fd-b827a348fe34 None None] pydev_worker_debug_port = 5678 {{(pid=99762) log_opt_values /opt/stack/data/venv/lib/python3.12/site-packages/oslo_config/cfg.py:3242}}
Jul 17 14:31:31.138652 np0000005342 devstack@g-api.service[99762]: DEBUG glance.common.config [None req-10382b91-1874-41d0-a1fd-b827a348fe34 None None] rate_limit_burst = 0 {{(pid=99762) log_opt_values /opt/stack/data/venv/lib/python3.12/site-packages/oslo_config/cfg.py:3242}}
Jul 17 14:31:31.138731 np0000005342 devstack@g-api.service[99762]: DEBUG glance.common.config [None req-10382b91-1874-41d0-a1fd-b827a348fe34 None None] rate_limit_except_level = CRITICAL {{(pid=99762) log_opt_values /opt/stack/data/venv/lib/python3.12/site-packages/oslo_config/cfg.py:3242}}
Jul 17 14:31:31.138816 np0000005342 devstack@g-api.service[99762]: DEBUG glance.common.config [None req-10382b91-1874-41d0-a1fd-b827a348fe34 None None] rate_limit_interval = 0 {{(pid=99762) log_opt_values /opt/stack/data/venv/lib/python3.12/site-packages/oslo_config/cfg.py:3242}}
Jul 17 14:31:31.138921 np0000005342 devstack@g-api.service[99762]: DEBUG glance.common.config [None req-10382b91-1874-41d0-a1fd-b827a348fe34 None None] scrub_pool_size = 1 {{(pid=99762) log_opt_values /opt/stack/data/venv/lib/python3.12/site-packages/oslo_config/cfg.py:3242}}
Jul 17 14:31:31.139002 np0000005342 devstack@g-api.service[99762]: DEBUG glance.common.config [None req-10382b91-1874-41d0-a1fd-b827a348fe34 None None] scrub_time = 0 {{(pid=99762) log_opt_values /opt/stack/data/venv/lib/python3.12/site-packages/oslo_config/cfg.py:3242}}
Jul 17 14:31:31.139081 np0000005342 devstack@g-api.service[99762]: DEBUG glance.common.config [None req-10382b91-1874-41d0-a1fd-b827a348fe34 None None] shell_completion = None {{(pid=99762) log_opt_values /opt/stack/data/venv/lib/python3.12/site-packages/oslo_config/cfg.py:3242}}
Jul 17 14:31:31.139172 np0000005342 devstack@g-api.service[99762]: DEBUG glance.common.config [None req-10382b91-1874-41d0-a1fd-b827a348fe34 None None] show_image_direct_url = False {{(pid=99762) log_opt_values /opt/stack/data/venv/lib/python3.12/site-packages/oslo_config/cfg.py:3242}}
Jul 17 14:31:31.139398 np0000005342 devstack@g-api.service[99762]: WARNING oslo_config.cfg [None req-10382b91-1874-41d0-a1fd-b827a348fe34 None None] Deprecated: Option "show_multiple_locations" from group "DEFAULT" is deprecated for removal (Use of this option, deprecated since Newton, is a security risk and will be removed once we figure out a way to satisfy those use cases that currently require it. An earlier announcement that the same functionality can be achieved with greater granularity by using policies is incorrect. You cannot work around this option via policy configuration at the present time, though that is the direction we believe the fix will take. Please keep an eye on the Glance release notes to stay up to date on progress in addressing this issue.). Its value may be silently ignored in the future.
Jul 17 14:31:31.139534 np0000005342 devstack@g-api.service[99762]: DEBUG glance.common.config [None req-10382b91-1874-41d0-a1fd-b827a348fe34 None None] show_multiple_locations = False {{(pid=99762) log_opt_values /opt/stack/data/venv/lib/python3.12/site-packages/oslo_config/cfg.py:3242}}
Jul 17 14:31:31.139625 np0000005342 devstack@g-api.service[99762]: DEBUG glance.common.config [None req-10382b91-1874-41d0-a1fd-b827a348fe34 None None] syslog_log_facility = LOG_USER {{(pid=99762) log_opt_values /opt/stack/data/venv/lib/python3.12/site-packages/oslo_config/cfg.py:3242}}
Jul 17 14:31:31.139725 np0000005342 devstack@g-api.service[99762]: DEBUG glance.common.config [None req-10382b91-1874-41d0-a1fd-b827a348fe34 None None] transport_url = **** {{(pid=99762) log_opt_values /opt/stack/data/venv/lib/python3.12/site-packages/oslo_config/cfg.py:3242}}
Jul 17 14:31:31.139814 np0000005342 devstack@g-api.service[99762]: DEBUG glance.common.config [None req-10382b91-1874-41d0-a1fd-b827a348fe34 None None] use_journal = False {{(pid=99762) log_opt_values /opt/stack/data/venv/lib/python3.12/site-packages/oslo_config/cfg.py:3242}}
Jul 17 14:31:31.139919 np0000005342 devstack@g-api.service[99762]: DEBUG glance.common.config [None req-10382b91-1874-41d0-a1fd-b827a348fe34 None None] use_json = False {{(pid=99762) log_opt_values /opt/stack/data/venv/lib/python3.12/site-packages/oslo_config/cfg.py:3242}}
Jul 17 14:31:31.140015 np0000005342 devstack@g-api.service[99762]: DEBUG glance.common.config [None req-10382b91-1874-41d0-a1fd-b827a348fe34 None None] use_keystone_limits = True {{(pid=99762) log_opt_values /opt/stack/data/venv/lib/python3.12/site-packages/oslo_config/cfg.py:3242}}
Jul 17 14:31:31.140096 np0000005342 devstack@g-api.service[99762]: DEBUG glance.common.config [None req-10382b91-1874-41d0-a1fd-b827a348fe34 None None] use_stderr = False {{(pid=99762) log_opt_values /opt/stack/data/venv/lib/python3.12/site-packages/oslo_config/cfg.py:3242}}
Jul 17 14:31:31.140194 np0000005342 devstack@g-api.service[99762]: DEBUG glance.common.config [None req-10382b91-1874-41d0-a1fd-b827a348fe34 None None] use_syslog = False {{(pid=99762) log_opt_values /opt/stack/data/venv/lib/python3.12/site-packages/oslo_config/cfg.py:3242}}
Jul 17 14:31:31.140282 np0000005342 devstack@g-api.service[99762]: DEBUG glance.common.config [None req-10382b91-1874-41d0-a1fd-b827a348fe34 None None] user_storage_quota = 0 {{(pid=99762) log_opt_values /opt/stack/data/venv/lib/python3.12/site-packages/oslo_config/cfg.py:3242}}
Jul 17 14:31:31.140397 np0000005342 devstack@g-api.service[99762]: DEBUG glance.common.config [None req-10382b91-1874-41d0-a1fd-b827a348fe34 None None] worker_self_reference_url = http://127.0.0.1:60999 {{(pid=99762) log_opt_values /opt/stack/data/venv/lib/python3.12/site-packages/oslo_config/cfg.py:3242}}
Jul 17 14:31:31.140430 np0000005342 devstack@g-api.service[99764]: INFO glance.api.middleware.cache_manage [None req-9a682c28-edfc-4762-91e8-928440dcf70d None None] Initialized image cache management middleware
Jul 17 14:31:31.140506 np0000005342 devstack@g-api.service[99762]: DEBUG glance.common.config [None req-10382b91-1874-41d0-a1fd-b827a348fe34 None None] oslo_concurrency.disable_process_locking = False {{(pid=99762) log_opt_values /opt/stack/data/venv/lib/python3.12/site-packages/oslo_config/cfg.py:3253}}
Jul 17 14:31:31.140582 np0000005342 devstack@g-api.service[99764]: INFO glance.image_cache [None req-9a682c28-edfc-4762-91e8-928440dcf70d None None] Image cache loaded driver 'centralized_db'.
Jul 17 14:31:31.140630 np0000005342 devstack@g-api.service[99762]: DEBUG glance.common.config [None req-10382b91-1874-41d0-a1fd-b827a348fe34 None None] oslo_concurrency.lock_path = /opt/stack/data/glance/locks {{(pid=99762) log_opt_values /opt/stack/data/venv/lib/python3.12/site-packages/oslo_config/cfg.py:3253}}
Jul 17 14:31:31.140723 np0000005342 devstack@g-api.service[99762]: DEBUG glance.common.config [None req-10382b91-1874-41d0-a1fd-b827a348fe34 None None] oslo_middleware.enable_proxy_headers_parsing = False {{(pid=99762) log_opt_values /opt/stack/data/venv/lib/python3.12/site-packages/oslo_config/cfg.py:3253}}
Jul 17 14:31:31.140817 np0000005342 devstack@g-api.service[99762]: DEBUG glance.common.config [None req-10382b91-1874-41d0-a1fd-b827a348fe34 None None] oslo_middleware.http_basic_auth_user_file = /etc/htpasswd {{(pid=99762) log_opt_values /opt/stack/data/venv/lib/python3.12/site-packages/oslo_config/cfg.py:3253}}
Jul 17 14:31:31.140925 np0000005342 devstack@g-api.service[99762]: DEBUG glance.common.config [None req-10382b91-1874-41d0-a1fd-b827a348fe34 None None] paste_deploy.config_file = None {{(pid=99762) log_opt_values /opt/stack/data/venv/lib/python3.12/site-packages/oslo_config/cfg.py:3253}}
Jul 17 14:31:31.141018 np0000005342 devstack@g-api.service[99762]: DEBUG glance.common.config [None req-10382b91-1874-41d0-a1fd-b827a348fe34 None None] paste_deploy.flavor = keystone+cachemanagement {{(pid=99762) log_opt_values /opt/stack/data/venv/lib/python3.12/site-packages/oslo_config/cfg.py:3253}}
Jul 17 14:31:31.141142 np0000005342 devstack@g-api.service[99762]: DEBUG glance.common.config [None req-10382b91-1874-41d0-a1fd-b827a348fe34 None None] image_format.container_formats = ['ami', 'ari', 'aki', 'bare', 'ovf', 'ova', 'docker', 'compressed'] {{(pid=99762) log_opt_values /opt/stack/data/venv/lib/python3.12/site-packages/oslo_config/cfg.py:3253}}
Jul 17 14:31:31.141263 np0000005342 devstack@g-api.service[99762]: DEBUG glance.common.config [None req-10382b91-1874-41d0-a1fd-b827a348fe34 None None] image_format.disk_formats = ['ami', 'ari', 'aki', 'vhd', 'vhdx', 'vmdk', 'raw', 'qcow2', 'vdi', 'iso', 'ploop'] {{(pid=99762) log_opt_values /opt/stack/data/venv/lib/python3.12/site-packages/oslo_config/cfg.py:3253}}
Jul 17 14:31:31.141363 np0000005342 devstack@g-api.service[99762]: DEBUG glance.common.config [None req-10382b91-1874-41d0-a1fd-b827a348fe34 None None] image_format.gpt_safety_checks_nonfatal = [] {{(pid=99762) log_opt_values /opt/stack/data/venv/lib/python3.12/site-packages/oslo_config/cfg.py:3253}}
Jul 17 14:31:31.141474 np0000005342 devstack@g-api.service[99762]: DEBUG glance.common.config [None req-10382b91-1874-41d0-a1fd-b827a348fe34 None None] image_format.require_image_format_match = True {{(pid=99762) log_opt_values /opt/stack/data/venv/lib/python3.12/site-packages/oslo_config/cfg.py:3253}}
Jul 17 14:31:31.141591 np0000005342 devstack@g-api.service[99762]: DEBUG glance.common.config [None req-10382b91-1874-41d0-a1fd-b827a348fe34 None None] image_format.vmdk_allowed_types = ['streamOptimized', 'monolithicSparse'] {{(pid=99762) log_opt_values /opt/stack/data/venv/lib/python3.12/site-packages/oslo_config/cfg.py:3253}}
Jul 17 14:31:31.141710 np0000005342 devstack@g-api.service[99762]: DEBUG glance.common.config [None req-10382b91-1874-41d0-a1fd-b827a348fe34 None None] task.task_executor = taskflow {{(pid=99762) log_opt_values /opt/stack/data/venv/lib/python3.12/site-packages/oslo_config/cfg.py:3253}}
Jul 17 14:31:31.141802 np0000005342 devstack@g-api.service[99762]: DEBUG glance.common.config [None req-10382b91-1874-41d0-a1fd-b827a348fe34 None None] task.task_time_to_live = 48 {{(pid=99762) log_opt_values /opt/stack/data/venv/lib/python3.12/site-packages/oslo_config/cfg.py:3253}}
Jul 17 14:31:31.141906 np0000005342 devstack@g-api.service[99762]: DEBUG glance.common.config [None req-10382b91-1874-41d0-a1fd-b827a348fe34 None None] task.work_dir = None {{(pid=99762) log_opt_values /opt/stack/data/venv/lib/python3.12/site-packages/oslo_config/cfg.py:3253}}
Jul 17 14:31:31.142013 np0000005342 devstack@g-api.service[99762]: DEBUG glance.common.config [None req-10382b91-1874-41d0-a1fd-b827a348fe34 None None] wsgi.python_interpreter = /opt/stack/data/venv/bin/python3 {{(pid=99762) log_opt_values /opt/stack/data/venv/lib/python3.12/site-packages/oslo_config/cfg.py:3253}}
Jul 17 14:31:31.142099 np0000005342 devstack@g-api.service[99762]: DEBUG glance.common.config [None req-10382b91-1874-41d0-a1fd-b827a348fe34 None None] wsgi.task_pool_threads = 16 {{(pid=99762) log_opt_values /opt/stack/data/venv/lib/python3.12/site-packages/oslo_config/cfg.py:3253}}
Jul 17 14:31:31.142192 np0000005342 devstack@g-api.service[99762]: DEBUG glance.common.config [None req-10382b91-1874-41d0-a1fd-b827a348fe34 None None] import_filtering_opts.allowed_hosts = [] {{(pid=99762) log_opt_values /opt/stack/data/venv/lib/python3.12/site-packages/oslo_config/cfg.py:3253}}
Jul 17 14:31:31.142285 np0000005342 devstack@g-api.service[99762]: DEBUG glance.common.config [None req-10382b91-1874-41d0-a1fd-b827a348fe34 None None] import_filtering_opts.allowed_ports = [80, 443] {{(pid=99762) log_opt_values /opt/stack/data/venv/lib/python3.12/site-packages/oslo_config/cfg.py:3253}}
Jul 17 14:31:31.142424 np0000005342 devstack@g-api.service[99762]: DEBUG glance.common.config [None req-10382b91-1874-41d0-a1fd-b827a348fe34 None None] import_filtering_opts.allowed_schemes = ['http', 'https'] {{(pid=99762) log_opt_values /opt/stack/data/venv/lib/python3.12/site-packages/oslo_config/cfg.py:3253}}
Jul 17 14:31:31.142521 np0000005342 devstack@g-api.service[99762]: DEBUG glance.common.config [None req-10382b91-1874-41d0-a1fd-b827a348fe34 None None] import_filtering_opts.disallowed_hosts = [] {{(pid=99762) log_opt_values /opt/stack/data/venv/lib/python3.12/site-packages/oslo_config/cfg.py:3253}}
Jul 17 14:31:31.142636 np0000005342 devstack@g-api.service[99762]: DEBUG glance.common.config [None req-10382b91-1874-41d0-a1fd-b827a348fe34 None None] import_filtering_opts.disallowed_ports = [] {{(pid=99762) log_opt_values /opt/stack/data/venv/lib/python3.12/site-packages/oslo_config/cfg.py:3253}}
Jul 17 14:31:31.142729 np0000005342 devstack@g-api.service[99762]: DEBUG glance.common.config [None req-10382b91-1874-41d0-a1fd-b827a348fe34 None None] import_filtering_opts.disallowed_schemes = [] {{(pid=99762) log_opt_values /opt/stack/data/venv/lib/python3.12/site-packages/oslo_config/cfg.py:3253}}
Jul 17 14:31:31.142844 np0000005342 devstack@g-api.service[99762]: DEBUG glance.common.config [None req-10382b91-1874-41d0-a1fd-b827a348fe34 None None] oslo_messaging_metrics.metrics_buffer_size = 1000 {{(pid=99762) log_opt_values /opt/stack/data/venv/lib/python3.12/site-packages/oslo_config/cfg.py:3253}}
Jul 17 14:31:31.142934 np0000005342 devstack@g-api.service[99762]: DEBUG glance.common.config [None req-10382b91-1874-41d0-a1fd-b827a348fe34 None None] oslo_messaging_metrics.metrics_enabled = False {{(pid=99762) log_opt_values /opt/stack/data/venv/lib/python3.12/site-packages/oslo_config/cfg.py:3253}}
