Jul 17 14:31:07.936085 np0000005342 nova-scheduler[93497]: DEBUG cotyledon.oslo_config_glue [-] oslo_messaging_rabbit.rabbit_ha_queues = False {{(pid=93497) log_opt_values /opt/stack/data/venv/lib/python3.12/site-packages/oslo_config/cfg.py:3253}}
Jul 17 14:31:07.936085 np0000005342 nova-scheduler[93497]: DEBUG cotyledon.oslo_config_glue [-] oslo_messaging_rabbit.rabbit_interval_max = 30 {{(pid=93497) log_opt_values /opt/stack/data/venv/lib/python3.12/site-packages/oslo_config/cfg.py:3253}}
Jul 17 14:31:07.936085 np0000005342 nova-scheduler[93497]: DEBUG cotyledon.oslo_config_glue [-] oslo_messaging_rabbit.rabbit_login_method = AMQPLAIN {{(pid=93497) log_opt_values /opt/stack/data/venv/lib/python3.12/site-packages/oslo_config/cfg.py:3253}}
Jul 17 14:31:07.936260 np0000005342 nova-scheduler[93497]: DEBUG cotyledon.oslo_config_glue [-] oslo_messaging_rabbit.rabbit_qos_prefetch_count = 0 {{(pid=93497) log_opt_values /opt/stack/data/venv/lib/python3.12/site-packages/oslo_config/cfg.py:3253}}
Jul 17 14:31:07.936260 np0000005342 nova-scheduler[93497]: DEBUG cotyledon.oslo_config_glue [-] oslo_messaging_rabbit.rabbit_quorum_delivery_limit = 0 {{(pid=93497) log_opt_values /opt/stack/data/venv/lib/python3.12/site-packages/oslo_config/cfg.py:3253}}
Jul 17 14:31:07.936260 np0000005342 nova-scheduler[93497]: DEBUG cotyledon.oslo_config_glue [-] oslo_messaging_rabbit.rabbit_quorum_max_memory_bytes = 0 {{(pid=93497) log_opt_values /opt/stack/data/venv/lib/python3.12/site-packages/oslo_config/cfg.py:3253}}
Jul 17 14:31:07.936260 np0000005342 nova-scheduler[93497]: DEBUG cotyledon.oslo_config_glue [-] oslo_messaging_rabbit.rabbit_quorum_max_memory_length = 0 {{(pid=93497) log_opt_values /opt/stack/data/venv/lib/python3.12/site-packages/oslo_config/cfg.py:3253}}
Jul 17 14:31:07.936260 np0000005342 nova-scheduler[93497]: DEBUG cotyledon.oslo_config_glue [-] oslo_messaging_rabbit.rabbit_quorum_queue = False {{(pid=93497) log_opt_values /opt/stack/data/venv/lib/python3.12/site-packages/oslo_config/cfg.py:3253}}
Jul 17 14:31:07.936260 np0000005342 nova-scheduler[93497]: DEBUG cotyledon.oslo_config_glue [-] oslo_messaging_rabbit.rabbit_retry_backoff = 2 {{(pid=93497) log_opt_values /opt/stack/data/venv/lib/python3.12/site-packages/oslo_config/cfg.py:3253}}
Jul 17 14:31:07.936260 np0000005342 nova-scheduler[93497]: DEBUG cotyledon.oslo_config_glue [-] oslo_messaging_rabbit.rabbit_retry_interval = 1 {{(pid=93497) log_opt_values /opt/stack/data/venv/lib/python3.12/site-packages/oslo_config/cfg.py:3253}}
Jul 17 14:31:07.936260 np0000005342 nova-scheduler[93497]: DEBUG cotyledon.oslo_config_glue [-] oslo_messaging_rabbit.rabbit_stream_fanout = False {{(pid=93497) log_opt_values /opt/stack/data/venv/lib/python3.12/site-packages/oslo_config/cfg.py:3253}}
Jul 17 14:31:07.936396 np0000005342 nova-scheduler[93497]: DEBUG cotyledon.oslo_config_glue [-] oslo_messaging_rabbit.rabbit_transient_queues_ttl = 1800 {{(pid=93497) log_opt_values /opt/stack/data/venv/lib/python3.12/site-packages/oslo_config/cfg.py:3253}}
Jul 17 14:31:07.936396 np0000005342 nova-scheduler[93497]: DEBUG cotyledon.oslo_config_glue [-] oslo_messaging_rabbit.rabbit_transient_quorum_queue = False {{(pid=93497) log_opt_values /opt/stack/data/venv/lib/python3.12/site-packages/oslo_config/cfg.py:3253}}
Jul 17 14:31:07.936396 np0000005342 nova-scheduler[93497]: DEBUG cotyledon.oslo_config_glue [-] oslo_messaging_rabbit.rpc_conn_pool_size = 30 {{(pid=93497) log_opt_values /opt/stack/data/venv/lib/python3.12/site-packages/oslo_config/cfg.py:3253}}
Jul 17 14:31:07.936396 np0000005342 nova-scheduler[93497]: DEBUG cotyledon.oslo_config_glue [-] oslo_messaging_rabbit.ssl = False {{(pid=93497) log_opt_values /opt/stack/data/venv/lib/python3.12/site-packages/oslo_config/cfg.py:3253}}
Jul 17 14:31:07.936396 np0000005342 nova-scheduler[93497]: DEBUG cotyledon.oslo_config_glue [-] oslo_messaging_rabbit.ssl_ca_file = {{(pid=93497) log_opt_values /opt/stack/data/venv/lib/python3.12/site-packages/oslo_config/cfg.py:3253}}
Jul 17 14:31:07.936396 np0000005342 nova-scheduler[93497]: DEBUG cotyledon.oslo_config_glue [-] oslo_messaging_rabbit.ssl_cert_file = {{(pid=93497) log_opt_values /opt/stack/data/venv/lib/python3.12/site-packages/oslo_config/cfg.py:3253}}
Jul 17 14:31:07.936396 np0000005342 nova-scheduler[93497]: DEBUG cotyledon.oslo_config_glue [-] oslo_messaging_rabbit.ssl_enforce_fips_mode = False {{(pid=93497) log_opt_values /opt/stack/data/venv/lib/python3.12/site-packages/oslo_config/cfg.py:3253}}
Jul 17 14:31:07.936396 np0000005342 nova-scheduler[93497]: DEBUG cotyledon.oslo_config_glue [-] oslo_messaging_rabbit.ssl_enforce_hostname_verification = True {{(pid=93497) log_opt_values /opt/stack/data/venv/lib/python3.12/site-packages/oslo_config/cfg.py:3253}}
Jul 17 14:31:07.936396 np0000005342 nova-scheduler[93497]: DEBUG cotyledon.oslo_config_glue [-] oslo_messaging_rabbit.ssl_key_file = {{(pid=93497) log_opt_values /opt/stack/data/venv/lib/python3.12/site-packages/oslo_config/cfg.py:3253}}
Jul 17 14:31:07.936622 np0000005342 nova-scheduler[93497]: DEBUG cotyledon.oslo_config_glue [-] oslo_messaging_rabbit.ssl_version = {{(pid=93497) log_opt_values /opt/stack/data/venv/lib/python3.12/site-packages/oslo_config/cfg.py:3253}}
Jul 17 14:31:07.936622 np0000005342 nova-scheduler[93497]: DEBUG cotyledon.oslo_config_glue [-] oslo_messaging_rabbit.use_queue_manager = False {{(pid=93497) log_opt_values /opt/stack/data/venv/lib/python3.12/site-packages/oslo_config/cfg.py:3253}}
Jul 17 14:31:07.936622 np0000005342 nova-scheduler[93497]: DEBUG cotyledon.oslo_config_glue [-] oslo_messaging_notifications.driver = ['messagingv2'] {{(pid=93497) log_opt_values /opt/stack/data/venv/lib/python3.12/site-packages/oslo_config/cfg.py:3253}}
Jul 17 14:31:07.936622 np0000005342 nova-scheduler[93497]: DEBUG cotyledon.oslo_config_glue [-] oslo_messaging_notifications.retry = -1 {{(pid=93497) log_opt_values /opt/stack/data/venv/lib/python3.12/site-packages/oslo_config/cfg.py:3253}}
Jul 17 14:31:07.936622 np0000005342 nova-scheduler[93497]: DEBUG cotyledon.oslo_config_glue [-] oslo_messaging_notifications.topics = ['notifications'] {{(pid=93497) log_opt_values /opt/stack/data/venv/lib/python3.12/site-packages/oslo_config/cfg.py:3253}}
Jul 17 14:31:07.936622 np0000005342 nova-scheduler[93497]: DEBUG cotyledon.oslo_config_glue [-] oslo_messaging_notifications.transport_url = **** {{(pid=93497) log_opt_values /opt/stack/data/venv/lib/python3.12/site-packages/oslo_config/cfg.py:3253}}
Jul 17 14:31:07.936622 np0000005342 nova-scheduler[93497]: DEBUG cotyledon.oslo_config_glue [-] oslo_limit.auth_section = None {{(pid=93497) log_opt_values /opt/stack/data/venv/lib/python3.12/site-packages/oslo_config/cfg.py:3253}}
Jul 17 14:31:07.936622 np0000005342 nova-scheduler[93497]: DEBUG cotyledon.oslo_config_glue [-] oslo_limit.auth_type = None {{(pid=93497) log_opt_values /opt/stack/data/venv/lib/python3.12/site-packages/oslo_config/cfg.py:3253}}
Jul 17 14:31:07.936622 np0000005342 nova-scheduler[93497]: DEBUG cotyledon.oslo_config_glue [-] oslo_limit.cafile = None {{(pid=93497) log_opt_values /opt/stack/data/venv/lib/python3.12/site-packages/oslo_config/cfg.py:3253}}
Jul 17 14:31:07.936863 np0000005342 nova-scheduler[93497]: DEBUG cotyledon.oslo_config_glue [-] oslo_limit.certfile = None {{(pid=93497) log_opt_values /opt/stack/data/venv/lib/python3.12/site-packages/oslo_config/cfg.py:3253}}
Jul 17 14:31:07.936863 np0000005342 nova-scheduler[93497]: DEBUG cotyledon.oslo_config_glue [-] oslo_limit.collect_timing = False {{(pid=93497) log_opt_values /opt/stack/data/venv/lib/python3.12/site-packages/oslo_config/cfg.py:3253}}
Jul 17 14:31:07.936863 np0000005342 nova-scheduler[93497]: DEBUG cotyledon.oslo_config_glue [-] oslo_limit.connect_retries = None {{(pid=93497) log_opt_values /opt/stack/data/venv/lib/python3.12/site-packages/oslo_config/cfg.py:3253}}
Jul 17 14:31:07.936863 np0000005342 nova-scheduler[93497]: DEBUG cotyledon.oslo_config_glue [-] oslo_limit.connect_retry_delay = None {{(pid=93497) log_opt_values /opt/stack/data/venv/lib/python3.12/site-packages/oslo_config/cfg.py:3253}}
Jul 17 14:31:07.936863 np0000005342 nova-scheduler[93497]: DEBUG cotyledon.oslo_config_glue [-] oslo_limit.endpoint_id = None {{(pid=93497) log_opt_values /opt/stack/data/venv/lib/python3.12/site-packages/oslo_config/cfg.py:3253}}
Jul 17 14:31:07.936863 np0000005342 nova-scheduler[93497]: DEBUG cotyledon.oslo_config_glue [-] oslo_limit.endpoint_interface = public {{(pid=93497) log_opt_values /opt/stack/data/venv/lib/python3.12/site-packages/oslo_config/cfg.py:3253}}
Jul 17 14:31:07.936863 np0000005342 nova-scheduler[93497]: DEBUG cotyledon.oslo_config_glue [-] oslo_limit.endpoint_override = None {{(pid=93497) log_opt_values /opt/stack/data/venv/lib/python3.12/site-packages/oslo_config/cfg.py:3253}}
Jul 17 14:31:07.936863 np0000005342 nova-scheduler[93497]: DEBUG cotyledon.oslo_config_glue [-] oslo_limit.endpoint_region_name = None {{(pid=93497) log_opt_values /opt/stack/data/venv/lib/python3.12/site-packages/oslo_config/cfg.py:3253}}
Jul 17 14:31:07.936863 np0000005342 nova-scheduler[93497]: DEBUG cotyledon.oslo_config_glue [-] oslo_limit.endpoint_service_name = None {{(pid=93497) log_opt_values /opt/stack/data/venv/lib/python3.12/site-packages/oslo_config/cfg.py:3253}}
Jul 17 14:31:07.937049 np0000005342 nova-scheduler[93497]: DEBUG cotyledon.oslo_config_glue [-] oslo_limit.endpoint_service_type = None {{(pid=93497) log_opt_values /opt/stack/data/venv/lib/python3.12/site-packages/oslo_config/cfg.py:3253}}
Jul 17 14:31:07.937049 np0000005342 nova-scheduler[93497]: DEBUG cotyledon.oslo_config_glue [-] oslo_limit.insecure = False {{(pid=93497) log_opt_values /opt/stack/data/venv/lib/python3.12/site-packages/oslo_config/cfg.py:3253}}
Jul 17 14:31:07.937049 np0000005342 nova-scheduler[93497]: DEBUG cotyledon.oslo_config_glue [-] oslo_limit.keyfile = None {{(pid=93497) log_opt_values /opt/stack/data/venv/lib/python3.12/site-packages/oslo_config/cfg.py:3253}}
Jul 17 14:31:07.937049 np0000005342 nova-scheduler[93497]: DEBUG cotyledon.oslo_config_glue [-] oslo_limit.max_version = None {{(pid=93497) log_opt_values /opt/stack/data/venv/lib/python3.12/site-packages/oslo_config/cfg.py:3253}}
Jul 17 14:31:07.937049 np0000005342 nova-scheduler[93497]: DEBUG cotyledon.oslo_config_glue [-] oslo_limit.min_version = None {{(pid=93497) log_opt_values /opt/stack/data/venv/lib/python3.12/site-packages/oslo_config/cfg.py:3253}}
Jul 17 14:31:07.937049 np0000005342 nova-scheduler[93497]: DEBUG cotyledon.oslo_config_glue [-] oslo_limit.region_name = None {{(pid=93497) log_opt_values /opt/stack/data/venv/lib/python3.12/site-packages/oslo_config/cfg.py:3253}}
Jul 17 14:31:07.937049 np0000005342 nova-scheduler[93497]: DEBUG cotyledon.oslo_config_glue [-] oslo_limit.retriable_status_codes = None {{(pid=93497) log_opt_values /opt/stack/data/venv/lib/python3.12/site-packages/oslo_config/cfg.py:3253}}
Jul 17 14:31:07.937049 np0000005342 nova-scheduler[93497]: DEBUG cotyledon.oslo_config_glue [-] oslo_limit.service_name = None {{(pid=93497) log_opt_values /opt/stack/data/venv/lib/python3.12/site-packages/oslo_config/cfg.py:3253}}
Jul 17 14:31:07.937049 np0000005342 nova-scheduler[93497]: DEBUG cotyledon.oslo_config_glue [-] oslo_limit.service_type = None {{(pid=93497) log_opt_values /opt/stack/data/venv/lib/python3.12/site-packages/oslo_config/cfg.py:3253}}
Jul 17 14:31:07.937225 np0000005342 nova-scheduler[93497]: DEBUG cotyledon.oslo_config_glue [-] oslo_limit.split_loggers = False {{(pid=93497) log_opt_values /opt/stack/data/venv/lib/python3.12/site-packages/oslo_config/cfg.py:3253}}
Jul 17 14:31:07.937225 np0000005342 nova-scheduler[93497]: DEBUG cotyledon.oslo_config_glue [-] oslo_limit.status_code_retries = None {{(pid=93497) log_opt_values /opt/stack/data/venv/lib/python3.12/site-packages/oslo_config/cfg.py:3253}}
Jul 17 14:31:07.937225 np0000005342 nova-scheduler[93497]: DEBUG cotyledon.oslo_config_glue [-] oslo_limit.status_code_retry_delay = None {{(pid=93497) log_opt_values /opt/stack/data/venv/lib/python3.12/site-packages/oslo_config/cfg.py:3253}}
Jul 17 14:31:07.937225 np0000005342 nova-scheduler[93497]: DEBUG cotyledon.oslo_config_glue [-] oslo_limit.timeout = None {{(pid=93497) log_opt_values /opt/stack/data/venv/lib/python3.12/site-packages/oslo_config/cfg.py:3253}}
Jul 17 14:31:07.937225 np0000005342 nova-scheduler[93497]: DEBUG cotyledon.oslo_config_glue [-] oslo_limit.valid_interfaces = None {{(pid=93497) log_opt_values /opt/stack/data/venv/lib/python3.12/site-packages/oslo_config/cfg.py:3253}}
Jul 17 14:31:07.937225 np0000005342 nova-scheduler[93497]: DEBUG cotyledon.oslo_config_glue [-] oslo_limit.version = None {{(pid=93497) log_opt_values /opt/stack/data/venv/lib/python3.12/site-packages/oslo_config/cfg.py:3253}}
Jul 17 14:31:07.937225 np0000005342 nova-scheduler[93497]: DEBUG cotyledon.oslo_config_glue [-] oslo_reports.file_event_handler = None {{(pid=93497) log_opt_values /opt/stack/data/venv/lib/python3.12/site-packages/oslo_config/cfg.py:3253}}
Jul 17 14:31:07.937225 np0000005342 nova-scheduler[93497]: DEBUG cotyledon.oslo_config_glue [-] oslo_reports.file_event_handler_interval = 1 {{(pid=93497) log_opt_values /opt/stack/data/venv/lib/python3.12/site-packages/oslo_config/cfg.py:3253}}
Jul 17 14:31:07.937225 np0000005342 nova-scheduler[93497]: DEBUG cotyledon.oslo_config_glue [-] oslo_reports.log_dir = None {{(pid=93497) log_opt_values /opt/stack/data/venv/lib/python3.12/site-packages/oslo_config/cfg.py:3253}}
Jul 17 14:31:07.937399 np0000005342 nova-scheduler[93497]: DEBUG cotyledon.oslo_config_glue [-] ******************************************************************************** {{(pid=93497) log_opt_values /opt/stack/data/venv/lib/python3.12/site-packages/oslo_config/cfg.py:3260}}
Jul 17 14:31:07.937399 np0000005342 nova-scheduler[93497]: DEBUG cotyledon._service_worker [-] Run service ServiceWrapper(0) [93497] {{(pid=93497) wait_forever /opt/stack/data/venv/lib/python3.12/site-packages/cotyledon/_service_worker.py:218}}
Jul 17 14:31:07.937399 np0000005342 nova-scheduler[93497]: INFO nova.service [-] Starting scheduler node (version 33.1.0)
Jul 17 14:31:07.941128 np0000005342 nova-scheduler[93497]: INFO dbcounter [None req-a043317a-3ebe-47c2-afff-d9a2c80d9eb7 None None] Registered counter for database nova_cell0
Jul 17 14:31:07.946409 np0000005342 nova-scheduler[93526]: DEBUG oslo_db.sqlalchemy.engines [None req-a3fc722c-12c2-48ae-826a-133d0521c00f None None] MySQL server mode set to STRICT_TRANS_TABLES,STRICT_ALL_TABLES,NO_ZERO_IN_DATE,NO_ZERO_DATE,ERROR_FOR_DIVISION_BY_ZERO,TRADITIONAL,NO_ENGINE_SUBSTITUTION {{(pid=93526) _check_effective_sql_mode /opt/stack/data/venv/lib/python3.12/site-packages/oslo_db/sqlalchemy/engines.py:325}}
Jul 17 14:31:07.957601 np0000005342 nova-scheduler[93526]: DEBUG dbcounter [-] [93526] Writer thread running {{(pid=93526) stat_writer /opt/stack/data/venv/lib/python3.12/site-packages/dbcounter.py:102}}
Jul 17 14:31:07.965311 np0000005342 nova-scheduler[93519]: DEBUG oslo_db.sqlalchemy.engines [None req-c2470e1b-52af-4654-ac83-7a6a8f96725f None None] MySQL server mode set to STRICT_TRANS_TABLES,STRICT_ALL_TABLES,NO_ZERO_IN_DATE,NO_ZERO_DATE,ERROR_FOR_DIVISION_BY_ZERO,TRADITIONAL,NO_ENGINE_SUBSTITUTION {{(pid=93519) _check_effective_sql_mode /opt/stack/data/venv/lib/python3.12/site-packages/oslo_db/sqlalchemy/engines.py:325}}
Jul 17 14:31:07.972995 np0000005342 nova-scheduler[93526]: DEBUG nova.service [None req-a3fc722c-12c2-48ae-826a-133d0521c00f None None] Creating RPC server for service: nova-scheduler on topic: scheduler {{(pid=93526) start /opt/stack/nova/nova/service.py:196}}
Jul 17 14:31:07.978038 np0000005342 nova-scheduler[93497]: DEBUG oslo_db.sqlalchemy.engines [None req-a043317a-3ebe-47c2-afff-d9a2c80d9eb7 None None] MySQL server mode set to STRICT_TRANS_TABLES,STRICT_ALL_TABLES,NO_ZERO_IN_DATE,NO_ZERO_DATE,ERROR_FOR_DIVISION_BY_ZERO,TRADITIONAL,NO_ENGINE_SUBSTITUTION {{(pid=93497) _check_effective_sql_mode /opt/stack/data/venv/lib/python3.12/site-packages/oslo_db/sqlalchemy/engines.py:325}}
Jul 17 14:31:07.978966 np0000005342 nova-scheduler[93519]: DEBUG dbcounter [-] [93519] Writer thread running {{(pid=93519) stat_writer /opt/stack/data/venv/lib/python3.12/site-packages/dbcounter.py:102}}
Jul 17 14:31:07.983526 np0000005342 nova-scheduler[93519]: DEBUG nova.service [None req-c2470e1b-52af-4654-ac83-7a6a8f96725f None None] Creating RPC server for service: nova-scheduler on topic: scheduler {{(pid=93519) start /opt/stack/nova/nova/service.py:196}}
Jul 17 14:31:07.989962 np0000005342 nova-scheduler[93497]: DEBUG dbcounter [-] [93497] Writer thread running {{(pid=93497) stat_writer /opt/stack/data/venv/lib/python3.12/site-packages/dbcounter.py:102}}
Jul 17 14:31:07.993955 np0000005342 nova-scheduler[93497]: DEBUG nova.service [None req-a043317a-3ebe-47c2-afff-d9a2c80d9eb7 None None] Creating RPC server for service: nova-scheduler on topic: scheduler {{(pid=93497) start /opt/stack/nova/nova/service.py:196}}
Jul 17 14:31:08.000335 np0000005342 nova-scheduler[93526]: DEBUG nova.service [None req-a3fc722c-12c2-48ae-826a-133d0521c00f None None] Join ServiceGroup membership for this service scheduler {{(pid=93526) start /opt/stack/nova/nova/service.py:222}}
Jul 17 14:31:08.000574 np0000005342 nova-scheduler[93526]: DEBUG nova.servicegroup.drivers.db [None req-a3fc722c-12c2-48ae-826a-133d0521c00f None None] DB_Driver: join new ServiceGroup member np0000005342 to the scheduler group, service = {{(pid=93526) join /opt/stack/nova/nova/servicegroup/drivers/db.py:44}}
Jul 17 14:31:08.010660 np0000005342 nova-scheduler[93519]: DEBUG nova.service [None req-c2470e1b-52af-4654-ac83-7a6a8f96725f None None] Join ServiceGroup membership for this service scheduler {{(pid=93519) start /opt/stack/nova/nova/service.py:222}}
Jul 17 14:31:08.010983 np0000005342 nova-scheduler[93519]: DEBUG nova.servicegroup.drivers.db [None req-c2470e1b-52af-4654-ac83-7a6a8f96725f None None] DB_Driver: join new ServiceGroup member np0000005342 to the scheduler group, service = {{(pid=93519) join /opt/stack/nova/nova/servicegroup/drivers/db.py:44}}
Jul 17 14:31:08.016651 np0000005342 nova-scheduler[93497]: DEBUG nova.service [None req-a043317a-3ebe-47c2-afff-d9a2c80d9eb7 None None] Join ServiceGroup membership for this service scheduler {{(pid=93497) start /opt/stack/nova/nova/service.py:222}}
Jul 17 14:31:08.017014 np0000005342 nova-scheduler[93497]: DEBUG nova.servicegroup.drivers.db [None req-a043317a-3ebe-47c2-afff-d9a2c80d9eb7 None None] DB_Driver: join new ServiceGroup member np0000005342 to the scheduler group, service = {{(pid=93497) join /opt/stack/nova/nova/servicegroup/drivers/db.py:44}}
Jul 17 14:31:13.034996 np0000005342 nova-scheduler[93526]: DEBUG oslo.service.backend._threading.loopingcall [-] Fixed interval looping call 'nova.servicegroup.drivers.db.DbDriver._report_state' sleeping for 119.97 seconds {{(pid=93526) _run_loop /opt/stack/data/venv/lib/python3.12/site-packages/oslo_service/backend/_threading/loopingcall.py:125}}
Jul 17 14:31:13.036342 np0000005342 nova-scheduler[93519]: DEBUG oslo.service.backend._threading.loopingcall [-] Fixed interval looping call 'nova.servicegroup.drivers.db.DbDriver._report_state' sleeping for 119.98 seconds {{(pid=93519) _run_loop /opt/stack/data/venv/lib/python3.12/site-packages/oslo_service/backend/_threading/loopingcall.py:125}}
Jul 17 14:31:13.037264 np0000005342 nova-scheduler[93497]: DEBUG oslo.service.backend._threading.loopingcall [-] Fixed interval looping call 'nova.servicegroup.drivers.db.DbDriver._report_state' sleeping for 119.99 seconds {{(pid=93497) _run_loop /opt/stack/data/venv/lib/python3.12/site-packages/oslo_service/backend/_threading/loopingcall.py:125}}
Jul 17 14:31:16.013380 np0000005342 nova-scheduler[93519]: DEBUG oslo.service.backend._threading.loopingcall [None req-f5187aec-3e6e-48a6-b123-70d7ef380447 None None] Dynamic interval looping call 'nova.service.Service.periodic_tasks' sleeping for 60.00 seconds {{(pid=93519) _run_loop /opt/stack/data/venv/lib/python3.12/site-packages/oslo_service/backend/_threading/loopingcall.py:125}}
Jul 17 14:31:16.520522 np0000005342 nova-scheduler[92246]: DEBUG dbcounter [-] [92246] Writing DB stats nova_api:SELECT=3 {{(pid=92246) stat_writer /opt/stack/data/venv/lib/python3.12/site-packages/dbcounter.py:115}}
Jul 17 14:31:16.660227 np0000005342 nova-scheduler[92246]: DEBUG dbcounter [-] [92246] Writing DB stats nova_cell0:SELECT=1 {{(pid=92246) stat_writer /opt/stack/data/venv/lib/python3.12/site-packages/dbcounter.py:115}}
Jul 17 14:31:16.666331 np0000005342 nova-scheduler[92246]: DEBUG dbcounter [-] [92246] Writing DB stats nova_cell1:SELECT=1 {{(pid=92246) stat_writer /opt/stack/data/venv/lib/python3.12/site-packages/dbcounter.py:115}}
Jul 17 14:31:23.027136 np0000005342 nova-scheduler[93526]: DEBUG dbcounter [-] [93526] Writing DB stats nova_cell0:SELECT=4,nova_cell0:INSERT=1,nova_cell0:UPDATE=1 {{(pid=93526) stat_writer /opt/stack/data/venv/lib/python3.12/site-packages/dbcounter.py:115}}
Jul 17 14:31:23.027581 np0000005342 nova-scheduler[93519]: DEBUG dbcounter [-] [93519] Writing DB stats nova_cell0:SELECT=3,nova_cell0:UPDATE=1 {{(pid=93519) stat_writer /opt/stack/data/venv/lib/python3.12/site-packages/dbcounter.py:115}}
Jul 17 14:31:23.036850 np0000005342 nova-scheduler[93497]: DEBUG dbcounter [-] [93497] Writing DB stats nova_cell0:SELECT=3 {{(pid=93497) stat_writer /opt/stack/data/venv/lib/python3.12/site-packages/dbcounter.py:115}}
Jul 17 14:31:25.009396 np0000005342 nova-scheduler[93526]: DEBUG oslo.service.backend._threading.loopingcall [None req-b444f709-4684-47f8-956e-c2375b33c403 None None] Dynamic interval looping call 'nova.service.Service.periodic_tasks' sleeping for 60.00 seconds {{(pid=93526) _run_loop /opt/stack/data/venv/lib/python3.12/site-packages/oslo_service/backend/_threading/loopingcall.py:125}}
Jul 17 14:32:03.019215 np0000005342 nova-scheduler[93497]: DEBUG oslo.service.backend._threading.loopingcall [None req-2cfdd1a6-e8ab-4d6e-a664-9be8ac31751a None None] Dynamic interval looping call 'nova.service.Service.periodic_tasks' sleeping for 60.00 seconds {{(pid=93497) _run_loop /opt/stack/data/venv/lib/python3.12/site-packages/oslo_service/backend/_threading/loopingcall.py:125}}
Jul 17 14:32:16.013905 np0000005342 nova-scheduler[93519]: DEBUG oslo.service.backend._threading.loopingcall [None req-f5187aec-3e6e-48a6-b123-70d7ef380447 None None] Dynamic interval looping call 'nova.service.Service.periodic_tasks' sleeping for 60.00 seconds {{(pid=93519) _run_loop /opt/stack/data/venv/lib/python3.12/site-packages/oslo_service/backend/_threading/loopingcall.py:125}}
Jul 17 14:32:25.010011 np0000005342 nova-scheduler[93526]: DEBUG oslo.service.backend._threading.loopingcall [None req-b444f709-4684-47f8-956e-c2375b33c403 None None] Dynamic interval looping call 'nova.service.Service.periodic_tasks' sleeping for 60.00 seconds {{(pid=93526) _run_loop /opt/stack/data/venv/lib/python3.12/site-packages/oslo_service/backend/_threading/loopingcall.py:125}}
Jul 17 14:33:03.020771 np0000005342 nova-scheduler[93497]: DEBUG oslo.service.backend._threading.loopingcall [None req-2cfdd1a6-e8ab-4d6e-a664-9be8ac31751a None None] Dynamic interval looping call 'nova.service.Service.periodic_tasks' sleeping for 60.00 seconds {{(pid=93497) _run_loop /opt/stack/data/venv/lib/python3.12/site-packages/oslo_service/backend/_threading/loopingcall.py:125}}
Jul 17 14:33:13.014658 np0000005342 nova-scheduler[93526]: DEBUG oslo.service.backend._threading.loopingcall [-] Fixed interval looping call 'nova.servicegroup.drivers.db.DbDriver._report_state' sleeping for 119.99 seconds {{(pid=93526) _run_loop /opt/stack/data/venv/lib/python3.12/site-packages/oslo_service/backend/_threading/loopingcall.py:125}}
Jul 17 14:33:13.021133 np0000005342 nova-scheduler[93519]: DEBUG oslo.service.backend._threading.loopingcall [-] Fixed interval looping call 'nova.servicegroup.drivers.db.DbDriver._report_state' sleeping for 120.00 seconds {{(pid=93519) _run_loop /opt/stack/data/venv/lib/python3.12/site-packages/oslo_service/backend/_threading/loopingcall.py:125}}
Jul 17 14:33:13.032447 np0000005342 nova-scheduler[93497]: DEBUG oslo.service.backend._threading.loopingcall [-] Fixed interval looping call 'nova.servicegroup.drivers.db.DbDriver._report_state' sleeping for 120.00 seconds {{(pid=93497) _run_loop /opt/stack/data/venv/lib/python3.12/site-packages/oslo_service/backend/_threading/loopingcall.py:125}}
Jul 17 14:33:16.014978 np0000005342 nova-scheduler[93519]: DEBUG oslo.service.backend._threading.loopingcall [None req-f5187aec-3e6e-48a6-b123-70d7ef380447 None None] Dynamic interval looping call 'nova.service.Service.periodic_tasks' sleeping for 60.00 seconds {{(pid=93519) _run_loop /opt/stack/data/venv/lib/python3.12/site-packages/oslo_service/backend/_threading/loopingcall.py:125}}
Jul 17 14:33:19.453183 np0000005342 nova-scheduler[93526]: DEBUG nova.scheduler.manager [None req-eac0c0aa-0131-418e-a194-6314c5def7ee tempest-DeleteServersTestJSON-262115694 tempest-DeleteServersTestJSON-262115694-project-member] Starting to schedule for instances: ['73b97c9d-3b21-424c-b7ba-3e8831b250eb'] {{(pid=93526) select_destinations /opt/stack/nova/nova/scheduler/manager.py:209}}
Jul 17 14:33:19.453667 np0000005342 nova-scheduler[93526]: DEBUG nova.scheduler.request_filter [None req-eac0c0aa-0131-418e-a194-6314c5def7ee tempest-DeleteServersTestJSON-262115694 tempest-DeleteServersTestJSON-262115694-project-member] compute_status_filter request filter added forbidden trait COMPUTE_STATUS_DISABLED {{(pid=93526) compute_status_filter /opt/stack/nova/nova/scheduler/request_filter.py:253}}
Jul 17 14:33:19.453779 np0000005342 nova-scheduler[93526]: DEBUG nova.scheduler.request_filter [None req-eac0c0aa-0131-418e-a194-6314c5def7ee tempest-DeleteServersTestJSON-262115694 tempest-DeleteServersTestJSON-262115694-project-member] Request filter 'compute_status_filter' took 0.0 seconds {{(pid=93526) wrapper /opt/stack/nova/nova/scheduler/request_filter.py:46}}
Jul 17 14:33:19.454301 np0000005342 nova-scheduler[93526]: DEBUG nova.scheduler.request_filter [None req-eac0c0aa-0131-418e-a194-6314c5def7ee tempest-DeleteServersTestJSON-262115694 tempest-DeleteServersTestJSON-262115694-project-member] Request filter 'accelerators_filter' took 0.0 seconds {{(pid=93526) wrapper /opt/stack/nova/nova/scheduler/request_filter.py:46}}
Jul 17 14:33:19.454474 np0000005342 nova-scheduler[93526]: DEBUG nova.scheduler.request_filter [None req-eac0c0aa-0131-418e-a194-6314c5def7ee tempest-DeleteServersTestJSON-262115694 tempest-DeleteServersTestJSON-262115694-project-member] Request filter 'packed_virtqueue_filter' took 0.0 seconds {{(pid=93526) wrapper /opt/stack/nova/nova/scheduler/request_filter.py:46}}
Jul 17 14:33:19.454961 np0000005342 nova-scheduler[93526]: DEBUG nova.scheduler.request_filter [None req-eac0c0aa-0131-418e-a194-6314c5def7ee tempest-DeleteServersTestJSON-262115694 tempest-DeleteServersTestJSON-262115694-project-member] Request filter 'remote_managed_ports_filter' took 0.0 seconds {{(pid=93526) wrapper /opt/stack/nova/nova/scheduler/request_filter.py:46}}
Jul 17 14:33:19.455104 np0000005342 nova-scheduler[93526]: DEBUG nova.scheduler.request_filter [None req-eac0c0aa-0131-418e-a194-6314c5def7ee tempest-DeleteServersTestJSON-262115694 tempest-DeleteServersTestJSON-262115694-project-member] ephemeral_encryption_filter skipped {{(pid=93526) ephemeral_encryption_filter /opt/stack/nova/nova/scheduler/request_filter.py:426}}
Jul 17 14:33:19.455236 np0000005342 nova-scheduler[93526]: DEBUG nova.scheduler.request_filter [None req-eac0c0aa-0131-418e-a194-6314c5def7ee tempest-DeleteServersTestJSON-262115694 tempest-DeleteServersTestJSON-262115694-project-member] virtio_sound_filter skipped {{(pid=93526) virtio_sound_filter /opt/stack/nova/nova/scheduler/request_filter.py:460}}
Jul 17 14:33:19.455348 np0000005342 nova-scheduler[93526]: DEBUG nova.scheduler.request_filter [None req-eac0c0aa-0131-418e-a194-6314c5def7ee tempest-DeleteServersTestJSON-262115694 tempest-DeleteServersTestJSON-262115694-project-member] tpm_secret_security_filter skipped {{(pid=93526) tpm_secret_security_filter /opt/stack/nova/nova/scheduler/request_filter.py:477}}
Jul 17 14:33:19.998868 np0000005342 nova-scheduler[93526]: INFO nova.utils [None req-eac0c0aa-0131-418e-a194-6314c5def7ee tempest-DeleteServersTestJSON-262115694 tempest-DeleteServersTestJSON-262115694-project-member] The cell worker thread pool ForkProcess-3.cell_worker is initialized
Jul 17 14:33:19.998868 np0000005342 nova-scheduler[93526]: DEBUG oslo_concurrency.lockutils [None req-eac0c0aa-0131-418e-a194-6314c5def7ee tempest-DeleteServersTestJSON-262115694 tempest-DeleteServersTestJSON-262115694-project-member] Acquiring lock "942b64c0-162c-4659-b9f5-b682d73cdf50" by "nova.context.set_target_cell..get_or_set_cached_cell_and_set_connections" {{(pid=93526) inner /opt/stack/data/venv/lib/python3.12/site-packages/oslo_concurrency/lockutils.py:512}}
Jul 17 14:33:19.998868 np0000005342 nova-scheduler[93526]: DEBUG oslo_concurrency.lockutils [None req-eac0c0aa-0131-418e-a194-6314c5def7ee tempest-DeleteServersTestJSON-262115694 tempest-DeleteServersTestJSON-262115694-project-member] Lock "942b64c0-162c-4659-b9f5-b682d73cdf50" acquired by "nova.context.set_target_cell..get_or_set_cached_cell_and_set_connections" :: waited 0.000s {{(pid=93526) inner /opt/stack/data/venv/lib/python3.12/site-packages/oslo_concurrency/lockutils.py:525}}
Jul 17 14:33:19.998868 np0000005342 nova-scheduler[93526]: DEBUG oslo_concurrency.lockutils [None req-eac0c0aa-0131-418e-a194-6314c5def7ee tempest-DeleteServersTestJSON-262115694 tempest-DeleteServersTestJSON-262115694-project-member] Lock "942b64c0-162c-4659-b9f5-b682d73cdf50" "released" by "nova.context.set_target_cell..get_or_set_cached_cell_and_set_connections" :: held 0.001s {{(pid=93526) inner /opt/stack/data/venv/lib/python3.12/site-packages/oslo_concurrency/lockutils.py:544}}
Jul 17 14:33:20.000380 np0000005342 nova-scheduler[93526]: INFO dbcounter [None req-eac0c0aa-0131-418e-a194-6314c5def7ee tempest-DeleteServersTestJSON-262115694 tempest-DeleteServersTestJSON-262115694-project-member] Registered counter for database nova_cell1
Jul 17 14:33:20.035493 np0000005342 nova-scheduler[93526]: DEBUG oslo_db.sqlalchemy.engines [None req-eac0c0aa-0131-418e-a194-6314c5def7ee tempest-DeleteServersTestJSON-262115694 tempest-DeleteServersTestJSON-262115694-project-member] MySQL server mode set to STRICT_TRANS_TABLES,STRICT_ALL_TABLES,NO_ZERO_IN_DATE,NO_ZERO_DATE,ERROR_FOR_DIVISION_BY_ZERO,TRADITIONAL,NO_ENGINE_SUBSTITUTION {{(pid=93526) _check_effective_sql_mode /opt/stack/data/venv/lib/python3.12/site-packages/oslo_db/sqlalchemy/engines.py:325}}
Jul 17 14:33:20.040975 np0000005342 nova-scheduler[93526]: DEBUG dbcounter [-] [93526] Writer thread running {{(pid=93526) stat_writer /opt/stack/data/venv/lib/python3.12/site-packages/dbcounter.py:102}}
Jul 17 14:33:20.053754 np0000005342 nova-scheduler[93526]: DEBUG oslo_db.sqlalchemy.engines [None req-eac0c0aa-0131-418e-a194-6314c5def7ee tempest-DeleteServersTestJSON-262115694 tempest-DeleteServersTestJSON-262115694-project-member] Parent process 92246 forked (93526) with an open database connection, which is being discarded and recreated. {{(pid=93526) checkout /opt/stack/data/venv/lib/python3.12/site-packages/oslo_db/sqlalchemy/engines.py:402}}
Jul 17 14:33:20.108349 np0000005342 nova-scheduler[93526]: DEBUG dbcounter [-] [93526] Writer thread running {{(pid=93526) stat_writer /opt/stack/data/venv/lib/python3.12/site-packages/dbcounter.py:102}}
Jul 17 14:33:20.113098 np0000005342 nova-scheduler[93526]: DEBUG oslo_concurrency.lockutils [None req-eac0c0aa-0131-418e-a194-6314c5def7ee tempest-DeleteServersTestJSON-262115694 tempest-DeleteServersTestJSON-262115694-project-member] Acquiring lock "942b64c0-162c-4659-b9f5-b682d73cdf50" by "nova.context.set_target_cell..get_or_set_cached_cell_and_set_connections" {{(pid=93526) inner /opt/stack/data/venv/lib/python3.12/site-packages/oslo_concurrency/lockutils.py:512}}
Jul 17 14:33:20.113242 np0000005342 nova-scheduler[93526]: DEBUG oslo_concurrency.lockutils [None req-eac0c0aa-0131-418e-a194-6314c5def7ee tempest-DeleteServersTestJSON-262115694 tempest-DeleteServersTestJSON-262115694-project-member] Lock "942b64c0-162c-4659-b9f5-b682d73cdf50" acquired by "nova.context.set_target_cell..get_or_set_cached_cell_and_set_connections" :: waited 0.000s {{(pid=93526) inner /opt/stack/data/venv/lib/python3.12/site-packages/oslo_concurrency/lockutils.py:525}}
Jul 17 14:33:20.113606 np0000005342 nova-scheduler[93526]: DEBUG oslo_concurrency.lockutils [None req-eac0c0aa-0131-418e-a194-6314c5def7ee tempest-DeleteServersTestJSON-262115694 tempest-DeleteServersTestJSON-262115694-project-member] Lock "942b64c0-162c-4659-b9f5-b682d73cdf50" "released" by "nova.context.set_target_cell..get_or_set_cached_cell_and_set_connections" :: held 0.000s {{(pid=93526) inner /opt/stack/data/venv/lib/python3.12/site-packages/oslo_concurrency/lockutils.py:544}}
Jul 17 14:33:20.117994 np0000005342 nova-scheduler[93526]: DEBUG oslo_concurrency.lockutils [None req-eac0c0aa-0131-418e-a194-6314c5def7ee tempest-DeleteServersTestJSON-262115694 tempest-DeleteServersTestJSON-262115694-project-member] Acquiring lock "np0000005342-np0000005342" by "nova.scheduler.host_manager.HostState.update.._locked_update" {{(pid=93526) inner /opt/stack/data/venv/lib/python3.12/site-packages/oslo_concurrency/lockutils.py:512}}
Jul 17 14:33:20.118352 np0000005342 nova-scheduler[93526]: DEBUG oslo_concurrency.lockutils [None req-eac0c0aa-0131-418e-a194-6314c5def7ee tempest-DeleteServersTestJSON-262115694 tempest-DeleteServersTestJSON-262115694-project-member] Lock "np0000005342-np0000005342" acquired by "nova.scheduler.host_manager.HostState.update.._locked_update" :: waited 0.000s {{(pid=93526) inner /opt/stack/data/venv/lib/python3.12/site-packages/oslo_concurrency/lockutils.py:525}}
Jul 17 14:33:20.119289 np0000005342 nova-scheduler[93526]: DEBUG nova.scheduler.host_manager [None req-eac0c0aa-0131-418e-a194-6314c5def7ee tempest-DeleteServersTestJSON-262115694 tempest-DeleteServersTestJSON-262115694-project-member] Update host state from compute node: ComputeNode(cpu_allocation_ratio=4.0,cpu_info='{"arch": "x86_64", "model": "EPYC-Milan", "vendor": "AMD", "topology": {"cells": 1, "sockets": 16, "cores": 1, "threads": 1}, "maxphysaddr": {"mode": "emulate", "bits": 40}, "features": ["pclmuldq", "popcnt", "abm", "npt", "hypervisor", "xsave", "v-vmsave-vmload", "misalignsse", "svme-addr-chk", "bmi1", "umip", "clflush", "cx16", "ssse3", "null-sel-clr-base", "xgetbv1", "ibpb", "pcid", "mds-no", "skip-l1dfl-vmentry", "bmi2", "smep", "xsaves", "vgif", "sse", "tsc-deadline", "pfthreshold", "smap", "no-nested-data-bp", "lfence-always-serializing", "perfctr_core", "amd-ssbd", "tsc", "sse4a", "gds-no", "xsavec", "fpu", "cmp_legacy", "arch-capabilities", "de", "pge", "xsaveopt", "rdseed", "stibp", "x2apic", "fxsr", "fxsr_opt", "fma", "vaes", "mca", "vpclmulqdq", "erms", "aes", "sse2", "adx", "nrip-save", "pni", "tsc_adjust", "clwb", "rdrand", "amd-psfd", "pause-filter", "cmov", "pschange-mc-no", "fsrm", "lahf_lm", "mce", "xsaveerptr", "rdtscp", "amd-stibp", "ibrs", "clzero", "pat", "pse36", "spec-ctrl", "nx", "mmx", "mtrr", "movbe", "fsgsbase", "osvw", "clflushopt", "pku", "tsc-scale", "f16c", "vme", "cr8legacy", "topoext", "svm", "ssbd", "syscall", "virt-ssbd", "cx8", "rdpid", "avx2", "avx", "pse", "wbnoinvd", "arat", "invpcid", "rdctl-no", "msr", "stibp-always-on", "flushbyasid", "pae", "lbrv", "mmxext", "apic", "sha-ni", "3dnowprefetch", "pdpe1gb", "sse4.1", "sep", "sse4.2", "lm", "vmcb-clean"]}',created_at=2026-07-17T14:31:29Z,current_workload=0,deleted=False,deleted_at=None,disk_allocation_ratio=1.0,disk_available_least=73,free_disk_gb=95,free_ram_mb=62765,host='np0000005342',host_ip=10.4.3.42,hypervisor_hostname='np0000005342',hypervisor_type='QEMU',hypervisor_version=8002002,id=1,local_gb=95,local_gb_used=0,mapped=1,memory_mb=63277,memory_mb_used=512,metrics='[]',numa_topology='{"nova_object.name": "NUMATopology", "nova_object.namespace": "nova", "nova_object.version": "1.2", "nova_object.data": {"cells": [{"nova_object.name": "NUMACell", "nova_object.namespace": "nova", "nova_object.version": "1.5", "nova_object.data": {"id": 0, "cpuset": [0, 1, 2, 3, 4, 5, 6, 7, 8, 9, 10, 11, 12, 13, 14, 15], "pcpuset": [0, 1, 2, 3, 4, 5, 6, 7, 8, 9, 10, 11, 12, 13, 14, 15], "memory": 63277, "cpu_usage": 0, "memory_usage": 0, "pinned_cpus": [], "siblings": [[6], [12], [2], [15], [5], [11], [8], [14], [4], [1], [7], [10], [0], [13], [3], [9]], "mempages": [{"nova_object.name": "NUMAPagesTopology", "nova_object.namespace": "nova", "nova_object.version": "1.1", "nova_object.data": {"size_kb": 4, "total": 16177929, "used": 0, "reserved": 0}, "nova_object.changes": ["total", "reserved", "size_kb", "used"]}, {"nova_object.name": "NUMAPagesTopology", "nova_object.namespace": "nova", "nova_object.version": "1.1", "nova_object.data": {"size_kb": 2048, "total": 41, "used": 0, "reserved": 0}, "nova_object.changes": ["total", "reserved", "size_kb", "used"]}, {"nova_object.name": "NUMAPagesTopology", "nova_object.namespace": "nova", "nova_object.version": "1.1", "nova_object.data": {"size_kb": 1048576, "total": 0, "used": 0, "reserved": 0}, "nova_object.changes": ["total", "reserved", "size_kb", "used"]}], "network_metadata": {"nova_object.name": "NetworkMetadata", "nova_object.namespace": "nova", "nova_object.version": "1.0", "nova_object.data": {"physnets": [], "tunneled": false}, "nova_object.changes": ["physnets", "tunneled"]}, "socket": null}, "nova_object.changes": ["cpuset", "pcpuset", "memory", "memory_usage", "cpu_usage", "network_metadata", "mempages", "siblings", "socket", "id", "pinned_cpus"]}]}, "nova_object.changes": ["cells"]}',pci_device_pools=PciDevicePoolList,ram_allocation_ratio=1.0,running_vms=0,service_id=3,stats={failed_builds='0',uptime=' 14:33:16 up 14 min, 2 users, load average: 3.89, 2.01, 1.02
Jul 17 14:33:20.119289 np0000005342 nova-scheduler[93526]: '},supported_hv_specs=[HVSpec,HVSpec,HVSpec,HVSpec,HVSpec,HVSpec,HVSpec,HVSpec,HVSpec,HVSpec,HVSpec,HVSpec,HVSpec,HVSpec,HVSpec,HVSpec,HVSpec,HVSpec,HVSpec,HVSpec,HVSpec,HVSpec,HVSpec,HVSpec,HVSpec],updated_at=2026-07-17T14:33:17Z,uuid=abd1ad77-bb6b-4045-91e6-4e019a5c9123,vcpus=16,vcpus_used=0) {{(pid=93526) _locked_update /opt/stack/nova/nova/scheduler/host_manager.py:168}}
Jul 17 14:33:20.120228 np0000005342 nova-scheduler[93526]: DEBUG nova.scheduler.host_manager [None req-eac0c0aa-0131-418e-a194-6314c5def7ee tempest-DeleteServersTestJSON-262115694 tempest-DeleteServersTestJSON-262115694-project-member] Update host state with aggregates: [] {{(pid=93526) _locked_update /opt/stack/nova/nova/scheduler/host_manager.py:171}}
Jul 17 14:33:20.120337 np0000005342 nova-scheduler[93526]: DEBUG nova.scheduler.host_manager [None req-eac0c0aa-0131-418e-a194-6314c5def7ee tempest-DeleteServersTestJSON-262115694 tempest-DeleteServersTestJSON-262115694-project-member] Update host state with service dict: {'id': 3, 'uuid': 'c10a281e-aa1a-4c76-9c62-a13ca2681743', 'host': 'np0000005342', 'binary': 'nova-compute', 'topic': 'compute', 'report_count': 1, 'disabled': False, 'disabled_reason': None, 'last_seen_up': datetime.datetime(2026, 7, 17, 14, 31, 35, tzinfo=datetime.timezone.utc), 'forced_down': False, 'version': 72, 'created_at': datetime.datetime(2026, 7, 17, 14, 31, 29, tzinfo=datetime.timezone.utc), 'updated_at': datetime.datetime(2026, 7, 17, 14, 31, 35, tzinfo=datetime.timezone.utc), 'deleted_at': None, 'deleted': False} {{(pid=93526) _locked_update /opt/stack/nova/nova/scheduler/host_manager.py:174}}
Jul 17 14:33:20.120428 np0000005342 nova-scheduler[93526]: DEBUG nova.scheduler.host_manager [None req-eac0c0aa-0131-418e-a194-6314c5def7ee tempest-DeleteServersTestJSON-262115694 tempest-DeleteServersTestJSON-262115694-project-member] Update host state with instances: [] {{(pid=93526) _locked_update /opt/stack/nova/nova/scheduler/host_manager.py:177}}
Jul 17 14:33:20.120536 np0000005342 nova-scheduler[93526]: DEBUG oslo_concurrency.lockutils [None req-eac0c0aa-0131-418e-a194-6314c5def7ee tempest-DeleteServersTestJSON-262115694 tempest-DeleteServersTestJSON-262115694-project-member] Lock "np0000005342-np0000005342" "released" by "nova.scheduler.host_manager.HostState.update.._locked_update" :: held 0.002s {{(pid=93526) inner /opt/stack/data/venv/lib/python3.12/site-packages/oslo_concurrency/lockutils.py:544}}
Jul 17 14:33:20.121150 np0000005342 nova-scheduler[93526]: DEBUG nova.filters [None req-eac0c0aa-0131-418e-a194-6314c5def7ee tempest-DeleteServersTestJSON-262115694 tempest-DeleteServersTestJSON-262115694-project-member] Starting with 1 host(s) {{(pid=93526) get_filtered_objects /opt/stack/nova/nova/filters.py:70}}
Jul 17 14:33:20.121367 np0000005342 nova-scheduler[93526]: DEBUG nova.filters [None req-eac0c0aa-0131-418e-a194-6314c5def7ee tempest-DeleteServersTestJSON-262115694 tempest-DeleteServersTestJSON-262115694-project-member] Filter ComputeFilter returned 1 host(s) {{(pid=93526) get_filtered_objects /opt/stack/nova/nova/filters.py:102}}
Jul 17 14:33:20.121543 np0000005342 nova-scheduler[93526]: DEBUG nova.filters [None req-eac0c0aa-0131-418e-a194-6314c5def7ee tempest-DeleteServersTestJSON-262115694 tempest-DeleteServersTestJSON-262115694-project-member] Filter ComputeCapabilitiesFilter returned 1 host(s) {{(pid=93526) get_filtered_objects /opt/stack/nova/nova/filters.py:102}}
Jul 17 14:33:20.121682 np0000005342 nova-scheduler[93526]: DEBUG nova.filters [None req-eac0c0aa-0131-418e-a194-6314c5def7ee tempest-DeleteServersTestJSON-262115694 tempest-DeleteServersTestJSON-262115694-project-member] Filter ImagePropertiesFilter returned 1 host(s) {{(pid=93526) get_filtered_objects /opt/stack/nova/nova/filters.py:102}}
Jul 17 14:33:20.121805 np0000005342 nova-scheduler[93526]: DEBUG nova.filters [None req-eac0c0aa-0131-418e-a194-6314c5def7ee tempest-DeleteServersTestJSON-262115694 tempest-DeleteServersTestJSON-262115694-project-member] Filter ServerGroupAntiAffinityFilter returned 1 host(s) {{(pid=93526) get_filtered_objects /opt/stack/nova/nova/filters.py:102}}
Jul 17 14:33:20.121953 np0000005342 nova-scheduler[93526]: DEBUG nova.filters [None req-eac0c0aa-0131-418e-a194-6314c5def7ee tempest-DeleteServersTestJSON-262115694 tempest-DeleteServersTestJSON-262115694-project-member] Filter ServerGroupAffinityFilter returned 1 host(s) {{(pid=93526) get_filtered_objects /opt/stack/nova/nova/filters.py:102}}
Jul 17 14:33:20.122111 np0000005342 nova-scheduler[93526]: DEBUG nova.filters [None req-eac0c0aa-0131-418e-a194-6314c5def7ee tempest-DeleteServersTestJSON-262115694 tempest-DeleteServersTestJSON-262115694-project-member] Filter SameHostFilter returned 1 host(s) {{(pid=93526) get_filtered_objects /opt/stack/nova/nova/filters.py:102}}
Jul 17 14:33:20.122249 np0000005342 nova-scheduler[93526]: DEBUG nova.filters [None req-eac0c0aa-0131-418e-a194-6314c5def7ee tempest-DeleteServersTestJSON-262115694 tempest-DeleteServersTestJSON-262115694-project-member] Filter DifferentHostFilter returned 1 host(s) {{(pid=93526) get_filtered_objects /opt/stack/nova/nova/filters.py:102}}
Jul 17 14:33:20.122403 np0000005342 nova-scheduler[93526]: DEBUG nova.scheduler.manager [None req-eac0c0aa-0131-418e-a194-6314c5def7ee tempest-DeleteServersTestJSON-262115694 tempest-DeleteServersTestJSON-262115694-project-member] Filtered [(np0000005342, np0000005342) ram: 62765MB disk: 74752MB io_ops: 0 instances: 0, allocation_candidates: 1] {{(pid=93526) _get_sorted_hosts /opt/stack/nova/nova/scheduler/manager.py:742}}
Jul 17 14:33:20.122725 np0000005342 nova-scheduler[93526]: DEBUG nova.scheduler.manager [None req-eac0c0aa-0131-418e-a194-6314c5def7ee tempest-DeleteServersTestJSON-262115694 tempest-DeleteServersTestJSON-262115694-project-member] Weighed [WeighedHost [host: (np0000005342, np0000005342) ram: 62765MB disk: 74752MB io_ops: 0 instances: 0, allocation_candidates: 1, weight: 0.0]] {{(pid=93526) _get_sorted_hosts /opt/stack/nova/nova/scheduler/manager.py:764}}
Jul 17 14:33:20.122908 np0000005342 nova-scheduler[93526]: DEBUG nova.scheduler.utils [None req-eac0c0aa-0131-418e-a194-6314c5def7ee tempest-DeleteServersTestJSON-262115694 tempest-DeleteServersTestJSON-262115694-project-member] Attempting to claim resources in the placement API for instance 73b97c9d-3b21-424c-b7ba-3e8831b250eb {{(pid=93526) claim_resources /opt/stack/nova/nova/scheduler/utils.py:1345}}
Jul 17 14:33:20.278817 np0000005342 nova-scheduler[93526]: DEBUG nova.scheduler.manager [None req-eac0c0aa-0131-418e-a194-6314c5def7ee tempest-DeleteServersTestJSON-262115694 tempest-DeleteServersTestJSON-262115694-project-member] [instance: 73b97c9d-3b21-424c-b7ba-3e8831b250eb] Selected host: (np0000005342, np0000005342) ram: 62765MB disk: 74752MB io_ops: 0 instances: 0, allocation_candidates: 1 {{(pid=93526) _consume_selected_host /opt/stack/nova/nova/scheduler/manager.py:624}}
Jul 17 14:33:20.279568 np0000005342 nova-scheduler[93526]: DEBUG oslo_concurrency.lockutils [None req-eac0c0aa-0131-418e-a194-6314c5def7ee tempest-DeleteServersTestJSON-262115694 tempest-DeleteServersTestJSON-262115694-project-member] Acquiring lock "np0000005342-np0000005342" by "nova.scheduler.host_manager.HostState.consume_from_request.._locked" {{(pid=93526) inner /opt/stack/data/venv/lib/python3.12/site-packages/oslo_concurrency/lockutils.py:512}}
Jul 17 14:33:20.279877 np0000005342 nova-scheduler[93526]: DEBUG oslo_concurrency.lockutils [None req-eac0c0aa-0131-418e-a194-6314c5def7ee tempest-DeleteServersTestJSON-262115694 tempest-DeleteServersTestJSON-262115694-project-member] Lock "np0000005342-np0000005342" acquired by "nova.scheduler.host_manager.HostState.consume_from_request.._locked" :: waited 0.001s {{(pid=93526) inner /opt/stack/data/venv/lib/python3.12/site-packages/oslo_concurrency/lockutils.py:525}}
Jul 17 14:33:20.280076 np0000005342 nova-scheduler[93526]: DEBUG oslo_concurrency.lockutils [None req-eac0c0aa-0131-418e-a194-6314c5def7ee tempest-DeleteServersTestJSON-262115694 tempest-DeleteServersTestJSON-262115694-project-member] Lock "np0000005342-np0000005342" "released" by "nova.scheduler.host_manager.HostState.consume_from_request.._locked" :: held 0.000s {{(pid=93526) inner /opt/stack/data/venv/lib/python3.12/site-packages/oslo_concurrency/lockutils.py:544}}
Jul 17 14:33:20.304852 np0000005342 nova-scheduler[93519]: DEBUG nova.scheduler.manager [None req-7df6e4c6-8a4d-4660-82ac-cd4588e68fe0 tempest-ServerBootFromVolumeStableRescueTest-1638796157 tempest-ServerBootFromVolumeStableRescueTest-1638796157-project-member] Starting to schedule for instances: ['93453c9f-314f-4ecf-a25f-15b84f546cca'] {{(pid=93519) select_destinations /opt/stack/nova/nova/scheduler/manager.py:209}}
Jul 17 14:33:20.304852 np0000005342 nova-scheduler[93519]: DEBUG nova.scheduler.request_filter [None req-7df6e4c6-8a4d-4660-82ac-cd4588e68fe0 tempest-ServerBootFromVolumeStableRescueTest-1638796157 tempest-ServerBootFromVolumeStableRescueTest-1638796157-project-member] compute_status_filter request filter added forbidden trait COMPUTE_STATUS_DISABLED {{(pid=93519) compute_status_filter /opt/stack/nova/nova/scheduler/request_filter.py:253}}
Jul 17 14:33:20.304852 np0000005342 nova-scheduler[93519]: DEBUG nova.scheduler.request_filter [None req-7df6e4c6-8a4d-4660-82ac-cd4588e68fe0 tempest-ServerBootFromVolumeStableRescueTest-1638796157 tempest-ServerBootFromVolumeStableRescueTest-1638796157-project-member] Request filter 'compute_status_filter' took 0.0 seconds {{(pid=93519) wrapper /opt/stack/nova/nova/scheduler/request_filter.py:46}}
Jul 17 14:33:20.304852 np0000005342 nova-scheduler[93519]: DEBUG nova.scheduler.request_filter [None req-7df6e4c6-8a4d-4660-82ac-cd4588e68fe0 tempest-ServerBootFromVolumeStableRescueTest-1638796157 tempest-ServerBootFromVolumeStableRescueTest-1638796157-project-member] Request filter 'accelerators_filter' took 0.0 seconds {{(pid=93519) wrapper /opt/stack/nova/nova/scheduler/request_filter.py:46}}
Jul 17 14:33:20.304852 np0000005342 nova-scheduler[93519]: DEBUG nova.scheduler.request_filter [None req-7df6e4c6-8a4d-4660-82ac-cd4588e68fe0 tempest-ServerBootFromVolumeStableRescueTest-1638796157 tempest-ServerBootFromVolumeStableRescueTest-1638796157-project-member] Request filter 'packed_virtqueue_filter' took 0.0 seconds {{(pid=93519) wrapper /opt/stack/nova/nova/scheduler/request_filter.py:46}}
Jul 17 14:33:20.305372 np0000005342 nova-scheduler[93519]: DEBUG nova.scheduler.request_filter [None req-7df6e4c6-8a4d-4660-82ac-cd4588e68fe0 tempest-ServerBootFromVolumeStableRescueTest-1638796157 tempest-ServerBootFromVolumeStableRescueTest-1638796157-project-member] Request filter 'remote_managed_ports_filter' took 0.0 seconds {{(pid=93519) wrapper /opt/stack/nova/nova/scheduler/request_filter.py:46}}
Jul 17 14:33:20.305372 np0000005342 nova-scheduler[93519]: DEBUG nova.scheduler.request_filter [None req-7df6e4c6-8a4d-4660-82ac-cd4588e68fe0 tempest-ServerBootFromVolumeStableRescueTest-1638796157 tempest-ServerBootFromVolumeStableRescueTest-1638796157-project-member] ephemeral_encryption_filter skipped {{(pid=93519) ephemeral_encryption_filter /opt/stack/nova/nova/scheduler/request_filter.py:426}}
Jul 17 14:33:20.305372 np0000005342 nova-scheduler[93519]: DEBUG nova.scheduler.request_filter [None req-7df6e4c6-8a4d-4660-82ac-cd4588e68fe0 tempest-ServerBootFromVolumeStableRescueTest-1638796157 tempest-ServerBootFromVolumeStableRescueTest-1638796157-project-member] virtio_sound_filter skipped {{(pid=93519) virtio_sound_filter /opt/stack/nova/nova/scheduler/request_filter.py:460}}
