Aug 18 14:02:25.849192 np0000007661 devstack@g-api.service[99869]: DEBUG glance.api.middleware.version_negotiation [None req-d6d3e85b-9e4d-4d59-9c41-8084531c16fe tempest-TestImageHashVerification-1849680092 tempest-TestImageHashVerification-1849680092-project-member] Using url versioning {{(pid=99869) process_request /opt/stack/glance/glance/api/middleware/version_negotiation.py:57}}
Aug 18 14:02:25.849192 np0000007661 devstack@g-api.service[99869]: DEBUG glance.api.middleware.version_negotiation [None req-d6d3e85b-9e4d-4d59-9c41-8084531c16fe tempest-TestImageHashVerification-1849680092 tempest-TestImageHashVerification-1849680092-project-member] Matched version: v2 {{(pid=99869) process_request /opt/stack/glance/glance/api/middleware/version_negotiation.py:69}}
Aug 18 14:02:25.849192 np0000007661 devstack@g-api.service[99869]: DEBUG glance.api.middleware.version_negotiation [None req-d6d3e85b-9e4d-4d59-9c41-8084531c16fe tempest-TestImageHashVerification-1849680092 tempest-TestImageHashVerification-1849680092-project-member] new path /v2/images/2870cfd6-d312-454e-96c4-7b26010e277c {{(pid=99869) process_request /opt/stack/glance/glance/api/middleware/version_negotiation.py:70}}
Aug 18 14:02:25.865642 np0000007661 devstack@g-api.service[99869]: [pid: 99869|app: 0|req: 141/397] 127.0.0.1 () {44 vars in 1115 bytes} [Tue Aug 18 14:02:25 2026] GET /v2/images/2870cfd6-d312-454e-96c4-7b26010e277c => generated 1044 bytes in 18 msecs (HTTP/1.1 200) 4 headers in 158 bytes (1 switches on core 0)
Aug 18 14:02:25.916088 np0000007661 devstack@g-api.service[99870]: DEBUG glance.api.middleware.version_negotiation [None req-87005297-05f1-425e-9008-bfc419680b4a tempest-TestImageHashVerification-1849680092 tempest-TestImageHashVerification-1849680092-project-member] Determining version of request: GET /v2/schemas/image Accept: */* {{(pid=99870) process_request /opt/stack/glance/glance/api/middleware/version_negotiation.py:44}}
Aug 18 14:02:25.916270 np0000007661 devstack@g-api.service[99870]: DEBUG glance.api.middleware.version_negotiation [None req-87005297-05f1-425e-9008-bfc419680b4a tempest-TestImageHashVerification-1849680092 tempest-TestImageHashVerification-1849680092-project-member] Using url versioning {{(pid=99870) process_request /opt/stack/glance/glance/api/middleware/version_negotiation.py:57}}
Aug 18 14:02:25.916537 np0000007661 devstack@g-api.service[99870]: DEBUG glance.api.middleware.version_negotiation [None req-87005297-05f1-425e-9008-bfc419680b4a tempest-TestImageHashVerification-1849680092 tempest-TestImageHashVerification-1849680092-project-member] Matched version: v2 {{(pid=99870) process_request /opt/stack/glance/glance/api/middleware/version_negotiation.py:69}}
Aug 18 14:02:25.916649 np0000007661 devstack@g-api.service[99870]: DEBUG glance.api.middleware.version_negotiation [None req-87005297-05f1-425e-9008-bfc419680b4a tempest-TestImageHashVerification-1849680092 tempest-TestImageHashVerification-1849680092-project-member] new path /v2/schemas/image {{(pid=99870) process_request /opt/stack/glance/glance/api/middleware/version_negotiation.py:70}}
Aug 18 14:02:25.920032 np0000007661 devstack@g-api.service[99870]: [pid: 99870|app: 0|req: 132/398] 127.0.0.1 () {44 vars in 1055 bytes} [Tue Aug 18 14:02:25 2026] GET /v2/schemas/image => generated 6083 bytes in 4 msecs (HTTP/1.1 200) 4 headers in 158 bytes (1 switches on core 0)
Aug 18 14:02:26.030144 np0000007661 devstack@g-api.service[99869]: DEBUG glance.api.middleware.version_negotiation [None req-368bc70b-b660-4ade-b086-2186911c2557 tempest-ServerRescueNegativeTestJSON-858241290 tempest-ServerRescueNegativeTestJSON-858241290-project-member] Determining version of request: GET /v2/images/9df71f9a-940a-4042-aee1-a44cd787f5ce Accept: application/json {{(pid=99869) process_request /opt/stack/glance/glance/api/middleware/version_negotiation.py:44}}
Aug 18 14:02:26.030383 np0000007661 devstack@g-api.service[99869]: DEBUG glance.api.middleware.version_negotiation [None req-368bc70b-b660-4ade-b086-2186911c2557 tempest-ServerRescueNegativeTestJSON-858241290 tempest-ServerRescueNegativeTestJSON-858241290-project-member] Using url versioning {{(pid=99869) process_request /opt/stack/glance/glance/api/middleware/version_negotiation.py:57}}
Aug 18 14:02:26.030616 np0000007661 devstack@g-api.service[99869]: DEBUG glance.api.middleware.version_negotiation [None req-368bc70b-b660-4ade-b086-2186911c2557 tempest-ServerRescueNegativeTestJSON-858241290 tempest-ServerRescueNegativeTestJSON-858241290-project-member] Matched version: v2 {{(pid=99869) process_request /opt/stack/glance/glance/api/middleware/version_negotiation.py:69}}
Aug 18 14:02:26.030813 np0000007661 devstack@g-api.service[99869]: DEBUG glance.api.middleware.version_negotiation [None req-368bc70b-b660-4ade-b086-2186911c2557 tempest-ServerRescueNegativeTestJSON-858241290 tempest-ServerRescueNegativeTestJSON-858241290-project-member] new path /v2/images/9df71f9a-940a-4042-aee1-a44cd787f5ce {{(pid=99869) process_request /opt/stack/glance/glance/api/middleware/version_negotiation.py:70}}
Aug 18 14:02:26.041998 np0000007661 devstack@g-api.service[99869]: [pid: 99869|app: 0|req: 142/399] 127.0.0.1 () {40 vars in 838 bytes} [Tue Aug 18 14:02:26 2026] GET /v2/images/9df71f9a-940a-4042-aee1-a44cd787f5ce => generated 648 bytes in 12 msecs (HTTP/1.1 200) 4 headers in 157 bytes (1 switches on core 0)
Aug 18 14:02:26.068854 np0000007661 devstack@g-api.service[99868]: DEBUG swiftclient [None req-1c1a9050-5f08-4095-ae19-63e75731a9fb tempest-TestImageHashVerification-1849680092 tempest-TestImageHashVerification-1849680092-project-member] REQ: curl -i https://10.4.3.131:8080/v1/AUTH_6129a26546754c3689a0df74e3b48276/glance/9df71f9a-940a-4042-aee1-a44cd787f5ce-00001 -X PUT -H "X-Auth-Token: gAAAAABqhGXvMVnE..." {{(pid=99868) http_log /opt/stack/data/venv/lib/python3.12/site-packages/swiftclient/client.py:160}}
Aug 18 14:02:26.069206 np0000007661 devstack@g-api.service[99868]: DEBUG swiftclient [None req-1c1a9050-5f08-4095-ae19-63e75731a9fb tempest-TestImageHashVerification-1849680092 tempest-TestImageHashVerification-1849680092-project-member] RESP STATUS: 201 Created {{(pid=99868) http_log /opt/stack/data/venv/lib/python3.12/site-packages/swiftclient/client.py:161}}
Aug 18 14:02:26.069206 np0000007661 devstack@g-api.service[99868]: DEBUG swiftclient [None req-1c1a9050-5f08-4095-ae19-63e75731a9fb tempest-TestImageHashVerification-1849680092 tempest-TestImageHashVerification-1849680092-project-member] RESP HEADERS: {'Date': 'Tue, 18 Aug 2026 14:02:26 GMT', 'Server': 'Apache/2.4.58 (Ubuntu)', 'Content-Type': 'text/html; charset=UTF-8', 'Content-Length': '0', 'Etag': 'eda9a9889837ac4bc81d6387d92c1bec', 'Last-Modified': 'Tue, 18 Aug 2026 14:02:24 GMT', 'X-Trans-Id': 'tx3ea04e8faf0e4bcca72d4-006a8465ef', 'X-Openstack-Request-Id': 'tx3ea04e8faf0e4bcca72d4-006a8465ef', 'Connection': 'close'} {{(pid=99868) http_log /opt/stack/data/venv/lib/python3.12/site-packages/swiftclient/client.py:162}}
Aug 18 14:02:26.069308 np0000007661 devstack@g-api.service[99868]: DEBUG glance_store._drivers.swift.store [None req-1c1a9050-5f08-4095-ae19-63e75731a9fb tempest-TestImageHashVerification-1849680092 tempest-TestImageHashVerification-1849680092-project-member] Wrote chunk 9df71f9a-940a-4042-aee1-a44cd787f5ce-00001 (1/?) of length 204800000 to Swift returning MD5 of content: eda9a9889837ac4bc81d6387d92c1bec {{(pid=99868) add /opt/stack/data/venv/lib/python3.12/site-packages/glance_store/_drivers/swift/store.py:1059}}
Aug 18 14:02:27.055532 np0000007661 devstack@g-api.service[99870]: DEBUG glance.api.middleware.version_negotiation [None req-368bc70b-b660-4ade-b086-2186911c2557 tempest-ServerRescueNegativeTestJSON-858241290 tempest-ServerRescueNegativeTestJSON-858241290-project-member] Determining version of request: GET /v2/images/9df71f9a-940a-4042-aee1-a44cd787f5ce Accept: application/json {{(pid=99870) process_request /opt/stack/glance/glance/api/middleware/version_negotiation.py:44}}
Aug 18 14:02:27.056019 np0000007661 devstack@g-api.service[99870]: DEBUG glance.api.middleware.version_negotiation [None req-368bc70b-b660-4ade-b086-2186911c2557 tempest-ServerRescueNegativeTestJSON-858241290 tempest-ServerRescueNegativeTestJSON-858241290-project-member] Using url versioning {{(pid=99870) process_request /opt/stack/glance/glance/api/middleware/version_negotiation.py:57}}
Aug 18 14:02:27.056019 np0000007661 devstack@g-api.service[99870]: DEBUG glance.api.middleware.version_negotiation [None req-368bc70b-b660-4ade-b086-2186911c2557 tempest-ServerRescueNegativeTestJSON-858241290 tempest-ServerRescueNegativeTestJSON-858241290-project-member] Matched version: v2 {{(pid=99870) process_request /opt/stack/glance/glance/api/middleware/version_negotiation.py:69}}
Aug 18 14:02:27.056142 np0000007661 devstack@g-api.service[99870]: DEBUG glance.api.middleware.version_negotiation [None req-368bc70b-b660-4ade-b086-2186911c2557 tempest-ServerRescueNegativeTestJSON-858241290 tempest-ServerRescueNegativeTestJSON-858241290-project-member] new path /v2/images/9df71f9a-940a-4042-aee1-a44cd787f5ce {{(pid=99870) process_request /opt/stack/glance/glance/api/middleware/version_negotiation.py:70}}
Aug 18 14:02:27.082578 np0000007661 devstack@g-api.service[99870]: [pid: 99870|app: 0|req: 133/400] 127.0.0.1 () {40 vars in 838 bytes} [Tue Aug 18 14:02:27 2026] GET /v2/images/9df71f9a-940a-4042-aee1-a44cd787f5ce => generated 648 bytes in 31 msecs (HTTP/1.1 200) 4 headers in 157 bytes (1 switches on core 0)
Aug 18 14:02:28.097748 np0000007661 devstack@g-api.service[99869]: DEBUG glance.api.middleware.version_negotiation [None req-f13f0571-70ab-4249-9c88-538c1820d052 tempest-TestImageHashVerification-1849680092 tempest-TestImageHashVerification-1849680092-project-member] Determining version of request: GET /v2/images/9df71f9a-940a-4042-aee1-a44cd787f5ce Accept: application/json {{(pid=99869) process_request /opt/stack/glance/glance/api/middleware/version_negotiation.py:44}}
Aug 18 14:02:28.098185 np0000007661 devstack@g-api.service[99869]: DEBUG glance.api.middleware.version_negotiation [None req-f13f0571-70ab-4249-9c88-538c1820d052 tempest-TestImageHashVerification-1849680092 tempest-TestImageHashVerification-1849680092-project-member] Using url versioning {{(pid=99869) process_request /opt/stack/glance/glance/api/middleware/version_negotiation.py:57}}
Aug 18 14:02:28.098509 np0000007661 devstack@g-api.service[99869]: DEBUG glance.api.middleware.version_negotiation [None req-f13f0571-70ab-4249-9c88-538c1820d052 tempest-TestImageHashVerification-1849680092 tempest-TestImageHashVerification-1849680092-project-member] Matched version: v2 {{(pid=99869) process_request /opt/stack/glance/glance/api/middleware/version_negotiation.py:69}}
Aug 18 14:02:28.099361 np0000007661 devstack@g-api.service[99869]: DEBUG glance.api.middleware.version_negotiation [None req-f13f0571-70ab-4249-9c88-538c1820d052 tempest-TestImageHashVerification-1849680092 tempest-TestImageHashVerification-1849680092-project-member] new path /v2/images/9df71f9a-940a-4042-aee1-a44cd787f5ce {{(pid=99869) process_request /opt/stack/glance/glance/api/middleware/version_negotiation.py:70}}
Aug 18 14:02:28.128050 np0000007661 devstack@g-api.service[99869]: [pid: 99869|app: 0|req: 143/401] 127.0.0.1 () {40 vars in 838 bytes} [Tue Aug 18 14:02:28 2026] GET /v2/images/9df71f9a-940a-4042-aee1-a44cd787f5ce => generated 648 bytes in 32 msecs (HTTP/1.1 200) 4 headers in 157 bytes (1 switches on core 0)
Aug 18 14:02:28.817827 np0000007661 devstack@g-api.service[99868]: DEBUG swiftclient [None req-1c1a9050-5f08-4095-ae19-63e75731a9fb tempest-TestImageHashVerification-1849680092 tempest-TestImageHashVerification-1849680092-project-member] REQ: curl -i https://10.4.3.131:8080/v1/AUTH_6129a26546754c3689a0df74e3b48276/glance/9df71f9a-940a-4042-aee1-a44cd787f5ce-00002 -X PUT -H "X-Auth-Token: gAAAAABqhGXvMVnE..." {{(pid=99868) http_log /opt/stack/data/venv/lib/python3.12/site-packages/swiftclient/client.py:160}}
Aug 18 14:02:28.817827 np0000007661 devstack@g-api.service[99868]: DEBUG swiftclient [None req-1c1a9050-5f08-4095-ae19-63e75731a9fb tempest-TestImageHashVerification-1849680092 tempest-TestImageHashVerification-1849680092-project-member] RESP STATUS: 201 Created {{(pid=99868) http_log /opt/stack/data/venv/lib/python3.12/site-packages/swiftclient/client.py:161}}
Aug 18 14:02:28.817827 np0000007661 devstack@g-api.service[99868]: DEBUG swiftclient [None req-1c1a9050-5f08-4095-ae19-63e75731a9fb tempest-TestImageHashVerification-1849680092 tempest-TestImageHashVerification-1849680092-project-member] RESP HEADERS: {'Date': 'Tue, 18 Aug 2026 14:02:28 GMT', 'Server': 'Apache/2.4.58 (Ubuntu)', 'Content-Type': 'text/html; charset=UTF-8', 'Content-Length': '0', 'Etag': 'eda9a9889837ac4bc81d6387d92c1bec', 'Last-Modified': 'Tue, 18 Aug 2026 14:02:27 GMT', 'X-Trans-Id': 'tx8f351630454d4c8bae898-006a8465f2', 'X-Openstack-Request-Id': 'tx8f351630454d4c8bae898-006a8465f2', 'Connection': 'close'} {{(pid=99868) http_log /opt/stack/data/venv/lib/python3.12/site-packages/swiftclient/client.py:162}}
Aug 18 14:02:28.817827 np0000007661 devstack@g-api.service[99868]: DEBUG glance_store._drivers.swift.store [None req-1c1a9050-5f08-4095-ae19-63e75731a9fb tempest-TestImageHashVerification-1849680092 tempest-TestImageHashVerification-1849680092-project-member] Wrote chunk 9df71f9a-940a-4042-aee1-a44cd787f5ce-00002 (2/?) of length 204800000 to Swift returning MD5 of content: eda9a9889837ac4bc81d6387d92c1bec {{(pid=99868) add /opt/stack/data/venv/lib/python3.12/site-packages/glance_store/_drivers/swift/store.py:1059}}
Aug 18 14:02:29.139107 np0000007661 devstack@g-api.service[99870]: DEBUG glance.api.middleware.version_negotiation [None req-e7dcb662-4665-41b9-abbc-f5db4c8f7adc tempest-TestImageHashVerification-1849680092 tempest-TestImageHashVerification-1849680092-project-member] Determining version of request: GET /v2/images/9df71f9a-940a-4042-aee1-a44cd787f5ce Accept: application/json {{(pid=99870) process_request /opt/stack/glance/glance/api/middleware/version_negotiation.py:44}}
Aug 18 14:02:29.139483 np0000007661 devstack@g-api.service[99870]: DEBUG glance.api.middleware.version_negotiation [None req-e7dcb662-4665-41b9-abbc-f5db4c8f7adc tempest-TestImageHashVerification-1849680092 tempest-TestImageHashVerification-1849680092-project-member] Using url versioning {{(pid=99870) process_request /opt/stack/glance/glance/api/middleware/version_negotiation.py:57}}
Aug 18 14:02:29.139483 np0000007661 devstack@g-api.service[99870]: DEBUG glance.api.middleware.version_negotiation [None req-e7dcb662-4665-41b9-abbc-f5db4c8f7adc tempest-TestImageHashVerification-1849680092 tempest-TestImageHashVerification-1849680092-project-member] Matched version: v2 {{(pid=99870) process_request /opt/stack/glance/glance/api/middleware/version_negotiation.py:69}}
Aug 18 14:02:29.139593 np0000007661 devstack@g-api.service[99870]: DEBUG glance.api.middleware.version_negotiation [None req-e7dcb662-4665-41b9-abbc-f5db4c8f7adc tempest-TestImageHashVerification-1849680092 tempest-TestImageHashVerification-1849680092-project-member] new path /v2/images/9df71f9a-940a-4042-aee1-a44cd787f5ce {{(pid=99870) process_request /opt/stack/glance/glance/api/middleware/version_negotiation.py:70}}
Aug 18 14:02:29.157084 np0000007661 devstack@g-api.service[99870]: [pid: 99870|app: 0|req: 134/402] 127.0.0.1 () {40 vars in 838 bytes} [Tue Aug 18 14:02:29 2026] GET /v2/images/9df71f9a-940a-4042-aee1-a44cd787f5ce => generated 648 bytes in 18 msecs (HTTP/1.1 200) 4 headers in 157 bytes (1 switches on core 0)
Aug 18 14:02:30.169019 np0000007661 devstack@g-api.service[99869]: DEBUG glance.api.middleware.version_negotiation [None req-172e252b-fc91-4158-baff-a4e545a716b8 tempest-TestImageHashVerification-1849680092 tempest-TestImageHashVerification-1849680092-project-member] Determining version of request: GET /v2/images/9df71f9a-940a-4042-aee1-a44cd787f5ce Accept: application/json {{(pid=99869) process_request /opt/stack/glance/glance/api/middleware/version_negotiation.py:44}}
Aug 18 14:02:30.169467 np0000007661 devstack@g-api.service[99869]: DEBUG glance.api.middleware.version_negotiation [None req-172e252b-fc91-4158-baff-a4e545a716b8 tempest-TestImageHashVerification-1849680092 tempest-TestImageHashVerification-1849680092-project-member] Using url versioning {{(pid=99869) process_request /opt/stack/glance/glance/api/middleware/version_negotiation.py:57}}
Aug 18 14:02:30.169467 np0000007661 devstack@g-api.service[99869]: DEBUG glance.api.middleware.version_negotiation [None req-172e252b-fc91-4158-baff-a4e545a716b8 tempest-TestImageHashVerification-1849680092 tempest-TestImageHashVerification-1849680092-project-member] Matched version: v2 {{(pid=99869) process_request /opt/stack/glance/glance/api/middleware/version_negotiation.py:69}}
Aug 18 14:02:30.169467 np0000007661 devstack@g-api.service[99869]: DEBUG glance.api.middleware.version_negotiation [None req-172e252b-fc91-4158-baff-a4e545a716b8 tempest-TestImageHashVerification-1849680092 tempest-TestImageHashVerification-1849680092-project-member] new path /v2/images/9df71f9a-940a-4042-aee1-a44cd787f5ce {{(pid=99869) process_request /opt/stack/glance/glance/api/middleware/version_negotiation.py:70}}
Aug 18 14:02:30.191491 np0000007661 devstack@g-api.service[99869]: [pid: 99869|app: 0|req: 144/403] 127.0.0.1 () {40 vars in 838 bytes} [Tue Aug 18 14:02:30 2026] GET /v2/images/9df71f9a-940a-4042-aee1-a44cd787f5ce => generated 648 bytes in 22 msecs (HTTP/1.1 200) 4 headers in 157 bytes (1 switches on core 0)
Aug 18 14:02:31.204416 np0000007661 devstack@g-api.service[99870]: DEBUG glance.api.middleware.version_negotiation [None req-eb978830-2c99-461f-b01b-47d8302ce50c tempest-TestImageHashVerification-1849680092 tempest-TestImageHashVerification-1849680092-project-member] Determining version of request: GET /v2/images/9df71f9a-940a-4042-aee1-a44cd787f5ce Accept: application/json {{(pid=99870) process_request /opt/stack/glance/glance/api/middleware/version_negotiation.py:44}}
Aug 18 14:02:31.204824 np0000007661 devstack@g-api.service[99870]: DEBUG glance.api.middleware.version_negotiation [None req-eb978830-2c99-461f-b01b-47d8302ce50c tempest-TestImageHashVerification-1849680092 tempest-TestImageHashVerification-1849680092-project-member] Using url versioning {{(pid=99870) process_request /opt/stack/glance/glance/api/middleware/version_negotiation.py:57}}
Aug 18 14:02:31.205003 np0000007661 devstack@g-api.service[99870]: DEBUG glance.api.middleware.version_negotiation [None req-eb978830-2c99-461f-b01b-47d8302ce50c tempest-TestImageHashVerification-1849680092 tempest-TestImageHashVerification-1849680092-project-member] Matched version: v2 {{(pid=99870) process_request /opt/stack/glance/glance/api/middleware/version_negotiation.py:69}}
Aug 18 14:02:31.205126 np0000007661 devstack@g-api.service[99870]: DEBUG glance.api.middleware.version_negotiation [None req-eb978830-2c99-461f-b01b-47d8302ce50c tempest-TestImageHashVerification-1849680092 tempest-TestImageHashVerification-1849680092-project-member] new path /v2/images/9df71f9a-940a-4042-aee1-a44cd787f5ce {{(pid=99870) process_request /opt/stack/glance/glance/api/middleware/version_negotiation.py:70}}
Aug 18 14:02:31.244465 np0000007661 devstack@g-api.service[99870]: [pid: 99870|app: 0|req: 135/404] 127.0.0.1 () {40 vars in 838 bytes} [Tue Aug 18 14:02:31 2026] GET /v2/images/9df71f9a-940a-4042-aee1-a44cd787f5ce => generated 648 bytes in 40 msecs (HTTP/1.1 200) 4 headers in 157 bytes (1 switches on core 0)
Aug 18 14:02:31.336402 np0000007661 devstack@g-api.service[99868]: DEBUG swiftclient [None req-1c1a9050-5f08-4095-ae19-63e75731a9fb tempest-TestImageHashVerification-1849680092 tempest-TestImageHashVerification-1849680092-project-member] REQ: curl -i https://10.4.3.131:8080/v1/AUTH_6129a26546754c3689a0df74e3b48276/glance/9df71f9a-940a-4042-aee1-a44cd787f5ce-00003 -X PUT -H "X-Auth-Token: gAAAAABqhGXvMVnE..." {{(pid=99868) http_log /opt/stack/data/venv/lib/python3.12/site-packages/swiftclient/client.py:160}}
Aug 18 14:02:31.336974 np0000007661 devstack@g-api.service[99868]: DEBUG swiftclient [None req-1c1a9050-5f08-4095-ae19-63e75731a9fb tempest-TestImageHashVerification-1849680092 tempest-TestImageHashVerification-1849680092-project-member] RESP STATUS: 201 Created {{(pid=99868) http_log /opt/stack/data/venv/lib/python3.12/site-packages/swiftclient/client.py:161}}
Aug 18 14:02:31.336974 np0000007661 devstack@g-api.service[99868]: DEBUG swiftclient [None req-1c1a9050-5f08-4095-ae19-63e75731a9fb tempest-TestImageHashVerification-1849680092 tempest-TestImageHashVerification-1849680092-project-member] RESP HEADERS: {'Date': 'Tue, 18 Aug 2026 14:02:31 GMT', 'Server': 'Apache/2.4.58 (Ubuntu)', 'Content-Type': 'text/html; charset=UTF-8', 'Content-Length': '0', 'Etag': 'eda9a9889837ac4bc81d6387d92c1bec', 'Last-Modified': 'Tue, 18 Aug 2026 14:02:29 GMT', 'X-Trans-Id': 'txd3d3c7c8d27f49c699409-006a8465f4', 'X-Openstack-Request-Id': 'txd3d3c7c8d27f49c699409-006a8465f4', 'Connection': 'close'} {{(pid=99868) http_log /opt/stack/data/venv/lib/python3.12/site-packages/swiftclient/client.py:162}}
Aug 18 14:02:31.337197 np0000007661 devstack@g-api.service[99868]: DEBUG glance_store._drivers.swift.store [None req-1c1a9050-5f08-4095-ae19-63e75731a9fb tempest-TestImageHashVerification-1849680092 tempest-TestImageHashVerification-1849680092-project-member] Wrote chunk 9df71f9a-940a-4042-aee1-a44cd787f5ce-00003 (3/?) of length 204800000 to Swift returning MD5 of content: eda9a9889837ac4bc81d6387d92c1bec {{(pid=99868) add /opt/stack/data/venv/lib/python3.12/site-packages/glance_store/_drivers/swift/store.py:1059}}
Aug 18 14:02:32.254944 np0000007661 devstack@g-api.service[99869]: DEBUG glance.api.middleware.version_negotiation [None req-218b673c-22c0-41c6-ac88-62ed21ce8b6b tempest-TestImageHashVerification-1849680092 tempest-TestImageHashVerification-1849680092-project-member] Determining version of request: GET /v2/images/9df71f9a-940a-4042-aee1-a44cd787f5ce Accept: application/json {{(pid=99869) process_request /opt/stack/glance/glance/api/middleware/version_negotiation.py:44}}
Aug 18 14:02:32.254944 np0000007661 devstack@g-api.service[99869]: DEBUG glance.api.middleware.version_negotiation [None req-218b673c-22c0-41c6-ac88-62ed21ce8b6b tempest-TestImageHashVerification-1849680092 tempest-TestImageHashVerification-1849680092-project-member] Using url versioning {{(pid=99869) process_request /opt/stack/glance/glance/api/middleware/version_negotiation.py:57}}
Aug 18 14:02:32.254944 np0000007661 devstack@g-api.service[99869]: DEBUG glance.api.middleware.version_negotiation [None req-218b673c-22c0-41c6-ac88-62ed21ce8b6b tempest-TestImageHashVerification-1849680092 tempest-TestImageHashVerification-1849680092-project-member] Matched version: v2 {{(pid=99869) process_request /opt/stack/glance/glance/api/middleware/version_negotiation.py:69}}
Aug 18 14:02:32.257251 np0000007661 devstack@g-api.service[99869]: DEBUG glance.api.middleware.version_negotiation [None req-218b673c-22c0-41c6-ac88-62ed21ce8b6b tempest-TestImageHashVerification-1849680092 tempest-TestImageHashVerification-1849680092-project-member] new path /v2/images/9df71f9a-940a-4042-aee1-a44cd787f5ce {{(pid=99869) process_request /opt/stack/glance/glance/api/middleware/version_negotiation.py:70}}
Aug 18 14:02:32.280463 np0000007661 devstack@g-api.service[99869]: [pid: 99869|app: 0|req: 145/405] 127.0.0.1 () {40 vars in 838 bytes} [Tue Aug 18 14:02:32 2026] GET /v2/images/9df71f9a-940a-4042-aee1-a44cd787f5ce => generated 648 bytes in 26 msecs (HTTP/1.1 200) 4 headers in 157 bytes (1 switches on core 0)
Aug 18 14:02:33.272631 np0000007661 devstack@g-api.service[99868]: DEBUG dbcounter [-] [99868] Writing DB stats glance:SELECT=18,glance:INSERT=1,glance:UPDATE=1 {{(pid=99868) stat_writer /opt/stack/data/venv/lib/python3.12/site-packages/dbcounter.py:115}}
Aug 18 14:02:33.293602 np0000007661 devstack@g-api.service[99870]: DEBUG glance.api.middleware.version_negotiation [None req-1201119a-c41c-4e90-8291-9d9a775f6afc tempest-TestImageHashVerification-1849680092 tempest-TestImageHashVerification-1849680092-project-member] Determining version of request: GET /v2/images/9df71f9a-940a-4042-aee1-a44cd787f5ce Accept: application/json {{(pid=99870) process_request /opt/stack/glance/glance/api/middleware/version_negotiation.py:44}}
Aug 18 14:02:33.294045 np0000007661 devstack@g-api.service[99870]: DEBUG glance.api.middleware.version_negotiation [None req-1201119a-c41c-4e90-8291-9d9a775f6afc tempest-TestImageHashVerification-1849680092 tempest-TestImageHashVerification-1849680092-project-member] Using url versioning {{(pid=99870) process_request /opt/stack/glance/glance/api/middleware/version_negotiation.py:57}}
Aug 18 14:02:33.294411 np0000007661 devstack@g-api.service[99870]: DEBUG glance.api.middleware.version_negotiation [None req-1201119a-c41c-4e90-8291-9d9a775f6afc tempest-TestImageHashVerification-1849680092 tempest-TestImageHashVerification-1849680092-project-member] Matched version: v2 {{(pid=99870) process_request /opt/stack/glance/glance/api/middleware/version_negotiation.py:69}}
Aug 18 14:02:33.294689 np0000007661 devstack@g-api.service[99870]: DEBUG glance.api.middleware.version_negotiation [None req-1201119a-c41c-4e90-8291-9d9a775f6afc tempest-TestImageHashVerification-1849680092 tempest-TestImageHashVerification-1849680092-project-member] new path /v2/images/9df71f9a-940a-4042-aee1-a44cd787f5ce {{(pid=99870) process_request /opt/stack/glance/glance/api/middleware/version_negotiation.py:70}}
Aug 18 14:02:33.311613 np0000007661 devstack@g-api.service[99870]: [pid: 99870|app: 0|req: 136/406] 127.0.0.1 () {40 vars in 838 bytes} [Tue Aug 18 14:02:33 2026] GET /v2/images/9df71f9a-940a-4042-aee1-a44cd787f5ce => generated 648 bytes in 18 msecs (HTTP/1.1 200) 4 headers in 157 bytes (1 switches on core 0)
Aug 18 14:02:33.782152 np0000007661 devstack@g-api.service[99868]: DEBUG swiftclient [None req-1c1a9050-5f08-4095-ae19-63e75731a9fb tempest-TestImageHashVerification-1849680092 tempest-TestImageHashVerification-1849680092-project-member] REQ: curl -i https://10.4.3.131:8080/v1/AUTH_6129a26546754c3689a0df74e3b48276/glance/9df71f9a-940a-4042-aee1-a44cd787f5ce-00004 -X PUT -H "X-Auth-Token: gAAAAABqhGXvMVnE..." {{(pid=99868) http_log /opt/stack/data/venv/lib/python3.12/site-packages/swiftclient/client.py:160}}
Aug 18 14:02:33.782333 np0000007661 devstack@g-api.service[99868]: DEBUG swiftclient [None req-1c1a9050-5f08-4095-ae19-63e75731a9fb tempest-TestImageHashVerification-1849680092 tempest-TestImageHashVerification-1849680092-project-member] RESP STATUS: 201 Created {{(pid=99868) http_log /opt/stack/data/venv/lib/python3.12/site-packages/swiftclient/client.py:161}}
Aug 18 14:02:33.782333 np0000007661 devstack@g-api.service[99868]: DEBUG swiftclient [None req-1c1a9050-5f08-4095-ae19-63e75731a9fb tempest-TestImageHashVerification-1849680092 tempest-TestImageHashVerification-1849680092-project-member] RESP HEADERS: {'Date': 'Tue, 18 Aug 2026 14:02:33 GMT', 'Server': 'Apache/2.4.58 (Ubuntu)', 'Content-Type': 'text/html; charset=UTF-8', 'Content-Length': '0', 'Etag': 'eda9a9889837ac4bc81d6387d92c1bec', 'Last-Modified': 'Tue, 18 Aug 2026 14:02:32 GMT', 'X-Trans-Id': 'tx127cc0d47b7245d49e68f-006a8465f7', 'X-Openstack-Request-Id': 'tx127cc0d47b7245d49e68f-006a8465f7', 'Connection': 'close'} {{(pid=99868) http_log /opt/stack/data/venv/lib/python3.12/site-packages/swiftclient/client.py:162}}
Aug 18 14:02:33.782829 np0000007661 devstack@g-api.service[99868]: DEBUG glance_store._drivers.swift.store [None req-1c1a9050-5f08-4095-ae19-63e75731a9fb tempest-TestImageHashVerification-1849680092 tempest-TestImageHashVerification-1849680092-project-member] Wrote chunk 9df71f9a-940a-4042-aee1-a44cd787f5ce-00004 (4/?) of length 204800000 to Swift returning MD5 of content: eda9a9889837ac4bc81d6387d92c1bec {{(pid=99868) add /opt/stack/data/venv/lib/python3.12/site-packages/glance_store/_drivers/swift/store.py:1059}}
Aug 18 14:02:34.322730 np0000007661 devstack@g-api.service[99869]: DEBUG glance.api.middleware.version_negotiation [None req-c386ac38-d4f9-419a-a522-379c7397df39 tempest-TestImageHashVerification-1849680092 tempest-TestImageHashVerification-1849680092-project-member] Determining version of request: GET /v2/images/9df71f9a-940a-4042-aee1-a44cd787f5ce Accept: application/json {{(pid=99869) process_request /opt/stack/glance/glance/api/middleware/version_negotiation.py:44}}
Aug 18 14:02:34.323147 np0000007661 devstack@g-api.service[99869]: DEBUG glance.api.middleware.version_negotiation [None req-c386ac38-d4f9-419a-a522-379c7397df39 tempest-TestImageHashVerification-1849680092 tempest-TestImageHashVerification-1849680092-project-member] Using url versioning {{(pid=99869) process_request /opt/stack/glance/glance/api/middleware/version_negotiation.py:57}}
Aug 18 14:02:34.323147 np0000007661 devstack@g-api.service[99869]: DEBUG glance.api.middleware.version_negotiation [None req-c386ac38-d4f9-419a-a522-379c7397df39 tempest-TestImageHashVerification-1849680092 tempest-TestImageHashVerification-1849680092-project-member] Matched version: v2 {{(pid=99869) process_request /opt/stack/glance/glance/api/middleware/version_negotiation.py:69}}
Aug 18 14:02:34.323147 np0000007661 devstack@g-api.service[99869]: DEBUG glance.api.middleware.version_negotiation [None req-c386ac38-d4f9-419a-a522-379c7397df39 tempest-TestImageHashVerification-1849680092 tempest-TestImageHashVerification-1849680092-project-member] new path /v2/images/9df71f9a-940a-4042-aee1-a44cd787f5ce {{(pid=99869) process_request /opt/stack/glance/glance/api/middleware/version_negotiation.py:70}}
Aug 18 14:02:34.345327 np0000007661 devstack@g-api.service[99869]: [pid: 99869|app: 0|req: 146/407] 127.0.0.1 () {40 vars in 838 bytes} [Tue Aug 18 14:02:34 2026] GET /v2/images/9df71f9a-940a-4042-aee1-a44cd787f5ce => generated 648 bytes in 23 msecs (HTTP/1.1 200) 4 headers in 157 bytes (1 switches on core 0)
Aug 18 14:02:35.354092 np0000007661 devstack@g-api.service[99870]: DEBUG glance.api.middleware.version_negotiation [None req-870e5215-26b3-4bfa-9a54-5dfa2d62beef tempest-TestImageHashVerification-1849680092 tempest-TestImageHashVerification-1849680092-project-member] Determining version of request: GET /v2/images/9df71f9a-940a-4042-aee1-a44cd787f5ce Accept: application/json {{(pid=99870) process_request /opt/stack/glance/glance/api/middleware/version_negotiation.py:44}}
Aug 18 14:02:35.354570 np0000007661 devstack@g-api.service[99870]: DEBUG glance.api.middleware.version_negotiation [None req-870e5215-26b3-4bfa-9a54-5dfa2d62beef tempest-TestImageHashVerification-1849680092 tempest-TestImageHashVerification-1849680092-project-member] Using url versioning {{(pid=99870) process_request /opt/stack/glance/glance/api/middleware/version_negotiation.py:57}}
Aug 18 14:02:35.354570 np0000007661 devstack@g-api.service[99870]: DEBUG glance.api.middleware.version_negotiation [None req-870e5215-26b3-4bfa-9a54-5dfa2d62beef tempest-TestImageHashVerification-1849680092 tempest-TestImageHashVerification-1849680092-project-member] Matched version: v2 {{(pid=99870) process_request /opt/stack/glance/glance/api/middleware/version_negotiation.py:69}}
Aug 18 14:02:35.354570 np0000007661 devstack@g-api.service[99870]: DEBUG glance.api.middleware.version_negotiation [None req-870e5215-26b3-4bfa-9a54-5dfa2d62beef tempest-TestImageHashVerification-1849680092 tempest-TestImageHashVerification-1849680092-project-member] new path /v2/images/9df71f9a-940a-4042-aee1-a44cd787f5ce {{(pid=99870) process_request /opt/stack/glance/glance/api/middleware/version_negotiation.py:70}}
Aug 18 14:02:35.367032 np0000007661 devstack@g-api.service[99870]: [pid: 99870|app: 0|req: 137/408] 127.0.0.1 () {40 vars in 838 bytes} [Tue Aug 18 14:02:35 2026] GET /v2/images/9df71f9a-940a-4042-aee1-a44cd787f5ce => generated 648 bytes in 13 msecs (HTTP/1.1 200) 4 headers in 157 bytes (1 switches on core 0)
Aug 18 14:02:35.759886 np0000007661 devstack@g-api.service[99868]: DEBUG swiftclient [None req-1c1a9050-5f08-4095-ae19-63e75731a9fb tempest-TestImageHashVerification-1849680092 tempest-TestImageHashVerification-1849680092-project-member] REQ: curl -i https://10.4.3.131:8080/v1/AUTH_6129a26546754c3689a0df74e3b48276/glance/9df71f9a-940a-4042-aee1-a44cd787f5ce-00005 -X PUT -H "X-Auth-Token: gAAAAABqhGXvMVnE..." {{(pid=99868) http_log /opt/stack/data/venv/lib/python3.12/site-packages/swiftclient/client.py:160}}
Aug 18 14:02:35.760267 np0000007661 devstack@g-api.service[99868]: DEBUG swiftclient [None req-1c1a9050-5f08-4095-ae19-63e75731a9fb tempest-TestImageHashVerification-1849680092 tempest-TestImageHashVerification-1849680092-project-member] RESP STATUS: 201 Created {{(pid=99868) http_log /opt/stack/data/venv/lib/python3.12/site-packages/swiftclient/client.py:161}}
Aug 18 14:02:35.760267 np0000007661 devstack@g-api.service[99868]: DEBUG swiftclient [None req-1c1a9050-5f08-4095-ae19-63e75731a9fb tempest-TestImageHashVerification-1849680092 tempest-TestImageHashVerification-1849680092-project-member] RESP HEADERS: {'Date': 'Tue, 18 Aug 2026 14:02:35 GMT', 'Server': 'Apache/2.4.58 (Ubuntu)', 'Content-Type': 'text/html; charset=UTF-8', 'Content-Length': '0', 'Etag': 'eda9a9889837ac4bc81d6387d92c1bec', 'Last-Modified': 'Tue, 18 Aug 2026 14:02:34 GMT', 'X-Trans-Id': 'txf3ffa8273a0341eab1f46-006a8465f9', 'X-Openstack-Request-Id': 'txf3ffa8273a0341eab1f46-006a8465f9', 'Connection': 'close'} {{(pid=99868) http_log /opt/stack/data/venv/lib/python3.12/site-packages/swiftclient/client.py:162}}
Aug 18 14:02:35.760267 np0000007661 devstack@g-api.service[99868]: DEBUG glance_store._drivers.swift.store [None req-1c1a9050-5f08-4095-ae19-63e75731a9fb tempest-TestImageHashVerification-1849680092 tempest-TestImageHashVerification-1849680092-project-member] Wrote chunk 9df71f9a-940a-4042-aee1-a44cd787f5ce-00005 (5/?) of length 204800000 to Swift returning MD5 of content: eda9a9889837ac4bc81d6387d92c1bec {{(pid=99868) add /opt/stack/data/venv/lib/python3.12/site-packages/glance_store/_drivers/swift/store.py:1059}}
Aug 18 14:02:36.373513 np0000007661 devstack@g-api.service[99868]: DEBUG swiftclient [None req-1c1a9050-5f08-4095-ae19-63e75731a9fb tempest-TestImageHashVerification-1849680092 tempest-TestImageHashVerification-1849680092-project-member] REQ: curl -i https://10.4.3.131:8080/v1/AUTH_6129a26546754c3689a0df74e3b48276/glance/9df71f9a-940a-4042-aee1-a44cd787f5ce-00006 -X PUT -H "X-Auth-Token: gAAAAABqhGXvMVnE..." {{(pid=99868) http_log /opt/stack/data/venv/lib/python3.12/site-packages/swiftclient/client.py:160}}
Aug 18 14:02:36.373973 np0000007661 devstack@g-api.service[99868]: DEBUG swiftclient [None req-1c1a9050-5f08-4095-ae19-63e75731a9fb tempest-TestImageHashVerification-1849680092 tempest-TestImageHashVerification-1849680092-project-member] RESP STATUS: 201 Created {{(pid=99868) http_log /opt/stack/data/venv/lib/python3.12/site-packages/swiftclient/client.py:161}}
Aug 18 14:02:36.374229 np0000007661 devstack@g-api.service[99868]: DEBUG swiftclient [None req-1c1a9050-5f08-4095-ae19-63e75731a9fb tempest-TestImageHashVerification-1849680092 tempest-TestImageHashVerification-1849680092-project-member] RESP HEADERS: {'Date': 'Tue, 18 Aug 2026 14:02:36 GMT', 'Server': 'Apache/2.4.58 (Ubuntu)', 'Content-Type': 'text/html; charset=UTF-8', 'Content-Length': '0', 'Etag': '708761f3b8777ec77058e63da08eeeb6', 'Last-Modified': 'Tue, 18 Aug 2026 14:02:36 GMT', 'X-Trans-Id': 'tx1fb6c9d3520544ce8df3b-006a8465fb', 'X-Openstack-Request-Id': 'tx1fb6c9d3520544ce8df3b-006a8465fb', 'Connection': 'close'} {{(pid=99868) http_log /opt/stack/data/venv/lib/python3.12/site-packages/swiftclient/client.py:162}}
Aug 18 14:02:36.376012 np0000007661 devstack@g-api.service[99868]: DEBUG glance_store._drivers.swift.store [None req-1c1a9050-5f08-4095-ae19-63e75731a9fb tempest-TestImageHashVerification-1849680092 tempest-TestImageHashVerification-1849680092-project-member] Wrote chunk 9df71f9a-940a-4042-aee1-a44cd787f5ce-00006 (6/?) of length 49741824 to Swift returning MD5 of content: 708761f3b8777ec77058e63da08eeeb6 {{(pid=99868) add /opt/stack/data/venv/lib/python3.12/site-packages/glance_store/_drivers/swift/store.py:1059}}
Aug 18 14:02:36.376012 np0000007661 devstack@g-api.service[99868]: DEBUG glance_store._drivers.swift.store [None req-1c1a9050-5f08-4095-ae19-63e75731a9fb tempest-TestImageHashVerification-1849680092 tempest-TestImageHashVerification-1849680092-project-member] Not writing zero-length chunk. {{(pid=99868) add /opt/stack/data/venv/lib/python3.12/site-packages/glance_store/_drivers/swift/store.py:1028}}
Aug 18 14:02:36.378855 np0000007661 devstack@g-api.service[99869]: DEBUG glance.api.middleware.version_negotiation [None req-5052511e-44e0-4371-af86-6970ec8ee4a6 tempest-TestImageHashVerification-1849680092 tempest-TestImageHashVerification-1849680092-project-member] Determining version of request: GET /v2/images/9df71f9a-940a-4042-aee1-a44cd787f5ce Accept: application/json {{(pid=99869) process_request /opt/stack/glance/glance/api/middleware/version_negotiation.py:44}}
Aug 18 14:02:36.379412 np0000007661 devstack@g-api.service[99869]: DEBUG glance.api.middleware.version_negotiation [None req-5052511e-44e0-4371-af86-6970ec8ee4a6 tempest-TestImageHashVerification-1849680092 tempest-TestImageHashVerification-1849680092-project-member] Using url versioning {{(pid=99869) process_request /opt/stack/glance/glance/api/middleware/version_negotiation.py:57}}
Aug 18 14:02:36.380807 np0000007661 devstack@g-api.service[99869]: DEBUG glance.api.middleware.version_negotiation [None req-5052511e-44e0-4371-af86-6970ec8ee4a6 tempest-TestImageHashVerification-1849680092 tempest-TestImageHashVerification-1849680092-project-member] Matched version: v2 {{(pid=99869) process_request /opt/stack/glance/glance/api/middleware/version_negotiation.py:69}}
Aug 18 14:02:36.380807 np0000007661 devstack@g-api.service[99869]: DEBUG glance.api.middleware.version_negotiation [None req-5052511e-44e0-4371-af86-6970ec8ee4a6 tempest-TestImageHashVerification-1849680092 tempest-TestImageHashVerification-1849680092-project-member] new path /v2/images/9df71f9a-940a-4042-aee1-a44cd787f5ce {{(pid=99869) process_request /opt/stack/glance/glance/api/middleware/version_negotiation.py:70}}
Aug 18 14:02:36.397661 np0000007661 devstack@g-api.service[99869]: [pid: 99869|app: 0|req: 147/409] 127.0.0.1 () {40 vars in 838 bytes} [Tue Aug 18 14:02:36 2026] GET /v2/images/9df71f9a-940a-4042-aee1-a44cd787f5ce => generated 648 bytes in 19 msecs (HTTP/1.1 200) 4 headers in 157 bytes (1 switches on core 0)
Aug 18 14:02:36.410617 np0000007661 devstack@g-api.service[99868]: DEBUG swiftclient [None req-1c1a9050-5f08-4095-ae19-63e75731a9fb tempest-TestImageHashVerification-1849680092 tempest-TestImageHashVerification-1849680092-project-member] REQ: curl -i https://10.4.3.131:8080/v1/AUTH_6129a26546754c3689a0df74e3b48276/glance/9df71f9a-940a-4042-aee1-a44cd787f5ce -X PUT -H "X-Object-Manifest: glance/9df71f9a-940a-4042-aee1-a44cd787f5ce-" -H "X-Auth-Token: gAAAAABqhGXvMVnE..." -H "Content-Length: 0" {{(pid=99868) http_log /opt/stack/data/venv/lib/python3.12/site-packages/swiftclient/client.py:160}}
Aug 18 14:02:36.410714 np0000007661 devstack@g-api.service[99868]: DEBUG swiftclient [None req-1c1a9050-5f08-4095-ae19-63e75731a9fb tempest-TestImageHashVerification-1849680092 tempest-TestImageHashVerification-1849680092-project-member] RESP STATUS: 201 Created {{(pid=99868) http_log /opt/stack/data/venv/lib/python3.12/site-packages/swiftclient/client.py:161}}
Aug 18 14:02:36.410855 np0000007661 devstack@g-api.service[99868]: DEBUG swiftclient [None req-1c1a9050-5f08-4095-ae19-63e75731a9fb tempest-TestImageHashVerification-1849680092 tempest-TestImageHashVerification-1849680092-project-member] RESP HEADERS: {'Date': 'Tue, 18 Aug 2026 14:02:36 GMT', 'Server': 'Apache/2.4.58 (Ubuntu)', 'Content-Type': 'text/html; charset=UTF-8', 'Content-Length': '0', 'Etag': 'd41d8cd98f00b204e9800998ecf8427e', 'Last-Modified': 'Tue, 18 Aug 2026 14:02:37 GMT', 'X-Trans-Id': 'tx1c440038b40b485eb3e8d-006a8465fc', 'X-Openstack-Request-Id': 'tx1c440038b40b485eb3e8d-006a8465fc', 'Connection': 'close'} {{(pid=99868) http_log /opt/stack/data/venv/lib/python3.12/site-packages/swiftclient/client.py:162}}
Aug 18 14:02:36.411362 np0000007661 devstack@g-api.service[99868]: INFO glance.location [None req-1c1a9050-5f08-4095-ae19-63e75731a9fb tempest-TestImageHashVerification-1849680092 tempest-TestImageHashVerification-1849680092-project-member] Image format matched and virtual size computed: 1073741824
Aug 18 14:02:36.471291 np0000007661 devstack@g-api.service[99868]: DEBUG glance_store.backend [None req-1c1a9050-5f08-4095-ae19-63e75731a9fb tempest-TestImageHashVerification-1849680092 tempest-TestImageHashVerification-1849680092-project-member] Attempting to import store swift {{(pid=99868) _load_store /opt/stack/data/venv/lib/python3.12/site-packages/glance_store/backend.py:215}}
Aug 18 14:02:36.473765 np0000007661 devstack@g-api.service[99868]: DEBUG glance_store.capabilities [None req-1c1a9050-5f08-4095-ae19-63e75731a9fb tempest-TestImageHashVerification-1849680092 tempest-TestImageHashVerification-1849680092-project-member] Store glance_store._drivers.swift.store.SingleTenantStore doesn't support updating dynamic storage capabilities. Please overwrite 'update_capabilities' method of the store to implement updating logics if needed. {{(pid=99868) update_capabilities /opt/stack/data/venv/lib/python3.12/site-packages/glance_store/capabilities.py:91}}
Aug 18 14:02:36.474151 np0000007661 devstack@g-api.service[99868]: DEBUG glance_store.driver [None req-1c1a9050-5f08-4095-ae19-63e75731a9fb tempest-TestImageHashVerification-1849680092 tempest-TestImageHashVerification-1849680092-project-member] Late loading location class glance_store._drivers.swift.store.StoreLocation {{(pid=99868) get_store_location_class /opt/stack/data/venv/lib/python3.12/site-packages/glance_store/driver.py:134}}
Aug 18 14:02:36.474512 np0000007661 devstack@g-api.service[99868]: DEBUG glance_store.location [None req-1c1a9050-5f08-4095-ae19-63e75731a9fb tempest-TestImageHashVerification-1849680092 tempest-TestImageHashVerification-1849680092-project-member] Registering scheme swift+https with {'store': , 'location_class': , 'store_entry': 'swift'} {{(pid=99868) register_scheme_map /opt/stack/data/venv/lib/python3.12/site-packages/glance_store/location.py:146}}
Aug 18 14:02:36.474714 np0000007661 devstack@g-api.service[99868]: DEBUG glance_store.location [None req-1c1a9050-5f08-4095-ae19-63e75731a9fb tempest-TestImageHashVerification-1849680092 tempest-TestImageHashVerification-1849680092-project-member] Registering scheme swift+https with {'store': , 'location_class': , 'store_entry': 'swift'} {{(pid=99868) register_scheme_map /opt/stack/data/venv/lib/python3.12/site-packages/glance_store/location.py:146}}
Aug 18 14:02:36.475024 np0000007661 devstack@g-api.service[99868]: DEBUG glance_store.location [None req-1c1a9050-5f08-4095-ae19-63e75731a9fb tempest-TestImageHashVerification-1849680092 tempest-TestImageHashVerification-1849680092-project-member] Registering scheme swift with {'store': , 'location_class': , 'store_entry': 'swift'} {{(pid=99868) register_scheme_map /opt/stack/data/venv/lib/python3.12/site-packages/glance_store/location.py:146}}
Aug 18 14:02:36.475204 np0000007661 devstack@g-api.service[99868]: DEBUG glance_store.location [None req-1c1a9050-5f08-4095-ae19-63e75731a9fb tempest-TestImageHashVerification-1849680092 tempest-TestImageHashVerification-1849680092-project-member] Registering scheme swift+https with {'store': , 'location_class': , 'store_entry': 'swift'} {{(pid=99868) register_scheme_map /opt/stack/data/venv/lib/python3.12/site-packages/glance_store/location.py:146}}
Aug 18 14:02:36.475397 np0000007661 devstack@g-api.service[99868]: DEBUG glance_store.location [None req-1c1a9050-5f08-4095-ae19-63e75731a9fb tempest-TestImageHashVerification-1849680092 tempest-TestImageHashVerification-1849680092-project-member] Registering scheme swift with {'store': , 'location_class': , 'store_entry': 'swift'} {{(pid=99868) register_scheme_map /opt/stack/data/venv/lib/python3.12/site-packages/glance_store/location.py:146}}
Aug 18 14:02:36.475649 np0000007661 devstack@g-api.service[99868]: DEBUG glance_store.location [None req-1c1a9050-5f08-4095-ae19-63e75731a9fb tempest-TestImageHashVerification-1849680092 tempest-TestImageHashVerification-1849680092-project-member] Registering scheme swift+http with {'store': , 'location_class': , 'store_entry': 'swift'} {{(pid=99868) register_scheme_map /opt/stack/data/venv/lib/python3.12/site-packages/glance_store/location.py:146}}
Aug 18 14:02:36.475814 np0000007661 devstack@g-api.service[99868]: DEBUG glance_store.location [None req-1c1a9050-5f08-4095-ae19-63e75731a9fb tempest-TestImageHashVerification-1849680092 tempest-TestImageHashVerification-1849680092-project-member] Registering scheme swift+https with {'store': , 'location_class': , 'store_entry': 'swift'} {{(pid=99868) register_scheme_map /opt/stack/data/venv/lib/python3.12/site-packages/glance_store/location.py:146}}
Aug 18 14:02:36.475988 np0000007661 devstack@g-api.service[99868]: DEBUG glance_store.location [None req-1c1a9050-5f08-4095-ae19-63e75731a9fb tempest-TestImageHashVerification-1849680092 tempest-TestImageHashVerification-1849680092-project-member] Registering scheme swift with {'store': , 'location_class': , 'store_entry': 'swift'} {{(pid=99868) register_scheme_map /opt/stack/data/venv/lib/python3.12/site-packages/glance_store/location.py:146}}
Aug 18 14:02:36.476133 np0000007661 devstack@g-api.service[99868]: DEBUG glance_store.location [None req-1c1a9050-5f08-4095-ae19-63e75731a9fb tempest-TestImageHashVerification-1849680092 tempest-TestImageHashVerification-1849680092-project-member] Registering scheme swift+http with {'store': , 'location_class': , 'store_entry': 'swift'} {{(pid=99868) register_scheme_map /opt/stack/data/venv/lib/python3.12/site-packages/glance_store/location.py:146}}
Aug 18 14:02:36.476275 np0000007661 devstack@g-api.service[99868]: DEBUG glance_store.location [None req-1c1a9050-5f08-4095-ae19-63e75731a9fb tempest-TestImageHashVerification-1849680092 tempest-TestImageHashVerification-1849680092-project-member] Registering scheme swift+config with {'store': , 'location_class': , 'store_entry': 'swift'} {{(pid=99868) register_scheme_map /opt/stack/data/venv/lib/python3.12/site-packages/glance_store/location.py:146}}
Aug 18 14:02:36.476460 np0000007661 devstack@g-api.service[99868]: DEBUG glance_store.backend [None req-1c1a9050-5f08-4095-ae19-63e75731a9fb tempest-TestImageHashVerification-1849680092 tempest-TestImageHashVerification-1849680092-project-member] Skipping store.set_acls... not implemented. {{(pid=99868) set_acls /opt/stack/data/venv/lib/python3.12/site-packages/glance_store/backend.py:507}}
Aug 18 14:02:36.479401 np0000007661 devstack@g-api.service[99868]: [pid: 99868|app: 0|req: 126/410] 127.0.0.1 () {46 vars in 1158 bytes} [Tue Aug 18 14:02:22 2026] PUT /v2/images/9df71f9a-940a-4042-aee1-a44cd787f5ce/file => generated 0 bytes in 14293 msecs (HTTP/1.1 204) 4 headers in 171 bytes (1 switches on core 0)
Aug 18 14:02:36.490527 np0000007661 devstack@g-api.service[99870]: DEBUG glance.api.middleware.version_negotiation [None req-6d0d4b12-c08f-4c08-8136-26f0bf8ace04 tempest-TestImageHashVerification-1849680092 tempest-TestImageHashVerification-1849680092-project-member] Determining version of request: GET /v2/images/9df71f9a-940a-4042-aee1-a44cd787f5ce Accept: */* {{(pid=99870) process_request /opt/stack/glance/glance/api/middleware/version_negotiation.py:44}}
Aug 18 14:02:36.490872 np0000007661 devstack@g-api.service[99870]: DEBUG glance.api.middleware.version_negotiation [None req-6d0d4b12-c08f-4c08-8136-26f0bf8ace04 tempest-TestImageHashVerification-1849680092 tempest-TestImageHashVerification-1849680092-project-member] Using url versioning {{(pid=99870) process_request /opt/stack/glance/glance/api/middleware/version_negotiation.py:57}}
Aug 18 14:02:36.491103 np0000007661 devstack@g-api.service[99870]: DEBUG glance.api.middleware.version_negotiation [None req-6d0d4b12-c08f-4c08-8136-26f0bf8ace04 tempest-TestImageHashVerification-1849680092 tempest-TestImageHashVerification-1849680092-project-member] Matched version: v2 {{(pid=99870) process_request /opt/stack/glance/glance/api/middleware/version_negotiation.py:69}}
Aug 18 14:02:36.491282 np0000007661 devstack@g-api.service[99870]: DEBUG glance.api.middleware.version_negotiation [None req-6d0d4b12-c08f-4c08-8136-26f0bf8ace04 tempest-TestImageHashVerification-1849680092 tempest-TestImageHashVerification-1849680092-project-member] new path /v2/images/9df71f9a-940a-4042-aee1-a44cd787f5ce {{(pid=99870) process_request /opt/stack/glance/glance/api/middleware/version_negotiation.py:70}}
Aug 18 14:02:36.503694 np0000007661 devstack@g-api.service[99870]: [pid: 99870|app: 0|req: 138/411] 127.0.0.1 () {44 vars in 1115 bytes} [Tue Aug 18 14:02:36 2026] GET /v2/images/9df71f9a-940a-4042-aee1-a44cd787f5ce => generated 820 bytes in 13 msecs (HTTP/1.1 200) 4 headers in 157 bytes (1 switches on core 0)
Aug 18 14:02:36.514966 np0000007661 devstack@g-api.service[99869]: DEBUG glance.api.middleware.version_negotiation [None req-fc967a14-39f4-4041-9b15-6e5989be3c39 tempest-TestImageHashVerification-1849680092 tempest-TestImageHashVerification-1849680092-project-member] Determining version of request: GET /v2/schemas/image Accept: */* {{(pid=99869) process_request /opt/stack/glance/glance/api/middleware/version_negotiation.py:44}}
