Aug 18 13:56:05.464217 np0000007661 devstack@g-api.service[99868]: DEBUG glance_store.backend [-] Attempting to import store file {{(pid=99868) _load_store /opt/stack/data/venv/lib/python3.12/site-packages/glance_store/backend.py:215}}
Aug 18 13:56:05.464917 np0000007661 devstack@g-api.service[99868]: DEBUG glance_store.capabilities [-] Store glance_store._drivers.filesystem.Store doesn't support updating dynamic storage capabilities. Please overwrite 'update_capabilities' method of the store to implement updating logics if needed. {{(pid=99868) update_capabilities /opt/stack/data/venv/lib/python3.12/site-packages/glance_store/capabilities.py:91}}
Aug 18 13:56:05.465149 np0000007661 devstack@g-api.service[99868]: DEBUG glance_store.backend [-] Registering store file with schemes ('file', 'filesystem') {{(pid=99868) create_stores /opt/stack/data/venv/lib/python3.12/site-packages/glance_store/backend.py:261}}
Aug 18 13:56:05.465334 np0000007661 devstack@g-api.service[99868]: DEBUG glance_store.driver [-] Late loading location class glance_store._drivers.filesystem.StoreLocation {{(pid=99868) get_store_location_class /opt/stack/data/venv/lib/python3.12/site-packages/glance_store/driver.py:134}}
Aug 18 13:56:05.465534 np0000007661 devstack@g-api.service[99868]: DEBUG glance_store.location [-] Registering scheme file with {'store': , 'location_class': , 'store_entry': 'file'} {{(pid=99868) register_scheme_map /opt/stack/data/venv/lib/python3.12/site-packages/glance_store/location.py:146}}
Aug 18 13:56:05.465714 np0000007661 devstack@g-api.service[99868]: DEBUG glance_store.location [-] Registering scheme filesystem with {'store': , 'location_class': , 'store_entry': 'file'} {{(pid=99868) register_scheme_map /opt/stack/data/venv/lib/python3.12/site-packages/glance_store/location.py:146}}
Aug 18 13:56:05.465893 np0000007661 devstack@g-api.service[99868]: DEBUG glance_store.backend [-] Attempting to import store http {{(pid=99868) _load_store /opt/stack/data/venv/lib/python3.12/site-packages/glance_store/backend.py:215}}
Aug 18 13:56:05.466278 np0000007661 devstack@g-api.service[99868]: DEBUG glance_store.capabilities [-] Store glance_store._drivers.http.Store doesn't support updating dynamic storage capabilities. Please overwrite 'update_capabilities' method of the store to implement updating logics if needed. {{(pid=99868) update_capabilities /opt/stack/data/venv/lib/python3.12/site-packages/glance_store/capabilities.py:91}}
Aug 18 13:56:05.466456 np0000007661 devstack@g-api.service[99868]: DEBUG glance_store.backend [-] Registering store http with schemes ('http', 'https') {{(pid=99868) create_stores /opt/stack/data/venv/lib/python3.12/site-packages/glance_store/backend.py:261}}
Aug 18 13:56:05.466633 np0000007661 devstack@g-api.service[99868]: DEBUG glance_store.driver [-] Late loading location class glance_store._drivers.http.StoreLocation {{(pid=99868) get_store_location_class /opt/stack/data/venv/lib/python3.12/site-packages/glance_store/driver.py:134}}
Aug 18 13:56:05.466832 np0000007661 devstack@g-api.service[99868]: DEBUG glance_store.location [-] Registering scheme http with {'store': , 'location_class': , 'store_entry': 'http'} {{(pid=99868) register_scheme_map /opt/stack/data/venv/lib/python3.12/site-packages/glance_store/location.py:146}}
Aug 18 13:56:05.467040 np0000007661 devstack@g-api.service[99868]: DEBUG glance_store.location [-] Registering scheme https with {'store': , 'location_class': , 'store_entry': 'http'} {{(pid=99868) register_scheme_map /opt/stack/data/venv/lib/python3.12/site-packages/glance_store/location.py:146}}
Aug 18 13:56:05.467290 np0000007661 devstack@g-api.service[99868]: DEBUG glance_store.backend [-] Attempting to import store swift {{(pid=99868) _load_store /opt/stack/data/venv/lib/python3.12/site-packages/glance_store/backend.py:215}}
Aug 18 13:56:05.469149 np0000007661 devstack@g-api.service[99868]: DEBUG glance_store.capabilities [-] Store glance_store._drivers.swift.store.SingleTenantStore doesn't support updating dynamic storage capabilities. Please overwrite 'update_capabilities' method of the store to implement updating logics if needed. {{(pid=99868) update_capabilities /opt/stack/data/venv/lib/python3.12/site-packages/glance_store/capabilities.py:91}}
Aug 18 13:56:05.469338 np0000007661 devstack@g-api.service[99868]: DEBUG glance_store.driver [-] Late loading location class glance_store._drivers.swift.store.StoreLocation {{(pid=99868) get_store_location_class /opt/stack/data/venv/lib/python3.12/site-packages/glance_store/driver.py:134}}
Aug 18 13:56:05.469524 np0000007661 devstack@g-api.service[99868]: DEBUG glance_store.location [-] Registering scheme swift+https with {'store': , 'location_class': , 'store_entry': 'swift'} {{(pid=99868) register_scheme_map /opt/stack/data/venv/lib/python3.12/site-packages/glance_store/location.py:146}}
Aug 18 13:56:05.472962 np0000007661 devstack@g-api.service[99868]: DEBUG glance_store.location [-] Registering scheme swift+https with {'store': , 'location_class': , 'store_entry': 'swift'} {{(pid=99868) register_scheme_map /opt/stack/data/venv/lib/python3.12/site-packages/glance_store/location.py:146}}
Aug 18 13:56:05.472962 np0000007661 devstack@g-api.service[99868]: DEBUG glance_store.location [-] Registering scheme swift with {'store': , 'location_class': , 'store_entry': 'swift'} {{(pid=99868) register_scheme_map /opt/stack/data/venv/lib/python3.12/site-packages/glance_store/location.py:146}}
Aug 18 13:56:05.472962 np0000007661 devstack@g-api.service[99868]: DEBUG glance_store.location [-] Registering scheme swift+https with {'store': , 'location_class': , 'store_entry': 'swift'} {{(pid=99868) register_scheme_map /opt/stack/data/venv/lib/python3.12/site-packages/glance_store/location.py:146}}
Aug 18 13:56:05.472962 np0000007661 devstack@g-api.service[99868]: DEBUG glance_store.location [-] Registering scheme swift with {'store': , 'location_class': , 'store_entry': 'swift'} {{(pid=99868) register_scheme_map /opt/stack/data/venv/lib/python3.12/site-packages/glance_store/location.py:146}}
Aug 18 13:56:05.472962 np0000007661 devstack@g-api.service[99868]: DEBUG glance_store.location [-] Registering scheme swift+http with {'store': , 'location_class': , 'store_entry': 'swift'} {{(pid=99868) register_scheme_map /opt/stack/data/venv/lib/python3.12/site-packages/glance_store/location.py:146}}
Aug 18 13:56:05.473267 np0000007661 devstack@g-api.service[99868]: DEBUG glance_store.location [-] Registering scheme swift+https with {'store': , 'location_class': , 'store_entry': 'swift'} {{(pid=99868) register_scheme_map /opt/stack/data/venv/lib/python3.12/site-packages/glance_store/location.py:146}}
Aug 18 13:56:05.473267 np0000007661 devstack@g-api.service[99868]: DEBUG glance_store.location [-] Registering scheme swift with {'store': , 'location_class': , 'store_entry': 'swift'} {{(pid=99868) register_scheme_map /opt/stack/data/venv/lib/python3.12/site-packages/glance_store/location.py:146}}
Aug 18 13:56:05.473267 np0000007661 devstack@g-api.service[99868]: DEBUG glance_store.location [-] Registering scheme swift+http with {'store': , 'location_class': , 'store_entry': 'swift'} {{(pid=99868) register_scheme_map /opt/stack/data/venv/lib/python3.12/site-packages/glance_store/location.py:146}}
Aug 18 13:56:05.473267 np0000007661 devstack@g-api.service[99868]: DEBUG glance_store.location [-] Registering scheme swift+config with {'store': , 'location_class': , 'store_entry': 'swift'} {{(pid=99868) register_scheme_map /opt/stack/data/venv/lib/python3.12/site-packages/glance_store/location.py:146}}
Aug 18 13:56:05.473267 np0000007661 devstack@g-api.service[99868]: DEBUG glance.sqlite_migration [-] SQLite caching database not located, skipping migration {{(pid=99868) get_db_path /opt/stack/glance/glance/sqlite_migration.py:68}}
Aug 18 13:56:05.473267 np0000007661 devstack@g-api.service[99868]: WARNING glance.common.wsgi_app [-] Import methods are enabled but staging directory /tmp/staging/ does not exist; Imports will fail!
Aug 18 13:56:05.554915 np0000007661 devstack@g-api.service[99870]: DEBUG glance.common.config [None req-f56c3cd9-6996-4555-a306-11dead43b2cb None None] Loading glance-api-keystone+cachemanagement from /etc/glance/glance-api-paste.ini {{(pid=99870) load_paste_app /opt/stack/glance/glance/common/config.py:772}}
Aug 18 13:56:05.599431 np0000007661 devstack@g-api.service[99869]: DEBUG glance.common.config [None req-fc30ce23-9360-4cfe-a384-4074f8f74628 None None] Loading glance-api-keystone+cachemanagement from /etc/glance/glance-api-paste.ini {{(pid=99869) load_paste_app /opt/stack/glance/glance/common/config.py:772}}
Aug 18 13:56:05.664331 np0000007661 devstack@g-api.service[99868]: DEBUG glance.common.config [None req-ad7c83a6-b0ed-4938-a52e-f9c966b12dea None None] Loading glance-api-keystone+cachemanagement from /etc/glance/glance-api-paste.ini {{(pid=99868) load_paste_app /opt/stack/glance/glance/common/config.py:772}}
Aug 18 13:56:06.290035 np0000007661 devstack@g-api.service[99870]: INFO glance.image_cache [None req-f56c3cd9-6996-4555-a306-11dead43b2cb None None] Image cache loaded driver 'centralized_db'.
Aug 18 13:56:06.291178 np0000007661 devstack@g-api.service[99869]: INFO glance.image_cache [None req-fc30ce23-9360-4cfe-a384-4074f8f74628 None None] Image cache loaded driver 'centralized_db'.
Aug 18 13:56:06.311901 np0000007661 devstack@g-api.service[99868]: INFO glance.image_cache [None req-ad7c83a6-b0ed-4938-a52e-f9c966b12dea None None] Image cache loaded driver 'centralized_db'.
Aug 18 13:56:06.340026 np0000007661 devstack@g-api.service[99869]: INFO dbcounter [None req-fc30ce23-9360-4cfe-a384-4074f8f74628 None None] Registered counter for database glance
Aug 18 13:56:06.341622 np0000007661 devstack@g-api.service[99870]: INFO dbcounter [None req-f56c3cd9-6996-4555-a306-11dead43b2cb None None] Registered counter for database glance
Aug 18 13:56:06.367565 np0000007661 devstack@g-api.service[99868]: INFO dbcounter [None req-ad7c83a6-b0ed-4938-a52e-f9c966b12dea None None] Registered counter for database glance
Aug 18 13:56:06.381051 np0000007661 devstack@g-api.service[99869]: DEBUG oslo_db.sqlalchemy.engines [None req-fc30ce23-9360-4cfe-a384-4074f8f74628 None None] MySQL server mode set to STRICT_TRANS_TABLES,STRICT_ALL_TABLES,NO_ZERO_IN_DATE,NO_ZERO_DATE,ERROR_FOR_DIVISION_BY_ZERO,TRADITIONAL,NO_ENGINE_SUBSTITUTION {{(pid=99869) _check_effective_sql_mode /opt/stack/data/venv/lib/python3.12/site-packages/oslo_db/sqlalchemy/engines.py:325}}
Aug 18 13:56:06.388098 np0000007661 devstack@g-api.service[99870]: DEBUG oslo_db.sqlalchemy.engines [None req-f56c3cd9-6996-4555-a306-11dead43b2cb None None] MySQL server mode set to STRICT_TRANS_TABLES,STRICT_ALL_TABLES,NO_ZERO_IN_DATE,NO_ZERO_DATE,ERROR_FOR_DIVISION_BY_ZERO,TRADITIONAL,NO_ENGINE_SUBSTITUTION {{(pid=99870) _check_effective_sql_mode /opt/stack/data/venv/lib/python3.12/site-packages/oslo_db/sqlalchemy/engines.py:325}}
Aug 18 13:56:06.402184 np0000007661 devstack@g-api.service[99869]: DEBUG dbcounter [-] [99869] Writer thread running {{(pid=99869) stat_writer /opt/stack/data/venv/lib/python3.12/site-packages/dbcounter.py:102}}
Aug 18 13:56:06.414031 np0000007661 devstack@g-api.service[99870]: DEBUG dbcounter [-] [99870] Writer thread running {{(pid=99870) stat_writer /opt/stack/data/venv/lib/python3.12/site-packages/dbcounter.py:102}}
Aug 18 13:56:06.414177 np0000007661 devstack@g-api.service[99869]: INFO glance.image_cache [None req-fc30ce23-9360-4cfe-a384-4074f8f74628 None None] Image cache loaded driver 'centralized_db'.
Aug 18 13:56:06.418434 np0000007661 devstack@g-api.service[99870]: DEBUG glance.image_cache.drivers.centralized_db [None req-f56c3cd9-6996-4555-a306-11dead43b2cb None None] Node reference is already recorded, ignoring it {{(pid=99870) configure /opt/stack/glance/glance/image_cache/drivers/centralized_db.py:71}}
Aug 18 13:56:06.420668 np0000007661 devstack@g-api.service[99868]: DEBUG oslo_db.sqlalchemy.engines [None req-ad7c83a6-b0ed-4938-a52e-f9c966b12dea None None] MySQL server mode set to STRICT_TRANS_TABLES,STRICT_ALL_TABLES,NO_ZERO_IN_DATE,NO_ZERO_DATE,ERROR_FOR_DIVISION_BY_ZERO,TRADITIONAL,NO_ENGINE_SUBSTITUTION {{(pid=99868) _check_effective_sql_mode /opt/stack/data/venv/lib/python3.12/site-packages/oslo_db/sqlalchemy/engines.py:325}}
Aug 18 13:56:06.421608 np0000007661 devstack@g-api.service[99869]: DEBUG glance.image_cache.drivers.centralized_db [None req-fc30ce23-9360-4cfe-a384-4074f8f74628 None None] Node reference is already recorded, ignoring it {{(pid=99869) configure /opt/stack/glance/glance/image_cache/drivers/centralized_db.py:71}}
Aug 18 13:56:06.423555 np0000007661 devstack@g-api.service[99870]: INFO glance.image_cache [None req-f56c3cd9-6996-4555-a306-11dead43b2cb None None] Image cache loaded driver 'centralized_db'.
Aug 18 13:56:06.427579 np0000007661 devstack@g-api.service[99869]: DEBUG glance.api.v2.cached_images [None req-fc30ce23-9360-4cfe-a384-4074f8f74628 None None] Started cache worker thread {{(pid=99869) __init__ /opt/stack/glance/glance/api/v2/cached_images.py:71}}
Aug 18 13:56:06.430949 np0000007661 devstack@g-api.service[99869]: INFO glance.image_cache [None req-fc30ce23-9360-4cfe-a384-4074f8f74628 None None] Image cache loaded driver 'centralized_db'.
Aug 18 13:56:06.431018 np0000007661 devstack@g-api.service[99870]: DEBUG glance.image_cache.drivers.centralized_db [None req-f56c3cd9-6996-4555-a306-11dead43b2cb None None] Node reference is already recorded, ignoring it {{(pid=99870) configure /opt/stack/glance/glance/image_cache/drivers/centralized_db.py:71}}
Aug 18 13:56:06.436118 np0000007661 devstack@g-api.service[99870]: DEBUG glance.api.v2.cached_images [None req-f56c3cd9-6996-4555-a306-11dead43b2cb None None] Started cache worker thread {{(pid=99870) __init__ /opt/stack/glance/glance/api/v2/cached_images.py:71}}
Aug 18 13:56:06.436905 np0000007661 devstack@g-api.service[99870]: INFO glance.image_cache [None req-f56c3cd9-6996-4555-a306-11dead43b2cb None None] Image cache loaded driver 'centralized_db'.
Aug 18 13:56:06.449786 np0000007661 devstack@g-api.service[99868]: DEBUG dbcounter [-] [99868] Writer thread running {{(pid=99868) stat_writer /opt/stack/data/venv/lib/python3.12/site-packages/dbcounter.py:102}}
Aug 18 13:56:06.452866 np0000007661 devstack@g-api.service[99868]: DEBUG glance.image_cache.drivers.centralized_db [None req-ad7c83a6-b0ed-4938-a52e-f9c966b12dea None None] Node reference is already recorded, ignoring it {{(pid=99868) configure /opt/stack/glance/glance/image_cache/drivers/centralized_db.py:71}}
Aug 18 13:56:06.460738 np0000007661 devstack@g-api.service[99868]: INFO glance.image_cache [None req-ad7c83a6-b0ed-4938-a52e-f9c966b12dea None None] Image cache loaded driver 'centralized_db'.
Aug 18 13:56:06.472680 np0000007661 devstack@g-api.service[99868]: DEBUG glance.image_cache.drivers.centralized_db [None req-ad7c83a6-b0ed-4938-a52e-f9c966b12dea None None] Node reference is already recorded, ignoring it {{(pid=99868) configure /opt/stack/glance/glance/image_cache/drivers/centralized_db.py:71}}
Aug 18 13:56:06.529137 np0000007661 devstack@g-api.service[99869]: DEBUG glance.image_cache.drivers.centralized_db [None req-fc30ce23-9360-4cfe-a384-4074f8f74628 None None] Node reference is already recorded, ignoring it {{(pid=99869) configure /opt/stack/glance/glance/image_cache/drivers/centralized_db.py:71}}
Aug 18 13:56:06.534805 np0000007661 devstack@g-api.service[99869]: INFO glance.api.middleware.cache_manage [None req-fc30ce23-9360-4cfe-a384-4074f8f74628 None None] Initialized image cache management middleware
Aug 18 13:56:06.534997 np0000007661 devstack@g-api.service[99869]: INFO glance.image_cache [None req-fc30ce23-9360-4cfe-a384-4074f8f74628 None None] Image cache loaded driver 'centralized_db'.
Aug 18 13:56:06.538234 np0000007661 devstack@g-api.service[99870]: DEBUG glance.image_cache.drivers.centralized_db [None req-f56c3cd9-6996-4555-a306-11dead43b2cb None None] Node reference is already recorded, ignoring it {{(pid=99870) configure /opt/stack/glance/glance/image_cache/drivers/centralized_db.py:71}}
Aug 18 13:56:06.543199 np0000007661 devstack@g-api.service[99869]: DEBUG glance.image_cache.drivers.centralized_db [None req-fc30ce23-9360-4cfe-a384-4074f8f74628 None None] Node reference is already recorded, ignoring it {{(pid=99869) configure /opt/stack/glance/glance/image_cache/drivers/centralized_db.py:71}}
Aug 18 13:56:06.543786 np0000007661 devstack@g-api.service[99870]: INFO glance.api.middleware.cache_manage [None req-f56c3cd9-6996-4555-a306-11dead43b2cb None None] Initialized image cache management middleware
Aug 18 13:56:06.543962 np0000007661 devstack@g-api.service[99870]: INFO glance.image_cache [None req-f56c3cd9-6996-4555-a306-11dead43b2cb None None] Image cache loaded driver 'centralized_db'.
Aug 18 13:56:06.547732 np0000007661 devstack@g-api.service[99869]: INFO glance.api.middleware.cache [None req-fc30ce23-9360-4cfe-a384-4074f8f74628 None None] Initialized image cache middleware
Aug 18 13:56:06.551754 np0000007661 devstack@g-api.service[99870]: DEBUG glance.image_cache.drivers.centralized_db [None req-f56c3cd9-6996-4555-a306-11dead43b2cb None None] Node reference is already recorded, ignoring it {{(pid=99870) configure /opt/stack/glance/glance/image_cache/drivers/centralized_db.py:71}}
Aug 18 13:56:06.555886 np0000007661 devstack@g-api.service[99870]: INFO glance.api.middleware.cache [None req-f56c3cd9-6996-4555-a306-11dead43b2cb None None] Initialized image cache middleware
Aug 18 13:56:06.559747 np0000007661 devstack@g-api.service[99869]: DEBUG glance.common.config [None req-fc30ce23-9360-4cfe-a384-4074f8f74628 None None] ******************************************************************************** {{(pid=99869) log_opt_values /opt/stack/data/venv/lib/python3.12/site-packages/oslo_config/cfg.py:3533}}
Aug 18 13:56:06.559868 np0000007661 devstack@g-api.service[99869]: DEBUG glance.common.config [None req-fc30ce23-9360-4cfe-a384-4074f8f74628 None None] Configuration options gathered from: {{(pid=99869) log_opt_values /opt/stack/data/venv/lib/python3.12/site-packages/oslo_config/cfg.py:3534}}
Aug 18 13:56:06.560259 np0000007661 devstack@g-api.service[99869]: DEBUG glance.common.config [None req-fc30ce23-9360-4cfe-a384-4074f8f74628 None None] command line args: [] {{(pid=99869) log_opt_values /opt/stack/data/venv/lib/python3.12/site-packages/oslo_config/cfg.py:3535}}
Aug 18 13:56:06.560438 np0000007661 devstack@g-api.service[99869]: DEBUG glance.common.config [None req-fc30ce23-9360-4cfe-a384-4074f8f74628 None None] config files: ['/etc/glance/glance-image-import.conf', '/etc/glance/glance-api.conf'] {{(pid=99869) log_opt_values /opt/stack/data/venv/lib/python3.12/site-packages/oslo_config/cfg.py:3536}}
Aug 18 13:56:06.560524 np0000007661 devstack@g-api.service[99869]: DEBUG glance.common.config [None req-fc30ce23-9360-4cfe-a384-4074f8f74628 None None] ================================================================================ {{(pid=99869) log_opt_values /opt/stack/data/venv/lib/python3.12/site-packages/oslo_config/cfg.py:3541}}
Aug 18 13:56:06.560647 np0000007661 devstack@g-api.service[99869]: DEBUG glance.common.config [None req-fc30ce23-9360-4cfe-a384-4074f8f74628 None None] allow_anonymous_access = False {{(pid=99869) log_opt_values /opt/stack/data/venv/lib/python3.12/site-packages/oslo_config/cfg.py:3549}}
Aug 18 13:56:06.560779 np0000007661 devstack@g-api.service[99869]: DEBUG glance.common.config [None req-fc30ce23-9360-4cfe-a384-4074f8f74628 None None] api_limit_max = 1000 {{(pid=99869) log_opt_values /opt/stack/data/venv/lib/python3.12/site-packages/oslo_config/cfg.py:3549}}
Aug 18 13:56:06.560895 np0000007661 devstack@g-api.service[99869]: DEBUG glance.common.config [None req-fc30ce23-9360-4cfe-a384-4074f8f74628 None None] config_dir = [] {{(pid=99869) log_opt_values /opt/stack/data/venv/lib/python3.12/site-packages/oslo_config/cfg.py:3549}}
Aug 18 13:56:06.561011 np0000007661 devstack@g-api.service[99869]: DEBUG glance.common.config [None req-fc30ce23-9360-4cfe-a384-4074f8f74628 None None] config_file = ['/etc/glance/glance-image-import.conf', '/etc/glance/glance-api.conf'] {{(pid=99869) log_opt_values /opt/stack/data/venv/lib/python3.12/site-packages/oslo_config/cfg.py:3549}}
Aug 18 13:56:06.561137 np0000007661 devstack@g-api.service[99869]: DEBUG glance.common.config [None req-fc30ce23-9360-4cfe-a384-4074f8f74628 None None] config_source = [] {{(pid=99869) log_opt_values /opt/stack/data/venv/lib/python3.12/site-packages/oslo_config/cfg.py:3549}}
Aug 18 13:56:06.561238 np0000007661 devstack@g-api.service[99869]: DEBUG glance.common.config [None req-fc30ce23-9360-4cfe-a384-4074f8f74628 None None] control_exchange = glance {{(pid=99869) log_opt_values /opt/stack/data/venv/lib/python3.12/site-packages/oslo_config/cfg.py:3549}}
Aug 18 13:56:06.561306 np0000007661 devstack@g-api.service[99869]: DEBUG glance.common.config [None req-fc30ce23-9360-4cfe-a384-4074f8f74628 None None] debug = True {{(pid=99869) log_opt_values /opt/stack/data/venv/lib/python3.12/site-packages/oslo_config/cfg.py:3549}}
Aug 18 13:56:06.561460 np0000007661 devstack@g-api.service[99869]: DEBUG glance.common.config [None req-fc30ce23-9360-4cfe-a384-4074f8f74628 None None] default_log_levels = ['amqp=WARN', 'boto=WARN', 'sqlalchemy=WARN', 'suds=INFO', 'oslo.messaging=INFO', 'oslo_messaging=INFO', 'iso8601=WARN', 'requests.packages.urllib3.connectionpool=WARN', 'urllib3.connectionpool=WARN', 'websocket=WARN', 'requests.packages.urllib3.util.retry=WARN', 'urllib3.util.retry=WARN', 'keystonemiddleware=WARN', 'routes.middleware=WARN', 'stevedore=WARN', 'taskflow=WARN', 'keystoneauth=WARN', 'oslo.cache=INFO', 'oslo_policy=INFO', 'dogpile.core.dogpile=INFO'] {{(pid=99869) log_opt_values /opt/stack/data/venv/lib/python3.12/site-packages/oslo_config/cfg.py:3549}}
Aug 18 13:56:06.561547 np0000007661 devstack@g-api.service[99869]: DEBUG glance.common.config [None req-fc30ce23-9360-4cfe-a384-4074f8f74628 None None] default_publisher_id = image.localhost {{(pid=99869) log_opt_values /opt/stack/data/venv/lib/python3.12/site-packages/oslo_config/cfg.py:3549}}
Aug 18 13:56:06.561630 np0000007661 devstack@g-api.service[99869]: DEBUG glance.common.config [None req-fc30ce23-9360-4cfe-a384-4074f8f74628 None None] delayed_delete = False {{(pid=99869) log_opt_values /opt/stack/data/venv/lib/python3.12/site-packages/oslo_config/cfg.py:3549}}
Aug 18 13:56:06.561728 np0000007661 devstack@g-api.service[99869]: DEBUG glance.common.config [None req-fc30ce23-9360-4cfe-a384-4074f8f74628 None None] digest_algorithm = sha256 {{(pid=99869) log_opt_values /opt/stack/data/venv/lib/python3.12/site-packages/oslo_config/cfg.py:3549}}
Aug 18 13:56:06.561862 np0000007661 devstack@g-api.service[99869]: DEBUG glance.common.config [None req-fc30ce23-9360-4cfe-a384-4074f8f74628 None None] disabled_notifications = [] {{(pid=99869) log_opt_values /opt/stack/data/venv/lib/python3.12/site-packages/oslo_config/cfg.py:3549}}
Aug 18 13:56:06.562000 np0000007661 devstack@g-api.service[99869]: DEBUG glance.common.config [None req-fc30ce23-9360-4cfe-a384-4074f8f74628 None None] do_secure_hash = True {{(pid=99869) log_opt_values /opt/stack/data/venv/lib/python3.12/site-packages/oslo_config/cfg.py:3549}}
Aug 18 13:56:06.562136 np0000007661 devstack@g-api.service[99869]: DEBUG glance.common.config [None req-fc30ce23-9360-4cfe-a384-4074f8f74628 None None] enabled_backends = None {{(pid=99869) log_opt_values /opt/stack/data/venv/lib/python3.12/site-packages/oslo_config/cfg.py:3549}}
Aug 18 13:56:06.562292 np0000007661 devstack@g-api.service[99869]: DEBUG glance.common.config [None req-fc30ce23-9360-4cfe-a384-4074f8f74628 None None] enabled_import_methods = ['glance-direct', 'web-download', 'copy-image'] {{(pid=99869) log_opt_values /opt/stack/data/venv/lib/python3.12/site-packages/oslo_config/cfg.py:3549}}
Aug 18 13:56:06.562372 np0000007661 devstack@g-api.service[99869]: DEBUG glance.common.config [None req-fc30ce23-9360-4cfe-a384-4074f8f74628 None None] fatal_deprecations = False {{(pid=99869) log_opt_values /opt/stack/data/venv/lib/python3.12/site-packages/oslo_config/cfg.py:3549}}
Aug 18 13:56:06.562460 np0000007661 devstack@g-api.service[99869]: DEBUG glance.common.config [None req-fc30ce23-9360-4cfe-a384-4074f8f74628 None None] hashing_algorithm = sha512 {{(pid=99869) log_opt_values /opt/stack/data/venv/lib/python3.12/site-packages/oslo_config/cfg.py:3549}}
Aug 18 13:56:06.562546 np0000007661 devstack@g-api.service[99869]: DEBUG glance.common.config [None req-fc30ce23-9360-4cfe-a384-4074f8f74628 None None] http_retries = 3 {{(pid=99869) log_opt_values /opt/stack/data/venv/lib/python3.12/site-packages/oslo_config/cfg.py:3549}}
Aug 18 13:56:06.562645 np0000007661 devstack@g-api.service[99869]: DEBUG glance.common.config [None req-fc30ce23-9360-4cfe-a384-4074f8f74628 None None] image_cache_dir = /opt/stack/data/glance/cache/ {{(pid=99869) log_opt_values /opt/stack/data/venv/lib/python3.12/site-packages/oslo_config/cfg.py:3549}}
Aug 18 13:56:06.562775 np0000007661 devstack@g-api.service[99869]: DEBUG glance.common.config [None req-fc30ce23-9360-4cfe-a384-4074f8f74628 None None] image_cache_driver = centralized_db {{(pid=99869) log_opt_values /opt/stack/data/venv/lib/python3.12/site-packages/oslo_config/cfg.py:3549}}
Aug 18 13:56:06.562867 np0000007661 devstack@g-api.service[99869]: DEBUG glance.common.config [None req-fc30ce23-9360-4cfe-a384-4074f8f74628 None None] image_cache_max_size = 10737418240 {{(pid=99869) log_opt_values /opt/stack/data/venv/lib/python3.12/site-packages/oslo_config/cfg.py:3549}}
Aug 18 13:56:06.562997 np0000007661 devstack@g-api.service[99869]: DEBUG glance.common.config [None req-fc30ce23-9360-4cfe-a384-4074f8f74628 None None] image_cache_sqlite_db = cache.db {{(pid=99869) log_opt_values /opt/stack/data/venv/lib/python3.12/site-packages/oslo_config/cfg.py:3549}}
Aug 18 13:56:06.563131 np0000007661 devstack@g-api.service[99869]: DEBUG glance.common.config [None req-fc30ce23-9360-4cfe-a384-4074f8f74628 None None] image_cache_stall_time = 86400 {{(pid=99869) log_opt_values /opt/stack/data/venv/lib/python3.12/site-packages/oslo_config/cfg.py:3549}}
Aug 18 13:56:06.563372 np0000007661 devstack@g-api.service[99869]: DEBUG glance.common.config [None req-fc30ce23-9360-4cfe-a384-4074f8f74628 None None] image_location_quota = 10 {{(pid=99869) log_opt_values /opt/stack/data/venv/lib/python3.12/site-packages/oslo_config/cfg.py:3549}}
Aug 18 13:56:06.563500 np0000007661 devstack@g-api.service[99869]: DEBUG glance.common.config [None req-fc30ce23-9360-4cfe-a384-4074f8f74628 None None] image_member_quota = 128 {{(pid=99869) log_opt_values /opt/stack/data/venv/lib/python3.12/site-packages/oslo_config/cfg.py:3549}}
Aug 18 13:56:06.563634 np0000007661 devstack@g-api.service[99869]: DEBUG glance.common.config [None req-fc30ce23-9360-4cfe-a384-4074f8f74628 None None] image_property_quota = 128 {{(pid=99869) log_opt_values /opt/stack/data/venv/lib/python3.12/site-packages/oslo_config/cfg.py:3549}}
Aug 18 13:56:06.563755 np0000007661 devstack@g-api.service[99869]: DEBUG glance.common.config [None req-fc30ce23-9360-4cfe-a384-4074f8f74628 None None] image_size_cap = 1099511627776 {{(pid=99869) log_opt_values /opt/stack/data/venv/lib/python3.12/site-packages/oslo_config/cfg.py:3549}}
Aug 18 13:56:06.563901 np0000007661 devstack@g-api.service[99869]: DEBUG glance.common.config [None req-fc30ce23-9360-4cfe-a384-4074f8f74628 None None] image_tag_quota = 128 {{(pid=99869) log_opt_values /opt/stack/data/venv/lib/python3.12/site-packages/oslo_config/cfg.py:3549}}
Aug 18 13:56:06.564054 np0000007661 devstack@g-api.service[99869]: DEBUG glance.common.config [None req-fc30ce23-9360-4cfe-a384-4074f8f74628 None None] instance_format = [instance: %(uuid)s] {{(pid=99869) log_opt_values /opt/stack/data/venv/lib/python3.12/site-packages/oslo_config/cfg.py:3549}}
Aug 18 13:56:06.564154 np0000007661 devstack@g-api.service[99869]: DEBUG glance.common.config [None req-fc30ce23-9360-4cfe-a384-4074f8f74628 None None] instance_uuid_format = [instance: %(uuid)s] {{(pid=99869) log_opt_values /opt/stack/data/venv/lib/python3.12/site-packages/oslo_config/cfg.py:3549}}
Aug 18 13:56:06.564248 np0000007661 devstack@g-api.service[99869]: DEBUG glance.common.config [None req-fc30ce23-9360-4cfe-a384-4074f8f74628 None None] limit_param_default = 25 {{(pid=99869) log_opt_values /opt/stack/data/venv/lib/python3.12/site-packages/oslo_config/cfg.py:3549}}
Aug 18 13:56:06.564381 np0000007661 devstack@g-api.service[99869]: DEBUG glance.common.config [None req-fc30ce23-9360-4cfe-a384-4074f8f74628 None None] log_color = False {{(pid=99869) log_opt_values /opt/stack/data/venv/lib/python3.12/site-packages/oslo_config/cfg.py:3549}}
Aug 18 13:56:06.564516 np0000007661 devstack@g-api.service[99869]: DEBUG glance.common.config [None req-fc30ce23-9360-4cfe-a384-4074f8f74628 None None] log_config_append = None {{(pid=99869) log_opt_values /opt/stack/data/venv/lib/python3.12/site-packages/oslo_config/cfg.py:3549}}
Aug 18 13:56:06.564666 np0000007661 devstack@g-api.service[99869]: DEBUG glance.common.config [None req-fc30ce23-9360-4cfe-a384-4074f8f74628 None None] log_date_format = %Y-%m-%d %H:%M:%S {{(pid=99869) log_opt_values /opt/stack/data/venv/lib/python3.12/site-packages/oslo_config/cfg.py:3549}}
Aug 18 13:56:06.564817 np0000007661 devstack@g-api.service[99869]: DEBUG glance.common.config [None req-fc30ce23-9360-4cfe-a384-4074f8f74628 None None] log_dir = None {{(pid=99869) log_opt_values /opt/stack/data/venv/lib/python3.12/site-packages/oslo_config/cfg.py:3549}}
Aug 18 13:56:06.564912 np0000007661 devstack@g-api.service[99869]: DEBUG glance.common.config [None req-fc30ce23-9360-4cfe-a384-4074f8f74628 None None] log_file = None {{(pid=99869) log_opt_values /opt/stack/data/venv/lib/python3.12/site-packages/oslo_config/cfg.py:3549}}
Aug 18 13:56:06.565060 np0000007661 devstack@g-api.service[99869]: DEBUG glance.common.config [None req-fc30ce23-9360-4cfe-a384-4074f8f74628 None None] log_rotate_interval = 1 {{(pid=99869) log_opt_values /opt/stack/data/venv/lib/python3.12/site-packages/oslo_config/cfg.py:3549}}
Aug 18 13:56:06.565159 np0000007661 devstack@g-api.service[99869]: DEBUG glance.common.config [None req-fc30ce23-9360-4cfe-a384-4074f8f74628 None None] log_rotate_interval_type = days {{(pid=99869) log_opt_values /opt/stack/data/venv/lib/python3.12/site-packages/oslo_config/cfg.py:3549}}
Aug 18 13:56:06.565251 np0000007661 devstack@g-api.service[99869]: DEBUG glance.common.config [None req-fc30ce23-9360-4cfe-a384-4074f8f74628 None None] log_rotation_type = none {{(pid=99869) log_opt_values /opt/stack/data/venv/lib/python3.12/site-packages/oslo_config/cfg.py:3549}}
Aug 18 13:56:06.565317 np0000007661 devstack@g-api.service[99869]: DEBUG glance.common.config [None req-fc30ce23-9360-4cfe-a384-4074f8f74628 None None] logging_context_format_string = %(color)s%(levelname)s %(name)s [%(global_request_id)s %(request_id)s %(project_name)s %(user_name)s%(color)s] %(instance)s%(color)s%(message)s {{(pid=99869) log_opt_values /opt/stack/data/venv/lib/python3.12/site-packages/oslo_config/cfg.py:3549}}
Aug 18 13:56:06.565374 np0000007661 devstack@g-api.service[99869]: DEBUG glance.common.config [None req-fc30ce23-9360-4cfe-a384-4074f8f74628 None None] logging_debug_format_suffix = {{(pid=%(process)d) %(funcName)s %(pathname)s:%(lineno)d}} {{(pid=99869) log_opt_values /opt/stack/data/venv/lib/python3.12/site-packages/oslo_config/cfg.py:3549}}
Aug 18 13:56:06.565467 np0000007661 devstack@g-api.service[99869]: DEBUG glance.common.config [None req-fc30ce23-9360-4cfe-a384-4074f8f74628 None None] logging_default_format_string = %(color)s%(levelname)s %(name)s [-%(color)s] %(instance)s%(color)s%(message)s {{(pid=99869) log_opt_values /opt/stack/data/venv/lib/python3.12/site-packages/oslo_config/cfg.py:3549}}
Aug 18 13:56:06.565576 np0000007661 devstack@g-api.service[99869]: DEBUG glance.common.config [None req-fc30ce23-9360-4cfe-a384-4074f8f74628 None None] logging_exception_prefix = ERROR %(name)s %(instance)s {{(pid=99869) log_opt_values /opt/stack/data/venv/lib/python3.12/site-packages/oslo_config/cfg.py:3549}}
Aug 18 13:56:06.565651 np0000007661 devstack@g-api.service[99869]: DEBUG glance.common.config [None req-fc30ce23-9360-4cfe-a384-4074f8f74628 None None] logging_user_identity_format = %(user)s %(project)s %(domain)s %(system_scope)s %(user_domain)s %(project_domain)s {{(pid=99869) log_opt_values /opt/stack/data/venv/lib/python3.12/site-packages/oslo_config/cfg.py:3549}}
Aug 18 13:56:06.565745 np0000007661 devstack@g-api.service[99869]: DEBUG glance.common.config [None req-fc30ce23-9360-4cfe-a384-4074f8f74628 None None] max_logfile_count = 30 {{(pid=99869) log_opt_values /opt/stack/data/venv/lib/python3.12/site-packages/oslo_config/cfg.py:3549}}
Aug 18 13:56:06.565833 np0000007661 devstack@g-api.service[99869]: DEBUG glance.common.config [None req-fc30ce23-9360-4cfe-a384-4074f8f74628 None None] max_logfile_size_mb = 200 {{(pid=99869) log_opt_values /opt/stack/data/venv/lib/python3.12/site-packages/oslo_config/cfg.py:3549}}
Aug 18 13:56:06.565946 np0000007661 devstack@g-api.service[99869]: DEBUG glance.common.config [None req-fc30ce23-9360-4cfe-a384-4074f8f74628 None None] max_request_id_length = 64 {{(pid=99869) log_opt_values /opt/stack/data/venv/lib/python3.12/site-packages/oslo_config/cfg.py:3549}}
Aug 18 13:56:06.566066 np0000007661 devstack@g-api.service[99869]: DEBUG glance.common.config [None req-fc30ce23-9360-4cfe-a384-4074f8f74628 None None] metadata_encryption_key = **** {{(pid=99869) log_opt_values /opt/stack/data/venv/lib/python3.12/site-packages/oslo_config/cfg.py:3549}}
Aug 18 13:56:06.566167 np0000007661 devstack@g-api.service[99869]: DEBUG glance.common.config [None req-fc30ce23-9360-4cfe-a384-4074f8f74628 None None] node_staging_uri = file:///tmp/staging/ {{(pid=99869) log_opt_values /opt/stack/data/venv/lib/python3.12/site-packages/oslo_config/cfg.py:3549}}
Aug 18 13:56:06.566248 np0000007661 devstack@g-api.service[99869]: DEBUG glance.common.config [None req-fc30ce23-9360-4cfe-a384-4074f8f74628 None None] property_protection_file = None {{(pid=99869) log_opt_values /opt/stack/data/venv/lib/python3.12/site-packages/oslo_config/cfg.py:3549}}
Aug 18 13:56:06.566363 np0000007661 devstack@g-api.service[99869]: DEBUG glance.common.config [None req-fc30ce23-9360-4cfe-a384-4074f8f74628 None None] property_protection_rule_format = roles {{(pid=99869) log_opt_values /opt/stack/data/venv/lib/python3.12/site-packages/oslo_config/cfg.py:3549}}
Aug 18 13:56:06.566460 np0000007661 devstack@g-api.service[99869]: DEBUG glance.common.config [None req-fc30ce23-9360-4cfe-a384-4074f8f74628 None None] public_endpoint = https://10.4.3.131/image {{(pid=99869) log_opt_values /opt/stack/data/venv/lib/python3.12/site-packages/oslo_config/cfg.py:3549}}
Aug 18 13:56:06.566507 np0000007661 devstack@g-api.service[99869]: DEBUG glance.common.config [None req-fc30ce23-9360-4cfe-a384-4074f8f74628 None None] publish_errors = False {{(pid=99869) log_opt_values /opt/stack/data/venv/lib/python3.12/site-packages/oslo_config/cfg.py:3549}}
Aug 18 13:56:06.566600 np0000007661 devstack@g-api.service[99869]: DEBUG glance.common.config [None req-fc30ce23-9360-4cfe-a384-4074f8f74628 None None] pydev_worker_debug_host = None {{(pid=99869) log_opt_values /opt/stack/data/venv/lib/python3.12/site-packages/oslo_config/cfg.py:3549}}
Aug 18 13:56:06.566711 np0000007661 devstack@g-api.service[99869]: DEBUG glance.common.config [None req-fc30ce23-9360-4cfe-a384-4074f8f74628 None None] pydev_worker_debug_port = 5678 {{(pid=99869) log_opt_values /opt/stack/data/venv/lib/python3.12/site-packages/oslo_config/cfg.py:3549}}
Aug 18 13:56:06.566802 np0000007661 devstack@g-api.service[99869]: DEBUG glance.common.config [None req-fc30ce23-9360-4cfe-a384-4074f8f74628 None None] rate_limit_burst = 0 {{(pid=99869) log_opt_values /opt/stack/data/venv/lib/python3.12/site-packages/oslo_config/cfg.py:3549}}
Aug 18 13:56:06.566900 np0000007661 devstack@g-api.service[99869]: DEBUG glance.common.config [None req-fc30ce23-9360-4cfe-a384-4074f8f74628 None None] rate_limit_except_level = CRITICAL {{(pid=99869) log_opt_values /opt/stack/data/venv/lib/python3.12/site-packages/oslo_config/cfg.py:3549}}
Aug 18 13:56:06.567035 np0000007661 devstack@g-api.service[99869]: DEBUG glance.common.config [None req-fc30ce23-9360-4cfe-a384-4074f8f74628 None None] rate_limit_interval = 0 {{(pid=99869) log_opt_values /opt/stack/data/venv/lib/python3.12/site-packages/oslo_config/cfg.py:3549}}
Aug 18 13:56:06.567126 np0000007661 devstack@g-api.service[99869]: DEBUG glance.common.config [None req-fc30ce23-9360-4cfe-a384-4074f8f74628 None None] scrub_pool_size = 1 {{(pid=99869) log_opt_values /opt/stack/data/venv/lib/python3.12/site-packages/oslo_config/cfg.py:3549}}
Aug 18 13:56:06.567220 np0000007661 devstack@g-api.service[99869]: DEBUG glance.common.config [None req-fc30ce23-9360-4cfe-a384-4074f8f74628 None None] scrub_time = 0 {{(pid=99869) log_opt_values /opt/stack/data/venv/lib/python3.12/site-packages/oslo_config/cfg.py:3549}}
Aug 18 13:56:06.567309 np0000007661 devstack@g-api.service[99869]: DEBUG glance.common.config [None req-fc30ce23-9360-4cfe-a384-4074f8f74628 None None] shell_completion = None {{(pid=99869) log_opt_values /opt/stack/data/venv/lib/python3.12/site-packages/oslo_config/cfg.py:3549}}
Aug 18 13:56:06.567403 np0000007661 devstack@g-api.service[99869]: DEBUG glance.common.config [None req-fc30ce23-9360-4cfe-a384-4074f8f74628 None None] show_image_direct_url = False {{(pid=99869) log_opt_values /opt/stack/data/venv/lib/python3.12/site-packages/oslo_config/cfg.py:3549}}
Aug 18 13:56:06.567597 np0000007661 devstack@g-api.service[99869]: WARNING oslo_config.cfg [None req-fc30ce23-9360-4cfe-a384-4074f8f74628 None None] Deprecated: Option "show_multiple_locations" from group "DEFAULT" is deprecated for removal (Use of this option, deprecated since Newton, is a security risk and will be removed once we figure out a way to satisfy those use cases that currently require it. An earlier announcement that the same functionality can be achieved with greater granularity by using policies is incorrect. You cannot work around this option via policy configuration at the present time, though that is the direction we believe the fix will take. Please keep an eye on the Glance release notes to stay up to date on progress in addressing this issue.). Its value may be silently ignored in the future.
Aug 18 13:56:06.567703 np0000007661 devstack@g-api.service[99869]: DEBUG glance.common.config [None req-fc30ce23-9360-4cfe-a384-4074f8f74628 None None] show_multiple_locations = False {{(pid=99869) log_opt_values /opt/stack/data/venv/lib/python3.12/site-packages/oslo_config/cfg.py:3549}}
Aug 18 13:56:06.567801 np0000007661 devstack@g-api.service[99869]: DEBUG glance.common.config [None req-fc30ce23-9360-4cfe-a384-4074f8f74628 None None] syslog_log_facility = LOG_USER {{(pid=99869) log_opt_values /opt/stack/data/venv/lib/python3.12/site-packages/oslo_config/cfg.py:3549}}
Aug 18 13:56:06.567899 np0000007661 devstack@g-api.service[99869]: DEBUG glance.common.config [None req-fc30ce23-9360-4cfe-a384-4074f8f74628 None None] transport_url = **** {{(pid=99869) log_opt_values /opt/stack/data/venv/lib/python3.12/site-packages/oslo_config/cfg.py:3549}}
Aug 18 13:56:06.568028 np0000007661 devstack@g-api.service[99869]: DEBUG glance.common.config [None req-fc30ce23-9360-4cfe-a384-4074f8f74628 None None] use_journal = False {{(pid=99869) log_opt_values /opt/stack/data/venv/lib/python3.12/site-packages/oslo_config/cfg.py:3549}}
Aug 18 13:56:06.568116 np0000007661 devstack@g-api.service[99869]: DEBUG glance.common.config [None req-fc30ce23-9360-4cfe-a384-4074f8f74628 None None] use_json = False {{(pid=99869) log_opt_values /opt/stack/data/venv/lib/python3.12/site-packages/oslo_config/cfg.py:3549}}
Aug 18 13:56:06.568211 np0000007661 devstack@g-api.service[99869]: DEBUG glance.common.config [None req-fc30ce23-9360-4cfe-a384-4074f8f74628 None None] use_keystone_limits = True {{(pid=99869) log_opt_values /opt/stack/data/venv/lib/python3.12/site-packages/oslo_config/cfg.py:3549}}
Aug 18 13:56:06.568293 np0000007661 devstack@g-api.service[99869]: DEBUG glance.common.config [None req-fc30ce23-9360-4cfe-a384-4074f8f74628 None None] use_stderr = False {{(pid=99869) log_opt_values /opt/stack/data/venv/lib/python3.12/site-packages/oslo_config/cfg.py:3549}}
Aug 18 13:56:06.568393 np0000007661 devstack@g-api.service[99869]: DEBUG glance.common.config [None req-fc30ce23-9360-4cfe-a384-4074f8f74628 None None] use_syslog = False {{(pid=99869) log_opt_values /opt/stack/data/venv/lib/python3.12/site-packages/oslo_config/cfg.py:3549}}
Aug 18 13:56:06.568484 np0000007661 devstack@g-api.service[99869]: DEBUG glance.common.config [None req-fc30ce23-9360-4cfe-a384-4074f8f74628 None None] user_storage_quota = 0 {{(pid=99869) log_opt_values /opt/stack/data/venv/lib/python3.12/site-packages/oslo_config/cfg.py:3549}}
Aug 18 13:56:06.568573 np0000007661 devstack@g-api.service[99869]: DEBUG glance.common.config [None req-fc30ce23-9360-4cfe-a384-4074f8f74628 None None] worker_self_reference_url = http://127.0.0.1:60999 {{(pid=99869) log_opt_values /opt/stack/data/venv/lib/python3.12/site-packages/oslo_config/cfg.py:3549}}
Aug 18 13:56:06.568687 np0000007661 devstack@g-api.service[99869]: DEBUG glance.common.config [None req-fc30ce23-9360-4cfe-a384-4074f8f74628 None None] oslo_concurrency.disable_process_locking = False {{(pid=99869) log_opt_values /opt/stack/data/venv/lib/python3.12/site-packages/oslo_config/cfg.py:3560}}
Aug 18 13:56:06.568784 np0000007661 devstack@g-api.service[99869]: DEBUG glance.common.config [None req-fc30ce23-9360-4cfe-a384-4074f8f74628 None None] oslo_concurrency.lock_path = /opt/stack/data/glance/locks {{(pid=99869) log_opt_values /opt/stack/data/venv/lib/python3.12/site-packages/oslo_config/cfg.py:3560}}
Aug 18 13:56:06.568878 np0000007661 devstack@g-api.service[99869]: DEBUG glance.common.config [None req-fc30ce23-9360-4cfe-a384-4074f8f74628 None None] oslo_middleware.enable_proxy_headers_parsing = False {{(pid=99869) log_opt_values /opt/stack/data/venv/lib/python3.12/site-packages/oslo_config/cfg.py:3560}}
Aug 18 13:56:06.569012 np0000007661 devstack@g-api.service[99869]: DEBUG glance.common.config [None req-fc30ce23-9360-4cfe-a384-4074f8f74628 None None] oslo_middleware.http_basic_auth_user_file = /etc/htpasswd {{(pid=99869) log_opt_values /opt/stack/data/venv/lib/python3.12/site-packages/oslo_config/cfg.py:3560}}
Aug 18 13:56:06.569117 np0000007661 devstack@g-api.service[99869]: DEBUG glance.common.config [None req-fc30ce23-9360-4cfe-a384-4074f8f74628 None None] paste_deploy.config_file = None {{(pid=99869) log_opt_values /opt/stack/data/venv/lib/python3.12/site-packages/oslo_config/cfg.py:3560}}
Aug 18 13:56:06.569218 np0000007661 devstack@g-api.service[99869]: DEBUG glance.common.config [None req-fc30ce23-9360-4cfe-a384-4074f8f74628 None None] paste_deploy.flavor = keystone+cachemanagement {{(pid=99869) log_opt_values /opt/stack/data/venv/lib/python3.12/site-packages/oslo_config/cfg.py:3560}}
Aug 18 13:56:06.569401 np0000007661 devstack@g-api.service[99869]: DEBUG glance.common.config [None req-fc30ce23-9360-4cfe-a384-4074f8f74628 None None] image_format.container_formats = ['ami', 'ari', 'aki', 'bare', 'ovf', 'ova', 'docker', 'compressed'] {{(pid=99869) log_opt_values /opt/stack/data/venv/lib/python3.12/site-packages/oslo_config/cfg.py:3560}}
Aug 18 13:56:06.569541 np0000007661 devstack@g-api.service[99869]: DEBUG glance.common.config [None req-fc30ce23-9360-4cfe-a384-4074f8f74628 None None] image_format.disk_formats = ['ami', 'ari', 'aki', 'vhd', 'vhdx', 'vmdk', 'raw', 'qcow2', 'vdi', 'iso', 'ploop'] {{(pid=99869) log_opt_values /opt/stack/data/venv/lib/python3.12/site-packages/oslo_config/cfg.py:3560}}
Aug 18 13:56:06.569639 np0000007661 devstack@g-api.service[99869]: DEBUG glance.common.config [None req-fc30ce23-9360-4cfe-a384-4074f8f74628 None None] image_format.gpt_safety_checks_nonfatal = [] {{(pid=99869) log_opt_values /opt/stack/data/venv/lib/python3.12/site-packages/oslo_config/cfg.py:3560}}
Aug 18 13:56:06.569733 np0000007661 devstack@g-api.service[99869]: DEBUG glance.common.config [None req-fc30ce23-9360-4cfe-a384-4074f8f74628 None None] image_format.require_image_format_match = True {{(pid=99869) log_opt_values /opt/stack/data/venv/lib/python3.12/site-packages/oslo_config/cfg.py:3560}}
Aug 18 13:56:06.569828 np0000007661 devstack@g-api.service[99869]: DEBUG glance.common.config [None req-fc30ce23-9360-4cfe-a384-4074f8f74628 None None] image_format.vmdk_allowed_types = ['streamOptimized', 'monolithicSparse'] {{(pid=99869) log_opt_values /opt/stack/data/venv/lib/python3.12/site-packages/oslo_config/cfg.py:3560}}
Aug 18 13:56:06.569951 np0000007661 devstack@g-api.service[99869]: DEBUG glance.common.config [None req-fc30ce23-9360-4cfe-a384-4074f8f74628 None None] task.task_executor = taskflow {{(pid=99869) log_opt_values /opt/stack/data/venv/lib/python3.12/site-packages/oslo_config/cfg.py:3560}}
Aug 18 13:56:06.570066 np0000007661 devstack@g-api.service[99869]: DEBUG glance.common.config [None req-fc30ce23-9360-4cfe-a384-4074f8f74628 None None] task.task_time_to_live = 48 {{(pid=99869) log_opt_values /opt/stack/data/venv/lib/python3.12/site-packages/oslo_config/cfg.py:3560}}
Aug 18 13:56:06.570154 np0000007661 devstack@g-api.service[99869]: DEBUG glance.common.config [None req-fc30ce23-9360-4cfe-a384-4074f8f74628 None None] task.work_dir = None {{(pid=99869) log_opt_values /opt/stack/data/venv/lib/python3.12/site-packages/oslo_config/cfg.py:3560}}
Aug 18 13:56:06.570251 np0000007661 devstack@g-api.service[99869]: DEBUG glance.common.config [None req-fc30ce23-9360-4cfe-a384-4074f8f74628 None None] wsgi.python_interpreter = /opt/stack/data/venv/bin/python3 {{(pid=99869) log_opt_values /opt/stack/data/venv/lib/python3.12/site-packages/oslo_config/cfg.py:3560}}
Aug 18 13:56:06.570340 np0000007661 devstack@g-api.service[99869]: DEBUG glance.common.config [None req-fc30ce23-9360-4cfe-a384-4074f8f74628 None None] wsgi.task_pool_threads = 16 {{(pid=99869) log_opt_values /opt/stack/data/venv/lib/python3.12/site-packages/oslo_config/cfg.py:3560}}
Aug 18 13:56:06.570437 np0000007661 devstack@g-api.service[99869]: DEBUG glance.common.config [None req-fc30ce23-9360-4cfe-a384-4074f8f74628 None None] import_filtering_opts.allowed_hosts = [] {{(pid=99869) log_opt_values /opt/stack/data/venv/lib/python3.12/site-packages/oslo_config/cfg.py:3560}}
Aug 18 13:56:06.570553 np0000007661 devstack@g-api.service[99869]: DEBUG glance.common.config [None req-fc30ce23-9360-4cfe-a384-4074f8f74628 None None] import_filtering_opts.allowed_ports = [80, 443] {{(pid=99869) log_opt_values /opt/stack/data/venv/lib/python3.12/site-packages/oslo_config/cfg.py:3560}}
Aug 18 13:56:06.570621 np0000007661 devstack@g-api.service[99868]: DEBUG glance.api.v2.cached_images [None req-ad7c83a6-b0ed-4938-a52e-f9c966b12dea None None] Started cache worker thread {{(pid=99868) __init__ /opt/stack/glance/glance/api/v2/cached_images.py:71}}
Aug 18 13:56:06.570672 np0000007661 devstack@g-api.service[99869]: DEBUG glance.common.config [None req-fc30ce23-9360-4cfe-a384-4074f8f74628 None None] import_filtering_opts.allowed_schemes = ['http', 'https'] {{(pid=99869) log_opt_values /opt/stack/data/venv/lib/python3.12/site-packages/oslo_config/cfg.py:3560}}
Aug 18 13:56:06.570742 np0000007661 devstack@g-api.service[99869]: DEBUG glance.common.config [None req-fc30ce23-9360-4cfe-a384-4074f8f74628 None None] import_filtering_opts.disallowed_hosts = [] {{(pid=99869) log_opt_values /opt/stack/data/venv/lib/python3.12/site-packages/oslo_config/cfg.py:3560}}
Aug 18 13:56:06.570830 np0000007661 devstack@g-api.service[99869]: DEBUG glance.common.config [None req-fc30ce23-9360-4cfe-a384-4074f8f74628 None None] import_filtering_opts.disallowed_ports = [] {{(pid=99869) log_opt_values /opt/stack/data/venv/lib/python3.12/site-packages/oslo_config/cfg.py:3560}}
Aug 18 13:56:06.570916 np0000007661 devstack@g-api.service[99869]: DEBUG glance.common.config [None req-fc30ce23-9360-4cfe-a384-4074f8f74628 None None] import_filtering_opts.disallowed_schemes = [] {{(pid=99869) log_opt_values /opt/stack/data/venv/lib/python3.12/site-packages/oslo_config/cfg.py:3560}}
Aug 18 13:56:06.571073 np0000007661 devstack@g-api.service[99869]: DEBUG glance.common.config [None req-fc30ce23-9360-4cfe-a384-4074f8f74628 None None] oslo_messaging_metrics.metrics_buffer_size = 1000 {{(pid=99869) log_opt_values /opt/stack/data/venv/lib/python3.12/site-packages/oslo_config/cfg.py:3560}}
Aug 18 13:56:06.571161 np0000007661 devstack@g-api.service[99869]: DEBUG glance.common.config [None req-fc30ce23-9360-4cfe-a384-4074f8f74628 None None] oslo_messaging_metrics.metrics_enabled = False {{(pid=99869) log_opt_values /opt/stack/data/venv/lib/python3.12/site-packages/oslo_config/cfg.py:3560}}
Aug 18 13:56:06.571284 np0000007661 devstack@g-api.service[99869]: DEBUG glance.common.config [None req-fc30ce23-9360-4cfe-a384-4074f8f74628 None None] oslo_messaging_metrics.metrics_process_name = {{(pid=99869) log_opt_values /opt/stack/data/venv/lib/python3.12/site-packages/oslo_config/cfg.py:3560}}
Aug 18 13:56:06.571395 np0000007661 devstack@g-api.service[99869]: DEBUG glance.common.config [None req-fc30ce23-9360-4cfe-a384-4074f8f74628 None None] oslo_messaging_metrics.metrics_socket_file = /var/tmp/metrics_collector.sock {{(pid=99869) log_opt_values /opt/stack/data/venv/lib/python3.12/site-packages/oslo_config/cfg.py:3560}}
Aug 18 13:56:06.571452 np0000007661 devstack@g-api.service[99868]: INFO glance.image_cache [None req-ad7c83a6-b0ed-4938-a52e-f9c966b12dea None None] Image cache loaded driver 'centralized_db'.
