Aug 18 13:55:41.276076 np0000007661 nova-scheduler[93567]: DEBUG cotyledon.oslo_config_glue [-] oslo_messaging_rabbit.rabbit_quorum_max_memory_length = 0 {{(pid=93567) log_opt_values /opt/stack/data/venv/lib/python3.12/site-packages/oslo_config/cfg.py:3560}}
Aug 18 13:55:41.276076 np0000007661 nova-scheduler[93567]: DEBUG cotyledon.oslo_config_glue [-] oslo_messaging_rabbit.rabbit_quorum_queue = False {{(pid=93567) log_opt_values /opt/stack/data/venv/lib/python3.12/site-packages/oslo_config/cfg.py:3560}}
Aug 18 13:55:41.276076 np0000007661 nova-scheduler[93567]: DEBUG cotyledon.oslo_config_glue [-] oslo_messaging_rabbit.rabbit_retry_backoff = 2 {{(pid=93567) log_opt_values /opt/stack/data/venv/lib/python3.12/site-packages/oslo_config/cfg.py:3560}}
Aug 18 13:55:41.276076 np0000007661 nova-scheduler[93567]: DEBUG cotyledon.oslo_config_glue [-] oslo_messaging_rabbit.rabbit_retry_interval = 1 {{(pid=93567) log_opt_values /opt/stack/data/venv/lib/python3.12/site-packages/oslo_config/cfg.py:3560}}
Aug 18 13:55:41.276076 np0000007661 nova-scheduler[93567]: DEBUG cotyledon.oslo_config_glue [-] oslo_messaging_rabbit.rabbit_stream_fanout = False {{(pid=93567) log_opt_values /opt/stack/data/venv/lib/python3.12/site-packages/oslo_config/cfg.py:3560}}
Aug 18 13:55:41.276324 np0000007661 nova-scheduler[93567]: DEBUG cotyledon.oslo_config_glue [-] oslo_messaging_rabbit.rabbit_transient_queues_ttl = 1800 {{(pid=93567) log_opt_values /opt/stack/data/venv/lib/python3.12/site-packages/oslo_config/cfg.py:3560}}
Aug 18 13:55:41.276324 np0000007661 nova-scheduler[93567]: DEBUG cotyledon.oslo_config_glue [-] oslo_messaging_rabbit.rabbit_transient_quorum_queue = False {{(pid=93567) log_opt_values /opt/stack/data/venv/lib/python3.12/site-packages/oslo_config/cfg.py:3560}}
Aug 18 13:55:41.276324 np0000007661 nova-scheduler[93567]: DEBUG cotyledon.oslo_config_glue [-] oslo_messaging_rabbit.rpc_conn_pool_size = 30 {{(pid=93567) log_opt_values /opt/stack/data/venv/lib/python3.12/site-packages/oslo_config/cfg.py:3560}}
Aug 18 13:55:41.276324 np0000007661 nova-scheduler[93567]: DEBUG cotyledon.oslo_config_glue [-] oslo_messaging_rabbit.ssl = False {{(pid=93567) log_opt_values /opt/stack/data/venv/lib/python3.12/site-packages/oslo_config/cfg.py:3560}}
Aug 18 13:55:41.276324 np0000007661 nova-scheduler[93567]: DEBUG cotyledon.oslo_config_glue [-] oslo_messaging_rabbit.ssl_ca_file = {{(pid=93567) log_opt_values /opt/stack/data/venv/lib/python3.12/site-packages/oslo_config/cfg.py:3560}}
Aug 18 13:55:41.276324 np0000007661 nova-scheduler[93567]: DEBUG cotyledon.oslo_config_glue [-] oslo_messaging_rabbit.ssl_cert_file = {{(pid=93567) log_opt_values /opt/stack/data/venv/lib/python3.12/site-packages/oslo_config/cfg.py:3560}}
Aug 18 13:55:41.276324 np0000007661 nova-scheduler[93567]: DEBUG cotyledon.oslo_config_glue [-] oslo_messaging_rabbit.ssl_enforce_fips_mode = False {{(pid=93567) log_opt_values /opt/stack/data/venv/lib/python3.12/site-packages/oslo_config/cfg.py:3560}}
Aug 18 13:55:41.276324 np0000007661 nova-scheduler[93567]: DEBUG cotyledon.oslo_config_glue [-] oslo_messaging_rabbit.ssl_enforce_hostname_verification = True {{(pid=93567) log_opt_values /opt/stack/data/venv/lib/python3.12/site-packages/oslo_config/cfg.py:3560}}
Aug 18 13:55:41.276324 np0000007661 nova-scheduler[93567]: DEBUG cotyledon.oslo_config_glue [-] oslo_messaging_rabbit.ssl_key_file = {{(pid=93567) log_opt_values /opt/stack/data/venv/lib/python3.12/site-packages/oslo_config/cfg.py:3560}}
Aug 18 13:55:41.276602 np0000007661 nova-scheduler[93567]: DEBUG cotyledon.oslo_config_glue [-] oslo_messaging_rabbit.ssl_version = {{(pid=93567) log_opt_values /opt/stack/data/venv/lib/python3.12/site-packages/oslo_config/cfg.py:3560}}
Aug 18 13:55:41.276602 np0000007661 nova-scheduler[93567]: DEBUG cotyledon.oslo_config_glue [-] oslo_messaging_rabbit.use_queue_manager = False {{(pid=93567) log_opt_values /opt/stack/data/venv/lib/python3.12/site-packages/oslo_config/cfg.py:3560}}
Aug 18 13:55:41.276602 np0000007661 nova-scheduler[93567]: DEBUG cotyledon.oslo_config_glue [-] oslo_messaging_notifications.driver = ['messagingv2'] {{(pid=93567) log_opt_values /opt/stack/data/venv/lib/python3.12/site-packages/oslo_config/cfg.py:3560}}
Aug 18 13:55:41.276602 np0000007661 nova-scheduler[93567]: DEBUG cotyledon.oslo_config_glue [-] oslo_messaging_notifications.retry = -1 {{(pid=93567) log_opt_values /opt/stack/data/venv/lib/python3.12/site-packages/oslo_config/cfg.py:3560}}
Aug 18 13:55:41.276602 np0000007661 nova-scheduler[93567]: DEBUG cotyledon.oslo_config_glue [-] oslo_messaging_notifications.topics = ['notifications'] {{(pid=93567) log_opt_values /opt/stack/data/venv/lib/python3.12/site-packages/oslo_config/cfg.py:3560}}
Aug 18 13:55:41.276602 np0000007661 nova-scheduler[93567]: DEBUG cotyledon.oslo_config_glue [-] oslo_messaging_notifications.transport_url = **** {{(pid=93567) log_opt_values /opt/stack/data/venv/lib/python3.12/site-packages/oslo_config/cfg.py:3560}}
Aug 18 13:55:41.276602 np0000007661 nova-scheduler[93567]: DEBUG cotyledon.oslo_config_glue [-] oslo_limit.auth_section = None {{(pid=93567) log_opt_values /opt/stack/data/venv/lib/python3.12/site-packages/oslo_config/cfg.py:3560}}
Aug 18 13:55:41.276602 np0000007661 nova-scheduler[93567]: DEBUG cotyledon.oslo_config_glue [-] oslo_limit.auth_type = None {{(pid=93567) log_opt_values /opt/stack/data/venv/lib/python3.12/site-packages/oslo_config/cfg.py:3560}}
Aug 18 13:55:41.276602 np0000007661 nova-scheduler[93567]: DEBUG cotyledon.oslo_config_glue [-] oslo_limit.cafile = None {{(pid=93567) log_opt_values /opt/stack/data/venv/lib/python3.12/site-packages/oslo_config/cfg.py:3560}}
Aug 18 13:55:41.276875 np0000007661 nova-scheduler[93567]: DEBUG cotyledon.oslo_config_glue [-] oslo_limit.certfile = None {{(pid=93567) log_opt_values /opt/stack/data/venv/lib/python3.12/site-packages/oslo_config/cfg.py:3560}}
Aug 18 13:55:41.276875 np0000007661 nova-scheduler[93567]: DEBUG cotyledon.oslo_config_glue [-] oslo_limit.collect_timing = False {{(pid=93567) log_opt_values /opt/stack/data/venv/lib/python3.12/site-packages/oslo_config/cfg.py:3560}}
Aug 18 13:55:41.276875 np0000007661 nova-scheduler[93567]: DEBUG cotyledon.oslo_config_glue [-] oslo_limit.connect_retries = None {{(pid=93567) log_opt_values /opt/stack/data/venv/lib/python3.12/site-packages/oslo_config/cfg.py:3560}}
Aug 18 13:55:41.276875 np0000007661 nova-scheduler[93567]: DEBUG cotyledon.oslo_config_glue [-] oslo_limit.connect_retry_delay = None {{(pid=93567) log_opt_values /opt/stack/data/venv/lib/python3.12/site-packages/oslo_config/cfg.py:3560}}
Aug 18 13:55:41.276875 np0000007661 nova-scheduler[93567]: DEBUG cotyledon.oslo_config_glue [-] oslo_limit.endpoint_id = None {{(pid=93567) log_opt_values /opt/stack/data/venv/lib/python3.12/site-packages/oslo_config/cfg.py:3560}}
Aug 18 13:55:41.276875 np0000007661 nova-scheduler[93567]: DEBUG cotyledon.oslo_config_glue [-] oslo_limit.endpoint_interface = public {{(pid=93567) log_opt_values /opt/stack/data/venv/lib/python3.12/site-packages/oslo_config/cfg.py:3560}}
Aug 18 13:55:41.276875 np0000007661 nova-scheduler[93567]: DEBUG cotyledon.oslo_config_glue [-] oslo_limit.endpoint_override = None {{(pid=93567) log_opt_values /opt/stack/data/venv/lib/python3.12/site-packages/oslo_config/cfg.py:3560}}
Aug 18 13:55:41.276875 np0000007661 nova-scheduler[93567]: DEBUG cotyledon.oslo_config_glue [-] oslo_limit.endpoint_region_name = None {{(pid=93567) log_opt_values /opt/stack/data/venv/lib/python3.12/site-packages/oslo_config/cfg.py:3560}}
Aug 18 13:55:41.276875 np0000007661 nova-scheduler[93567]: DEBUG cotyledon.oslo_config_glue [-] oslo_limit.endpoint_service_name = None {{(pid=93567) log_opt_values /opt/stack/data/venv/lib/python3.12/site-packages/oslo_config/cfg.py:3560}}
Aug 18 13:55:41.277176 np0000007661 nova-scheduler[93567]: DEBUG cotyledon.oslo_config_glue [-] oslo_limit.endpoint_service_type = None {{(pid=93567) log_opt_values /opt/stack/data/venv/lib/python3.12/site-packages/oslo_config/cfg.py:3560}}
Aug 18 13:55:41.277176 np0000007661 nova-scheduler[93567]: DEBUG cotyledon.oslo_config_glue [-] oslo_limit.insecure = False {{(pid=93567) log_opt_values /opt/stack/data/venv/lib/python3.12/site-packages/oslo_config/cfg.py:3560}}
Aug 18 13:55:41.277176 np0000007661 nova-scheduler[93567]: DEBUG cotyledon.oslo_config_glue [-] oslo_limit.keyfile = None {{(pid=93567) log_opt_values /opt/stack/data/venv/lib/python3.12/site-packages/oslo_config/cfg.py:3560}}
Aug 18 13:55:41.277176 np0000007661 nova-scheduler[93567]: DEBUG cotyledon.oslo_config_glue [-] oslo_limit.max_version = None {{(pid=93567) log_opt_values /opt/stack/data/venv/lib/python3.12/site-packages/oslo_config/cfg.py:3560}}
Aug 18 13:55:41.277176 np0000007661 nova-scheduler[93567]: DEBUG cotyledon.oslo_config_glue [-] oslo_limit.min_version = None {{(pid=93567) log_opt_values /opt/stack/data/venv/lib/python3.12/site-packages/oslo_config/cfg.py:3560}}
Aug 18 13:55:41.277176 np0000007661 nova-scheduler[93567]: DEBUG cotyledon.oslo_config_glue [-] oslo_limit.region_name = None {{(pid=93567) log_opt_values /opt/stack/data/venv/lib/python3.12/site-packages/oslo_config/cfg.py:3560}}
Aug 18 13:55:41.277176 np0000007661 nova-scheduler[93567]: DEBUG cotyledon.oslo_config_glue [-] oslo_limit.retriable_status_codes = None {{(pid=93567) log_opt_values /opt/stack/data/venv/lib/python3.12/site-packages/oslo_config/cfg.py:3560}}
Aug 18 13:55:41.277176 np0000007661 nova-scheduler[93567]: DEBUG cotyledon.oslo_config_glue [-] oslo_limit.service_name = None {{(pid=93567) log_opt_values /opt/stack/data/venv/lib/python3.12/site-packages/oslo_config/cfg.py:3560}}
Aug 18 13:55:41.277176 np0000007661 nova-scheduler[93567]: DEBUG cotyledon.oslo_config_glue [-] oslo_limit.service_type = None {{(pid=93567) log_opt_values /opt/stack/data/venv/lib/python3.12/site-packages/oslo_config/cfg.py:3560}}
Aug 18 13:55:41.277447 np0000007661 nova-scheduler[93567]: DEBUG cotyledon.oslo_config_glue [-] oslo_limit.split_loggers = False {{(pid=93567) log_opt_values /opt/stack/data/venv/lib/python3.12/site-packages/oslo_config/cfg.py:3560}}
Aug 18 13:55:41.277447 np0000007661 nova-scheduler[93567]: DEBUG cotyledon.oslo_config_glue [-] oslo_limit.status_code_retries = None {{(pid=93567) log_opt_values /opt/stack/data/venv/lib/python3.12/site-packages/oslo_config/cfg.py:3560}}
Aug 18 13:55:41.277447 np0000007661 nova-scheduler[93567]: DEBUG cotyledon.oslo_config_glue [-] oslo_limit.status_code_retry_delay = None {{(pid=93567) log_opt_values /opt/stack/data/venv/lib/python3.12/site-packages/oslo_config/cfg.py:3560}}
Aug 18 13:55:41.277447 np0000007661 nova-scheduler[93567]: DEBUG cotyledon.oslo_config_glue [-] oslo_limit.timeout = None {{(pid=93567) log_opt_values /opt/stack/data/venv/lib/python3.12/site-packages/oslo_config/cfg.py:3560}}
Aug 18 13:55:41.277447 np0000007661 nova-scheduler[93567]: DEBUG cotyledon.oslo_config_glue [-] oslo_limit.valid_interfaces = None {{(pid=93567) log_opt_values /opt/stack/data/venv/lib/python3.12/site-packages/oslo_config/cfg.py:3560}}
Aug 18 13:55:41.277447 np0000007661 nova-scheduler[93567]: DEBUG cotyledon.oslo_config_glue [-] oslo_limit.version = None {{(pid=93567) log_opt_values /opt/stack/data/venv/lib/python3.12/site-packages/oslo_config/cfg.py:3560}}
Aug 18 13:55:41.277447 np0000007661 nova-scheduler[93567]: DEBUG cotyledon.oslo_config_glue [-] oslo_reports.file_event_handler = None {{(pid=93567) log_opt_values /opt/stack/data/venv/lib/python3.12/site-packages/oslo_config/cfg.py:3560}}
Aug 18 13:55:41.277447 np0000007661 nova-scheduler[93567]: DEBUG cotyledon.oslo_config_glue [-] oslo_reports.file_event_handler_interval = 1 {{(pid=93567) log_opt_values /opt/stack/data/venv/lib/python3.12/site-packages/oslo_config/cfg.py:3560}}
Aug 18 13:55:41.277447 np0000007661 nova-scheduler[93567]: DEBUG cotyledon.oslo_config_glue [-] oslo_reports.log_dir = None {{(pid=93567) log_opt_values /opt/stack/data/venv/lib/python3.12/site-packages/oslo_config/cfg.py:3560}}
Aug 18 13:55:41.278078 np0000007661 nova-scheduler[93567]: DEBUG cotyledon.oslo_config_glue [-] ******************************************************************************** {{(pid=93567) log_opt_values /opt/stack/data/venv/lib/python3.12/site-packages/oslo_config/cfg.py:3567}}
Aug 18 13:55:41.278078 np0000007661 nova-scheduler[93567]: DEBUG cotyledon._service_worker [-] Run service ServiceWrapper(2) [93567] {{(pid=93567) wait_forever /opt/stack/data/venv/lib/python3.12/site-packages/cotyledon/_service_worker.py:218}}
Aug 18 13:55:41.278078 np0000007661 nova-scheduler[93567]: INFO nova.service [-] Starting scheduler node (version 33.1.0)
Aug 18 13:55:41.278078 np0000007661 nova-scheduler[93567]: INFO dbcounter [None req-7ef03bb2-23a7-4d18-900e-d3f92673cc3b None None] Registered counter for database nova_cell0
Aug 18 13:55:41.278223 np0000007661 nova-scheduler[93543]: DEBUG oslo_db.sqlalchemy.engines [None req-a2d716b0-253a-4c2a-814b-e4b82de4eb60 None None] MySQL server mode set to STRICT_TRANS_TABLES,STRICT_ALL_TABLES,NO_ZERO_IN_DATE,NO_ZERO_DATE,ERROR_FOR_DIVISION_BY_ZERO,TRADITIONAL,NO_ENGINE_SUBSTITUTION {{(pid=93543) _check_effective_sql_mode /opt/stack/data/venv/lib/python3.12/site-packages/oslo_db/sqlalchemy/engines.py:325}}
Aug 18 13:55:41.285379 np0000007661 nova-scheduler[93567]: DEBUG oslo_db.sqlalchemy.engines [None req-7ef03bb2-23a7-4d18-900e-d3f92673cc3b None None] MySQL server mode set to STRICT_TRANS_TABLES,STRICT_ALL_TABLES,NO_ZERO_IN_DATE,NO_ZERO_DATE,ERROR_FOR_DIVISION_BY_ZERO,TRADITIONAL,NO_ENGINE_SUBSTITUTION {{(pid=93567) _check_effective_sql_mode /opt/stack/data/venv/lib/python3.12/site-packages/oslo_db/sqlalchemy/engines.py:325}}
Aug 18 13:55:41.290194 np0000007661 nova-scheduler[93535]: DEBUG oslo_db.sqlalchemy.engines [None req-6262e320-df6e-4a55-8873-fdcb8a1163a3 None None] MySQL server mode set to STRICT_TRANS_TABLES,STRICT_ALL_TABLES,NO_ZERO_IN_DATE,NO_ZERO_DATE,ERROR_FOR_DIVISION_BY_ZERO,TRADITIONAL,NO_ENGINE_SUBSTITUTION {{(pid=93535) _check_effective_sql_mode /opt/stack/data/venv/lib/python3.12/site-packages/oslo_db/sqlalchemy/engines.py:325}}
Aug 18 13:55:41.291270 np0000007661 nova-scheduler[93543]: DEBUG dbcounter [-] [93543] Writer thread running {{(pid=93543) stat_writer /opt/stack/data/venv/lib/python3.12/site-packages/dbcounter.py:102}}
Aug 18 13:55:41.298836 np0000007661 nova-scheduler[93567]: DEBUG dbcounter [-] [93567] Writer thread running {{(pid=93567) stat_writer /opt/stack/data/venv/lib/python3.12/site-packages/dbcounter.py:102}}
Aug 18 13:55:41.302054 np0000007661 nova-scheduler[93535]: DEBUG dbcounter [-] [93535] Writer thread running {{(pid=93535) stat_writer /opt/stack/data/venv/lib/python3.12/site-packages/dbcounter.py:102}}
Aug 18 13:55:41.308552 np0000007661 nova-scheduler[93543]: DEBUG nova.service [None req-a2d716b0-253a-4c2a-814b-e4b82de4eb60 None None] Creating RPC server for service: nova-scheduler on topic: scheduler {{(pid=93543) start /opt/stack/nova/nova/service.py:262}}
Aug 18 13:55:41.322122 np0000007661 nova-scheduler[93567]: DEBUG nova.service [None req-7ef03bb2-23a7-4d18-900e-d3f92673cc3b None None] Creating RPC server for service: nova-scheduler on topic: scheduler {{(pid=93567) start /opt/stack/nova/nova/service.py:262}}
Aug 18 13:55:41.326706 np0000007661 nova-scheduler[93535]: DEBUG nova.service [None req-6262e320-df6e-4a55-8873-fdcb8a1163a3 None None] Creating RPC server for service: nova-scheduler on topic: scheduler {{(pid=93535) start /opt/stack/nova/nova/service.py:262}}
Aug 18 13:55:41.345273 np0000007661 nova-scheduler[93543]: DEBUG nova.service [None req-a2d716b0-253a-4c2a-814b-e4b82de4eb60 None None] Join ServiceGroup membership for this service scheduler {{(pid=93543) start /opt/stack/nova/nova/service.py:288}}
Aug 18 13:55:41.345427 np0000007661 nova-scheduler[93543]: DEBUG nova.servicegroup.drivers.db [None req-a2d716b0-253a-4c2a-814b-e4b82de4eb60 None None] DB_Driver: join new ServiceGroup member np0000007661 to the scheduler group, service = {{(pid=93543) join /opt/stack/nova/nova/servicegroup/drivers/db.py:44}}
Aug 18 13:55:41.348094 np0000007661 nova-scheduler[93567]: DEBUG nova.service [None req-7ef03bb2-23a7-4d18-900e-d3f92673cc3b None None] Join ServiceGroup membership for this service scheduler {{(pid=93567) start /opt/stack/nova/nova/service.py:288}}
Aug 18 13:55:41.348094 np0000007661 nova-scheduler[93567]: DEBUG nova.servicegroup.drivers.db [None req-7ef03bb2-23a7-4d18-900e-d3f92673cc3b None None] DB_Driver: join new ServiceGroup member np0000007661 to the scheduler group, service = {{(pid=93567) join /opt/stack/nova/nova/servicegroup/drivers/db.py:44}}
Aug 18 13:55:41.359397 np0000007661 nova-scheduler[93535]: DEBUG nova.service [None req-6262e320-df6e-4a55-8873-fdcb8a1163a3 None None] Join ServiceGroup membership for this service scheduler {{(pid=93535) start /opt/stack/nova/nova/service.py:288}}
Aug 18 13:55:41.359598 np0000007661 nova-scheduler[93535]: DEBUG nova.servicegroup.drivers.db [None req-6262e320-df6e-4a55-8873-fdcb8a1163a3 None None] DB_Driver: join new ServiceGroup member np0000007661 to the scheduler group, service = {{(pid=93535) join /opt/stack/nova/nova/servicegroup/drivers/db.py:44}}
Aug 18 13:55:46.360950 np0000007661 nova-scheduler[93543]: DEBUG oslo.service.backend._threading.loopingcall [-] Fixed interval looping call 'nova.servicegroup.drivers.db.DbDriver._report_state' sleeping for 119.99 seconds {{(pid=93543) _run_loop /opt/stack/data/venv/lib/python3.12/site-packages/oslo_service/backend/_threading/loopingcall.py:125}}
Aug 18 13:55:46.361708 np0000007661 nova-scheduler[93567]: DEBUG oslo.service.backend._threading.loopingcall [-] Fixed interval looping call 'nova.servicegroup.drivers.db.DbDriver._report_state' sleeping for 119.99 seconds {{(pid=93567) _run_loop /opt/stack/data/venv/lib/python3.12/site-packages/oslo_service/backend/_threading/loopingcall.py:125}}
Aug 18 13:55:46.371181 np0000007661 nova-scheduler[93535]: DEBUG oslo.service.backend._threading.loopingcall [-] Fixed interval looping call 'nova.servicegroup.drivers.db.DbDriver._report_state' sleeping for 119.99 seconds {{(pid=93535) _run_loop /opt/stack/data/venv/lib/python3.12/site-packages/oslo_service/backend/_threading/loopingcall.py:125}}
Aug 18 13:55:49.843753 np0000007661 nova-scheduler[92293]: DEBUG dbcounter [-] [92293] Writing DB stats nova_api:SELECT=3 {{(pid=92293) stat_writer /opt/stack/data/venv/lib/python3.12/site-packages/dbcounter.py:115}}
Aug 18 13:55:49.984097 np0000007661 nova-scheduler[92293]: DEBUG dbcounter [-] [92293] Writing DB stats nova_cell0:SELECT=1 {{(pid=92293) stat_writer /opt/stack/data/venv/lib/python3.12/site-packages/dbcounter.py:115}}
Aug 18 13:55:49.984097 np0000007661 nova-scheduler[92293]: DEBUG dbcounter [-] [92293] Writing DB stats nova_cell1:SELECT=1 {{(pid=92293) stat_writer /opt/stack/data/venv/lib/python3.12/site-packages/dbcounter.py:115}}
Aug 18 13:55:51.347424 np0000007661 nova-scheduler[93543]: DEBUG oslo.service.backend._threading.loopingcall [None req-c6322f37-238f-4d2b-946d-335292fac723 None None] Dynamic interval looping call 'nova.service.Service.periodic_tasks' sleeping for 60.00 seconds {{(pid=93543) _run_loop /opt/stack/data/venv/lib/python3.12/site-packages/oslo_service/backend/_threading/loopingcall.py:125}}
Aug 18 13:55:56.356918 np0000007661 nova-scheduler[93543]: DEBUG dbcounter [-] [93543] Writing DB stats nova_cell0:SELECT=4,nova_cell0:INSERT=1,nova_cell0:UPDATE=1 {{(pid=93543) stat_writer /opt/stack/data/venv/lib/python3.12/site-packages/dbcounter.py:115}}
Aug 18 13:55:56.358532 np0000007661 nova-scheduler[93567]: DEBUG dbcounter [-] [93567] Writing DB stats nova_cell0:SELECT=5,nova_cell0:INSERT=1,nova_cell0:UPDATE=1 {{(pid=93567) stat_writer /opt/stack/data/venv/lib/python3.12/site-packages/dbcounter.py:115}}
Aug 18 13:55:56.364749 np0000007661 nova-scheduler[93535]: DEBUG dbcounter [-] [93535] Writing DB stats nova_cell0:SELECT=4,nova_cell0:INSERT=1 {{(pid=93535) stat_writer /opt/stack/data/venv/lib/python3.12/site-packages/dbcounter.py:115}}
Aug 18 13:56:29.350422 np0000007661 nova-scheduler[93567]: DEBUG oslo.service.backend._threading.loopingcall [None req-dd977b44-a16c-4195-9109-306b0adde6f1 None None] Dynamic interval looping call 'nova.service.Service.periodic_tasks' sleeping for 60.00 seconds {{(pid=93567) _run_loop /opt/stack/data/venv/lib/python3.12/site-packages/oslo_service/backend/_threading/loopingcall.py:125}}
Aug 18 13:56:41.362480 np0000007661 nova-scheduler[93535]: DEBUG oslo.service.backend._threading.loopingcall [None req-a2af816e-fda2-4d95-a5e2-a0e9e1253345 None None] Dynamic interval looping call 'nova.service.Service.periodic_tasks' sleeping for 60.00 seconds {{(pid=93535) _run_loop /opt/stack/data/venv/lib/python3.12/site-packages/oslo_service/backend/_threading/loopingcall.py:125}}
Aug 18 13:56:51.347956 np0000007661 nova-scheduler[93543]: DEBUG oslo.service.backend._threading.loopingcall [None req-c6322f37-238f-4d2b-946d-335292fac723 None None] Dynamic interval looping call 'nova.service.Service.periodic_tasks' sleeping for 60.00 seconds {{(pid=93543) _run_loop /opt/stack/data/venv/lib/python3.12/site-packages/oslo_service/backend/_threading/loopingcall.py:125}}
Aug 18 13:57:29.351053 np0000007661 nova-scheduler[93567]: DEBUG oslo.service.backend._threading.loopingcall [None req-dd977b44-a16c-4195-9109-306b0adde6f1 None None] Dynamic interval looping call 'nova.service.Service.periodic_tasks' sleeping for 60.00 seconds {{(pid=93567) _run_loop /opt/stack/data/venv/lib/python3.12/site-packages/oslo_service/backend/_threading/loopingcall.py:125}}
Aug 18 13:57:41.362756 np0000007661 nova-scheduler[93535]: DEBUG oslo.service.backend._threading.loopingcall [None req-a2af816e-fda2-4d95-a5e2-a0e9e1253345 None None] Dynamic interval looping call 'nova.service.Service.periodic_tasks' sleeping for 60.00 seconds {{(pid=93535) _run_loop /opt/stack/data/venv/lib/python3.12/site-packages/oslo_service/backend/_threading/loopingcall.py:125}}
Aug 18 13:57:46.356563 np0000007661 nova-scheduler[93543]: DEBUG oslo.service.backend._threading.loopingcall [-] Fixed interval looping call 'nova.servicegroup.drivers.db.DbDriver._report_state' sleeping for 119.99 seconds {{(pid=93543) _run_loop /opt/stack/data/venv/lib/python3.12/site-packages/oslo_service/backend/_threading/loopingcall.py:125}}
Aug 18 13:57:46.357407 np0000007661 nova-scheduler[93567]: DEBUG oslo.service.backend._threading.loopingcall [-] Fixed interval looping call 'nova.servicegroup.drivers.db.DbDriver._report_state' sleeping for 119.99 seconds {{(pid=93567) _run_loop /opt/stack/data/venv/lib/python3.12/site-packages/oslo_service/backend/_threading/loopingcall.py:125}}
Aug 18 13:57:46.364591 np0000007661 nova-scheduler[93535]: DEBUG oslo.service.backend._threading.loopingcall [-] Fixed interval looping call 'nova.servicegroup.drivers.db.DbDriver._report_state' sleeping for 120.00 seconds {{(pid=93535) _run_loop /opt/stack/data/venv/lib/python3.12/site-packages/oslo_service/backend/_threading/loopingcall.py:125}}
Aug 18 13:57:51.348381 np0000007661 nova-scheduler[93543]: DEBUG oslo.service.backend._threading.loopingcall [None req-c6322f37-238f-4d2b-946d-335292fac723 None None] Dynamic interval looping call 'nova.service.Service.periodic_tasks' sleeping for 60.00 seconds {{(pid=93543) _run_loop /opt/stack/data/venv/lib/python3.12/site-packages/oslo_service/backend/_threading/loopingcall.py:125}}
Aug 18 13:57:56.353803 np0000007661 nova-scheduler[93543]: DEBUG dbcounter [-] [93543] Writing DB stats nova_cell0:SELECT=1,nova_cell0:UPDATE=1 {{(pid=93543) stat_writer /opt/stack/data/venv/lib/python3.12/site-packages/dbcounter.py:115}}
Aug 18 13:57:56.355978 np0000007661 nova-scheduler[93567]: DEBUG dbcounter [-] [93567] Writing DB stats nova_cell0:SELECT=1,nova_cell0:UPDATE=1 {{(pid=93567) stat_writer /opt/stack/data/venv/lib/python3.12/site-packages/dbcounter.py:115}}
Aug 18 13:57:56.362954 np0000007661 nova-scheduler[93535]: DEBUG dbcounter [-] [93535] Writing DB stats nova_cell0:SELECT=1 {{(pid=93535) stat_writer /opt/stack/data/venv/lib/python3.12/site-packages/dbcounter.py:115}}
Aug 18 13:58:09.509320 np0000007661 nova-scheduler[93543]: DEBUG nova.scheduler.manager [None req-aa72c364-f366-4968-945b-32556cc70a1e tempest-DeleteServersTestJSON-409670402 tempest-DeleteServersTestJSON-409670402-project-member] Starting to schedule for instances: ['343b2b1f-46ae-465f-a1ac-67c7c3cdbf87'] {{(pid=93543) select_destinations /opt/stack/nova/nova/scheduler/manager.py:197}}
Aug 18 13:58:09.510007 np0000007661 nova-scheduler[93543]: DEBUG nova.scheduler.request_filter [None req-aa72c364-f366-4968-945b-32556cc70a1e tempest-DeleteServersTestJSON-409670402 tempest-DeleteServersTestJSON-409670402-project-member] compute_status_filter request filter added forbidden trait COMPUTE_STATUS_DISABLED {{(pid=93543) compute_status_filter /opt/stack/nova/nova/scheduler/request_filter.py:253}}
Aug 18 13:58:09.510153 np0000007661 nova-scheduler[93543]: DEBUG nova.scheduler.request_filter [None req-aa72c364-f366-4968-945b-32556cc70a1e tempest-DeleteServersTestJSON-409670402 tempest-DeleteServersTestJSON-409670402-project-member] Request filter 'compute_status_filter' took 0.0 seconds {{(pid=93543) wrapper /opt/stack/nova/nova/scheduler/request_filter.py:46}}
Aug 18 13:58:09.510811 np0000007661 nova-scheduler[93543]: DEBUG nova.scheduler.request_filter [None req-aa72c364-f366-4968-945b-32556cc70a1e tempest-DeleteServersTestJSON-409670402 tempest-DeleteServersTestJSON-409670402-project-member] Request filter 'accelerators_filter' took 0.0 seconds {{(pid=93543) wrapper /opt/stack/nova/nova/scheduler/request_filter.py:46}}
Aug 18 13:58:09.510811 np0000007661 nova-scheduler[93543]: DEBUG nova.scheduler.request_filter [None req-aa72c364-f366-4968-945b-32556cc70a1e tempest-DeleteServersTestJSON-409670402 tempest-DeleteServersTestJSON-409670402-project-member] Request filter 'packed_virtqueue_filter' took 0.0 seconds {{(pid=93543) wrapper /opt/stack/nova/nova/scheduler/request_filter.py:46}}
Aug 18 13:58:09.510811 np0000007661 nova-scheduler[93543]: DEBUG nova.scheduler.request_filter [None req-aa72c364-f366-4968-945b-32556cc70a1e tempest-DeleteServersTestJSON-409670402 tempest-DeleteServersTestJSON-409670402-project-member] Request filter 'remote_managed_ports_filter' took 0.0 seconds {{(pid=93543) wrapper /opt/stack/nova/nova/scheduler/request_filter.py:46}}
Aug 18 13:58:09.511053 np0000007661 nova-scheduler[93543]: DEBUG nova.scheduler.request_filter [None req-aa72c364-f366-4968-945b-32556cc70a1e tempest-DeleteServersTestJSON-409670402 tempest-DeleteServersTestJSON-409670402-project-member] ephemeral_encryption_filter skipped {{(pid=93543) ephemeral_encryption_filter /opt/stack/nova/nova/scheduler/request_filter.py:426}}
Aug 18 13:58:09.511053 np0000007661 nova-scheduler[93543]: DEBUG nova.scheduler.request_filter [None req-aa72c364-f366-4968-945b-32556cc70a1e tempest-DeleteServersTestJSON-409670402 tempest-DeleteServersTestJSON-409670402-project-member] virtio_sound_filter skipped {{(pid=93543) virtio_sound_filter /opt/stack/nova/nova/scheduler/request_filter.py:460}}
Aug 18 13:58:09.511180 np0000007661 nova-scheduler[93543]: DEBUG nova.scheduler.request_filter [None req-aa72c364-f366-4968-945b-32556cc70a1e tempest-DeleteServersTestJSON-409670402 tempest-DeleteServersTestJSON-409670402-project-member] tpm_secret_security_filter skipped {{(pid=93543) tpm_secret_security_filter /opt/stack/nova/nova/scheduler/request_filter.py:477}}
Aug 18 13:58:10.244882 np0000007661 nova-scheduler[93543]: INFO nova.utils [None req-aa72c364-f366-4968-945b-32556cc70a1e tempest-DeleteServersTestJSON-409670402 tempest-DeleteServersTestJSON-409670402-project-member] The cell worker thread pool ForkProcess-2.cell_worker is initialized
Aug 18 13:58:10.245039 np0000007661 nova-scheduler[93543]: DEBUG oslo_concurrency.lockutils [None req-aa72c364-f366-4968-945b-32556cc70a1e tempest-DeleteServersTestJSON-409670402 tempest-DeleteServersTestJSON-409670402-project-member] Acquiring lock "57f2d5d7-6d6a-4276-9cb3-8d9ab60e2e24" by "nova.context.set_target_cell..get_or_set_cached_cell_and_set_connections" {{(pid=93543) inner /opt/stack/data/venv/lib/python3.12/site-packages/oslo_concurrency/lockutils.py:512}}
Aug 18 13:58:10.245251 np0000007661 nova-scheduler[93543]: DEBUG oslo_concurrency.lockutils [None req-aa72c364-f366-4968-945b-32556cc70a1e tempest-DeleteServersTestJSON-409670402 tempest-DeleteServersTestJSON-409670402-project-member] Lock "57f2d5d7-6d6a-4276-9cb3-8d9ab60e2e24" acquired by "nova.context.set_target_cell..get_or_set_cached_cell_and_set_connections" :: waited 0.000s {{(pid=93543) inner /opt/stack/data/venv/lib/python3.12/site-packages/oslo_concurrency/lockutils.py:525}}
Aug 18 13:58:10.246394 np0000007661 nova-scheduler[93543]: DEBUG oslo_concurrency.lockutils [None req-aa72c364-f366-4968-945b-32556cc70a1e tempest-DeleteServersTestJSON-409670402 tempest-DeleteServersTestJSON-409670402-project-member] Lock "57f2d5d7-6d6a-4276-9cb3-8d9ab60e2e24" "released" by "nova.context.set_target_cell..get_or_set_cached_cell_and_set_connections" :: held 0.001s {{(pid=93543) inner /opt/stack/data/venv/lib/python3.12/site-packages/oslo_concurrency/lockutils.py:544}}
Aug 18 13:58:10.248791 np0000007661 nova-scheduler[93543]: INFO dbcounter [None req-aa72c364-f366-4968-945b-32556cc70a1e tempest-DeleteServersTestJSON-409670402 tempest-DeleteServersTestJSON-409670402-project-member] Registered counter for database nova_cell1
Aug 18 13:58:10.292032 np0000007661 nova-scheduler[93543]: DEBUG oslo_db.sqlalchemy.engines [None req-aa72c364-f366-4968-945b-32556cc70a1e tempest-DeleteServersTestJSON-409670402 tempest-DeleteServersTestJSON-409670402-project-member] MySQL server mode set to STRICT_TRANS_TABLES,STRICT_ALL_TABLES,NO_ZERO_IN_DATE,NO_ZERO_DATE,ERROR_FOR_DIVISION_BY_ZERO,TRADITIONAL,NO_ENGINE_SUBSTITUTION {{(pid=93543) _check_effective_sql_mode /opt/stack/data/venv/lib/python3.12/site-packages/oslo_db/sqlalchemy/engines.py:325}}
Aug 18 13:58:10.298457 np0000007661 nova-scheduler[93543]: DEBUG dbcounter [-] [93543] Writer thread running {{(pid=93543) stat_writer /opt/stack/data/venv/lib/python3.12/site-packages/dbcounter.py:102}}
Aug 18 13:58:10.312525 np0000007661 nova-scheduler[93543]: DEBUG oslo_db.sqlalchemy.engines [None req-aa72c364-f366-4968-945b-32556cc70a1e tempest-DeleteServersTestJSON-409670402 tempest-DeleteServersTestJSON-409670402-project-member] Parent process 92293 forked (93543) with an open database connection, which is being discarded and recreated. {{(pid=93543) checkout /opt/stack/data/venv/lib/python3.12/site-packages/oslo_db/sqlalchemy/engines.py:402}}
Aug 18 13:58:10.344573 np0000007661 nova-scheduler[93543]: DEBUG dbcounter [-] [93543] Writer thread running {{(pid=93543) stat_writer /opt/stack/data/venv/lib/python3.12/site-packages/dbcounter.py:102}}
Aug 18 13:58:10.347328 np0000007661 nova-scheduler[93543]: DEBUG oslo_concurrency.lockutils [None req-aa72c364-f366-4968-945b-32556cc70a1e tempest-DeleteServersTestJSON-409670402 tempest-DeleteServersTestJSON-409670402-project-member] Acquiring lock "57f2d5d7-6d6a-4276-9cb3-8d9ab60e2e24" by "nova.context.set_target_cell..get_or_set_cached_cell_and_set_connections" {{(pid=93543) inner /opt/stack/data/venv/lib/python3.12/site-packages/oslo_concurrency/lockutils.py:512}}
Aug 18 13:58:10.347474 np0000007661 nova-scheduler[93543]: DEBUG oslo_concurrency.lockutils [None req-aa72c364-f366-4968-945b-32556cc70a1e tempest-DeleteServersTestJSON-409670402 tempest-DeleteServersTestJSON-409670402-project-member] Lock "57f2d5d7-6d6a-4276-9cb3-8d9ab60e2e24" acquired by "nova.context.set_target_cell..get_or_set_cached_cell_and_set_connections" :: waited 0.000s {{(pid=93543) inner /opt/stack/data/venv/lib/python3.12/site-packages/oslo_concurrency/lockutils.py:525}}
Aug 18 13:58:10.347587 np0000007661 nova-scheduler[93543]: DEBUG oslo_concurrency.lockutils [None req-aa72c364-f366-4968-945b-32556cc70a1e tempest-DeleteServersTestJSON-409670402 tempest-DeleteServersTestJSON-409670402-project-member] Lock "57f2d5d7-6d6a-4276-9cb3-8d9ab60e2e24" "released" by "nova.context.set_target_cell..get_or_set_cached_cell_and_set_connections" :: held 0.000s {{(pid=93543) inner /opt/stack/data/venv/lib/python3.12/site-packages/oslo_concurrency/lockutils.py:544}}
Aug 18 13:58:10.351390 np0000007661 nova-scheduler[93543]: DEBUG oslo_concurrency.lockutils [None req-aa72c364-f366-4968-945b-32556cc70a1e tempest-DeleteServersTestJSON-409670402 tempest-DeleteServersTestJSON-409670402-project-member] Acquiring lock "np0000007661-np0000007661" by "nova.scheduler.host_manager.HostState.update.._locked_update" {{(pid=93543) inner /opt/stack/data/venv/lib/python3.12/site-packages/oslo_concurrency/lockutils.py:512}}
Aug 18 13:58:10.351516 np0000007661 nova-scheduler[93543]: DEBUG oslo_concurrency.lockutils [None req-aa72c364-f366-4968-945b-32556cc70a1e tempest-DeleteServersTestJSON-409670402 tempest-DeleteServersTestJSON-409670402-project-member] Lock "np0000007661-np0000007661" acquired by "nova.scheduler.host_manager.HostState.update.._locked_update" :: waited 0.000s {{(pid=93543) inner /opt/stack/data/venv/lib/python3.12/site-packages/oslo_concurrency/lockutils.py:525}}
Aug 18 13:58:10.352558 np0000007661 nova-scheduler[93543]: DEBUG nova.scheduler.host_manager [None req-aa72c364-f366-4968-945b-32556cc70a1e tempest-DeleteServersTestJSON-409670402 tempest-DeleteServersTestJSON-409670402-project-member] Update host state from compute node: ComputeNode(cpu_allocation_ratio=4.0,cpu_info='{"arch": "x86_64", "model": "EPYC-Milan", "vendor": "AMD", "topology": {"cells": 1, "sockets": 16, "cores": 1, "threads": 1}, "maxphysaddr": {"mode": "emulate", "bits": 40}, "features": ["pdpe1gb", "sse", "avx", "null-sel-clr-base", "flushbyasid", "cx16", "misalignsse", "movbe", "hypervisor", "rdctl-no", "pae", "de", "lm", "spec-ctrl", "nrip-save", "pat", "stibp", "mtrr", "arat", "sse4.1", "lahf_lm", "f16c", "umip", "tsc-deadline", "sha-ni", "nx", "ssse3", "pfthreshold", "vpclmulqdq", "invpcid", "mmxext", "v-vmsave-vmload", "rdtscp", "smap", "no-nested-data-bp", "fxsr", "erms", "amd-stibp", "cx8", "sse4.2", "rdpid", "x2apic", "lfence-always-serializing", "bmi1", "pause-filter", "xsave", "lbrv", "xsaves", "pclmuldq", "smep", "rdrand", "vme", "3dnowprefetch", "tsc_adjust", "bmi2", "rdseed", "adx", "svme-addr-chk", "abm", "clzero", "xgetbv1", "amd-ssbd", "npt", "cr8legacy", "ssbd", "svm", "pni", "wbnoinvd", "osvw", "sse2", "mds-no", "fsrm", "pku", "virt-ssbd", "avx2", "fsgsbase", "clflushopt", "topoext", "ibpb", "vaes", "stibp-always-on", "apic", "xsavec", "mce", "clflush", "fpu", "mca", "vmcb-clean", "cmp_legacy", "msr", "xsaveopt", "arch-capabilities", "perfctr_core", "vgif", "ibrs", "xsaveerptr", "amd-psfd", "pcid", "tsc", "sse4a", "aes", "fxsr_opt", "pschange-mc-no", "sep", "skip-l1dfl-vmentry", "fma", "pse36", "mmx", "tsc-scale", "popcnt", "syscall", "pge", "gds-no", "pse", "cmov", "clwb"]}',created_at=2026-08-18T13:56:04Z,current_workload=0,deleted=False,deleted_at=None,disk_allocation_ratio=1.0,disk_available_least=73,free_disk_gb=95,free_ram_mb=62765,host='np0000007661',host_ip=10.4.3.131,hypervisor_hostname='np0000007661',hypervisor_type='QEMU',hypervisor_version=8002002,id=1,local_gb=95,local_gb_used=0,mapped=1,memory_mb=63277,memory_mb_used=512,metrics='[]',numa_topology='{"nova_object.name": "NUMATopology", "nova_object.namespace": "nova", "nova_object.version": "1.2", "nova_object.data": {"cells": [{"nova_object.name": "NUMACell", "nova_object.namespace": "nova", "nova_object.version": "1.5", "nova_object.data": {"id": 0, "cpuset": [0, 1, 2, 3, 4, 5, 6, 7, 8, 9, 10, 11, 12, 13, 14, 15], "pcpuset": [0, 1, 2, 3, 4, 5, 6, 7, 8, 9, 10, 11, 12, 13, 14, 15], "memory": 63277, "cpu_usage": 0, "memory_usage": 0, "pinned_cpus": [], "siblings": [[6], [12], [2], [15], [5], [11], [8], [14], [4], [1], [7], [10], [0], [13], [3], [9]], "mempages": [{"nova_object.name": "NUMAPagesTopology", "nova_object.namespace": "nova", "nova_object.version": "1.1", "nova_object.data": {"size_kb": 4, "total": 16177929, "used": 0, "reserved": 0}, "nova_object.changes": ["size_kb", "total", "reserved", "used"]}, {"nova_object.name": "NUMAPagesTopology", "nova_object.namespace": "nova", "nova_object.version": "1.1", "nova_object.data": {"size_kb": 2048, "total": 41, "used": 0, "reserved": 0}, "nova_object.changes": ["size_kb", "total", "reserved", "used"]}, {"nova_object.name": "NUMAPagesTopology", "nova_object.namespace": "nova", "nova_object.version": "1.1", "nova_object.data": {"size_kb": 1048576, "total": 0, "used": 0, "reserved": 0}, "nova_object.changes": ["size_kb", "total", "reserved", "used"]}], "network_metadata": {"nova_object.name": "NetworkMetadata", "nova_object.namespace": "nova", "nova_object.version": "1.0", "nova_object.data": {"physnets": [], "tunneled": false}, "nova_object.changes": ["physnets", "tunneled"]}, "socket": null}, "nova_object.changes": ["mempages", "memory_usage", "cpuset", "network_metadata", "siblings", "id", "pinned_cpus", "pcpuset", "socket", "memory", "cpu_usage"]}]}, "nova_object.changes": ["cells"]}',pci_device_pools=PciDevicePoolList,ram_allocation_ratio=1.0,running_vms=0,service_id=3,stats={failed_builds='0',uptime=' 13:57:51 up 22 min, 2 users, load average: 1.73, 1.51, 0.85
Aug 18 13:58:10.352558 np0000007661 nova-scheduler[93543]: '},supported_hv_specs=[HVSpec,HVSpec,HVSpec,HVSpec,HVSpec,HVSpec,HVSpec,HVSpec,HVSpec,HVSpec,HVSpec,HVSpec,HVSpec,HVSpec,HVSpec,HVSpec,HVSpec,HVSpec,HVSpec,HVSpec,HVSpec,HVSpec,HVSpec,HVSpec,HVSpec],updated_at=2026-08-18T13:57:52Z,uuid=29494ea8-79fa-4c40-bb9b-f6b140330713,vcpus=16,vcpus_used=0) {{(pid=93543) _locked_update /opt/stack/nova/nova/scheduler/host_manager.py:168}}
Aug 18 13:58:10.353231 np0000007661 nova-scheduler[93543]: DEBUG nova.scheduler.host_manager [None req-aa72c364-f366-4968-945b-32556cc70a1e tempest-DeleteServersTestJSON-409670402 tempest-DeleteServersTestJSON-409670402-project-member] Update host state with aggregates: [] {{(pid=93543) _locked_update /opt/stack/nova/nova/scheduler/host_manager.py:171}}
Aug 18 13:58:10.353395 np0000007661 nova-scheduler[93543]: DEBUG nova.scheduler.host_manager [None req-aa72c364-f366-4968-945b-32556cc70a1e tempest-DeleteServersTestJSON-409670402 tempest-DeleteServersTestJSON-409670402-project-member] Update host state with service dict: {'id': 3, 'uuid': '88a1ebd1-d1ce-4e17-a7b8-5e7bc9c87698', 'host': 'np0000007661', 'binary': 'nova-compute', 'topic': 'compute', 'report_count': 2, 'disabled': False, 'disabled_reason': None, 'last_seen_up': datetime.datetime(2026, 8, 18, 13, 58, 10, tzinfo=datetime.timezone.utc), 'forced_down': False, 'version': 72, 'created_at': datetime.datetime(2026, 8, 18, 13, 56, 4, tzinfo=datetime.timezone.utc), 'updated_at': datetime.datetime(2026, 8, 18, 13, 58, 10, tzinfo=datetime.timezone.utc), 'deleted_at': None, 'deleted': False} {{(pid=93543) _locked_update /opt/stack/nova/nova/scheduler/host_manager.py:174}}
Aug 18 13:58:10.353508 np0000007661 nova-scheduler[93543]: DEBUG nova.scheduler.host_manager [None req-aa72c364-f366-4968-945b-32556cc70a1e tempest-DeleteServersTestJSON-409670402 tempest-DeleteServersTestJSON-409670402-project-member] Update host state with instances: [] {{(pid=93543) _locked_update /opt/stack/nova/nova/scheduler/host_manager.py:177}}
Aug 18 13:58:10.353608 np0000007661 nova-scheduler[93543]: DEBUG oslo_concurrency.lockutils [None req-aa72c364-f366-4968-945b-32556cc70a1e tempest-DeleteServersTestJSON-409670402 tempest-DeleteServersTestJSON-409670402-project-member] Lock "np0000007661-np0000007661" "released" by "nova.scheduler.host_manager.HostState.update.._locked_update" :: held 0.002s {{(pid=93543) inner /opt/stack/data/venv/lib/python3.12/site-packages/oslo_concurrency/lockutils.py:544}}
Aug 18 13:58:10.356151 np0000007661 nova-scheduler[93543]: DEBUG nova.filters [None req-aa72c364-f366-4968-945b-32556cc70a1e tempest-DeleteServersTestJSON-409670402 tempest-DeleteServersTestJSON-409670402-project-member] Starting with 1 host(s) {{(pid=93543) get_filtered_objects /opt/stack/nova/nova/filters.py:70}}
Aug 18 13:58:10.356351 np0000007661 nova-scheduler[93543]: DEBUG nova.filters [None req-aa72c364-f366-4968-945b-32556cc70a1e tempest-DeleteServersTestJSON-409670402 tempest-DeleteServersTestJSON-409670402-project-member] Filter ComputeFilter returned 1 host(s) {{(pid=93543) get_filtered_objects /opt/stack/nova/nova/filters.py:102}}
Aug 18 13:58:10.356495 np0000007661 nova-scheduler[93543]: DEBUG nova.filters [None req-aa72c364-f366-4968-945b-32556cc70a1e tempest-DeleteServersTestJSON-409670402 tempest-DeleteServersTestJSON-409670402-project-member] Filter ComputeCapabilitiesFilter returned 1 host(s) {{(pid=93543) get_filtered_objects /opt/stack/nova/nova/filters.py:102}}
Aug 18 13:58:10.356679 np0000007661 nova-scheduler[93543]: DEBUG nova.filters [None req-aa72c364-f366-4968-945b-32556cc70a1e tempest-DeleteServersTestJSON-409670402 tempest-DeleteServersTestJSON-409670402-project-member] Filter ImagePropertiesFilter returned 1 host(s) {{(pid=93543) get_filtered_objects /opt/stack/nova/nova/filters.py:102}}
Aug 18 13:58:10.356797 np0000007661 nova-scheduler[93543]: DEBUG nova.filters [None req-aa72c364-f366-4968-945b-32556cc70a1e tempest-DeleteServersTestJSON-409670402 tempest-DeleteServersTestJSON-409670402-project-member] Filter ServerGroupAntiAffinityFilter returned 1 host(s) {{(pid=93543) get_filtered_objects /opt/stack/nova/nova/filters.py:102}}
Aug 18 13:58:10.356909 np0000007661 nova-scheduler[93543]: DEBUG nova.filters [None req-aa72c364-f366-4968-945b-32556cc70a1e tempest-DeleteServersTestJSON-409670402 tempest-DeleteServersTestJSON-409670402-project-member] Filter ServerGroupAffinityFilter returned 1 host(s) {{(pid=93543) get_filtered_objects /opt/stack/nova/nova/filters.py:102}}
Aug 18 13:58:10.357073 np0000007661 nova-scheduler[93543]: DEBUG nova.filters [None req-aa72c364-f366-4968-945b-32556cc70a1e tempest-DeleteServersTestJSON-409670402 tempest-DeleteServersTestJSON-409670402-project-member] Filter SameHostFilter returned 1 host(s) {{(pid=93543) get_filtered_objects /opt/stack/nova/nova/filters.py:102}}
Aug 18 13:58:10.357669 np0000007661 nova-scheduler[93543]: DEBUG nova.filters [None req-aa72c364-f366-4968-945b-32556cc70a1e tempest-DeleteServersTestJSON-409670402 tempest-DeleteServersTestJSON-409670402-project-member] Filter DifferentHostFilter returned 1 host(s) {{(pid=93543) get_filtered_objects /opt/stack/nova/nova/filters.py:102}}
Aug 18 13:58:10.357669 np0000007661 nova-scheduler[93543]: DEBUG nova.scheduler.manager [None req-aa72c364-f366-4968-945b-32556cc70a1e tempest-DeleteServersTestJSON-409670402 tempest-DeleteServersTestJSON-409670402-project-member] Filtered [(np0000007661, np0000007661) ram: 62765MB disk: 74752MB io_ops: 0 instances: 0, allocation_candidates: 1] {{(pid=93543) _get_sorted_hosts /opt/stack/nova/nova/scheduler/manager.py:730}}
Aug 18 13:58:10.357669 np0000007661 nova-scheduler[93543]: DEBUG nova.scheduler.manager [None req-aa72c364-f366-4968-945b-32556cc70a1e tempest-DeleteServersTestJSON-409670402 tempest-DeleteServersTestJSON-409670402-project-member] Weighed [WeighedHost [host: (np0000007661, np0000007661) ram: 62765MB disk: 74752MB io_ops: 0 instances: 0, allocation_candidates: 1, weight: 0.0]] {{(pid=93543) _get_sorted_hosts /opt/stack/nova/nova/scheduler/manager.py:752}}
Aug 18 13:58:10.357669 np0000007661 nova-scheduler[93543]: DEBUG nova.scheduler.utils [None req-aa72c364-f366-4968-945b-32556cc70a1e tempest-DeleteServersTestJSON-409670402 tempest-DeleteServersTestJSON-409670402-project-member] Attempting to claim resources in the placement API for instance 343b2b1f-46ae-465f-a1ac-67c7c3cdbf87 {{(pid=93543) claim_resources /opt/stack/nova/nova/scheduler/utils.py:1345}}
Aug 18 13:58:10.506348 np0000007661 nova-scheduler[93543]: DEBUG nova.scheduler.manager [None req-aa72c364-f366-4968-945b-32556cc70a1e tempest-DeleteServersTestJSON-409670402 tempest-DeleteServersTestJSON-409670402-project-member] [instance: 343b2b1f-46ae-465f-a1ac-67c7c3cdbf87] Selected host: (np0000007661, np0000007661) ram: 62765MB disk: 74752MB io_ops: 0 instances: 0, allocation_candidates: 1 {{(pid=93543) _consume_selected_host /opt/stack/nova/nova/scheduler/manager.py:612}}
Aug 18 13:58:10.506348 np0000007661 nova-scheduler[93543]: DEBUG oslo_concurrency.lockutils [None req-aa72c364-f366-4968-945b-32556cc70a1e tempest-DeleteServersTestJSON-409670402 tempest-DeleteServersTestJSON-409670402-project-member] Acquiring lock "np0000007661-np0000007661" by "nova.scheduler.host_manager.HostState.consume_from_request.._locked" {{(pid=93543) inner /opt/stack/data/venv/lib/python3.12/site-packages/oslo_concurrency/lockutils.py:512}}
Aug 18 13:58:10.506348 np0000007661 nova-scheduler[93543]: DEBUG oslo_concurrency.lockutils [None req-aa72c364-f366-4968-945b-32556cc70a1e tempest-DeleteServersTestJSON-409670402 tempest-DeleteServersTestJSON-409670402-project-member] Lock "np0000007661-np0000007661" acquired by "nova.scheduler.host_manager.HostState.consume_from_request.._locked" :: waited 0.000s {{(pid=93543) inner /opt/stack/data/venv/lib/python3.12/site-packages/oslo_concurrency/lockutils.py:525}}
Aug 18 13:58:10.506602 np0000007661 nova-scheduler[93543]: DEBUG oslo_concurrency.lockutils [None req-aa72c364-f366-4968-945b-32556cc70a1e tempest-DeleteServersTestJSON-409670402 tempest-DeleteServersTestJSON-409670402-project-member] Lock "np0000007661-np0000007661" "released" by "nova.scheduler.host_manager.HostState.consume_from_request.._locked" :: held 0.000s {{(pid=93543) inner /opt/stack/data/venv/lib/python3.12/site-packages/oslo_concurrency/lockutils.py:544}}
Aug 18 13:58:10.811261 np0000007661 nova-scheduler[93567]: DEBUG nova.scheduler.manager [None req-140d4c33-da5b-4cc3-8124-767b05a06303 tempest-ServerStableDeviceRescueTest-179789294 tempest-ServerStableDeviceRescueTest-179789294-project-member] Starting to schedule for instances: ['15cfa501-7cb9-4dbf-bfae-ae5c339da8e2'] {{(pid=93567) select_destinations /opt/stack/nova/nova/scheduler/manager.py:197}}
Aug 18 13:58:10.811952 np0000007661 nova-scheduler[93567]: DEBUG nova.scheduler.request_filter [None req-140d4c33-da5b-4cc3-8124-767b05a06303 tempest-ServerStableDeviceRescueTest-179789294 tempest-ServerStableDeviceRescueTest-179789294-project-member] compute_status_filter request filter added forbidden trait COMPUTE_STATUS_DISABLED {{(pid=93567) compute_status_filter /opt/stack/nova/nova/scheduler/request_filter.py:253}}
Aug 18 13:58:10.811952 np0000007661 nova-scheduler[93567]: DEBUG nova.scheduler.request_filter [None req-140d4c33-da5b-4cc3-8124-767b05a06303 tempest-ServerStableDeviceRescueTest-179789294 tempest-ServerStableDeviceRescueTest-179789294-project-member] Request filter 'compute_status_filter' took 0.0 seconds {{(pid=93567) wrapper /opt/stack/nova/nova/scheduler/request_filter.py:46}}
Aug 18 13:58:10.812772 np0000007661 nova-scheduler[93567]: DEBUG nova.scheduler.request_filter [None req-140d4c33-da5b-4cc3-8124-767b05a06303 tempest-ServerStableDeviceRescueTest-179789294 tempest-ServerStableDeviceRescueTest-179789294-project-member] Request filter 'accelerators_filter' took 0.0 seconds {{(pid=93567) wrapper /opt/stack/nova/nova/scheduler/request_filter.py:46}}
Aug 18 13:58:10.814012 np0000007661 nova-scheduler[93567]: DEBUG nova.scheduler.request_filter [None req-140d4c33-da5b-4cc3-8124-767b05a06303 tempest-ServerStableDeviceRescueTest-179789294 tempest-ServerStableDeviceRescueTest-179789294-project-member] Request filter 'packed_virtqueue_filter' took 0.0 seconds {{(pid=93567) wrapper /opt/stack/nova/nova/scheduler/request_filter.py:46}}
Aug 18 13:58:10.814435 np0000007661 nova-scheduler[93567]: DEBUG nova.scheduler.request_filter [None req-140d4c33-da5b-4cc3-8124-767b05a06303 tempest-ServerStableDeviceRescueTest-179789294 tempest-ServerStableDeviceRescueTest-179789294-project-member] Request filter 'remote_managed_ports_filter' took 0.0 seconds {{(pid=93567) wrapper /opt/stack/nova/nova/scheduler/request_filter.py:46}}
Aug 18 13:58:10.814630 np0000007661 nova-scheduler[93567]: DEBUG nova.scheduler.request_filter [None req-140d4c33-da5b-4cc3-8124-767b05a06303 tempest-ServerStableDeviceRescueTest-179789294 tempest-ServerStableDeviceRescueTest-179789294-project-member] ephemeral_encryption_filter skipped {{(pid=93567) ephemeral_encryption_filter /opt/stack/nova/nova/scheduler/request_filter.py:426}}
Aug 18 13:58:10.814810 np0000007661 nova-scheduler[93567]: DEBUG nova.scheduler.request_filter [None req-140d4c33-da5b-4cc3-8124-767b05a06303 tempest-ServerStableDeviceRescueTest-179789294 tempest-ServerStableDeviceRescueTest-179789294-project-member] virtio_sound_filter skipped {{(pid=93567) virtio_sound_filter /opt/stack/nova/nova/scheduler/request_filter.py:460}}
Aug 18 13:58:10.814995 np0000007661 nova-scheduler[93567]: DEBUG nova.scheduler.request_filter [None req-140d4c33-da5b-4cc3-8124-767b05a06303 tempest-ServerStableDeviceRescueTest-179789294 tempest-ServerStableDeviceRescueTest-179789294-project-member] tpm_secret_security_filter skipped {{(pid=93567) tpm_secret_security_filter /opt/stack/nova/nova/scheduler/request_filter.py:477}}
Aug 18 13:58:10.928756 np0000007661 nova-scheduler[93567]: INFO nova.utils [None req-140d4c33-da5b-4cc3-8124-767b05a06303 tempest-ServerStableDeviceRescueTest-179789294 tempest-ServerStableDeviceRescueTest-179789294-project-member] The cell worker thread pool ForkProcess-3.cell_worker is initialized
