Aug 13 20:13:47.808559 np0000007259 nova-scheduler[96740]: DEBUG cotyledon.oslo_config_glue [-] workarounds.libvirt_disable_apic = False {{(pid=96740) log_opt_values /opt/stack/data/venv/lib/python3.12/site-packages/oslo_config/cfg.py:3560}}
Aug 13 20:13:47.808559 np0000007259 nova-scheduler[96740]: DEBUG cotyledon.oslo_config_glue [-] workarounds.never_download_image_if_on_rbd = False {{(pid=96740) log_opt_values /opt/stack/data/venv/lib/python3.12/site-packages/oslo_config/cfg.py:3560}}
Aug 13 20:13:47.808559 np0000007259 nova-scheduler[96740]: DEBUG cotyledon.oslo_config_glue [-] workarounds.qemu_monitor_announce_self_count = 3 {{(pid=96740) log_opt_values /opt/stack/data/venv/lib/python3.12/site-packages/oslo_config/cfg.py:3560}}
Aug 13 20:13:47.808559 np0000007259 nova-scheduler[96740]: DEBUG cotyledon.oslo_config_glue [-] workarounds.qemu_monitor_announce_self_interval = 1 {{(pid=96740) log_opt_values /opt/stack/data/venv/lib/python3.12/site-packages/oslo_config/cfg.py:3560}}
Aug 13 20:13:47.808559 np0000007259 nova-scheduler[96740]: DEBUG cotyledon.oslo_config_glue [-] workarounds.reserve_disk_resource_for_image_cache = False {{(pid=96740) log_opt_values /opt/stack/data/venv/lib/python3.12/site-packages/oslo_config/cfg.py:3560}}
Aug 13 20:13:47.808559 np0000007259 nova-scheduler[96740]: DEBUG cotyledon.oslo_config_glue [-] workarounds.skip_cpu_compare_at_startup = False {{(pid=96740) log_opt_values /opt/stack/data/venv/lib/python3.12/site-packages/oslo_config/cfg.py:3560}}
Aug 13 20:13:47.808559 np0000007259 nova-scheduler[96740]: DEBUG cotyledon.oslo_config_glue [-] workarounds.skip_cpu_compare_on_dest = False {{(pid=96740) log_opt_values /opt/stack/data/venv/lib/python3.12/site-packages/oslo_config/cfg.py:3560}}
Aug 13 20:13:47.808559 np0000007259 nova-scheduler[96740]: DEBUG cotyledon.oslo_config_glue [-] workarounds.skip_hypervisor_version_check_on_lm = False {{(pid=96740) log_opt_values /opt/stack/data/venv/lib/python3.12/site-packages/oslo_config/cfg.py:3560}}
Aug 13 20:13:47.808846 np0000007259 nova-scheduler[96740]: DEBUG cotyledon.oslo_config_glue [-] workarounds.skip_reserve_in_use_ironic_nodes = False {{(pid=96740) log_opt_values /opt/stack/data/venv/lib/python3.12/site-packages/oslo_config/cfg.py:3560}}
Aug 13 20:13:47.808846 np0000007259 nova-scheduler[96740]: DEBUG cotyledon.oslo_config_glue [-] workarounds.unified_limits_count_pcpu_as_vcpu = False {{(pid=96740) log_opt_values /opt/stack/data/venv/lib/python3.12/site-packages/oslo_config/cfg.py:3560}}
Aug 13 20:13:47.808846 np0000007259 nova-scheduler[96740]: DEBUG cotyledon.oslo_config_glue [-] workarounds.wait_for_vif_plugged_event_during_hard_reboot = [] {{(pid=96740) log_opt_values /opt/stack/data/venv/lib/python3.12/site-packages/oslo_config/cfg.py:3560}}
Aug 13 20:13:47.808846 np0000007259 nova-scheduler[96740]: DEBUG cotyledon.oslo_config_glue [-] wsgi.api_paste_config = /etc/nova/api-paste.ini {{(pid=96740) log_opt_values /opt/stack/data/venv/lib/python3.12/site-packages/oslo_config/cfg.py:3560}}
Aug 13 20:13:47.808846 np0000007259 nova-scheduler[96740]: DEBUG cotyledon.oslo_config_glue [-] wsgi.secure_proxy_ssl_header = None {{(pid=96740) log_opt_values /opt/stack/data/venv/lib/python3.12/site-packages/oslo_config/cfg.py:3560}}
Aug 13 20:13:47.808846 np0000007259 nova-scheduler[96740]: DEBUG cotyledon.oslo_config_glue [-] zvm.ca_file = None {{(pid=96740) log_opt_values /opt/stack/data/venv/lib/python3.12/site-packages/oslo_config/cfg.py:3560}}
Aug 13 20:13:47.808846 np0000007259 nova-scheduler[96740]: DEBUG cotyledon.oslo_config_glue [-] zvm.cloud_connector_url = None {{(pid=96740) log_opt_values /opt/stack/data/venv/lib/python3.12/site-packages/oslo_config/cfg.py:3560}}
Aug 13 20:13:47.808846 np0000007259 nova-scheduler[96740]: DEBUG cotyledon.oslo_config_glue [-] zvm.image_tmp_path = /opt/stack/data/nova/images {{(pid=96740) log_opt_values /opt/stack/data/venv/lib/python3.12/site-packages/oslo_config/cfg.py:3560}}
Aug 13 20:13:47.808846 np0000007259 nova-scheduler[96740]: DEBUG cotyledon.oslo_config_glue [-] zvm.reachable_timeout = 300 {{(pid=96740) log_opt_values /opt/stack/data/venv/lib/python3.12/site-packages/oslo_config/cfg.py:3560}}
Aug 13 20:13:47.809026 np0000007259 nova-scheduler[96740]: DEBUG cotyledon.oslo_config_glue [-] oslo_versionedobjects.fatal_exception_format_errors = False {{(pid=96740) log_opt_values /opt/stack/data/venv/lib/python3.12/site-packages/oslo_config/cfg.py:3560}}
Aug 13 20:13:47.809026 np0000007259 nova-scheduler[96740]: DEBUG cotyledon.oslo_config_glue [-] oslo_middleware.http_basic_auth_user_file = /etc/htpasswd {{(pid=96740) log_opt_values /opt/stack/data/venv/lib/python3.12/site-packages/oslo_config/cfg.py:3560}}
Aug 13 20:13:47.809026 np0000007259 nova-scheduler[96740]: DEBUG cotyledon.oslo_config_glue [-] oslo_messaging_metrics.metrics_buffer_size = 1000 {{(pid=96740) log_opt_values /opt/stack/data/venv/lib/python3.12/site-packages/oslo_config/cfg.py:3560}}
Aug 13 20:13:47.809026 np0000007259 nova-scheduler[96740]: DEBUG cotyledon.oslo_config_glue [-] oslo_messaging_metrics.metrics_enabled = False {{(pid=96740) log_opt_values /opt/stack/data/venv/lib/python3.12/site-packages/oslo_config/cfg.py:3560}}
Aug 13 20:13:47.809026 np0000007259 nova-scheduler[96740]: DEBUG cotyledon.oslo_config_glue [-] oslo_messaging_metrics.metrics_process_name = {{(pid=96740) log_opt_values /opt/stack/data/venv/lib/python3.12/site-packages/oslo_config/cfg.py:3560}}
Aug 13 20:13:47.809026 np0000007259 nova-scheduler[96740]: DEBUG cotyledon.oslo_config_glue [-] oslo_messaging_metrics.metrics_socket_file = /var/tmp/metrics_collector.sock {{(pid=96740) log_opt_values /opt/stack/data/venv/lib/python3.12/site-packages/oslo_config/cfg.py:3560}}
Aug 13 20:13:47.809026 np0000007259 nova-scheduler[96740]: DEBUG cotyledon.oslo_config_glue [-] oslo_messaging_metrics.metrics_thread_stop_timeout = 10 {{(pid=96740) log_opt_values /opt/stack/data/venv/lib/python3.12/site-packages/oslo_config/cfg.py:3560}}
Aug 13 20:13:47.809026 np0000007259 nova-scheduler[96740]: DEBUG cotyledon.oslo_config_glue [-] profiler.connection_string = messaging:// {{(pid=96740) log_opt_values /opt/stack/data/venv/lib/python3.12/site-packages/oslo_config/cfg.py:3560}}
Aug 13 20:13:47.809171 np0000007259 nova-scheduler[96740]: DEBUG cotyledon.oslo_config_glue [-] profiler.enabled = False {{(pid=96740) log_opt_values /opt/stack/data/venv/lib/python3.12/site-packages/oslo_config/cfg.py:3560}}
Aug 13 20:13:47.809171 np0000007259 nova-scheduler[96740]: DEBUG cotyledon.oslo_config_glue [-] profiler.es_doc_type = notification {{(pid=96740) log_opt_values /opt/stack/data/venv/lib/python3.12/site-packages/oslo_config/cfg.py:3560}}
Aug 13 20:13:47.809171 np0000007259 nova-scheduler[96740]: DEBUG cotyledon.oslo_config_glue [-] profiler.es_scroll_size = 10000 {{(pid=96740) log_opt_values /opt/stack/data/venv/lib/python3.12/site-packages/oslo_config/cfg.py:3560}}
Aug 13 20:13:47.809171 np0000007259 nova-scheduler[96740]: DEBUG cotyledon.oslo_config_glue [-] profiler.es_scroll_time = 2m {{(pid=96740) log_opt_values /opt/stack/data/venv/lib/python3.12/site-packages/oslo_config/cfg.py:3560}}
Aug 13 20:13:47.809171 np0000007259 nova-scheduler[96740]: DEBUG cotyledon.oslo_config_glue [-] profiler.filter_error_trace = False {{(pid=96740) log_opt_values /opt/stack/data/venv/lib/python3.12/site-packages/oslo_config/cfg.py:3560}}
Aug 13 20:13:47.809171 np0000007259 nova-scheduler[96740]: DEBUG cotyledon.oslo_config_glue [-] profiler.hmac_keys = **** {{(pid=96740) log_opt_values /opt/stack/data/venv/lib/python3.12/site-packages/oslo_config/cfg.py:3560}}
Aug 13 20:13:47.809171 np0000007259 nova-scheduler[96740]: DEBUG cotyledon.oslo_config_glue [-] profiler.sentinel_service_name = mymaster {{(pid=96740) log_opt_values /opt/stack/data/venv/lib/python3.12/site-packages/oslo_config/cfg.py:3560}}
Aug 13 20:13:47.809171 np0000007259 nova-scheduler[96740]: DEBUG cotyledon.oslo_config_glue [-] profiler.socket_timeout = 0.1 {{(pid=96740) log_opt_values /opt/stack/data/venv/lib/python3.12/site-packages/oslo_config/cfg.py:3560}}
Aug 13 20:13:47.809171 np0000007259 nova-scheduler[96740]: DEBUG cotyledon.oslo_config_glue [-] profiler.trace_requests = False {{(pid=96740) log_opt_values /opt/stack/data/venv/lib/python3.12/site-packages/oslo_config/cfg.py:3560}}
Aug 13 20:13:47.809393 np0000007259 nova-scheduler[96740]: DEBUG cotyledon.oslo_config_glue [-] profiler.trace_sqlalchemy = False {{(pid=96740) log_opt_values /opt/stack/data/venv/lib/python3.12/site-packages/oslo_config/cfg.py:3560}}
Aug 13 20:13:47.809393 np0000007259 nova-scheduler[96740]: DEBUG cotyledon.oslo_config_glue [-] profiler_jaeger.process_tags = {} {{(pid=96740) log_opt_values /opt/stack/data/venv/lib/python3.12/site-packages/oslo_config/cfg.py:3560}}
Aug 13 20:13:47.809393 np0000007259 nova-scheduler[96740]: DEBUG cotyledon.oslo_config_glue [-] profiler_jaeger.service_name_prefix = None {{(pid=96740) log_opt_values /opt/stack/data/venv/lib/python3.12/site-packages/oslo_config/cfg.py:3560}}
Aug 13 20:13:47.809393 np0000007259 nova-scheduler[96740]: DEBUG cotyledon.oslo_config_glue [-] profiler_otlp.service_name_prefix = None {{(pid=96740) log_opt_values /opt/stack/data/venv/lib/python3.12/site-packages/oslo_config/cfg.py:3560}}
Aug 13 20:13:47.809393 np0000007259 nova-scheduler[96740]: DEBUG cotyledon.oslo_config_glue [-] oslo_messaging_rabbit.amqp_auto_delete = False {{(pid=96740) log_opt_values /opt/stack/data/venv/lib/python3.12/site-packages/oslo_config/cfg.py:3560}}
Aug 13 20:13:47.809393 np0000007259 nova-scheduler[96740]: DEBUG cotyledon.oslo_config_glue [-] oslo_messaging_rabbit.amqp_durable_queues = False {{(pid=96740) log_opt_values /opt/stack/data/venv/lib/python3.12/site-packages/oslo_config/cfg.py:3560}}
Aug 13 20:13:47.809393 np0000007259 nova-scheduler[96740]: DEBUG cotyledon.oslo_config_glue [-] oslo_messaging_rabbit.conn_pool_min_size = 2 {{(pid=96740) log_opt_values /opt/stack/data/venv/lib/python3.12/site-packages/oslo_config/cfg.py:3560}}
Aug 13 20:13:47.809393 np0000007259 nova-scheduler[96740]: DEBUG cotyledon.oslo_config_glue [-] oslo_messaging_rabbit.conn_pool_ttl = 1200 {{(pid=96740) log_opt_values /opt/stack/data/venv/lib/python3.12/site-packages/oslo_config/cfg.py:3560}}
Aug 13 20:13:47.809393 np0000007259 nova-scheduler[96740]: DEBUG cotyledon.oslo_config_glue [-] oslo_messaging_rabbit.direct_mandatory_flag = True {{(pid=96740) log_opt_values /opt/stack/data/venv/lib/python3.12/site-packages/oslo_config/cfg.py:3560}}
Aug 13 20:13:47.809628 np0000007259 nova-scheduler[96740]: DEBUG cotyledon.oslo_config_glue [-] oslo_messaging_rabbit.enable_cancel_on_failover = False {{(pid=96740) log_opt_values /opt/stack/data/venv/lib/python3.12/site-packages/oslo_config/cfg.py:3560}}
Aug 13 20:13:47.809628 np0000007259 nova-scheduler[96740]: DEBUG cotyledon.oslo_config_glue [-] oslo_messaging_rabbit.heartbeat_rate = 3 {{(pid=96740) log_opt_values /opt/stack/data/venv/lib/python3.12/site-packages/oslo_config/cfg.py:3560}}
Aug 13 20:13:47.809628 np0000007259 nova-scheduler[96740]: DEBUG cotyledon.oslo_config_glue [-] oslo_messaging_rabbit.heartbeat_timeout_threshold = 60 {{(pid=96740) log_opt_values /opt/stack/data/venv/lib/python3.12/site-packages/oslo_config/cfg.py:3560}}
Aug 13 20:13:47.809628 np0000007259 nova-scheduler[96740]: DEBUG cotyledon.oslo_config_glue [-] oslo_messaging_rabbit.hostname = np0000007259 {{(pid=96740) log_opt_values /opt/stack/data/venv/lib/python3.12/site-packages/oslo_config/cfg.py:3560}}
Aug 13 20:13:47.809628 np0000007259 nova-scheduler[96740]: DEBUG cotyledon.oslo_config_glue [-] oslo_messaging_rabbit.kombu_compression = None {{(pid=96740) log_opt_values /opt/stack/data/venv/lib/python3.12/site-packages/oslo_config/cfg.py:3560}}
Aug 13 20:13:47.809628 np0000007259 nova-scheduler[96740]: DEBUG cotyledon.oslo_config_glue [-] oslo_messaging_rabbit.kombu_failover_strategy = round-robin {{(pid=96740) log_opt_values /opt/stack/data/venv/lib/python3.12/site-packages/oslo_config/cfg.py:3560}}
Aug 13 20:13:47.809628 np0000007259 nova-scheduler[96740]: DEBUG cotyledon.oslo_config_glue [-] oslo_messaging_rabbit.kombu_missing_consumer_retry_timeout = 60 {{(pid=96740) log_opt_values /opt/stack/data/venv/lib/python3.12/site-packages/oslo_config/cfg.py:3560}}
Aug 13 20:13:47.809628 np0000007259 nova-scheduler[96740]: DEBUG cotyledon.oslo_config_glue [-] oslo_messaging_rabbit.kombu_reconnect_delay = 1.0 {{(pid=96740) log_opt_values /opt/stack/data/venv/lib/python3.12/site-packages/oslo_config/cfg.py:3560}}
Aug 13 20:13:47.809628 np0000007259 nova-scheduler[96740]: DEBUG cotyledon.oslo_config_glue [-] oslo_messaging_rabbit.kombu_reconnect_splay = 0.0 {{(pid=96740) log_opt_values /opt/stack/data/venv/lib/python3.12/site-packages/oslo_config/cfg.py:3560}}
Aug 13 20:13:47.809813 np0000007259 nova-scheduler[96740]: DEBUG cotyledon.oslo_config_glue [-] oslo_messaging_rabbit.processname = nova-scheduler {{(pid=96740) log_opt_values /opt/stack/data/venv/lib/python3.12/site-packages/oslo_config/cfg.py:3560}}
Aug 13 20:13:47.809813 np0000007259 nova-scheduler[96740]: DEBUG cotyledon.oslo_config_glue [-] oslo_messaging_rabbit.rabbit_ha_queues = False {{(pid=96740) log_opt_values /opt/stack/data/venv/lib/python3.12/site-packages/oslo_config/cfg.py:3560}}
Aug 13 20:13:47.809813 np0000007259 nova-scheduler[96740]: DEBUG cotyledon.oslo_config_glue [-] oslo_messaging_rabbit.rabbit_interval_max = 30 {{(pid=96740) log_opt_values /opt/stack/data/venv/lib/python3.12/site-packages/oslo_config/cfg.py:3560}}
Aug 13 20:13:47.809813 np0000007259 nova-scheduler[96740]: DEBUG cotyledon.oslo_config_glue [-] oslo_messaging_rabbit.rabbit_login_method = AMQPLAIN {{(pid=96740) log_opt_values /opt/stack/data/venv/lib/python3.12/site-packages/oslo_config/cfg.py:3560}}
Aug 13 20:13:47.809813 np0000007259 nova-scheduler[96740]: DEBUG cotyledon.oslo_config_glue [-] oslo_messaging_rabbit.rabbit_qos_prefetch_count = 0 {{(pid=96740) log_opt_values /opt/stack/data/venv/lib/python3.12/site-packages/oslo_config/cfg.py:3560}}
Aug 13 20:13:47.809813 np0000007259 nova-scheduler[96740]: DEBUG cotyledon.oslo_config_glue [-] oslo_messaging_rabbit.rabbit_quorum_delivery_limit = 0 {{(pid=96740) log_opt_values /opt/stack/data/venv/lib/python3.12/site-packages/oslo_config/cfg.py:3560}}
Aug 13 20:13:47.809813 np0000007259 nova-scheduler[96740]: DEBUG cotyledon.oslo_config_glue [-] oslo_messaging_rabbit.rabbit_quorum_max_memory_bytes = 0 {{(pid=96740) log_opt_values /opt/stack/data/venv/lib/python3.12/site-packages/oslo_config/cfg.py:3560}}
Aug 13 20:13:47.809813 np0000007259 nova-scheduler[96740]: DEBUG cotyledon.oslo_config_glue [-] oslo_messaging_rabbit.rabbit_quorum_max_memory_length = 0 {{(pid=96740) log_opt_values /opt/stack/data/venv/lib/python3.12/site-packages/oslo_config/cfg.py:3560}}
Aug 13 20:13:47.809813 np0000007259 nova-scheduler[96740]: DEBUG cotyledon.oslo_config_glue [-] oslo_messaging_rabbit.rabbit_quorum_queue = False {{(pid=96740) log_opt_values /opt/stack/data/venv/lib/python3.12/site-packages/oslo_config/cfg.py:3560}}
Aug 13 20:13:47.810002 np0000007259 nova-scheduler[96740]: DEBUG cotyledon.oslo_config_glue [-] oslo_messaging_rabbit.rabbit_retry_backoff = 2 {{(pid=96740) log_opt_values /opt/stack/data/venv/lib/python3.12/site-packages/oslo_config/cfg.py:3560}}
Aug 13 20:13:47.810002 np0000007259 nova-scheduler[96740]: DEBUG cotyledon.oslo_config_glue [-] oslo_messaging_rabbit.rabbit_retry_interval = 1 {{(pid=96740) log_opt_values /opt/stack/data/venv/lib/python3.12/site-packages/oslo_config/cfg.py:3560}}
Aug 13 20:13:47.810002 np0000007259 nova-scheduler[96740]: DEBUG cotyledon.oslo_config_glue [-] oslo_messaging_rabbit.rabbit_stream_fanout = False {{(pid=96740) log_opt_values /opt/stack/data/venv/lib/python3.12/site-packages/oslo_config/cfg.py:3560}}
Aug 13 20:13:47.810002 np0000007259 nova-scheduler[96740]: DEBUG cotyledon.oslo_config_glue [-] oslo_messaging_rabbit.rabbit_transient_queues_ttl = 1800 {{(pid=96740) log_opt_values /opt/stack/data/venv/lib/python3.12/site-packages/oslo_config/cfg.py:3560}}
Aug 13 20:13:47.810002 np0000007259 nova-scheduler[96740]: DEBUG cotyledon.oslo_config_glue [-] oslo_messaging_rabbit.rabbit_transient_quorum_queue = False {{(pid=96740) log_opt_values /opt/stack/data/venv/lib/python3.12/site-packages/oslo_config/cfg.py:3560}}
Aug 13 20:13:47.810002 np0000007259 nova-scheduler[96740]: DEBUG cotyledon.oslo_config_glue [-] oslo_messaging_rabbit.rpc_conn_pool_size = 30 {{(pid=96740) log_opt_values /opt/stack/data/venv/lib/python3.12/site-packages/oslo_config/cfg.py:3560}}
Aug 13 20:13:47.810002 np0000007259 nova-scheduler[96740]: DEBUG cotyledon.oslo_config_glue [-] oslo_messaging_rabbit.ssl = False {{(pid=96740) log_opt_values /opt/stack/data/venv/lib/python3.12/site-packages/oslo_config/cfg.py:3560}}
Aug 13 20:13:47.810002 np0000007259 nova-scheduler[96740]: DEBUG cotyledon.oslo_config_glue [-] oslo_messaging_rabbit.ssl_ca_file = {{(pid=96740) log_opt_values /opt/stack/data/venv/lib/python3.12/site-packages/oslo_config/cfg.py:3560}}
Aug 13 20:13:47.810002 np0000007259 nova-scheduler[96740]: DEBUG cotyledon.oslo_config_glue [-] oslo_messaging_rabbit.ssl_cert_file = {{(pid=96740) log_opt_values /opt/stack/data/venv/lib/python3.12/site-packages/oslo_config/cfg.py:3560}}
Aug 13 20:13:47.810156 np0000007259 nova-scheduler[96740]: DEBUG cotyledon.oslo_config_glue [-] oslo_messaging_rabbit.ssl_enforce_fips_mode = False {{(pid=96740) log_opt_values /opt/stack/data/venv/lib/python3.12/site-packages/oslo_config/cfg.py:3560}}
Aug 13 20:13:47.810156 np0000007259 nova-scheduler[96740]: DEBUG cotyledon.oslo_config_glue [-] oslo_messaging_rabbit.ssl_enforce_hostname_verification = True {{(pid=96740) log_opt_values /opt/stack/data/venv/lib/python3.12/site-packages/oslo_config/cfg.py:3560}}
Aug 13 20:13:47.810156 np0000007259 nova-scheduler[96740]: DEBUG cotyledon.oslo_config_glue [-] oslo_messaging_rabbit.ssl_key_file = {{(pid=96740) log_opt_values /opt/stack/data/venv/lib/python3.12/site-packages/oslo_config/cfg.py:3560}}
Aug 13 20:13:47.810156 np0000007259 nova-scheduler[96740]: DEBUG cotyledon.oslo_config_glue [-] oslo_messaging_rabbit.ssl_version = {{(pid=96740) log_opt_values /opt/stack/data/venv/lib/python3.12/site-packages/oslo_config/cfg.py:3560}}
Aug 13 20:13:47.810156 np0000007259 nova-scheduler[96740]: DEBUG cotyledon.oslo_config_glue [-] oslo_messaging_rabbit.use_queue_manager = False {{(pid=96740) log_opt_values /opt/stack/data/venv/lib/python3.12/site-packages/oslo_config/cfg.py:3560}}
Aug 13 20:13:47.810156 np0000007259 nova-scheduler[96740]: DEBUG cotyledon.oslo_config_glue [-] oslo_messaging_notifications.driver = ['messagingv2'] {{(pid=96740) log_opt_values /opt/stack/data/venv/lib/python3.12/site-packages/oslo_config/cfg.py:3560}}
Aug 13 20:13:47.810156 np0000007259 nova-scheduler[96740]: DEBUG cotyledon.oslo_config_glue [-] oslo_messaging_notifications.retry = -1 {{(pid=96740) log_opt_values /opt/stack/data/venv/lib/python3.12/site-packages/oslo_config/cfg.py:3560}}
Aug 13 20:13:47.810156 np0000007259 nova-scheduler[96740]: DEBUG cotyledon.oslo_config_glue [-] oslo_messaging_notifications.topics = ['notifications'] {{(pid=96740) log_opt_values /opt/stack/data/venv/lib/python3.12/site-packages/oslo_config/cfg.py:3560}}
Aug 13 20:13:47.810156 np0000007259 nova-scheduler[96740]: DEBUG cotyledon.oslo_config_glue [-] oslo_messaging_notifications.transport_url = **** {{(pid=96740) log_opt_values /opt/stack/data/venv/lib/python3.12/site-packages/oslo_config/cfg.py:3560}}
Aug 13 20:13:47.810360 np0000007259 nova-scheduler[96740]: DEBUG cotyledon.oslo_config_glue [-] oslo_limit.auth_section = None {{(pid=96740) log_opt_values /opt/stack/data/venv/lib/python3.12/site-packages/oslo_config/cfg.py:3560}}
Aug 13 20:13:47.810360 np0000007259 nova-scheduler[96740]: DEBUG cotyledon.oslo_config_glue [-] oslo_limit.auth_type = None {{(pid=96740) log_opt_values /opt/stack/data/venv/lib/python3.12/site-packages/oslo_config/cfg.py:3560}}
Aug 13 20:13:47.810360 np0000007259 nova-scheduler[96740]: DEBUG cotyledon.oslo_config_glue [-] oslo_limit.cafile = None {{(pid=96740) log_opt_values /opt/stack/data/venv/lib/python3.12/site-packages/oslo_config/cfg.py:3560}}
Aug 13 20:13:47.810360 np0000007259 nova-scheduler[96740]: DEBUG cotyledon.oslo_config_glue [-] oslo_limit.certfile = None {{(pid=96740) log_opt_values /opt/stack/data/venv/lib/python3.12/site-packages/oslo_config/cfg.py:3560}}
Aug 13 20:13:47.810360 np0000007259 nova-scheduler[96740]: DEBUG cotyledon.oslo_config_glue [-] oslo_limit.collect_timing = False {{(pid=96740) log_opt_values /opt/stack/data/venv/lib/python3.12/site-packages/oslo_config/cfg.py:3560}}
Aug 13 20:13:47.810360 np0000007259 nova-scheduler[96740]: DEBUG cotyledon.oslo_config_glue [-] oslo_limit.connect_retries = None {{(pid=96740) log_opt_values /opt/stack/data/venv/lib/python3.12/site-packages/oslo_config/cfg.py:3560}}
Aug 13 20:13:47.810360 np0000007259 nova-scheduler[96740]: DEBUG cotyledon.oslo_config_glue [-] oslo_limit.connect_retry_delay = None {{(pid=96740) log_opt_values /opt/stack/data/venv/lib/python3.12/site-packages/oslo_config/cfg.py:3560}}
Aug 13 20:13:47.810360 np0000007259 nova-scheduler[96740]: DEBUG cotyledon.oslo_config_glue [-] oslo_limit.endpoint_id = None {{(pid=96740) log_opt_values /opt/stack/data/venv/lib/python3.12/site-packages/oslo_config/cfg.py:3560}}
Aug 13 20:13:47.810360 np0000007259 nova-scheduler[96740]: DEBUG cotyledon.oslo_config_glue [-] oslo_limit.endpoint_interface = public {{(pid=96740) log_opt_values /opt/stack/data/venv/lib/python3.12/site-packages/oslo_config/cfg.py:3560}}
Aug 13 20:13:47.810635 np0000007259 nova-scheduler[96740]: DEBUG cotyledon.oslo_config_glue [-] oslo_limit.endpoint_override = None {{(pid=96740) log_opt_values /opt/stack/data/venv/lib/python3.12/site-packages/oslo_config/cfg.py:3560}}
Aug 13 20:13:47.810635 np0000007259 nova-scheduler[96740]: DEBUG cotyledon.oslo_config_glue [-] oslo_limit.endpoint_region_name = None {{(pid=96740) log_opt_values /opt/stack/data/venv/lib/python3.12/site-packages/oslo_config/cfg.py:3560}}
Aug 13 20:13:47.810635 np0000007259 nova-scheduler[96740]: DEBUG cotyledon.oslo_config_glue [-] oslo_limit.endpoint_service_name = None {{(pid=96740) log_opt_values /opt/stack/data/venv/lib/python3.12/site-packages/oslo_config/cfg.py:3560}}
Aug 13 20:13:47.810635 np0000007259 nova-scheduler[96740]: DEBUG cotyledon.oslo_config_glue [-] oslo_limit.endpoint_service_type = None {{(pid=96740) log_opt_values /opt/stack/data/venv/lib/python3.12/site-packages/oslo_config/cfg.py:3560}}
Aug 13 20:13:47.810635 np0000007259 nova-scheduler[96740]: DEBUG cotyledon.oslo_config_glue [-] oslo_limit.insecure = False {{(pid=96740) log_opt_values /opt/stack/data/venv/lib/python3.12/site-packages/oslo_config/cfg.py:3560}}
Aug 13 20:13:47.810635 np0000007259 nova-scheduler[96740]: DEBUG cotyledon.oslo_config_glue [-] oslo_limit.keyfile = None {{(pid=96740) log_opt_values /opt/stack/data/venv/lib/python3.12/site-packages/oslo_config/cfg.py:3560}}
Aug 13 20:13:47.810635 np0000007259 nova-scheduler[96740]: DEBUG cotyledon.oslo_config_glue [-] oslo_limit.max_version = None {{(pid=96740) log_opt_values /opt/stack/data/venv/lib/python3.12/site-packages/oslo_config/cfg.py:3560}}
Aug 13 20:13:47.810635 np0000007259 nova-scheduler[96740]: DEBUG cotyledon.oslo_config_glue [-] oslo_limit.min_version = None {{(pid=96740) log_opt_values /opt/stack/data/venv/lib/python3.12/site-packages/oslo_config/cfg.py:3560}}
Aug 13 20:13:47.810635 np0000007259 nova-scheduler[96740]: DEBUG cotyledon.oslo_config_glue [-] oslo_limit.region_name = None {{(pid=96740) log_opt_values /opt/stack/data/venv/lib/python3.12/site-packages/oslo_config/cfg.py:3560}}
Aug 13 20:13:47.810827 np0000007259 nova-scheduler[96740]: DEBUG cotyledon.oslo_config_glue [-] oslo_limit.retriable_status_codes = None {{(pid=96740) log_opt_values /opt/stack/data/venv/lib/python3.12/site-packages/oslo_config/cfg.py:3560}}
Aug 13 20:13:47.810827 np0000007259 nova-scheduler[96740]: DEBUG cotyledon.oslo_config_glue [-] oslo_limit.service_name = None {{(pid=96740) log_opt_values /opt/stack/data/venv/lib/python3.12/site-packages/oslo_config/cfg.py:3560}}
Aug 13 20:13:47.810827 np0000007259 nova-scheduler[96740]: DEBUG cotyledon.oslo_config_glue [-] oslo_limit.service_type = None {{(pid=96740) log_opt_values /opt/stack/data/venv/lib/python3.12/site-packages/oslo_config/cfg.py:3560}}
Aug 13 20:13:47.810827 np0000007259 nova-scheduler[96740]: DEBUG cotyledon.oslo_config_glue [-] oslo_limit.split_loggers = False {{(pid=96740) log_opt_values /opt/stack/data/venv/lib/python3.12/site-packages/oslo_config/cfg.py:3560}}
Aug 13 20:13:47.810827 np0000007259 nova-scheduler[96740]: DEBUG cotyledon.oslo_config_glue [-] oslo_limit.status_code_retries = None {{(pid=96740) log_opt_values /opt/stack/data/venv/lib/python3.12/site-packages/oslo_config/cfg.py:3560}}
Aug 13 20:13:47.810827 np0000007259 nova-scheduler[96740]: DEBUG cotyledon.oslo_config_glue [-] oslo_limit.status_code_retry_delay = None {{(pid=96740) log_opt_values /opt/stack/data/venv/lib/python3.12/site-packages/oslo_config/cfg.py:3560}}
Aug 13 20:13:47.810827 np0000007259 nova-scheduler[96740]: DEBUG cotyledon.oslo_config_glue [-] oslo_limit.timeout = None {{(pid=96740) log_opt_values /opt/stack/data/venv/lib/python3.12/site-packages/oslo_config/cfg.py:3560}}
Aug 13 20:13:47.810827 np0000007259 nova-scheduler[96740]: DEBUG cotyledon.oslo_config_glue [-] oslo_limit.valid_interfaces = None {{(pid=96740) log_opt_values /opt/stack/data/venv/lib/python3.12/site-packages/oslo_config/cfg.py:3560}}
Aug 13 20:13:47.810827 np0000007259 nova-scheduler[96740]: DEBUG cotyledon.oslo_config_glue [-] oslo_limit.version = None {{(pid=96740) log_opt_values /opt/stack/data/venv/lib/python3.12/site-packages/oslo_config/cfg.py:3560}}
Aug 13 20:13:47.811014 np0000007259 nova-scheduler[96740]: DEBUG cotyledon.oslo_config_glue [-] oslo_reports.file_event_handler = None {{(pid=96740) log_opt_values /opt/stack/data/venv/lib/python3.12/site-packages/oslo_config/cfg.py:3560}}
Aug 13 20:13:47.811014 np0000007259 nova-scheduler[96740]: DEBUG cotyledon.oslo_config_glue [-] oslo_reports.file_event_handler_interval = 1 {{(pid=96740) log_opt_values /opt/stack/data/venv/lib/python3.12/site-packages/oslo_config/cfg.py:3560}}
Aug 13 20:13:47.811014 np0000007259 nova-scheduler[96740]: DEBUG cotyledon.oslo_config_glue [-] oslo_reports.log_dir = None {{(pid=96740) log_opt_values /opt/stack/data/venv/lib/python3.12/site-packages/oslo_config/cfg.py:3560}}
Aug 13 20:13:47.811014 np0000007259 nova-scheduler[96740]: DEBUG cotyledon.oslo_config_glue [-] ******************************************************************************** {{(pid=96740) log_opt_values /opt/stack/data/venv/lib/python3.12/site-packages/oslo_config/cfg.py:3567}}
Aug 13 20:13:47.811014 np0000007259 nova-scheduler[96740]: DEBUG cotyledon._service_worker [-] Run service ServiceWrapper(2) [96740] {{(pid=96740) wait_forever /opt/stack/data/venv/lib/python3.12/site-packages/cotyledon/_service_worker.py:218}}
Aug 13 20:13:47.811014 np0000007259 nova-scheduler[96740]: INFO nova.service [-] Starting scheduler node (version 33.1.0)
Aug 13 20:13:47.811014 np0000007259 nova-scheduler[96740]: INFO dbcounter [None req-08a37758-5ce2-40a7-a106-9851e2471a1a None None] Registered counter for database nova_cell0
Aug 13 20:13:47.811209 np0000007259 nova-scheduler[96732]: DEBUG oslo_db.sqlalchemy.engines [None req-cbad7a6b-5ae4-4b35-8b7c-913ff9970d3b None None] MySQL server mode set to STRICT_TRANS_TABLES,STRICT_ALL_TABLES,NO_ZERO_IN_DATE,NO_ZERO_DATE,ERROR_FOR_DIVISION_BY_ZERO,TRADITIONAL,NO_ENGINE_SUBSTITUTION {{(pid=96732) _check_effective_sql_mode /opt/stack/data/venv/lib/python3.12/site-packages/oslo_db/sqlalchemy/engines.py:325}}
Aug 13 20:13:47.811257 np0000007259 nova-scheduler[96734]: DEBUG oslo_db.sqlalchemy.engines [None req-85be23df-c692-45da-9348-0bbe06405370 None None] MySQL server mode set to STRICT_TRANS_TABLES,STRICT_ALL_TABLES,NO_ZERO_IN_DATE,NO_ZERO_DATE,ERROR_FOR_DIVISION_BY_ZERO,TRADITIONAL,NO_ENGINE_SUBSTITUTION {{(pid=96734) _check_effective_sql_mode /opt/stack/data/venv/lib/python3.12/site-packages/oslo_db/sqlalchemy/engines.py:325}}
Aug 13 20:13:47.811290 np0000007259 nova-scheduler[96732]: DEBUG dbcounter [-] [96732] Writer thread running {{(pid=96732) stat_writer /opt/stack/data/venv/lib/python3.12/site-packages/dbcounter.py:102}}
Aug 13 20:13:47.811314 np0000007259 nova-scheduler[96734]: DEBUG dbcounter [-] [96734] Writer thread running {{(pid=96734) stat_writer /opt/stack/data/venv/lib/python3.12/site-packages/dbcounter.py:102}}
Aug 13 20:13:47.811335 np0000007259 nova-scheduler[96740]: DEBUG oslo_db.sqlalchemy.engines [None req-08a37758-5ce2-40a7-a106-9851e2471a1a None None] MySQL server mode set to STRICT_TRANS_TABLES,STRICT_ALL_TABLES,NO_ZERO_IN_DATE,NO_ZERO_DATE,ERROR_FOR_DIVISION_BY_ZERO,TRADITIONAL,NO_ENGINE_SUBSTITUTION {{(pid=96740) _check_effective_sql_mode /opt/stack/data/venv/lib/python3.12/site-packages/oslo_db/sqlalchemy/engines.py:325}}
Aug 13 20:13:47.811357 np0000007259 nova-scheduler[96732]: DEBUG nova.service [None req-cbad7a6b-5ae4-4b35-8b7c-913ff9970d3b None None] Creating RPC server for service: nova-scheduler on topic: scheduler {{(pid=96732) start /opt/stack/nova/nova/service.py:196}}
Aug 13 20:13:47.811383 np0000007259 nova-scheduler[96743]: DEBUG oslo_db.sqlalchemy.engines [None req-0182d296-fe42-4eb9-b9e7-0fc4b7135ed2 None None] MySQL server mode set to STRICT_TRANS_TABLES,STRICT_ALL_TABLES,NO_ZERO_IN_DATE,NO_ZERO_DATE,ERROR_FOR_DIVISION_BY_ZERO,TRADITIONAL,NO_ENGINE_SUBSTITUTION {{(pid=96743) _check_effective_sql_mode /opt/stack/data/venv/lib/python3.12/site-packages/oslo_db/sqlalchemy/engines.py:325}}
Aug 13 20:13:47.811405 np0000007259 nova-scheduler[96740]: DEBUG dbcounter [-] [96740] Writer thread running {{(pid=96740) stat_writer /opt/stack/data/venv/lib/python3.12/site-packages/dbcounter.py:102}}
Aug 13 20:13:47.811428 np0000007259 nova-scheduler[96734]: DEBUG nova.service [None req-85be23df-c692-45da-9348-0bbe06405370 None None] Creating RPC server for service: nova-scheduler on topic: scheduler {{(pid=96734) start /opt/stack/nova/nova/service.py:196}}
Aug 13 20:13:47.811449 np0000007259 nova-scheduler[96740]: DEBUG nova.service [None req-08a37758-5ce2-40a7-a106-9851e2471a1a None None] Creating RPC server for service: nova-scheduler on topic: scheduler {{(pid=96740) start /opt/stack/nova/nova/service.py:196}}
Aug 13 20:13:47.811473 np0000007259 nova-scheduler[96743]: DEBUG dbcounter [-] [96743] Writer thread running {{(pid=96743) stat_writer /opt/stack/data/venv/lib/python3.12/site-packages/dbcounter.py:102}}
Aug 13 20:13:47.811473 np0000007259 nova-scheduler[96743]: DEBUG nova.service [None req-0182d296-fe42-4eb9-b9e7-0fc4b7135ed2 None None] Creating RPC server for service: nova-scheduler on topic: scheduler {{(pid=96743) start /opt/stack/nova/nova/service.py:196}}
Aug 13 20:13:47.815158 np0000007259 nova-scheduler[96732]: DEBUG nova.service [None req-cbad7a6b-5ae4-4b35-8b7c-913ff9970d3b None None] Join ServiceGroup membership for this service scheduler {{(pid=96732) start /opt/stack/nova/nova/service.py:222}}
Aug 13 20:13:47.815353 np0000007259 nova-scheduler[96732]: DEBUG nova.servicegroup.drivers.db [None req-cbad7a6b-5ae4-4b35-8b7c-913ff9970d3b None None] DB_Driver: join new ServiceGroup member np0000007259 to the scheduler group, service = {{(pid=96732) join /opt/stack/nova/nova/servicegroup/drivers/db.py:44}}
Aug 13 20:13:47.815645 np0000007259 nova-scheduler[96734]: DEBUG nova.service [None req-85be23df-c692-45da-9348-0bbe06405370 None None] Join ServiceGroup membership for this service scheduler {{(pid=96734) start /opt/stack/nova/nova/service.py:222}}
Aug 13 20:13:47.815858 np0000007259 nova-scheduler[96734]: DEBUG nova.servicegroup.drivers.db [None req-85be23df-c692-45da-9348-0bbe06405370 None None] DB_Driver: join new ServiceGroup member np0000007259 to the scheduler group, service = {{(pid=96734) join /opt/stack/nova/nova/servicegroup/drivers/db.py:44}}
Aug 13 20:13:47.819522 np0000007259 nova-scheduler[96740]: DEBUG nova.service [None req-08a37758-5ce2-40a7-a106-9851e2471a1a None None] Join ServiceGroup membership for this service scheduler {{(pid=96740) start /opt/stack/nova/nova/service.py:222}}
Aug 13 20:13:47.819823 np0000007259 nova-scheduler[96740]: DEBUG nova.servicegroup.drivers.db [None req-08a37758-5ce2-40a7-a106-9851e2471a1a None None] DB_Driver: join new ServiceGroup member np0000007259 to the scheduler group, service = {{(pid=96740) join /opt/stack/nova/nova/servicegroup/drivers/db.py:44}}
Aug 13 20:13:47.821324 np0000007259 nova-scheduler[96743]: DEBUG nova.service [None req-0182d296-fe42-4eb9-b9e7-0fc4b7135ed2 None None] Join ServiceGroup membership for this service scheduler {{(pid=96743) start /opt/stack/nova/nova/service.py:222}}
Aug 13 20:13:47.821585 np0000007259 nova-scheduler[96743]: DEBUG nova.servicegroup.drivers.db [None req-0182d296-fe42-4eb9-b9e7-0fc4b7135ed2 None None] DB_Driver: join new ServiceGroup member np0000007259 to the scheduler group, service = {{(pid=96743) join /opt/stack/nova/nova/servicegroup/drivers/db.py:44}}
Aug 13 20:13:52.829472 np0000007259 nova-scheduler[96734]: DEBUG oslo.service.backend._threading.loopingcall [-] Fixed interval looping call 'nova.servicegroup.drivers.db.DbDriver._report_state' sleeping for 119.99 seconds {{(pid=96734) _run_loop /opt/stack/data/venv/lib/python3.12/site-packages/oslo_service/backend/_threading/loopingcall.py:125}}
Aug 13 20:13:52.829805 np0000007259 nova-scheduler[96732]: DEBUG oslo.service.backend._threading.loopingcall [-] Fixed interval looping call 'nova.servicegroup.drivers.db.DbDriver._report_state' sleeping for 119.99 seconds {{(pid=96732) _run_loop /opt/stack/data/venv/lib/python3.12/site-packages/oslo_service/backend/_threading/loopingcall.py:125}}
Aug 13 20:13:52.832637 np0000007259 nova-scheduler[96740]: DEBUG oslo.service.backend._threading.loopingcall [-] Fixed interval looping call 'nova.servicegroup.drivers.db.DbDriver._report_state' sleeping for 119.99 seconds {{(pid=96740) _run_loop /opt/stack/data/venv/lib/python3.12/site-packages/oslo_service/backend/_threading/loopingcall.py:125}}
Aug 13 20:13:52.833934 np0000007259 nova-scheduler[96743]: DEBUG oslo.service.backend._threading.loopingcall [-] Fixed interval looping call 'nova.servicegroup.drivers.db.DbDriver._report_state' sleeping for 119.99 seconds {{(pid=96743) _run_loop /opt/stack/data/venv/lib/python3.12/site-packages/oslo_service/backend/_threading/loopingcall.py:125}}
Aug 13 20:13:56.348265 np0000007259 nova-scheduler[95519]: DEBUG dbcounter [-] [95519] Writing DB stats nova_api:SELECT=3 {{(pid=95519) stat_writer /opt/stack/data/venv/lib/python3.12/site-packages/dbcounter.py:115}}
Aug 13 20:13:56.496397 np0000007259 nova-scheduler[95519]: DEBUG dbcounter [-] [95519] Writing DB stats nova_cell1:SELECT=1 {{(pid=95519) stat_writer /opt/stack/data/venv/lib/python3.12/site-packages/dbcounter.py:115}}
Aug 13 20:13:56.500038 np0000007259 nova-scheduler[95519]: DEBUG dbcounter [-] [95519] Writing DB stats nova_cell0:SELECT=1 {{(pid=95519) stat_writer /opt/stack/data/venv/lib/python3.12/site-packages/dbcounter.py:115}}
Aug 13 20:14:02.823540 np0000007259 nova-scheduler[96743]: DEBUG oslo.service.backend._threading.loopingcall [None req-5a4aa560-f03d-428a-9adc-6ce0cfced9a2 None None] Dynamic interval looping call 'nova.service.Service.periodic_tasks' sleeping for 60.00 seconds {{(pid=96743) _run_loop /opt/stack/data/venv/lib/python3.12/site-packages/oslo_service/backend/_threading/loopingcall.py:125}}
Aug 13 20:14:02.826710 np0000007259 nova-scheduler[96734]: DEBUG dbcounter [-] [96734] Writing DB stats nova_cell0:SELECT=5,nova_cell0:INSERT=1,nova_cell0:UPDATE=1 {{(pid=96734) stat_writer /opt/stack/data/venv/lib/python3.12/site-packages/dbcounter.py:115}}
Aug 13 20:14:02.827012 np0000007259 nova-scheduler[96732]: DEBUG dbcounter [-] [96732] Writing DB stats nova_cell0:SELECT=4,nova_cell0:INSERT=1,nova_cell0:UPDATE=1 {{(pid=96732) stat_writer /opt/stack/data/venv/lib/python3.12/site-packages/dbcounter.py:115}}
Aug 13 20:14:02.830337 np0000007259 nova-scheduler[96740]: DEBUG dbcounter [-] [96740] Writing DB stats nova_cell0:SELECT=3 {{(pid=96740) stat_writer /opt/stack/data/venv/lib/python3.12/site-packages/dbcounter.py:115}}
Aug 13 20:14:02.830584 np0000007259 nova-scheduler[96743]: DEBUG dbcounter [-] [96743] Writing DB stats nova_cell0:SELECT=3 {{(pid=96743) stat_writer /opt/stack/data/venv/lib/python3.12/site-packages/dbcounter.py:115}}
Aug 13 20:14:06.819502 np0000007259 nova-scheduler[96734]: DEBUG oslo.service.backend._threading.loopingcall [None req-6a89877b-51ee-4c5d-8c53-cd6918388e2d None None] Dynamic interval looping call 'nova.service.Service.periodic_tasks' sleeping for 60.00 seconds {{(pid=96734) _run_loop /opt/stack/data/venv/lib/python3.12/site-packages/oslo_service/backend/_threading/loopingcall.py:125}}
Aug 13 20:14:13.822040 np0000007259 nova-scheduler[96740]: DEBUG oslo.service.backend._threading.loopingcall [None req-c3f97c35-de20-4250-99a7-85529be459ac None None] Dynamic interval looping call 'nova.service.Service.periodic_tasks' sleeping for 60.00 seconds {{(pid=96740) _run_loop /opt/stack/data/venv/lib/python3.12/site-packages/oslo_service/backend/_threading/loopingcall.py:125}}
Aug 13 20:14:27.817423 np0000007259 nova-scheduler[96732]: DEBUG oslo.service.backend._threading.loopingcall [None req-5b8b10cf-b422-40b0-b769-d34524ee1a51 None None] Dynamic interval looping call 'nova.service.Service.periodic_tasks' sleeping for 60.00 seconds {{(pid=96732) _run_loop /opt/stack/data/venv/lib/python3.12/site-packages/oslo_service/backend/_threading/loopingcall.py:125}}
Aug 13 20:15:02.824043 np0000007259 nova-scheduler[96743]: DEBUG oslo.service.backend._threading.loopingcall [None req-5a4aa560-f03d-428a-9adc-6ce0cfced9a2 None None] Dynamic interval looping call 'nova.service.Service.periodic_tasks' sleeping for 60.00 seconds {{(pid=96743) _run_loop /opt/stack/data/venv/lib/python3.12/site-packages/oslo_service/backend/_threading/loopingcall.py:125}}
Aug 13 20:15:06.818644 np0000007259 nova-scheduler[96734]: DEBUG oslo.service.backend._threading.loopingcall [None req-6a89877b-51ee-4c5d-8c53-cd6918388e2d None None] Dynamic interval looping call 'nova.service.Service.periodic_tasks' sleeping for 60.00 seconds {{(pid=96734) _run_loop /opt/stack/data/venv/lib/python3.12/site-packages/oslo_service/backend/_threading/loopingcall.py:125}}
Aug 13 20:15:13.822504 np0000007259 nova-scheduler[96740]: DEBUG oslo.service.backend._threading.loopingcall [None req-c3f97c35-de20-4250-99a7-85529be459ac None None] Dynamic interval looping call 'nova.service.Service.periodic_tasks' sleeping for 60.00 seconds {{(pid=96740) _run_loop /opt/stack/data/venv/lib/python3.12/site-packages/oslo_service/backend/_threading/loopingcall.py:125}}
Aug 13 20:15:27.817837 np0000007259 nova-scheduler[96732]: DEBUG oslo.service.backend._threading.loopingcall [None req-5b8b10cf-b422-40b0-b769-d34524ee1a51 None None] Dynamic interval looping call 'nova.service.Service.periodic_tasks' sleeping for 60.00 seconds {{(pid=96732) _run_loop /opt/stack/data/venv/lib/python3.12/site-packages/oslo_service/backend/_threading/loopingcall.py:125}}
Aug 13 20:15:52.828435 np0000007259 nova-scheduler[96734]: DEBUG oslo.service.backend._threading.loopingcall [-] Fixed interval looping call 'nova.servicegroup.drivers.db.DbDriver._report_state' sleeping for 119.99 seconds {{(pid=96734) _run_loop /opt/stack/data/venv/lib/python3.12/site-packages/oslo_service/backend/_threading/loopingcall.py:125}}
Aug 13 20:15:52.829338 np0000007259 nova-scheduler[96732]: DEBUG oslo.service.backend._threading.loopingcall [-] Fixed interval looping call 'nova.servicegroup.drivers.db.DbDriver._report_state' sleeping for 119.99 seconds {{(pid=96732) _run_loop /opt/stack/data/venv/lib/python3.12/site-packages/oslo_service/backend/_threading/loopingcall.py:125}}
Aug 13 20:15:52.829651 np0000007259 nova-scheduler[96740]: DEBUG oslo.service.backend._threading.loopingcall [-] Fixed interval looping call 'nova.servicegroup.drivers.db.DbDriver._report_state' sleeping for 119.99 seconds {{(pid=96740) _run_loop /opt/stack/data/venv/lib/python3.12/site-packages/oslo_service/backend/_threading/loopingcall.py:125}}
Aug 13 20:15:52.833566 np0000007259 nova-scheduler[96743]: DEBUG oslo.service.backend._threading.loopingcall [-] Fixed interval looping call 'nova.servicegroup.drivers.db.DbDriver._report_state' sleeping for 119.99 seconds {{(pid=96743) _run_loop /opt/stack/data/venv/lib/python3.12/site-packages/oslo_service/backend/_threading/loopingcall.py:125}}
Aug 13 20:16:02.823014 np0000007259 nova-scheduler[96734]: DEBUG dbcounter [-] [96734] Writing DB stats nova_cell0:SELECT=1,nova_cell0:UPDATE=1 {{(pid=96734) stat_writer /opt/stack/data/venv/lib/python3.12/site-packages/dbcounter.py:115}}
Aug 13 20:16:02.824119 np0000007259 nova-scheduler[96732]: DEBUG dbcounter [-] [96732] Writing DB stats nova_cell0:SELECT=1,nova_cell0:UPDATE=1 {{(pid=96732) stat_writer /opt/stack/data/venv/lib/python3.12/site-packages/dbcounter.py:115}}
Aug 13 20:16:02.825071 np0000007259 nova-scheduler[96743]: DEBUG oslo.service.backend._threading.loopingcall [None req-5a4aa560-f03d-428a-9adc-6ce0cfced9a2 None None] Dynamic interval looping call 'nova.service.Service.periodic_tasks' sleeping for 60.00 seconds {{(pid=96743) _run_loop /opt/stack/data/venv/lib/python3.12/site-packages/oslo_service/backend/_threading/loopingcall.py:125}}
Aug 13 20:16:02.827542 np0000007259 nova-scheduler[96740]: DEBUG dbcounter [-] [96740] Writing DB stats nova_cell0:SELECT=1,nova_cell0:UPDATE=1 {{(pid=96740) stat_writer /opt/stack/data/venv/lib/python3.12/site-packages/dbcounter.py:115}}
Aug 13 20:16:02.831816 np0000007259 nova-scheduler[96743]: DEBUG dbcounter [-] [96743] Writing DB stats nova_cell0:SELECT=1,nova_cell0:UPDATE=1 {{(pid=96743) stat_writer /opt/stack/data/venv/lib/python3.12/site-packages/dbcounter.py:115}}
Aug 13 20:16:06.820226 np0000007259 nova-scheduler[96734]: DEBUG oslo.service.backend._threading.loopingcall [None req-6a89877b-51ee-4c5d-8c53-cd6918388e2d None None] Dynamic interval looping call 'nova.service.Service.periodic_tasks' sleeping for 60.00 seconds {{(pid=96734) _run_loop /opt/stack/data/venv/lib/python3.12/site-packages/oslo_service/backend/_threading/loopingcall.py:125}}
Aug 13 20:16:06.835000 np0000007259 nova-scheduler[96732]: DEBUG nova.scheduler.manager [None req-94c7747a-2251-4fff-958b-0e4752299d2f tempest-DeleteServersTestJSON-2021356798 tempest-DeleteServersTestJSON-2021356798-project-member] Starting to schedule for instances: ['177022fb-a1f7-4a81-9cb1-6fa2ba784d76'] {{(pid=96732) select_destinations /opt/stack/nova/nova/scheduler/manager.py:209}}
Aug 13 20:16:06.835408 np0000007259 nova-scheduler[96732]: DEBUG nova.scheduler.request_filter [None req-94c7747a-2251-4fff-958b-0e4752299d2f tempest-DeleteServersTestJSON-2021356798 tempest-DeleteServersTestJSON-2021356798-project-member] compute_status_filter request filter added forbidden trait COMPUTE_STATUS_DISABLED {{(pid=96732) compute_status_filter /opt/stack/nova/nova/scheduler/request_filter.py:253}}
Aug 13 20:16:06.835519 np0000007259 nova-scheduler[96732]: DEBUG nova.scheduler.request_filter [None req-94c7747a-2251-4fff-958b-0e4752299d2f tempest-DeleteServersTestJSON-2021356798 tempest-DeleteServersTestJSON-2021356798-project-member] Request filter 'compute_status_filter' took 0.0 seconds {{(pid=96732) wrapper /opt/stack/nova/nova/scheduler/request_filter.py:46}}
Aug 13 20:16:06.835722 np0000007259 nova-scheduler[96732]: DEBUG nova.scheduler.request_filter [None req-94c7747a-2251-4fff-958b-0e4752299d2f tempest-DeleteServersTestJSON-2021356798 tempest-DeleteServersTestJSON-2021356798-project-member] Request filter 'accelerators_filter' took 0.0 seconds {{(pid=96732) wrapper /opt/stack/nova/nova/scheduler/request_filter.py:46}}
Aug 13 20:16:06.835900 np0000007259 nova-scheduler[96732]: DEBUG nova.scheduler.request_filter [None req-94c7747a-2251-4fff-958b-0e4752299d2f tempest-DeleteServersTestJSON-2021356798 tempest-DeleteServersTestJSON-2021356798-project-member] Request filter 'packed_virtqueue_filter' took 0.0 seconds {{(pid=96732) wrapper /opt/stack/nova/nova/scheduler/request_filter.py:46}}
Aug 13 20:16:06.836365 np0000007259 nova-scheduler[96732]: DEBUG nova.scheduler.request_filter [None req-94c7747a-2251-4fff-958b-0e4752299d2f tempest-DeleteServersTestJSON-2021356798 tempest-DeleteServersTestJSON-2021356798-project-member] Request filter 'remote_managed_ports_filter' took 0.0 seconds {{(pid=96732) wrapper /opt/stack/nova/nova/scheduler/request_filter.py:46}}
Aug 13 20:16:06.836703 np0000007259 nova-scheduler[96732]: DEBUG nova.scheduler.request_filter [None req-94c7747a-2251-4fff-958b-0e4752299d2f tempest-DeleteServersTestJSON-2021356798 tempest-DeleteServersTestJSON-2021356798-project-member] ephemeral_encryption_filter skipped {{(pid=96732) ephemeral_encryption_filter /opt/stack/nova/nova/scheduler/request_filter.py:426}}
Aug 13 20:16:06.836825 np0000007259 nova-scheduler[96732]: DEBUG nova.scheduler.request_filter [None req-94c7747a-2251-4fff-958b-0e4752299d2f tempest-DeleteServersTestJSON-2021356798 tempest-DeleteServersTestJSON-2021356798-project-member] virtio_sound_filter skipped {{(pid=96732) virtio_sound_filter /opt/stack/nova/nova/scheduler/request_filter.py:460}}
Aug 13 20:16:06.836965 np0000007259 nova-scheduler[96732]: DEBUG nova.scheduler.request_filter [None req-94c7747a-2251-4fff-958b-0e4752299d2f tempest-DeleteServersTestJSON-2021356798 tempest-DeleteServersTestJSON-2021356798-project-member] tpm_secret_security_filter skipped {{(pid=96732) tpm_secret_security_filter /opt/stack/nova/nova/scheduler/request_filter.py:477}}
Aug 13 20:16:07.354372 np0000007259 nova-scheduler[96732]: INFO nova.utils [None req-94c7747a-2251-4fff-958b-0e4752299d2f tempest-DeleteServersTestJSON-2021356798 tempest-DeleteServersTestJSON-2021356798-project-member] The cell worker thread pool ForkProcess-1.cell_worker is initialized
Aug 13 20:16:07.354886 np0000007259 nova-scheduler[96732]: DEBUG oslo_concurrency.lockutils [None req-94c7747a-2251-4fff-958b-0e4752299d2f tempest-DeleteServersTestJSON-2021356798 tempest-DeleteServersTestJSON-2021356798-project-member] Acquiring lock "35194ea6-98d0-4c42-95d2-d28835e92d0d" by "nova.context.set_target_cell..get_or_set_cached_cell_and_set_connections" {{(pid=96732) inner /opt/stack/data/venv/lib/python3.12/site-packages/oslo_concurrency/lockutils.py:512}}
Aug 13 20:16:07.355185 np0000007259 nova-scheduler[96732]: DEBUG oslo_concurrency.lockutils [None req-94c7747a-2251-4fff-958b-0e4752299d2f tempest-DeleteServersTestJSON-2021356798 tempest-DeleteServersTestJSON-2021356798-project-member] Lock "35194ea6-98d0-4c42-95d2-d28835e92d0d" acquired by "nova.context.set_target_cell..get_or_set_cached_cell_and_set_connections" :: waited 0.000s {{(pid=96732) inner /opt/stack/data/venv/lib/python3.12/site-packages/oslo_concurrency/lockutils.py:525}}
Aug 13 20:16:07.357254 np0000007259 nova-scheduler[96732]: DEBUG oslo_concurrency.lockutils [None req-94c7747a-2251-4fff-958b-0e4752299d2f tempest-DeleteServersTestJSON-2021356798 tempest-DeleteServersTestJSON-2021356798-project-member] Lock "35194ea6-98d0-4c42-95d2-d28835e92d0d" "released" by "nova.context.set_target_cell..get_or_set_cached_cell_and_set_connections" :: held 0.002s {{(pid=96732) inner /opt/stack/data/venv/lib/python3.12/site-packages/oslo_concurrency/lockutils.py:544}}
Aug 13 20:16:07.361646 np0000007259 nova-scheduler[96732]: INFO dbcounter [None req-94c7747a-2251-4fff-958b-0e4752299d2f tempest-DeleteServersTestJSON-2021356798 tempest-DeleteServersTestJSON-2021356798-project-member] Registered counter for database nova_cell1
Aug 13 20:16:07.412666 np0000007259 nova-scheduler[96732]: DEBUG oslo_db.sqlalchemy.engines [None req-94c7747a-2251-4fff-958b-0e4752299d2f tempest-DeleteServersTestJSON-2021356798 tempest-DeleteServersTestJSON-2021356798-project-member] MySQL server mode set to STRICT_TRANS_TABLES,STRICT_ALL_TABLES,NO_ZERO_IN_DATE,NO_ZERO_DATE,ERROR_FOR_DIVISION_BY_ZERO,TRADITIONAL,NO_ENGINE_SUBSTITUTION {{(pid=96732) _check_effective_sql_mode /opt/stack/data/venv/lib/python3.12/site-packages/oslo_db/sqlalchemy/engines.py:325}}
Aug 13 20:16:07.417881 np0000007259 nova-scheduler[96732]: DEBUG dbcounter [-] [96732] Writer thread running {{(pid=96732) stat_writer /opt/stack/data/venv/lib/python3.12/site-packages/dbcounter.py:102}}
Aug 13 20:16:07.429377 np0000007259 nova-scheduler[96732]: DEBUG oslo_db.sqlalchemy.engines [None req-94c7747a-2251-4fff-958b-0e4752299d2f tempest-DeleteServersTestJSON-2021356798 tempest-DeleteServersTestJSON-2021356798-project-member] Parent process 95519 forked (96732) with an open database connection, which is being discarded and recreated. {{(pid=96732) checkout /opt/stack/data/venv/lib/python3.12/site-packages/oslo_db/sqlalchemy/engines.py:402}}
Aug 13 20:16:07.480158 np0000007259 nova-scheduler[96732]: DEBUG dbcounter [-] [96732] Writer thread running {{(pid=96732) stat_writer /opt/stack/data/venv/lib/python3.12/site-packages/dbcounter.py:102}}
Aug 13 20:16:07.483552 np0000007259 nova-scheduler[96732]: DEBUG oslo_concurrency.lockutils [None req-94c7747a-2251-4fff-958b-0e4752299d2f tempest-DeleteServersTestJSON-2021356798 tempest-DeleteServersTestJSON-2021356798-project-member] Acquiring lock "35194ea6-98d0-4c42-95d2-d28835e92d0d" by "nova.context.set_target_cell..get_or_set_cached_cell_and_set_connections" {{(pid=96732) inner /opt/stack/data/venv/lib/python3.12/site-packages/oslo_concurrency/lockutils.py:512}}
