Jul 24 20:00:40.096015 np0000005843 nova-scheduler[93505]: DEBUG cotyledon.oslo_config_glue [-] oslo_messaging_rabbit.rabbit_qos_prefetch_count = 0 {{(pid=93505) log_opt_values /opt/stack/data/venv/lib/python3.12/site-packages/oslo_config/cfg.py:3253}}
Jul 24 20:00:40.096015 np0000005843 nova-scheduler[93505]: DEBUG cotyledon.oslo_config_glue [-] oslo_messaging_rabbit.rabbit_quorum_delivery_limit = 0 {{(pid=93505) log_opt_values /opt/stack/data/venv/lib/python3.12/site-packages/oslo_config/cfg.py:3253}}
Jul 24 20:00:40.096015 np0000005843 nova-scheduler[93505]: DEBUG cotyledon.oslo_config_glue [-] oslo_messaging_rabbit.rabbit_quorum_max_memory_bytes = 0 {{(pid=93505) log_opt_values /opt/stack/data/venv/lib/python3.12/site-packages/oslo_config/cfg.py:3253}}
Jul 24 20:00:40.096015 np0000005843 nova-scheduler[93505]: DEBUG cotyledon.oslo_config_glue [-] oslo_messaging_rabbit.rabbit_quorum_max_memory_length = 0 {{(pid=93505) log_opt_values /opt/stack/data/venv/lib/python3.12/site-packages/oslo_config/cfg.py:3253}}
Jul 24 20:00:40.096015 np0000005843 nova-scheduler[93505]: DEBUG cotyledon.oslo_config_glue [-] oslo_messaging_rabbit.rabbit_quorum_queue = False {{(pid=93505) log_opt_values /opt/stack/data/venv/lib/python3.12/site-packages/oslo_config/cfg.py:3253}}
Jul 24 20:00:40.096015 np0000005843 nova-scheduler[93505]: DEBUG cotyledon.oslo_config_glue [-] oslo_messaging_rabbit.rabbit_retry_backoff = 2 {{(pid=93505) log_opt_values /opt/stack/data/venv/lib/python3.12/site-packages/oslo_config/cfg.py:3253}}
Jul 24 20:00:40.096015 np0000005843 nova-scheduler[93505]: DEBUG cotyledon.oslo_config_glue [-] oslo_messaging_rabbit.rabbit_retry_interval = 1 {{(pid=93505) log_opt_values /opt/stack/data/venv/lib/python3.12/site-packages/oslo_config/cfg.py:3253}}
Jul 24 20:00:40.096015 np0000005843 nova-scheduler[93505]: DEBUG cotyledon.oslo_config_glue [-] oslo_messaging_rabbit.rabbit_stream_fanout = False {{(pid=93505) log_opt_values /opt/stack/data/venv/lib/python3.12/site-packages/oslo_config/cfg.py:3253}}
Jul 24 20:00:40.096342 np0000005843 nova-scheduler[93505]: DEBUG cotyledon.oslo_config_glue [-] oslo_messaging_rabbit.rabbit_transient_queues_ttl = 1800 {{(pid=93505) log_opt_values /opt/stack/data/venv/lib/python3.12/site-packages/oslo_config/cfg.py:3253}}
Jul 24 20:00:40.096342 np0000005843 nova-scheduler[93505]: DEBUG cotyledon.oslo_config_glue [-] oslo_messaging_rabbit.rabbit_transient_quorum_queue = False {{(pid=93505) log_opt_values /opt/stack/data/venv/lib/python3.12/site-packages/oslo_config/cfg.py:3253}}
Jul 24 20:00:40.096342 np0000005843 nova-scheduler[93505]: DEBUG cotyledon.oslo_config_glue [-] oslo_messaging_rabbit.rpc_conn_pool_size = 30 {{(pid=93505) log_opt_values /opt/stack/data/venv/lib/python3.12/site-packages/oslo_config/cfg.py:3253}}
Jul 24 20:00:40.096342 np0000005843 nova-scheduler[93505]: DEBUG cotyledon.oslo_config_glue [-] oslo_messaging_rabbit.ssl = False {{(pid=93505) log_opt_values /opt/stack/data/venv/lib/python3.12/site-packages/oslo_config/cfg.py:3253}}
Jul 24 20:00:40.096342 np0000005843 nova-scheduler[93505]: DEBUG cotyledon.oslo_config_glue [-] oslo_messaging_rabbit.ssl_ca_file = {{(pid=93505) log_opt_values /opt/stack/data/venv/lib/python3.12/site-packages/oslo_config/cfg.py:3253}}
Jul 24 20:00:40.096342 np0000005843 nova-scheduler[93505]: DEBUG cotyledon.oslo_config_glue [-] oslo_messaging_rabbit.ssl_cert_file = {{(pid=93505) log_opt_values /opt/stack/data/venv/lib/python3.12/site-packages/oslo_config/cfg.py:3253}}
Jul 24 20:00:40.096342 np0000005843 nova-scheduler[93505]: DEBUG cotyledon.oslo_config_glue [-] oslo_messaging_rabbit.ssl_enforce_fips_mode = False {{(pid=93505) log_opt_values /opt/stack/data/venv/lib/python3.12/site-packages/oslo_config/cfg.py:3253}}
Jul 24 20:00:40.096342 np0000005843 nova-scheduler[93505]: DEBUG cotyledon.oslo_config_glue [-] oslo_messaging_rabbit.ssl_enforce_hostname_verification = True {{(pid=93505) log_opt_values /opt/stack/data/venv/lib/python3.12/site-packages/oslo_config/cfg.py:3253}}
Jul 24 20:00:40.096342 np0000005843 nova-scheduler[93505]: DEBUG cotyledon.oslo_config_glue [-] oslo_messaging_rabbit.ssl_key_file = {{(pid=93505) log_opt_values /opt/stack/data/venv/lib/python3.12/site-packages/oslo_config/cfg.py:3253}}
Jul 24 20:00:40.096672 np0000005843 nova-scheduler[93505]: DEBUG cotyledon.oslo_config_glue [-] oslo_messaging_rabbit.ssl_version = {{(pid=93505) log_opt_values /opt/stack/data/venv/lib/python3.12/site-packages/oslo_config/cfg.py:3253}}
Jul 24 20:00:40.096672 np0000005843 nova-scheduler[93505]: DEBUG cotyledon.oslo_config_glue [-] oslo_messaging_rabbit.use_queue_manager = False {{(pid=93505) log_opt_values /opt/stack/data/venv/lib/python3.12/site-packages/oslo_config/cfg.py:3253}}
Jul 24 20:00:40.096672 np0000005843 nova-scheduler[93505]: DEBUG cotyledon.oslo_config_glue [-] oslo_messaging_notifications.driver = ['messagingv2'] {{(pid=93505) log_opt_values /opt/stack/data/venv/lib/python3.12/site-packages/oslo_config/cfg.py:3253}}
Jul 24 20:00:40.096672 np0000005843 nova-scheduler[93505]: DEBUG cotyledon.oslo_config_glue [-] oslo_messaging_notifications.retry = -1 {{(pid=93505) log_opt_values /opt/stack/data/venv/lib/python3.12/site-packages/oslo_config/cfg.py:3253}}
Jul 24 20:00:40.096672 np0000005843 nova-scheduler[93505]: DEBUG cotyledon.oslo_config_glue [-] oslo_messaging_notifications.topics = ['notifications'] {{(pid=93505) log_opt_values /opt/stack/data/venv/lib/python3.12/site-packages/oslo_config/cfg.py:3253}}
Jul 24 20:00:40.096672 np0000005843 nova-scheduler[93505]: DEBUG cotyledon.oslo_config_glue [-] oslo_messaging_notifications.transport_url = **** {{(pid=93505) log_opt_values /opt/stack/data/venv/lib/python3.12/site-packages/oslo_config/cfg.py:3253}}
Jul 24 20:00:40.096672 np0000005843 nova-scheduler[93505]: DEBUG cotyledon.oslo_config_glue [-] oslo_limit.auth_section = None {{(pid=93505) log_opt_values /opt/stack/data/venv/lib/python3.12/site-packages/oslo_config/cfg.py:3253}}
Jul 24 20:00:40.096672 np0000005843 nova-scheduler[93505]: DEBUG cotyledon.oslo_config_glue [-] oslo_limit.auth_type = None {{(pid=93505) log_opt_values /opt/stack/data/venv/lib/python3.12/site-packages/oslo_config/cfg.py:3253}}
Jul 24 20:00:40.096672 np0000005843 nova-scheduler[93505]: DEBUG cotyledon.oslo_config_glue [-] oslo_limit.cafile = None {{(pid=93505) log_opt_values /opt/stack/data/venv/lib/python3.12/site-packages/oslo_config/cfg.py:3253}}
Jul 24 20:00:40.096959 np0000005843 nova-scheduler[93505]: DEBUG cotyledon.oslo_config_glue [-] oslo_limit.certfile = None {{(pid=93505) log_opt_values /opt/stack/data/venv/lib/python3.12/site-packages/oslo_config/cfg.py:3253}}
Jul 24 20:00:40.096959 np0000005843 nova-scheduler[93505]: DEBUG cotyledon.oslo_config_glue [-] oslo_limit.collect_timing = False {{(pid=93505) log_opt_values /opt/stack/data/venv/lib/python3.12/site-packages/oslo_config/cfg.py:3253}}
Jul 24 20:00:40.096959 np0000005843 nova-scheduler[93505]: DEBUG cotyledon.oslo_config_glue [-] oslo_limit.connect_retries = None {{(pid=93505) log_opt_values /opt/stack/data/venv/lib/python3.12/site-packages/oslo_config/cfg.py:3253}}
Jul 24 20:00:40.096959 np0000005843 nova-scheduler[93505]: DEBUG cotyledon.oslo_config_glue [-] oslo_limit.connect_retry_delay = None {{(pid=93505) log_opt_values /opt/stack/data/venv/lib/python3.12/site-packages/oslo_config/cfg.py:3253}}
Jul 24 20:00:40.096959 np0000005843 nova-scheduler[93505]: DEBUG cotyledon.oslo_config_glue [-] oslo_limit.endpoint_id = None {{(pid=93505) log_opt_values /opt/stack/data/venv/lib/python3.12/site-packages/oslo_config/cfg.py:3253}}
Jul 24 20:00:40.096959 np0000005843 nova-scheduler[93505]: DEBUG cotyledon.oslo_config_glue [-] oslo_limit.endpoint_interface = public {{(pid=93505) log_opt_values /opt/stack/data/venv/lib/python3.12/site-packages/oslo_config/cfg.py:3253}}
Jul 24 20:00:40.096959 np0000005843 nova-scheduler[93505]: DEBUG cotyledon.oslo_config_glue [-] oslo_limit.endpoint_override = None {{(pid=93505) log_opt_values /opt/stack/data/venv/lib/python3.12/site-packages/oslo_config/cfg.py:3253}}
Jul 24 20:00:40.096959 np0000005843 nova-scheduler[93505]: DEBUG cotyledon.oslo_config_glue [-] oslo_limit.endpoint_region_name = None {{(pid=93505) log_opt_values /opt/stack/data/venv/lib/python3.12/site-packages/oslo_config/cfg.py:3253}}
Jul 24 20:00:40.096959 np0000005843 nova-scheduler[93505]: DEBUG cotyledon.oslo_config_glue [-] oslo_limit.endpoint_service_name = None {{(pid=93505) log_opt_values /opt/stack/data/venv/lib/python3.12/site-packages/oslo_config/cfg.py:3253}}
Jul 24 20:00:40.097252 np0000005843 nova-scheduler[93505]: DEBUG cotyledon.oslo_config_glue [-] oslo_limit.endpoint_service_type = None {{(pid=93505) log_opt_values /opt/stack/data/venv/lib/python3.12/site-packages/oslo_config/cfg.py:3253}}
Jul 24 20:00:40.097252 np0000005843 nova-scheduler[93505]: DEBUG cotyledon.oslo_config_glue [-] oslo_limit.insecure = False {{(pid=93505) log_opt_values /opt/stack/data/venv/lib/python3.12/site-packages/oslo_config/cfg.py:3253}}
Jul 24 20:00:40.097252 np0000005843 nova-scheduler[93505]: DEBUG cotyledon.oslo_config_glue [-] oslo_limit.keyfile = None {{(pid=93505) log_opt_values /opt/stack/data/venv/lib/python3.12/site-packages/oslo_config/cfg.py:3253}}
Jul 24 20:00:40.097252 np0000005843 nova-scheduler[93505]: DEBUG cotyledon.oslo_config_glue [-] oslo_limit.max_version = None {{(pid=93505) log_opt_values /opt/stack/data/venv/lib/python3.12/site-packages/oslo_config/cfg.py:3253}}
Jul 24 20:00:40.097252 np0000005843 nova-scheduler[93505]: DEBUG cotyledon.oslo_config_glue [-] oslo_limit.min_version = None {{(pid=93505) log_opt_values /opt/stack/data/venv/lib/python3.12/site-packages/oslo_config/cfg.py:3253}}
Jul 24 20:00:40.097252 np0000005843 nova-scheduler[93505]: DEBUG cotyledon.oslo_config_glue [-] oslo_limit.region_name = None {{(pid=93505) log_opt_values /opt/stack/data/venv/lib/python3.12/site-packages/oslo_config/cfg.py:3253}}
Jul 24 20:00:40.097252 np0000005843 nova-scheduler[93505]: DEBUG cotyledon.oslo_config_glue [-] oslo_limit.retriable_status_codes = None {{(pid=93505) log_opt_values /opt/stack/data/venv/lib/python3.12/site-packages/oslo_config/cfg.py:3253}}
Jul 24 20:00:40.097252 np0000005843 nova-scheduler[93505]: DEBUG cotyledon.oslo_config_glue [-] oslo_limit.service_name = None {{(pid=93505) log_opt_values /opt/stack/data/venv/lib/python3.12/site-packages/oslo_config/cfg.py:3253}}
Jul 24 20:00:40.097252 np0000005843 nova-scheduler[93505]: DEBUG cotyledon.oslo_config_glue [-] oslo_limit.service_type = None {{(pid=93505) log_opt_values /opt/stack/data/venv/lib/python3.12/site-packages/oslo_config/cfg.py:3253}}
Jul 24 20:00:40.097541 np0000005843 nova-scheduler[93505]: DEBUG cotyledon.oslo_config_glue [-] oslo_limit.split_loggers = False {{(pid=93505) log_opt_values /opt/stack/data/venv/lib/python3.12/site-packages/oslo_config/cfg.py:3253}}
Jul 24 20:00:40.097588 np0000005843 nova-scheduler[93502]: INFO dbcounter [None req-db4a5db9-e220-42a1-b6ce-1a3e13f74da0 None None] Registered counter for database nova_cell0
Jul 24 20:00:40.097636 np0000005843 nova-scheduler[93505]: DEBUG cotyledon.oslo_config_glue [-] oslo_limit.status_code_retries = None {{(pid=93505) log_opt_values /opt/stack/data/venv/lib/python3.12/site-packages/oslo_config/cfg.py:3253}}
Jul 24 20:00:40.097636 np0000005843 nova-scheduler[93505]: DEBUG cotyledon.oslo_config_glue [-] oslo_limit.status_code_retry_delay = None {{(pid=93505) log_opt_values /opt/stack/data/venv/lib/python3.12/site-packages/oslo_config/cfg.py:3253}}
Jul 24 20:00:40.097636 np0000005843 nova-scheduler[93505]: DEBUG cotyledon.oslo_config_glue [-] oslo_limit.timeout = None {{(pid=93505) log_opt_values /opt/stack/data/venv/lib/python3.12/site-packages/oslo_config/cfg.py:3253}}
Jul 24 20:00:40.097636 np0000005843 nova-scheduler[93505]: DEBUG cotyledon.oslo_config_glue [-] oslo_limit.valid_interfaces = None {{(pid=93505) log_opt_values /opt/stack/data/venv/lib/python3.12/site-packages/oslo_config/cfg.py:3253}}
Jul 24 20:00:40.097636 np0000005843 nova-scheduler[93505]: DEBUG cotyledon.oslo_config_glue [-] oslo_limit.version = None {{(pid=93505) log_opt_values /opt/stack/data/venv/lib/python3.12/site-packages/oslo_config/cfg.py:3253}}
Jul 24 20:00:40.097636 np0000005843 nova-scheduler[93505]: DEBUG cotyledon.oslo_config_glue [-] oslo_reports.file_event_handler = None {{(pid=93505) log_opt_values /opt/stack/data/venv/lib/python3.12/site-packages/oslo_config/cfg.py:3253}}
Jul 24 20:00:40.097636 np0000005843 nova-scheduler[93505]: DEBUG cotyledon.oslo_config_glue [-] oslo_reports.file_event_handler_interval = 1 {{(pid=93505) log_opt_values /opt/stack/data/venv/lib/python3.12/site-packages/oslo_config/cfg.py:3253}}
Jul 24 20:00:40.097636 np0000005843 nova-scheduler[93505]: DEBUG cotyledon.oslo_config_glue [-] oslo_reports.log_dir = None {{(pid=93505) log_opt_values /opt/stack/data/venv/lib/python3.12/site-packages/oslo_config/cfg.py:3253}}
Jul 24 20:00:40.097636 np0000005843 nova-scheduler[93505]: DEBUG cotyledon.oslo_config_glue [-] ******************************************************************************** {{(pid=93505) log_opt_values /opt/stack/data/venv/lib/python3.12/site-packages/oslo_config/cfg.py:3260}}
Jul 24 20:00:40.097959 np0000005843 nova-scheduler[93505]: DEBUG cotyledon._service_worker [-] Run service ServiceWrapper(2) [93505] {{(pid=93505) wait_forever /opt/stack/data/venv/lib/python3.12/site-packages/cotyledon/_service_worker.py:218}}
Jul 24 20:00:40.097959 np0000005843 nova-scheduler[93505]: INFO nova.service [-] Starting scheduler node (version 33.1.0)
Jul 24 20:00:40.097959 np0000005843 nova-scheduler[93505]: INFO dbcounter [None req-f2f24829-13cc-451c-bfd8-f9c5c2226096 None None] Registered counter for database nova_cell0
Jul 24 20:00:40.107927 np0000005843 nova-scheduler[93497]: DEBUG oslo_db.sqlalchemy.engines [None req-9e31d290-d472-43c6-b9d0-cc7b919b35c3 None None] MySQL server mode set to STRICT_TRANS_TABLES,STRICT_ALL_TABLES,NO_ZERO_IN_DATE,NO_ZERO_DATE,ERROR_FOR_DIVISION_BY_ZERO,TRADITIONAL,NO_ENGINE_SUBSTITUTION {{(pid=93497) _check_effective_sql_mode /opt/stack/data/venv/lib/python3.12/site-packages/oslo_db/sqlalchemy/engines.py:325}}
Jul 24 20:00:40.110165 np0000005843 nova-scheduler[93502]: DEBUG oslo_db.sqlalchemy.engines [None req-db4a5db9-e220-42a1-b6ce-1a3e13f74da0 None None] MySQL server mode set to STRICT_TRANS_TABLES,STRICT_ALL_TABLES,NO_ZERO_IN_DATE,NO_ZERO_DATE,ERROR_FOR_DIVISION_BY_ZERO,TRADITIONAL,NO_ENGINE_SUBSTITUTION {{(pid=93502) _check_effective_sql_mode /opt/stack/data/venv/lib/python3.12/site-packages/oslo_db/sqlalchemy/engines.py:325}}
Jul 24 20:00:40.118335 np0000005843 nova-scheduler[93502]: DEBUG dbcounter [-] [93502] Writer thread running {{(pid=93502) stat_writer /opt/stack/data/venv/lib/python3.12/site-packages/dbcounter.py:102}}
Jul 24 20:00:40.119801 np0000005843 nova-scheduler[93497]: DEBUG dbcounter [-] [93497] Writer thread running {{(pid=93497) stat_writer /opt/stack/data/venv/lib/python3.12/site-packages/dbcounter.py:102}}
Jul 24 20:00:40.127068 np0000005843 nova-scheduler[93505]: DEBUG oslo_db.sqlalchemy.engines [None req-f2f24829-13cc-451c-bfd8-f9c5c2226096 None None] MySQL server mode set to STRICT_TRANS_TABLES,STRICT_ALL_TABLES,NO_ZERO_IN_DATE,NO_ZERO_DATE,ERROR_FOR_DIVISION_BY_ZERO,TRADITIONAL,NO_ENGINE_SUBSTITUTION {{(pid=93505) _check_effective_sql_mode /opt/stack/data/venv/lib/python3.12/site-packages/oslo_db/sqlalchemy/engines.py:325}}
Jul 24 20:00:40.133114 np0000005843 nova-scheduler[93502]: DEBUG nova.service [None req-db4a5db9-e220-42a1-b6ce-1a3e13f74da0 None None] Creating RPC server for service: nova-scheduler on topic: scheduler {{(pid=93502) start /opt/stack/nova/nova/service.py:196}}
Jul 24 20:00:40.138236 np0000005843 nova-scheduler[93497]: DEBUG nova.service [None req-9e31d290-d472-43c6-b9d0-cc7b919b35c3 None None] Creating RPC server for service: nova-scheduler on topic: scheduler {{(pid=93497) start /opt/stack/nova/nova/service.py:196}}
Jul 24 20:00:40.139025 np0000005843 nova-scheduler[93505]: DEBUG dbcounter [-] [93505] Writer thread running {{(pid=93505) stat_writer /opt/stack/data/venv/lib/python3.12/site-packages/dbcounter.py:102}}
Jul 24 20:00:40.142357 np0000005843 nova-scheduler[93505]: DEBUG nova.service [None req-f2f24829-13cc-451c-bfd8-f9c5c2226096 None None] Creating RPC server for service: nova-scheduler on topic: scheduler {{(pid=93505) start /opt/stack/nova/nova/service.py:196}}
Jul 24 20:00:40.160642 np0000005843 nova-scheduler[93505]: DEBUG nova.service [None req-f2f24829-13cc-451c-bfd8-f9c5c2226096 None None] Join ServiceGroup membership for this service scheduler {{(pid=93505) start /opt/stack/nova/nova/service.py:222}}
Jul 24 20:00:40.160880 np0000005843 nova-scheduler[93505]: DEBUG nova.servicegroup.drivers.db [None req-f2f24829-13cc-451c-bfd8-f9c5c2226096 None None] DB_Driver: join new ServiceGroup member np0000005843 to the scheduler group, service = {{(pid=93505) join /opt/stack/nova/nova/servicegroup/drivers/db.py:44}}
Jul 24 20:00:40.161681 np0000005843 nova-scheduler[93502]: DEBUG nova.service [None req-db4a5db9-e220-42a1-b6ce-1a3e13f74da0 None None] Join ServiceGroup membership for this service scheduler {{(pid=93502) start /opt/stack/nova/nova/service.py:222}}
Jul 24 20:00:40.161941 np0000005843 nova-scheduler[93497]: DEBUG nova.service [None req-9e31d290-d472-43c6-b9d0-cc7b919b35c3 None None] Join ServiceGroup membership for this service scheduler {{(pid=93497) start /opt/stack/nova/nova/service.py:222}}
Jul 24 20:00:40.162001 np0000005843 nova-scheduler[93502]: DEBUG nova.servicegroup.drivers.db [None req-db4a5db9-e220-42a1-b6ce-1a3e13f74da0 None None] DB_Driver: join new ServiceGroup member np0000005843 to the scheduler group, service = {{(pid=93502) join /opt/stack/nova/nova/servicegroup/drivers/db.py:44}}
Jul 24 20:00:40.162177 np0000005843 nova-scheduler[93497]: DEBUG nova.servicegroup.drivers.db [None req-9e31d290-d472-43c6-b9d0-cc7b919b35c3 None None] DB_Driver: join new ServiceGroup member np0000005843 to the scheduler group, service = {{(pid=93497) join /opt/stack/nova/nova/servicegroup/drivers/db.py:44}}
Jul 24 20:00:42.163110 np0000005843 nova-scheduler[93505]: DEBUG oslo.service.backend._threading.loopingcall [None req-e45a2c7b-0536-408e-b6e8-fc54b1691471 None None] Dynamic interval looping call 'nova.service.Service.periodic_tasks' sleeping for 60.00 seconds {{(pid=93505) _run_loop /opt/stack/data/venv/lib/python3.12/site-packages/oslo_service/backend/_threading/loopingcall.py:125}}
Jul 24 20:00:45.175058 np0000005843 nova-scheduler[93497]: DEBUG oslo.service.backend._threading.loopingcall [-] Fixed interval looping call 'nova.servicegroup.drivers.db.DbDriver._report_state' sleeping for 119.99 seconds {{(pid=93497) _run_loop /opt/stack/data/venv/lib/python3.12/site-packages/oslo_service/backend/_threading/loopingcall.py:125}}
Jul 24 20:00:45.176258 np0000005843 nova-scheduler[93505]: DEBUG oslo.service.backend._threading.loopingcall [-] Fixed interval looping call 'nova.servicegroup.drivers.db.DbDriver._report_state' sleeping for 119.99 seconds {{(pid=93505) _run_loop /opt/stack/data/venv/lib/python3.12/site-packages/oslo_service/backend/_threading/loopingcall.py:125}}
Jul 24 20:00:45.177546 np0000005843 nova-scheduler[93502]: DEBUG oslo.service.backend._threading.loopingcall [-] Fixed interval looping call 'nova.servicegroup.drivers.db.DbDriver._report_state' sleeping for 119.99 seconds {{(pid=93502) _run_loop /opt/stack/data/venv/lib/python3.12/site-packages/oslo_service/backend/_threading/loopingcall.py:125}}
Jul 24 20:00:48.680110 np0000005843 nova-scheduler[92292]: DEBUG dbcounter [-] [92292] Writing DB stats nova_api:SELECT=3 {{(pid=92292) stat_writer /opt/stack/data/venv/lib/python3.12/site-packages/dbcounter.py:115}}
Jul 24 20:00:48.840924 np0000005843 nova-scheduler[92292]: DEBUG dbcounter [-] [92292] Writing DB stats nova_cell0:SELECT=1 {{(pid=92292) stat_writer /opt/stack/data/venv/lib/python3.12/site-packages/dbcounter.py:115}}
Jul 24 20:00:48.846568 np0000005843 nova-scheduler[92292]: DEBUG dbcounter [-] [92292] Writing DB stats nova_cell1:SELECT=1 {{(pid=92292) stat_writer /opt/stack/data/venv/lib/python3.12/site-packages/dbcounter.py:115}}
Jul 24 20:00:55.171164 np0000005843 nova-scheduler[93497]: DEBUG dbcounter [-] [93497] Writing DB stats nova_cell0:SELECT=5,nova_cell0:INSERT=1,nova_cell0:UPDATE=1 {{(pid=93497) stat_writer /opt/stack/data/venv/lib/python3.12/site-packages/dbcounter.py:115}}
Jul 24 20:00:55.172878 np0000005843 nova-scheduler[93502]: DEBUG dbcounter [-] [93502] Writing DB stats nova_cell0:SELECT=4,nova_cell0:INSERT=1,nova_cell0:UPDATE=1 {{(pid=93502) stat_writer /opt/stack/data/venv/lib/python3.12/site-packages/dbcounter.py:115}}
Jul 24 20:00:55.173979 np0000005843 nova-scheduler[93505]: DEBUG dbcounter [-] [93505] Writing DB stats nova_cell0:SELECT=3,nova_cell0:UPDATE=1 {{(pid=93505) stat_writer /opt/stack/data/venv/lib/python3.12/site-packages/dbcounter.py:115}}
Jul 24 20:01:05.164490 np0000005843 nova-scheduler[93497]: DEBUG oslo.service.backend._threading.loopingcall [None req-02aa23f4-aa3b-4f8a-8f78-32f891d86062 None None] Dynamic interval looping call 'nova.service.Service.periodic_tasks' sleeping for 60.00 seconds {{(pid=93497) _run_loop /opt/stack/data/venv/lib/python3.12/site-packages/oslo_service/backend/_threading/loopingcall.py:125}}
Jul 24 20:01:20.164250 np0000005843 nova-scheduler[93502]: DEBUG oslo.service.backend._threading.loopingcall [None req-84582e9b-08e4-469b-a40d-7419e6032212 None None] Dynamic interval looping call 'nova.service.Service.periodic_tasks' sleeping for 60.00 seconds {{(pid=93502) _run_loop /opt/stack/data/venv/lib/python3.12/site-packages/oslo_service/backend/_threading/loopingcall.py:125}}
Jul 24 20:01:42.163704 np0000005843 nova-scheduler[93505]: DEBUG oslo.service.backend._threading.loopingcall [None req-e45a2c7b-0536-408e-b6e8-fc54b1691471 None None] Dynamic interval looping call 'nova.service.Service.periodic_tasks' sleeping for 60.00 seconds {{(pid=93505) _run_loop /opt/stack/data/venv/lib/python3.12/site-packages/oslo_service/backend/_threading/loopingcall.py:125}}
Jul 24 20:02:05.165024 np0000005843 nova-scheduler[93497]: DEBUG oslo.service.backend._threading.loopingcall [None req-02aa23f4-aa3b-4f8a-8f78-32f891d86062 None None] Dynamic interval looping call 'nova.service.Service.periodic_tasks' sleeping for 60.00 seconds {{(pid=93497) _run_loop /opt/stack/data/venv/lib/python3.12/site-packages/oslo_service/backend/_threading/loopingcall.py:125}}
Jul 24 20:02:20.164660 np0000005843 nova-scheduler[93502]: DEBUG oslo.service.backend._threading.loopingcall [None req-84582e9b-08e4-469b-a40d-7419e6032212 None None] Dynamic interval looping call 'nova.service.Service.periodic_tasks' sleeping for 60.00 seconds {{(pid=93502) _run_loop /opt/stack/data/venv/lib/python3.12/site-packages/oslo_service/backend/_threading/loopingcall.py:125}}
Jul 24 20:02:42.164137 np0000005843 nova-scheduler[93505]: DEBUG oslo.service.backend._threading.loopingcall [None req-e45a2c7b-0536-408e-b6e8-fc54b1691471 None None] Dynamic interval looping call 'nova.service.Service.periodic_tasks' sleeping for 60.00 seconds {{(pid=93505) _run_loop /opt/stack/data/venv/lib/python3.12/site-packages/oslo_service/backend/_threading/loopingcall.py:125}}
Jul 24 20:02:45.173698 np0000005843 nova-scheduler[93505]: DEBUG oslo.service.backend._threading.loopingcall [-] Fixed interval looping call 'nova.servicegroup.drivers.db.DbDriver._report_state' sleeping for 119.99 seconds {{(pid=93505) _run_loop /opt/stack/data/venv/lib/python3.12/site-packages/oslo_service/backend/_threading/loopingcall.py:125}}
Jul 24 20:02:45.174250 np0000005843 nova-scheduler[93497]: DEBUG oslo.service.backend._threading.loopingcall [-] Fixed interval looping call 'nova.servicegroup.drivers.db.DbDriver._report_state' sleeping for 119.99 seconds {{(pid=93497) _run_loop /opt/stack/data/venv/lib/python3.12/site-packages/oslo_service/backend/_threading/loopingcall.py:125}}
Jul 24 20:02:45.174503 np0000005843 nova-scheduler[93502]: DEBUG oslo.service.backend._threading.loopingcall [-] Fixed interval looping call 'nova.servicegroup.drivers.db.DbDriver._report_state' sleeping for 119.99 seconds {{(pid=93502) _run_loop /opt/stack/data/venv/lib/python3.12/site-packages/oslo_service/backend/_threading/loopingcall.py:125}}
Jul 24 20:02:55.169578 np0000005843 nova-scheduler[93505]: DEBUG dbcounter [-] [93505] Writing DB stats nova_cell0:SELECT=1,nova_cell0:UPDATE=1 {{(pid=93505) stat_writer /opt/stack/data/venv/lib/python3.12/site-packages/dbcounter.py:115}}
Jul 24 20:02:55.171039 np0000005843 nova-scheduler[93497]: DEBUG dbcounter [-] [93497] Writing DB stats nova_cell0:SELECT=1,nova_cell0:UPDATE=1 {{(pid=93497) stat_writer /opt/stack/data/venv/lib/python3.12/site-packages/dbcounter.py:115}}
Jul 24 20:02:55.173219 np0000005843 nova-scheduler[93502]: DEBUG dbcounter [-] [93502] Writing DB stats nova_cell0:SELECT=1,nova_cell0:UPDATE=1 {{(pid=93502) stat_writer /opt/stack/data/venv/lib/python3.12/site-packages/dbcounter.py:115}}
Jul 24 20:03:05.165464 np0000005843 nova-scheduler[93497]: DEBUG oslo.service.backend._threading.loopingcall [None req-02aa23f4-aa3b-4f8a-8f78-32f891d86062 None None] Dynamic interval looping call 'nova.service.Service.periodic_tasks' sleeping for 60.00 seconds {{(pid=93497) _run_loop /opt/stack/data/venv/lib/python3.12/site-packages/oslo_service/backend/_threading/loopingcall.py:125}}
Jul 24 20:03:18.720231 np0000005843 nova-scheduler[93505]: DEBUG nova.scheduler.manager [None req-6e521921-612e-45af-b3b7-3384fd64b38c tempest-DeleteServersTestJSON-1446350901 tempest-DeleteServersTestJSON-1446350901-project-member] Starting to schedule for instances: ['998439ef-db67-4b96-bd69-04098b9c2f0c'] {{(pid=93505) select_destinations /opt/stack/nova/nova/scheduler/manager.py:209}}
Jul 24 20:03:18.722775 np0000005843 nova-scheduler[93505]: DEBUG nova.scheduler.request_filter [None req-6e521921-612e-45af-b3b7-3384fd64b38c tempest-DeleteServersTestJSON-1446350901 tempest-DeleteServersTestJSON-1446350901-project-member] compute_status_filter request filter added forbidden trait COMPUTE_STATUS_DISABLED {{(pid=93505) compute_status_filter /opt/stack/nova/nova/scheduler/request_filter.py:253}}
Jul 24 20:03:18.722775 np0000005843 nova-scheduler[93505]: DEBUG nova.scheduler.request_filter [None req-6e521921-612e-45af-b3b7-3384fd64b38c tempest-DeleteServersTestJSON-1446350901 tempest-DeleteServersTestJSON-1446350901-project-member] Request filter 'compute_status_filter' took 0.0 seconds {{(pid=93505) wrapper /opt/stack/nova/nova/scheduler/request_filter.py:46}}
Jul 24 20:03:18.722775 np0000005843 nova-scheduler[93505]: DEBUG nova.scheduler.request_filter [None req-6e521921-612e-45af-b3b7-3384fd64b38c tempest-DeleteServersTestJSON-1446350901 tempest-DeleteServersTestJSON-1446350901-project-member] Request filter 'accelerators_filter' took 0.0 seconds {{(pid=93505) wrapper /opt/stack/nova/nova/scheduler/request_filter.py:46}}
Jul 24 20:03:18.722775 np0000005843 nova-scheduler[93505]: DEBUG nova.scheduler.request_filter [None req-6e521921-612e-45af-b3b7-3384fd64b38c tempest-DeleteServersTestJSON-1446350901 tempest-DeleteServersTestJSON-1446350901-project-member] Request filter 'packed_virtqueue_filter' took 0.0 seconds {{(pid=93505) wrapper /opt/stack/nova/nova/scheduler/request_filter.py:46}}
Jul 24 20:03:18.723379 np0000005843 nova-scheduler[93505]: DEBUG nova.scheduler.request_filter [None req-6e521921-612e-45af-b3b7-3384fd64b38c tempest-DeleteServersTestJSON-1446350901 tempest-DeleteServersTestJSON-1446350901-project-member] Request filter 'remote_managed_ports_filter' took 0.0 seconds {{(pid=93505) wrapper /opt/stack/nova/nova/scheduler/request_filter.py:46}}
Jul 24 20:03:18.723379 np0000005843 nova-scheduler[93505]: DEBUG nova.scheduler.request_filter [None req-6e521921-612e-45af-b3b7-3384fd64b38c tempest-DeleteServersTestJSON-1446350901 tempest-DeleteServersTestJSON-1446350901-project-member] ephemeral_encryption_filter skipped {{(pid=93505) ephemeral_encryption_filter /opt/stack/nova/nova/scheduler/request_filter.py:426}}
Jul 24 20:03:18.723476 np0000005843 nova-scheduler[93505]: DEBUG nova.scheduler.request_filter [None req-6e521921-612e-45af-b3b7-3384fd64b38c tempest-DeleteServersTestJSON-1446350901 tempest-DeleteServersTestJSON-1446350901-project-member] virtio_sound_filter skipped {{(pid=93505) virtio_sound_filter /opt/stack/nova/nova/scheduler/request_filter.py:460}}
Jul 24 20:03:18.723654 np0000005843 nova-scheduler[93505]: DEBUG nova.scheduler.request_filter [None req-6e521921-612e-45af-b3b7-3384fd64b38c tempest-DeleteServersTestJSON-1446350901 tempest-DeleteServersTestJSON-1446350901-project-member] tpm_secret_security_filter skipped {{(pid=93505) tpm_secret_security_filter /opt/stack/nova/nova/scheduler/request_filter.py:477}}
Jul 24 20:03:19.791153 np0000005843 nova-scheduler[93505]: INFO nova.utils [None req-6e521921-612e-45af-b3b7-3384fd64b38c tempest-DeleteServersTestJSON-1446350901 tempest-DeleteServersTestJSON-1446350901-project-member] The cell worker thread pool ForkProcess-3.cell_worker is initialized
Jul 24 20:03:19.791701 np0000005843 nova-scheduler[93505]: DEBUG oslo_concurrency.lockutils [None req-6e521921-612e-45af-b3b7-3384fd64b38c tempest-DeleteServersTestJSON-1446350901 tempest-DeleteServersTestJSON-1446350901-project-member] Acquiring lock "7ae37dbe-158e-4615-bca5-4899ee7676f4" by "nova.context.set_target_cell..get_or_set_cached_cell_and_set_connections" {{(pid=93505) inner /opt/stack/data/venv/lib/python3.12/site-packages/oslo_concurrency/lockutils.py:512}}
Jul 24 20:03:19.791815 np0000005843 nova-scheduler[93505]: DEBUG oslo_concurrency.lockutils [None req-6e521921-612e-45af-b3b7-3384fd64b38c tempest-DeleteServersTestJSON-1446350901 tempest-DeleteServersTestJSON-1446350901-project-member] Lock "7ae37dbe-158e-4615-bca5-4899ee7676f4" acquired by "nova.context.set_target_cell..get_or_set_cached_cell_and_set_connections" :: waited 0.000s {{(pid=93505) inner /opt/stack/data/venv/lib/python3.12/site-packages/oslo_concurrency/lockutils.py:525}}
Jul 24 20:03:19.794277 np0000005843 nova-scheduler[93505]: DEBUG oslo_concurrency.lockutils [None req-6e521921-612e-45af-b3b7-3384fd64b38c tempest-DeleteServersTestJSON-1446350901 tempest-DeleteServersTestJSON-1446350901-project-member] Lock "7ae37dbe-158e-4615-bca5-4899ee7676f4" "released" by "nova.context.set_target_cell..get_or_set_cached_cell_and_set_connections" :: held 0.002s {{(pid=93505) inner /opt/stack/data/venv/lib/python3.12/site-packages/oslo_concurrency/lockutils.py:544}}
Jul 24 20:03:19.797549 np0000005843 nova-scheduler[93505]: INFO dbcounter [None req-6e521921-612e-45af-b3b7-3384fd64b38c tempest-DeleteServersTestJSON-1446350901 tempest-DeleteServersTestJSON-1446350901-project-member] Registered counter for database nova_cell1
Jul 24 20:03:19.849986 np0000005843 nova-scheduler[93505]: DEBUG oslo_db.sqlalchemy.engines [None req-6e521921-612e-45af-b3b7-3384fd64b38c tempest-DeleteServersTestJSON-1446350901 tempest-DeleteServersTestJSON-1446350901-project-member] MySQL server mode set to STRICT_TRANS_TABLES,STRICT_ALL_TABLES,NO_ZERO_IN_DATE,NO_ZERO_DATE,ERROR_FOR_DIVISION_BY_ZERO,TRADITIONAL,NO_ENGINE_SUBSTITUTION {{(pid=93505) _check_effective_sql_mode /opt/stack/data/venv/lib/python3.12/site-packages/oslo_db/sqlalchemy/engines.py:325}}
Jul 24 20:03:19.861804 np0000005843 nova-scheduler[93505]: DEBUG dbcounter [-] [93505] Writer thread running {{(pid=93505) stat_writer /opt/stack/data/venv/lib/python3.12/site-packages/dbcounter.py:102}}
Jul 24 20:03:19.877149 np0000005843 nova-scheduler[93505]: DEBUG oslo_db.sqlalchemy.engines [None req-6e521921-612e-45af-b3b7-3384fd64b38c tempest-DeleteServersTestJSON-1446350901 tempest-DeleteServersTestJSON-1446350901-project-member] Parent process 92292 forked (93505) with an open database connection, which is being discarded and recreated. {{(pid=93505) checkout /opt/stack/data/venv/lib/python3.12/site-packages/oslo_db/sqlalchemy/engines.py:402}}
Jul 24 20:03:19.926955 np0000005843 nova-scheduler[93505]: DEBUG dbcounter [-] [93505] Writer thread running {{(pid=93505) stat_writer /opt/stack/data/venv/lib/python3.12/site-packages/dbcounter.py:102}}
Jul 24 20:03:19.934310 np0000005843 nova-scheduler[93505]: DEBUG oslo_concurrency.lockutils [None req-6e521921-612e-45af-b3b7-3384fd64b38c tempest-DeleteServersTestJSON-1446350901 tempest-DeleteServersTestJSON-1446350901-project-member] Acquiring lock "7ae37dbe-158e-4615-bca5-4899ee7676f4" by "nova.context.set_target_cell..get_or_set_cached_cell_and_set_connections" {{(pid=93505) inner /opt/stack/data/venv/lib/python3.12/site-packages/oslo_concurrency/lockutils.py:512}}
Jul 24 20:03:19.935118 np0000005843 nova-scheduler[93505]: DEBUG oslo_concurrency.lockutils [None req-6e521921-612e-45af-b3b7-3384fd64b38c tempest-DeleteServersTestJSON-1446350901 tempest-DeleteServersTestJSON-1446350901-project-member] Lock "7ae37dbe-158e-4615-bca5-4899ee7676f4" acquired by "nova.context.set_target_cell..get_or_set_cached_cell_and_set_connections" :: waited 0.000s {{(pid=93505) inner /opt/stack/data/venv/lib/python3.12/site-packages/oslo_concurrency/lockutils.py:525}}
Jul 24 20:03:19.935118 np0000005843 nova-scheduler[93505]: DEBUG oslo_concurrency.lockutils [None req-6e521921-612e-45af-b3b7-3384fd64b38c tempest-DeleteServersTestJSON-1446350901 tempest-DeleteServersTestJSON-1446350901-project-member] Lock "7ae37dbe-158e-4615-bca5-4899ee7676f4" "released" by "nova.context.set_target_cell..get_or_set_cached_cell_and_set_connections" :: held 0.000s {{(pid=93505) inner /opt/stack/data/venv/lib/python3.12/site-packages/oslo_concurrency/lockutils.py:544}}
Jul 24 20:03:19.939728 np0000005843 nova-scheduler[93505]: DEBUG oslo_concurrency.lockutils [None req-6e521921-612e-45af-b3b7-3384fd64b38c tempest-DeleteServersTestJSON-1446350901 tempest-DeleteServersTestJSON-1446350901-project-member] Acquiring lock "np0000005843-np0000005843" by "nova.scheduler.host_manager.HostState.update.._locked_update" {{(pid=93505) inner /opt/stack/data/venv/lib/python3.12/site-packages/oslo_concurrency/lockutils.py:512}}
Jul 24 20:03:19.940118 np0000005843 nova-scheduler[93505]: DEBUG oslo_concurrency.lockutils [None req-6e521921-612e-45af-b3b7-3384fd64b38c tempest-DeleteServersTestJSON-1446350901 tempest-DeleteServersTestJSON-1446350901-project-member] Lock "np0000005843-np0000005843" acquired by "nova.scheduler.host_manager.HostState.update.._locked_update" :: waited 0.000s {{(pid=93505) inner /opt/stack/data/venv/lib/python3.12/site-packages/oslo_concurrency/lockutils.py:525}}
Jul 24 20:03:19.941224 np0000005843 nova-scheduler[93505]: DEBUG nova.scheduler.host_manager [None req-6e521921-612e-45af-b3b7-3384fd64b38c tempest-DeleteServersTestJSON-1446350901 tempest-DeleteServersTestJSON-1446350901-project-member] Update host state from compute node: ComputeNode(cpu_allocation_ratio=4.0,cpu_info='{"arch": "x86_64", "model": "EPYC-Milan", "vendor": "AMD", "topology": {"cells": 1, "sockets": 16, "cores": 1, "threads": 1}, "maxphysaddr": {"mode": "emulate", "bits": 40}, "features": ["nx", "xgetbv1", "xsave", "sse4a", "sse2", "tsc", "pae", "rdtscp", "vme", "pclmuldq", "xsavec", "aes", "pge", "pdpe1gb", "vpclmulqdq", "invpcid", "topoext", "pfthreshold", "avx", "cmov", "mmxext", "popcnt", "pause-filter", "pse36", "rdctl-no", "bmi2", "clzero", "sep", "3dnowprefetch", "de", "wbnoinvd", "f16c", "erms", "sse", "movbe", "umip", "mtrr", "amd-stibp", "arch-capabilities", "null-sel-clr-base", "tsc_adjust", "npt", "hypervisor", "ibpb", "xsaveopt", "avx2", "stibp", "adx", "apic", "vaes", "cx16", "smap", "ssse3", "bmi1", "misalignsse", "no-nested-data-bp", "flushbyasid", "cx8", "fpu", "lm", "x2apic", "nrip-save", "sse4.2", "fsrm", "lbrv", "tsc-scale", "pat", "pku", "mca", "rdpid", "fxsr", "fsgsbase", "amd-psfd", "syscall", "rdrand", "sse4.1", "skip-l1dfl-vmentry", "virt-ssbd", "clwb", "pse", "rdseed", "msr", "xsaves", "mds-no", "amd-ssbd", "gds-no", "mmx", "svme-addr-chk", "v-vmsave-vmload", "pni", "pcid", "arat", "svm", "xsaveerptr", "lfence-always-serializing", "abm", "clflush", "fma", "ssbd", "cmp_legacy", "tsc-deadline", "mce", "clflushopt", "stibp-always-on", "sha-ni", "spec-ctrl", "cr8legacy", "ibrs", "smep", "perfctr_core", "fxsr_opt", "pschange-mc-no", "osvw", "lahf_lm", "vgif", "vmcb-clean"]}',created_at=2026-07-24T20:01:01Z,current_workload=0,deleted=False,deleted_at=None,disk_allocation_ratio=1.0,disk_available_least=73,free_disk_gb=95,free_ram_mb=62765,host='np0000005843',host_ip=10.4.3.65,hypervisor_hostname='np0000005843',hypervisor_type='QEMU',hypervisor_version=8002002,id=1,local_gb=95,local_gb_used=0,mapped=1,memory_mb=63277,memory_mb_used=512,metrics='[]',numa_topology='{"nova_object.name": "NUMATopology", "nova_object.namespace": "nova", "nova_object.version": "1.2", "nova_object.data": {"cells": [{"nova_object.name": "NUMACell", "nova_object.namespace": "nova", "nova_object.version": "1.5", "nova_object.data": {"id": 0, "cpuset": [0, 1, 2, 3, 4, 5, 6, 7, 8, 9, 10, 11, 12, 13, 14, 15], "pcpuset": [0, 1, 2, 3, 4, 5, 6, 7, 8, 9, 10, 11, 12, 13, 14, 15], "memory": 63277, "cpu_usage": 0, "memory_usage": 0, "pinned_cpus": [], "siblings": [[6], [12], [2], [15], [5], [11], [8], [14], [4], [1], [7], [10], [0], [13], [3], [9]], "mempages": [{"nova_object.name": "NUMAPagesTopology", "nova_object.namespace": "nova", "nova_object.version": "1.1", "nova_object.data": {"size_kb": 4, "total": 16177929, "used": 0, "reserved": 0}, "nova_object.changes": ["used", "total", "reserved", "size_kb"]}, {"nova_object.name": "NUMAPagesTopology", "nova_object.namespace": "nova", "nova_object.version": "1.1", "nova_object.data": {"size_kb": 2048, "total": 41, "used": 0, "reserved": 0}, "nova_object.changes": ["used", "total", "reserved", "size_kb"]}, {"nova_object.name": "NUMAPagesTopology", "nova_object.namespace": "nova", "nova_object.version": "1.1", "nova_object.data": {"size_kb": 1048576, "total": 0, "used": 0, "reserved": 0}, "nova_object.changes": ["used", "total", "reserved", "size_kb"]}], "network_metadata": {"nova_object.name": "NetworkMetadata", "nova_object.namespace": "nova", "nova_object.version": "1.0", "nova_object.data": {"physnets": [], "tunneled": false}, "nova_object.changes": ["physnets", "tunneled"]}, "socket": null}, "nova_object.changes": ["pcpuset", "pinned_cpus", "mempages", "id", "siblings", "cpu_usage", "socket", "memory_usage", "memory", "network_metadata", "cpuset"]}]}, "nova_object.changes": ["cells"]}',pci_device_pools=PciDevicePoolList,ram_allocation_ratio=1.0,running_vms=0,service_id=3,stats={failed_builds='0',uptime=' 20:02:48 up 13 min, 2 users, load average: 1.78, 1.44, 0.81
Jul 24 20:03:19.941224 np0000005843 nova-scheduler[93505]: '},supported_hv_specs=[HVSpec,HVSpec,HVSpec,HVSpec,HVSpec,HVSpec,HVSpec,HVSpec,HVSpec,HVSpec,HVSpec,HVSpec,HVSpec,HVSpec,HVSpec,HVSpec,HVSpec,HVSpec,HVSpec,HVSpec,HVSpec,HVSpec,HVSpec,HVSpec,HVSpec],updated_at=2026-07-24T20:02:49Z,uuid=b187e648-4cef-40ff-93c8-71721ec97957,vcpus=16,vcpus_used=0) {{(pid=93505) _locked_update /opt/stack/nova/nova/scheduler/host_manager.py:168}}
Jul 24 20:03:19.942633 np0000005843 nova-scheduler[93505]: DEBUG nova.scheduler.host_manager [None req-6e521921-612e-45af-b3b7-3384fd64b38c tempest-DeleteServersTestJSON-1446350901 tempest-DeleteServersTestJSON-1446350901-project-member] Update host state with aggregates: [] {{(pid=93505) _locked_update /opt/stack/nova/nova/scheduler/host_manager.py:171}}
Jul 24 20:03:19.943052 np0000005843 nova-scheduler[93505]: DEBUG nova.scheduler.host_manager [None req-6e521921-612e-45af-b3b7-3384fd64b38c tempest-DeleteServersTestJSON-1446350901 tempest-DeleteServersTestJSON-1446350901-project-member] Update host state with service dict: {'id': 3, 'uuid': 'e56d7424-5b41-4bcb-9254-715c24f3fe8f', 'host': 'np0000005843', 'binary': 'nova-compute', 'topic': 'compute', 'report_count': 2, 'disabled': False, 'disabled_reason': None, 'last_seen_up': datetime.datetime(2026, 7, 24, 20, 3, 8, tzinfo=datetime.timezone.utc), 'forced_down': False, 'version': 72, 'created_at': datetime.datetime(2026, 7, 24, 20, 1, 1, tzinfo=datetime.timezone.utc), 'updated_at': datetime.datetime(2026, 7, 24, 20, 3, 8, tzinfo=datetime.timezone.utc), 'deleted_at': None, 'deleted': False} {{(pid=93505) _locked_update /opt/stack/nova/nova/scheduler/host_manager.py:174}}
Jul 24 20:03:19.943176 np0000005843 nova-scheduler[93505]: DEBUG nova.scheduler.host_manager [None req-6e521921-612e-45af-b3b7-3384fd64b38c tempest-DeleteServersTestJSON-1446350901 tempest-DeleteServersTestJSON-1446350901-project-member] Update host state with instances: [] {{(pid=93505) _locked_update /opt/stack/nova/nova/scheduler/host_manager.py:177}}
Jul 24 20:03:19.943432 np0000005843 nova-scheduler[93505]: DEBUG oslo_concurrency.lockutils [None req-6e521921-612e-45af-b3b7-3384fd64b38c tempest-DeleteServersTestJSON-1446350901 tempest-DeleteServersTestJSON-1446350901-project-member] Lock "np0000005843-np0000005843" "released" by "nova.scheduler.host_manager.HostState.update.._locked_update" :: held 0.003s {{(pid=93505) inner /opt/stack/data/venv/lib/python3.12/site-packages/oslo_concurrency/lockutils.py:544}}
Jul 24 20:03:19.944499 np0000005843 nova-scheduler[93505]: DEBUG nova.filters [None req-6e521921-612e-45af-b3b7-3384fd64b38c tempest-DeleteServersTestJSON-1446350901 tempest-DeleteServersTestJSON-1446350901-project-member] Starting with 1 host(s) {{(pid=93505) get_filtered_objects /opt/stack/nova/nova/filters.py:70}}
Jul 24 20:03:19.944809 np0000005843 nova-scheduler[93505]: DEBUG nova.filters [None req-6e521921-612e-45af-b3b7-3384fd64b38c tempest-DeleteServersTestJSON-1446350901 tempest-DeleteServersTestJSON-1446350901-project-member] Filter ComputeFilter returned 1 host(s) {{(pid=93505) get_filtered_objects /opt/stack/nova/nova/filters.py:102}}
Jul 24 20:03:19.945083 np0000005843 nova-scheduler[93505]: DEBUG nova.filters [None req-6e521921-612e-45af-b3b7-3384fd64b38c tempest-DeleteServersTestJSON-1446350901 tempest-DeleteServersTestJSON-1446350901-project-member] Filter ComputeCapabilitiesFilter returned 1 host(s) {{(pid=93505) get_filtered_objects /opt/stack/nova/nova/filters.py:102}}
Jul 24 20:03:19.945377 np0000005843 nova-scheduler[93505]: DEBUG nova.filters [None req-6e521921-612e-45af-b3b7-3384fd64b38c tempest-DeleteServersTestJSON-1446350901 tempest-DeleteServersTestJSON-1446350901-project-member] Filter ImagePropertiesFilter returned 1 host(s) {{(pid=93505) get_filtered_objects /opt/stack/nova/nova/filters.py:102}}
Jul 24 20:03:19.945766 np0000005843 nova-scheduler[93505]: DEBUG nova.filters [None req-6e521921-612e-45af-b3b7-3384fd64b38c tempest-DeleteServersTestJSON-1446350901 tempest-DeleteServersTestJSON-1446350901-project-member] Filter ServerGroupAntiAffinityFilter returned 1 host(s) {{(pid=93505) get_filtered_objects /opt/stack/nova/nova/filters.py:102}}
Jul 24 20:03:19.945961 np0000005843 nova-scheduler[93505]: DEBUG nova.filters [None req-6e521921-612e-45af-b3b7-3384fd64b38c tempest-DeleteServersTestJSON-1446350901 tempest-DeleteServersTestJSON-1446350901-project-member] Filter ServerGroupAffinityFilter returned 1 host(s) {{(pid=93505) get_filtered_objects /opt/stack/nova/nova/filters.py:102}}
Jul 24 20:03:19.947148 np0000005843 nova-scheduler[93505]: DEBUG nova.filters [None req-6e521921-612e-45af-b3b7-3384fd64b38c tempest-DeleteServersTestJSON-1446350901 tempest-DeleteServersTestJSON-1446350901-project-member] Filter SameHostFilter returned 1 host(s) {{(pid=93505) get_filtered_objects /opt/stack/nova/nova/filters.py:102}}
Jul 24 20:03:19.956824 np0000005843 nova-scheduler[93505]: DEBUG nova.filters [None req-6e521921-612e-45af-b3b7-3384fd64b38c tempest-DeleteServersTestJSON-1446350901 tempest-DeleteServersTestJSON-1446350901-project-member] Filter DifferentHostFilter returned 1 host(s) {{(pid=93505) get_filtered_objects /opt/stack/nova/nova/filters.py:102}}
Jul 24 20:03:19.962113 np0000005843 nova-scheduler[93505]: DEBUG nova.scheduler.manager [None req-6e521921-612e-45af-b3b7-3384fd64b38c tempest-DeleteServersTestJSON-1446350901 tempest-DeleteServersTestJSON-1446350901-project-member] Filtered [(np0000005843, np0000005843) ram: 62765MB disk: 74752MB io_ops: 0 instances: 0, allocation_candidates: 1] {{(pid=93505) _get_sorted_hosts /opt/stack/nova/nova/scheduler/manager.py:742}}
Jul 24 20:03:19.962497 np0000005843 nova-scheduler[93505]: DEBUG nova.scheduler.manager [None req-6e521921-612e-45af-b3b7-3384fd64b38c tempest-DeleteServersTestJSON-1446350901 tempest-DeleteServersTestJSON-1446350901-project-member] Weighed [WeighedHost [host: (np0000005843, np0000005843) ram: 62765MB disk: 74752MB io_ops: 0 instances: 0, allocation_candidates: 1, weight: 0.0]] {{(pid=93505) _get_sorted_hosts /opt/stack/nova/nova/scheduler/manager.py:764}}
Jul 24 20:03:19.962851 np0000005843 nova-scheduler[93505]: DEBUG nova.scheduler.utils [None req-6e521921-612e-45af-b3b7-3384fd64b38c tempest-DeleteServersTestJSON-1446350901 tempest-DeleteServersTestJSON-1446350901-project-member] Attempting to claim resources in the placement API for instance 998439ef-db67-4b96-bd69-04098b9c2f0c {{(pid=93505) claim_resources /opt/stack/nova/nova/scheduler/utils.py:1345}}
Jul 24 20:03:20.165196 np0000005843 nova-scheduler[93502]: DEBUG oslo.service.backend._threading.loopingcall [None req-84582e9b-08e4-469b-a40d-7419e6032212 None None] Dynamic interval looping call 'nova.service.Service.periodic_tasks' sleeping for 60.00 seconds {{(pid=93502) _run_loop /opt/stack/data/venv/lib/python3.12/site-packages/oslo_service/backend/_threading/loopingcall.py:125}}
Jul 24 20:03:20.211904 np0000005843 nova-scheduler[93505]: DEBUG nova.scheduler.manager [None req-6e521921-612e-45af-b3b7-3384fd64b38c tempest-DeleteServersTestJSON-1446350901 tempest-DeleteServersTestJSON-1446350901-project-member] [instance: 998439ef-db67-4b96-bd69-04098b9c2f0c] Selected host: (np0000005843, np0000005843) ram: 62765MB disk: 74752MB io_ops: 0 instances: 0, allocation_candidates: 1 {{(pid=93505) _consume_selected_host /opt/stack/nova/nova/scheduler/manager.py:624}}
Jul 24 20:03:20.212187 np0000005843 nova-scheduler[93505]: DEBUG oslo_concurrency.lockutils [None req-6e521921-612e-45af-b3b7-3384fd64b38c tempest-DeleteServersTestJSON-1446350901 tempest-DeleteServersTestJSON-1446350901-project-member] Acquiring lock "np0000005843-np0000005843" by "nova.scheduler.host_manager.HostState.consume_from_request.._locked" {{(pid=93505) inner /opt/stack/data/venv/lib/python3.12/site-packages/oslo_concurrency/lockutils.py:512}}
Jul 24 20:03:20.212455 np0000005843 nova-scheduler[93505]: DEBUG oslo_concurrency.lockutils [None req-6e521921-612e-45af-b3b7-3384fd64b38c tempest-DeleteServersTestJSON-1446350901 tempest-DeleteServersTestJSON-1446350901-project-member] Lock "np0000005843-np0000005843" acquired by "nova.scheduler.host_manager.HostState.consume_from_request.._locked" :: waited 0.000s {{(pid=93505) inner /opt/stack/data/venv/lib/python3.12/site-packages/oslo_concurrency/lockutils.py:525}}
Jul 24 20:03:20.212657 np0000005843 nova-scheduler[93505]: DEBUG oslo_concurrency.lockutils [None req-6e521921-612e-45af-b3b7-3384fd64b38c tempest-DeleteServersTestJSON-1446350901 tempest-DeleteServersTestJSON-1446350901-project-member] Lock "np0000005843-np0000005843" "released" by "nova.scheduler.host_manager.HostState.consume_from_request.._locked" :: held 0.000s {{(pid=93505) inner /opt/stack/data/venv/lib/python3.12/site-packages/oslo_concurrency/lockutils.py:544}}
Jul 24 20:03:20.366198 np0000005843 nova-scheduler[93502]: DEBUG nova.scheduler.manager [None req-4d78de92-d9ee-46f2-b36d-59d23595b48d tempest-AttachVolumeTestJSON-1150701348 tempest-AttachVolumeTestJSON-1150701348-project-member] Starting to schedule for instances: ['c7ce8f76-e44a-4ac6-accd-bbc02b2d9da0'] {{(pid=93502) select_destinations /opt/stack/nova/nova/scheduler/manager.py:209}}
Jul 24 20:03:20.367077 np0000005843 nova-scheduler[93502]: DEBUG nova.scheduler.request_filter [None req-4d78de92-d9ee-46f2-b36d-59d23595b48d tempest-AttachVolumeTestJSON-1150701348 tempest-AttachVolumeTestJSON-1150701348-project-member] compute_status_filter request filter added forbidden trait COMPUTE_STATUS_DISABLED {{(pid=93502) compute_status_filter /opt/stack/nova/nova/scheduler/request_filter.py:253}}
Jul 24 20:03:20.367077 np0000005843 nova-scheduler[93502]: DEBUG nova.scheduler.request_filter [None req-4d78de92-d9ee-46f2-b36d-59d23595b48d tempest-AttachVolumeTestJSON-1150701348 tempest-AttachVolumeTestJSON-1150701348-project-member] Request filter 'compute_status_filter' took 0.0 seconds {{(pid=93502) wrapper /opt/stack/nova/nova/scheduler/request_filter.py:46}}
Jul 24 20:03:20.367378 np0000005843 nova-scheduler[93502]: DEBUG nova.scheduler.request_filter [None req-4d78de92-d9ee-46f2-b36d-59d23595b48d tempest-AttachVolumeTestJSON-1150701348 tempest-AttachVolumeTestJSON-1150701348-project-member] Request filter 'accelerators_filter' took 0.0 seconds {{(pid=93502) wrapper /opt/stack/nova/nova/scheduler/request_filter.py:46}}
Jul 24 20:03:20.367593 np0000005843 nova-scheduler[93502]: DEBUG nova.scheduler.request_filter [None req-4d78de92-d9ee-46f2-b36d-59d23595b48d tempest-AttachVolumeTestJSON-1150701348 tempest-AttachVolumeTestJSON-1150701348-project-member] Request filter 'packed_virtqueue_filter' took 0.0 seconds {{(pid=93502) wrapper /opt/stack/nova/nova/scheduler/request_filter.py:46}}
Jul 24 20:03:20.367971 np0000005843 nova-scheduler[93502]: DEBUG nova.scheduler.request_filter [None req-4d78de92-d9ee-46f2-b36d-59d23595b48d tempest-AttachVolumeTestJSON-1150701348 tempest-AttachVolumeTestJSON-1150701348-project-member] Request filter 'remote_managed_ports_filter' took 0.0 seconds {{(pid=93502) wrapper /opt/stack/nova/nova/scheduler/request_filter.py:46}}
