Jul 24 20:06:28.101857 np0000005843 devstack@placement-api.service[90056]: DEBUG placement.requestlog [req-b722babf-117b-4b10-b522-6c246fb16e02 req-3fcf5559-0a16-4d42-a52d-068095735c6f None None] Starting request: 10.4.3.65 "GET /placement/allocations/48957c7e-55ff-460a-868c-7b9869ee5046" {{(pid=90056) __call__ /opt/stack/placement/placement/requestlog.py:55}}
Jul 24 20:06:28.112048 np0000005843 devstack@placement-api.service[90056]: INFO placement.requestlog [req-b722babf-117b-4b10-b522-6c246fb16e02 req-3fcf5559-0a16-4d42-a52d-068095735c6f service nova] 10.4.3.65 "GET /placement/allocations/48957c7e-55ff-460a-868c-7b9869ee5046" status: 200 len: 258 microversion: 1.28
Jul 24 20:06:28.112408 np0000005843 devstack@placement-api.service[90056]: [pid: 90056|app: 0|req: 147/441] 10.4.3.65 () {68 vars in 1492 bytes} [Fri Jul 24 20:06:28 2026] GET /placement/allocations/48957c7e-55ff-460a-868c-7b9869ee5046 => generated 258 bytes in 12 msecs (HTTP/1.1 200) 8 headers in 296 bytes (1 switches on core 0)
Jul 24 20:06:28.145222 np0000005843 devstack@placement-api.service[90058]: DEBUG placement.requestlog [req-b722babf-117b-4b10-b522-6c246fb16e02 req-f85adc06-edbf-4d99-b6ac-a4a1dfb4a2c7 None None] Starting request: 10.4.3.65 "GET /placement/allocations/23cb9706-1561-4b71-a034-cabdecb40ea1" {{(pid=90058) __call__ /opt/stack/placement/placement/requestlog.py:55}}
Jul 24 20:06:28.154149 np0000005843 devstack@placement-api.service[90058]: INFO placement.requestlog [req-b722babf-117b-4b10-b522-6c246fb16e02 req-f85adc06-edbf-4d99-b6ac-a4a1dfb4a2c7 service nova] 10.4.3.65 "GET /placement/allocations/23cb9706-1561-4b71-a034-cabdecb40ea1" status: 200 len: 258 microversion: 1.28
Jul 24 20:06:28.154620 np0000005843 devstack@placement-api.service[90058]: [pid: 90058|app: 0|req: 147/442] 10.4.3.65 () {68 vars in 1492 bytes} [Fri Jul 24 20:06:28 2026] GET /placement/allocations/23cb9706-1561-4b71-a034-cabdecb40ea1 => generated 258 bytes in 9 msecs (HTTP/1.1 200) 8 headers in 296 bytes (1 switches on core 0)
Jul 24 20:06:28.251769 np0000005843 devstack@placement-api.service[90057]: DEBUG placement.requestlog [req-d2321947-0767-4cda-bd23-e88ccad859f8 req-2fd31f78-cf10-4cc4-9909-2aab7b794342 None None] Starting request: 10.4.3.65 "GET /placement/resource_providers/b187e648-4cef-40ff-93c8-71721ec97957/allocations" {{(pid=90057) __call__ /opt/stack/placement/placement/requestlog.py:55}}
Jul 24 20:06:28.269447 np0000005843 devstack@placement-api.service[90057]: INFO placement.requestlog [req-d2321947-0767-4cda-bd23-e88ccad859f8 req-2fd31f78-cf10-4cc4-9909-2aab7b794342 service nova] 10.4.3.65 "GET /placement/resource_providers/b187e648-4cef-40ff-93c8-71721ec97957/allocations" status: 200 len: 911 microversion: 1.0
Jul 24 20:06:28.269725 np0000005843 devstack@placement-api.service[90057]: [pid: 90057|app: 0|req: 149/443] 10.4.3.65 () {66 vars in 1505 bytes} [Fri Jul 24 20:06:28 2026] GET /placement/resource_providers/b187e648-4cef-40ff-93c8-71721ec97957/allocations => generated 911 bytes in 19 msecs (HTTP/1.1 200) 6 headers in 224 bytes (1 switches on core 0)
Jul 24 20:06:28.339509 np0000005843 devstack@placement-api.service[90056]: DEBUG placement.requestlog [req-d2321947-0767-4cda-bd23-e88ccad859f8 req-10ecb938-b85e-43c5-89f3-0fc047e5f50d None None] Starting request: 10.4.3.65 "GET /placement/allocations/24dd622c-b722-418a-90ba-9c263ec666f3" {{(pid=90056) __call__ /opt/stack/placement/placement/requestlog.py:55}}
Jul 24 20:06:28.349083 np0000005843 devstack@placement-api.service[90056]: INFO placement.requestlog [req-d2321947-0767-4cda-bd23-e88ccad859f8 req-10ecb938-b85e-43c5-89f3-0fc047e5f50d service nova] 10.4.3.65 "GET /placement/allocations/24dd622c-b722-418a-90ba-9c263ec666f3" status: 200 len: 244 microversion: 1.28
Jul 24 20:06:28.349327 np0000005843 devstack@placement-api.service[90056]: [pid: 90056|app: 0|req: 148/444] 10.4.3.65 () {68 vars in 1492 bytes} [Fri Jul 24 20:06:28 2026] GET /placement/allocations/24dd622c-b722-418a-90ba-9c263ec666f3 => generated 244 bytes in 11 msecs (HTTP/1.1 200) 8 headers in 296 bytes (1 switches on core 0)
Jul 24 20:06:28.393999 np0000005843 devstack@placement-api.service[90058]: DEBUG placement.requestlog [req-d2321947-0767-4cda-bd23-e88ccad859f8 req-726dc0a6-0965-4c9a-9c28-88e5e573c0a3 None None] Starting request: 10.4.3.65 "GET /placement/allocations/460ab269-c6fc-42e1-b6f2-dc9a2291565a" {{(pid=90058) __call__ /opt/stack/placement/placement/requestlog.py:55}}
Jul 24 20:06:28.405121 np0000005843 devstack@placement-api.service[90058]: INFO placement.requestlog [req-d2321947-0767-4cda-bd23-e88ccad859f8 req-726dc0a6-0965-4c9a-9c28-88e5e573c0a3 service nova] 10.4.3.65 "GET /placement/allocations/460ab269-c6fc-42e1-b6f2-dc9a2291565a" status: 200 len: 258 microversion: 1.28
Jul 24 20:06:28.405407 np0000005843 devstack@placement-api.service[90058]: [pid: 90058|app: 0|req: 148/445] 10.4.3.65 () {68 vars in 1492 bytes} [Fri Jul 24 20:06:28 2026] GET /placement/allocations/460ab269-c6fc-42e1-b6f2-dc9a2291565a => generated 258 bytes in 12 msecs (HTTP/1.1 200) 8 headers in 296 bytes (1 switches on core 0)
Jul 24 20:06:28.444575 np0000005843 devstack@placement-api.service[90057]: DEBUG placement.requestlog [req-d2321947-0767-4cda-bd23-e88ccad859f8 req-8fb3abcd-1a6f-439c-b23b-2394167b1778 None None] Starting request: 10.4.3.65 "GET /placement/allocations/18941446-43b6-4e66-b00e-b15a12b47e28" {{(pid=90057) __call__ /opt/stack/placement/placement/requestlog.py:55}}
Jul 24 20:06:28.454843 np0000005843 devstack@placement-api.service[90057]: INFO placement.requestlog [req-d2321947-0767-4cda-bd23-e88ccad859f8 req-8fb3abcd-1a6f-439c-b23b-2394167b1778 service nova] 10.4.3.65 "GET /placement/allocations/18941446-43b6-4e66-b00e-b15a12b47e28" status: 200 len: 244 microversion: 1.28
Jul 24 20:06:28.454843 np0000005843 devstack@placement-api.service[90057]: [pid: 90057|app: 0|req: 150/446] 10.4.3.65 () {68 vars in 1492 bytes} [Fri Jul 24 20:06:28 2026] GET /placement/allocations/18941446-43b6-4e66-b00e-b15a12b47e28 => generated 244 bytes in 10 msecs (HTTP/1.1 200) 8 headers in 296 bytes (1 switches on core 0)
Jul 24 20:06:28.526066 np0000005843 devstack@placement-api.service[90056]: DEBUG placement.requestlog [req-d2321947-0767-4cda-bd23-e88ccad859f8 req-fdc07b5d-e763-441c-b9e0-f57c91f248b9 None None] Starting request: 10.4.3.65 "GET /placement/allocations/c8832dd6-4e9d-4bed-8c90-a359d96b1c0e" {{(pid=90056) __call__ /opt/stack/placement/placement/requestlog.py:55}}
Jul 24 20:06:28.535014 np0000005843 devstack@placement-api.service[90056]: INFO placement.requestlog [req-d2321947-0767-4cda-bd23-e88ccad859f8 req-fdc07b5d-e763-441c-b9e0-f57c91f248b9 service nova] 10.4.3.65 "GET /placement/allocations/c8832dd6-4e9d-4bed-8c90-a359d96b1c0e" status: 200 len: 258 microversion: 1.28
Jul 24 20:06:28.535261 np0000005843 devstack@placement-api.service[90056]: [pid: 90056|app: 0|req: 149/447] 10.4.3.65 () {68 vars in 1492 bytes} [Fri Jul 24 20:06:28 2026] GET /placement/allocations/c8832dd6-4e9d-4bed-8c90-a359d96b1c0e => generated 258 bytes in 10 msecs (HTTP/1.1 200) 8 headers in 296 bytes (1 switches on core 0)
Jul 24 20:06:28.588597 np0000005843 devstack@placement-api.service[90058]: DEBUG placement.requestlog [req-d2321947-0767-4cda-bd23-e88ccad859f8 req-9b85ebf3-7e41-4916-ad10-580cf0471ee6 None None] Starting request: 10.4.3.65 "GET /placement/allocations/badcad39-0cf8-40bc-bb94-db22dad84c0d" {{(pid=90058) __call__ /opt/stack/placement/placement/requestlog.py:55}}
Jul 24 20:06:28.609062 np0000005843 devstack@placement-api.service[90058]: INFO placement.requestlog [req-d2321947-0767-4cda-bd23-e88ccad859f8 req-9b85ebf3-7e41-4916-ad10-580cf0471ee6 service nova] 10.4.3.65 "GET /placement/allocations/badcad39-0cf8-40bc-bb94-db22dad84c0d" status: 200 len: 244 microversion: 1.28
Jul 24 20:06:28.609365 np0000005843 devstack@placement-api.service[90058]: [pid: 90058|app: 0|req: 149/448] 10.4.3.65 () {68 vars in 1492 bytes} [Fri Jul 24 20:06:28 2026] GET /placement/allocations/badcad39-0cf8-40bc-bb94-db22dad84c0d => generated 244 bytes in 21 msecs (HTTP/1.1 200) 8 headers in 296 bytes (1 switches on core 0)
Jul 24 20:06:28.645028 np0000005843 devstack@placement-api.service[90057]: DEBUG placement.requestlog [req-d2321947-0767-4cda-bd23-e88ccad859f8 req-d1ddb251-2326-434c-baf0-dc043e91be4f None None] Starting request: 10.4.3.65 "GET /placement/allocations/78f24650-5996-4c22-85be-97866eb9510d" {{(pid=90057) __call__ /opt/stack/placement/placement/requestlog.py:55}}
Jul 24 20:06:28.659838 np0000005843 devstack@placement-api.service[90057]: INFO placement.requestlog [req-d2321947-0767-4cda-bd23-e88ccad859f8 req-d1ddb251-2326-434c-baf0-dc043e91be4f service nova] 10.4.3.65 "GET /placement/allocations/78f24650-5996-4c22-85be-97866eb9510d" status: 200 len: 258 microversion: 1.28
Jul 24 20:06:28.660065 np0000005843 devstack@placement-api.service[90057]: [pid: 90057|app: 0|req: 151/449] 10.4.3.65 () {68 vars in 1492 bytes} [Fri Jul 24 20:06:28 2026] GET /placement/allocations/78f24650-5996-4c22-85be-97866eb9510d => generated 258 bytes in 15 msecs (HTTP/1.1 200) 8 headers in 296 bytes (1 switches on core 0)
Jul 24 20:06:28.715294 np0000005843 devstack@placement-api.service[90056]: DEBUG placement.requestlog [req-d2321947-0767-4cda-bd23-e88ccad859f8 req-7d4c66da-ab6a-4c54-958d-b2a3dd7c3a43 None None] Starting request: 10.4.3.65 "GET /placement/allocations/41439cf8-d660-4e20-ba79-c748bd83712e" {{(pid=90056) __call__ /opt/stack/placement/placement/requestlog.py:55}}
Jul 24 20:06:28.725464 np0000005843 devstack@placement-api.service[90056]: INFO placement.requestlog [req-d2321947-0767-4cda-bd23-e88ccad859f8 req-7d4c66da-ab6a-4c54-958d-b2a3dd7c3a43 service nova] 10.4.3.65 "GET /placement/allocations/41439cf8-d660-4e20-ba79-c748bd83712e" status: 200 len: 258 microversion: 1.28
Jul 24 20:06:28.725759 np0000005843 devstack@placement-api.service[90056]: [pid: 90056|app: 0|req: 150/450] 10.4.3.65 () {68 vars in 1492 bytes} [Fri Jul 24 20:06:28 2026] GET /placement/allocations/41439cf8-d660-4e20-ba79-c748bd83712e => generated 258 bytes in 10 msecs (HTTP/1.1 200) 8 headers in 296 bytes (1 switches on core 0)
Jul 24 20:06:28.766793 np0000005843 devstack@placement-api.service[90058]: DEBUG placement.requestlog [req-d2321947-0767-4cda-bd23-e88ccad859f8 req-0b1d0a54-8798-43b2-81ea-30896d2357f4 None None] Starting request: 10.4.3.65 "GET /placement/allocations/48957c7e-55ff-460a-868c-7b9869ee5046" {{(pid=90058) __call__ /opt/stack/placement/placement/requestlog.py:55}}
Jul 24 20:06:28.781368 np0000005843 devstack@placement-api.service[90058]: INFO placement.requestlog [req-d2321947-0767-4cda-bd23-e88ccad859f8 req-0b1d0a54-8798-43b2-81ea-30896d2357f4 service nova] 10.4.3.65 "GET /placement/allocations/48957c7e-55ff-460a-868c-7b9869ee5046" status: 200 len: 258 microversion: 1.28
Jul 24 20:06:28.781776 np0000005843 devstack@placement-api.service[90058]: [pid: 90058|app: 0|req: 150/451] 10.4.3.65 () {68 vars in 1492 bytes} [Fri Jul 24 20:06:28 2026] GET /placement/allocations/48957c7e-55ff-460a-868c-7b9869ee5046 => generated 258 bytes in 15 msecs (HTTP/1.1 200) 8 headers in 296 bytes (1 switches on core 0)
Jul 24 20:06:28.841050 np0000005843 devstack@placement-api.service[90057]: DEBUG placement.requestlog [req-d2321947-0767-4cda-bd23-e88ccad859f8 req-dc39e41b-accb-4620-bd35-99330bdf4767 None None] Starting request: 10.4.3.65 "GET /placement/allocations/23cb9706-1561-4b71-a034-cabdecb40ea1" {{(pid=90057) __call__ /opt/stack/placement/placement/requestlog.py:55}}
Jul 24 20:06:28.867247 np0000005843 devstack@placement-api.service[90057]: INFO placement.requestlog [req-d2321947-0767-4cda-bd23-e88ccad859f8 req-dc39e41b-accb-4620-bd35-99330bdf4767 service nova] 10.4.3.65 "GET /placement/allocations/23cb9706-1561-4b71-a034-cabdecb40ea1" status: 200 len: 258 microversion: 1.28
Jul 24 20:06:28.867778 np0000005843 devstack@placement-api.service[90057]: [pid: 90057|app: 0|req: 152/452] 10.4.3.65 () {68 vars in 1492 bytes} [Fri Jul 24 20:06:28 2026] GET /placement/allocations/23cb9706-1561-4b71-a034-cabdecb40ea1 => generated 258 bytes in 27 msecs (HTTP/1.1 200) 8 headers in 296 bytes (1 switches on core 0)
Jul 24 20:06:28.977058 np0000005843 devstack@placement-api.service[90056]: DEBUG placement.requestlog [req-d2321947-0767-4cda-bd23-e88ccad859f8 req-2019a9e2-9146-47f5-a6fc-bcd86bee5376 None None] Starting request: 10.4.3.65 "DELETE /placement/allocations/c8832dd6-4e9d-4bed-8c90-a359d96b1c0e" {{(pid=90056) __call__ /opt/stack/placement/placement/requestlog.py:55}}
Jul 24 20:06:29.022841 np0000005843 devstack@placement-api.service[90056]: DEBUG placement.handlers.allocation [req-d2321947-0767-4cda-bd23-e88ccad859f8 req-2019a9e2-9146-47f5-a6fc-bcd86bee5376 service nova] Successfully deleted allocations [, , ] {{(pid=90056) delete_allocations /opt/stack/placement/placement/handlers/allocation.py:627}}
Jul 24 20:06:29.022841 np0000005843 devstack@placement-api.service[90056]: INFO placement.requestlog [req-d2321947-0767-4cda-bd23-e88ccad859f8 req-2019a9e2-9146-47f5-a6fc-bcd86bee5376 service nova] 10.4.3.65 "DELETE /placement/allocations/c8832dd6-4e9d-4bed-8c90-a359d96b1c0e" status: 204 len: 0 microversion: 1.0
Jul 24 20:06:29.023138 np0000005843 devstack@placement-api.service[90056]: [pid: 90056|app: 0|req: 151/453] 10.4.3.65 () {68 vars in 1470 bytes} [Fri Jul 24 20:06:28 2026] DELETE /placement/allocations/c8832dd6-4e9d-4bed-8c90-a359d96b1c0e => generated 0 bytes in 46 msecs (HTTP/1.1 204) 5 headers in 198 bytes (1 switches on core 0)
Jul 24 20:06:32.143350 np0000005843 devstack@placement-api.service[90058]: DEBUG placement.requestlog [req-7e4f7bec-e713-4715-9b14-ed860bdc5ba5 req-98324a45-2add-45d3-8038-40b28e69e09b None None] Starting request: 10.4.3.65 "GET /placement/resource_providers/b187e648-4cef-40ff-93c8-71721ec97957/allocations" {{(pid=90058) __call__ /opt/stack/placement/placement/requestlog.py:55}}
Jul 24 20:06:32.160414 np0000005843 devstack@placement-api.service[90058]: INFO placement.requestlog [req-7e4f7bec-e713-4715-9b14-ed860bdc5ba5 req-98324a45-2add-45d3-8038-40b28e69e09b service nova] 10.4.3.65 "GET /placement/resource_providers/b187e648-4cef-40ff-93c8-71721ec97957/allocations" status: 200 len: 811 microversion: 1.0
Jul 24 20:06:32.160414 np0000005843 devstack@placement-api.service[90058]: [pid: 90058|app: 0|req: 151/454] 10.4.3.65 () {66 vars in 1505 bytes} [Fri Jul 24 20:06:32 2026] GET /placement/resource_providers/b187e648-4cef-40ff-93c8-71721ec97957/allocations => generated 811 bytes in 16 msecs (HTTP/1.1 200) 6 headers in 224 bytes (1 switches on core 0)
Jul 24 20:06:32.203774 np0000005843 devstack@placement-api.service[90057]: DEBUG placement.requestlog [req-7e4f7bec-e713-4715-9b14-ed860bdc5ba5 req-217c1ce7-149e-4540-9f65-6612e31a0f64 None None] Starting request: 10.4.3.65 "GET /placement/allocations/24dd622c-b722-418a-90ba-9c263ec666f3" {{(pid=90057) __call__ /opt/stack/placement/placement/requestlog.py:55}}
Jul 24 20:06:32.218076 np0000005843 devstack@placement-api.service[90057]: INFO placement.requestlog [req-7e4f7bec-e713-4715-9b14-ed860bdc5ba5 req-217c1ce7-149e-4540-9f65-6612e31a0f64 service nova] 10.4.3.65 "GET /placement/allocations/24dd622c-b722-418a-90ba-9c263ec666f3" status: 200 len: 244 microversion: 1.28
Jul 24 20:06:32.218572 np0000005843 devstack@placement-api.service[90057]: [pid: 90057|app: 0|req: 153/455] 10.4.3.65 () {68 vars in 1492 bytes} [Fri Jul 24 20:06:32 2026] GET /placement/allocations/24dd622c-b722-418a-90ba-9c263ec666f3 => generated 244 bytes in 15 msecs (HTTP/1.1 200) 8 headers in 296 bytes (1 switches on core 0)
Jul 24 20:06:32.256796 np0000005843 devstack@placement-api.service[90056]: DEBUG placement.requestlog [req-1b1abfb3-6eac-477f-912f-48aebefcc928 req-e8868bb1-c7e6-4af6-a62d-8c16edd7a95d None None] Starting request: 10.4.3.65 "GET /placement/allocation_candidates?limit=1000&resources=DISK_GB%3A1%2CMEMORY_MB%3A192%2CVCPU%3A1&root_required=%21COMPUTE_STATUS_DISABLED" {{(pid=90056) __call__ /opt/stack/placement/placement/requestlog.py:55}}
Jul 24 20:06:32.263859 np0000005843 devstack@placement-api.service[90058]: DEBUG placement.requestlog [req-7e4f7bec-e713-4715-9b14-ed860bdc5ba5 req-ebd7de02-9d95-4326-a9dc-e3dc0bec2f0c None None] Starting request: 10.4.3.65 "GET /placement/allocations/460ab269-c6fc-42e1-b6f2-dc9a2291565a" {{(pid=90058) __call__ /opt/stack/placement/placement/requestlog.py:55}}
Jul 24 20:06:32.274391 np0000005843 devstack@placement-api.service[90056]: DEBUG placement.objects.research_context [req-1b1abfb3-6eac-477f-912f-48aebefcc928 req-e8868bb1-c7e6-4af6-a62d-8c16edd7a95d service nova] getting providers with 1 DISK_GB {{(pid=90056) __init__ /opt/stack/placement/placement/objects/research_context.py:137}}
Jul 24 20:06:32.276764 np0000005843 devstack@placement-api.service[90058]: INFO placement.requestlog [req-7e4f7bec-e713-4715-9b14-ed860bdc5ba5 req-ebd7de02-9d95-4326-a9dc-e3dc0bec2f0c service nova] 10.4.3.65 "GET /placement/allocations/460ab269-c6fc-42e1-b6f2-dc9a2291565a" status: 200 len: 258 microversion: 1.28
Jul 24 20:06:32.279483 np0000005843 devstack@placement-api.service[90058]: [pid: 90058|app: 0|req: 152/456] 10.4.3.65 () {68 vars in 1492 bytes} [Fri Jul 24 20:06:32 2026] GET /placement/allocations/460ab269-c6fc-42e1-b6f2-dc9a2291565a => generated 258 bytes in 16 msecs (HTTP/1.1 200) 8 headers in 296 bytes (1 switches on core 0)
Jul 24 20:06:32.279588 np0000005843 devstack@placement-api.service[90056]: DEBUG placement.objects.research_context [req-1b1abfb3-6eac-477f-912f-48aebefcc928 req-e8868bb1-c7e6-4af6-a62d-8c16edd7a95d service nova] getting providers with 192 MEMORY_MB {{(pid=90056) __init__ /opt/stack/placement/placement/objects/research_context.py:137}}
Jul 24 20:06:32.280522 np0000005843 devstack@placement-api.service[90056]: DEBUG placement.objects.research_context [req-1b1abfb3-6eac-477f-912f-48aebefcc928 req-e8868bb1-c7e6-4af6-a62d-8c16edd7a95d service nova] getting providers with 1 VCPU {{(pid=90056) __init__ /opt/stack/placement/placement/objects/research_context.py:137}}
Jul 24 20:06:32.283587 np0000005843 devstack@placement-api.service[90056]: DEBUG placement.objects.research_context [req-1b1abfb3-6eac-477f-912f-48aebefcc928 req-e8868bb1-c7e6-4af6-a62d-8c16edd7a95d service nova] found 1 providers with available 1 DISK_GB {{(pid=90056) get_provider_ids_matching /opt/stack/placement/placement/objects/research_context.py:563}}
Jul 24 20:06:32.283982 np0000005843 devstack@placement-api.service[90056]: DEBUG placement.objects.research_context [req-1b1abfb3-6eac-477f-912f-48aebefcc928 req-e8868bb1-c7e6-4af6-a62d-8c16edd7a95d service nova] found 1 providers with available 192 MEMORY_MB {{(pid=90056) get_provider_ids_matching /opt/stack/placement/placement/objects/research_context.py:563}}
Jul 24 20:06:32.283982 np0000005843 devstack@placement-api.service[90056]: DEBUG placement.objects.research_context [req-1b1abfb3-6eac-477f-912f-48aebefcc928 req-e8868bb1-c7e6-4af6-a62d-8c16edd7a95d service nova] found 1 providers after filtering by previous result {{(pid=90056) get_provider_ids_matching /opt/stack/placement/placement/objects/research_context.py:594}}
Jul 24 20:06:32.283982 np0000005843 devstack@placement-api.service[90056]: DEBUG placement.objects.research_context [req-1b1abfb3-6eac-477f-912f-48aebefcc928 req-e8868bb1-c7e6-4af6-a62d-8c16edd7a95d service nova] found 1 providers with available 1 VCPU {{(pid=90056) get_provider_ids_matching /opt/stack/placement/placement/objects/research_context.py:563}}
Jul 24 20:06:32.283982 np0000005843 devstack@placement-api.service[90056]: DEBUG placement.objects.research_context [req-1b1abfb3-6eac-477f-912f-48aebefcc928 req-e8868bb1-c7e6-4af6-a62d-8c16edd7a95d service nova] found 1 providers after filtering by previous result {{(pid=90056) get_provider_ids_matching /opt/stack/placement/placement/objects/research_context.py:594}}
Jul 24 20:06:32.290201 np0000005843 devstack@placement-api.service[90056]: DEBUG placement.objects.allocation_candidate [req-1b1abfb3-6eac-477f-912f-48aebefcc928 req-e8868bb1-c7e6-4af6-a62d-8c16edd7a95d service nova] RequestGroup(use_same_provider=False, resources={DISK_GB:1, MEMORY_MB:192, VCPU:1}, traits=(), aggregates=[]) (suffix '') returned 1 matches {{(pid=90056) _get_by_requests /opt/stack/placement/placement/objects/allocation_candidate.py:158}}
Jul 24 20:06:32.290385 np0000005843 devstack@placement-api.service[90056]: DEBUG placement.objects.allocation_candidate [req-1b1abfb3-6eac-477f-912f-48aebefcc928 req-e8868bb1-c7e6-4af6-a62d-8c16edd7a95d service nova] Merging candidates yields 1 allocation requests and 1 provider summaries {{(pid=90056) _merge_candidates /opt/stack/placement/placement/objects/allocation_candidate.py:908}}
Jul 24 20:06:32.291526 np0000005843 devstack@placement-api.service[90056]: INFO placement.requestlog [req-1b1abfb3-6eac-477f-912f-48aebefcc928 req-e8868bb1-c7e6-4af6-a62d-8c16edd7a95d service nova] 10.4.3.65 "GET /placement/allocation_candidates?limit=1000&resources=DISK_GB%3A1%2CMEMORY_MB%3A192%2CVCPU%3A1&root_required=%21COMPUTE_STATUS_DISABLED" status: 200 len: 2493 microversion: 1.36
Jul 24 20:06:32.291810 np0000005843 devstack@placement-api.service[90056]: [pid: 90056|app: 0|req: 152/457] 10.4.3.65 () {68 vars in 1618 bytes} [Fri Jul 24 20:06:32 2026] GET /placement/allocation_candidates?limit=1000&resources=DISK_GB%3A1%2CMEMORY_MB%3A192%2CVCPU%3A1&root_required=%21COMPUTE_STATUS_DISABLED => generated 2493 bytes in 35 msecs (HTTP/1.1 200) 8 headers in 297 bytes (1 switches on core 0)
Jul 24 20:06:32.322373 np0000005843 devstack@placement-api.service[90057]: DEBUG placement.requestlog [req-7e4f7bec-e713-4715-9b14-ed860bdc5ba5 req-4a6758e4-bddb-49a2-86cf-ca4cc62875a7 None None] Starting request: 10.4.3.65 "GET /placement/allocations/18941446-43b6-4e66-b00e-b15a12b47e28" {{(pid=90057) __call__ /opt/stack/placement/placement/requestlog.py:55}}
Jul 24 20:06:32.343768 np0000005843 devstack@placement-api.service[90057]: INFO placement.requestlog [req-7e4f7bec-e713-4715-9b14-ed860bdc5ba5 req-4a6758e4-bddb-49a2-86cf-ca4cc62875a7 service nova] 10.4.3.65 "GET /placement/allocations/18941446-43b6-4e66-b00e-b15a12b47e28" status: 200 len: 244 microversion: 1.28
Jul 24 20:06:32.343768 np0000005843 devstack@placement-api.service[90057]: [pid: 90057|app: 0|req: 154/458] 10.4.3.65 () {68 vars in 1492 bytes} [Fri Jul 24 20:06:32 2026] GET /placement/allocations/18941446-43b6-4e66-b00e-b15a12b47e28 => generated 244 bytes in 18 msecs (HTTP/1.1 200) 8 headers in 296 bytes (1 switches on core 0)
Jul 24 20:06:32.357654 np0000005843 devstack@placement-api.service[90058]: DEBUG placement.requestlog [req-1b1abfb3-6eac-477f-912f-48aebefcc928 req-5aeb93c2-93cc-4b80-b07c-d03acfd2aac8 None None] Starting request: 10.4.3.65 "GET /placement/allocations/44844d8f-8110-4c11-890f-b12e869b170a" {{(pid=90058) __call__ /opt/stack/placement/placement/requestlog.py:55}}
Jul 24 20:06:32.369507 np0000005843 devstack@placement-api.service[90058]: INFO placement.requestlog [req-1b1abfb3-6eac-477f-912f-48aebefcc928 req-5aeb93c2-93cc-4b80-b07c-d03acfd2aac8 service nova] 10.4.3.65 "GET /placement/allocations/44844d8f-8110-4c11-890f-b12e869b170a" status: 200 len: 19 microversion: 1.28
Jul 24 20:06:32.369788 np0000005843 devstack@placement-api.service[90058]: [pid: 90058|app: 0|req: 153/459] 10.4.3.65 () {68 vars in 1494 bytes} [Fri Jul 24 20:06:32 2026] GET /placement/allocations/44844d8f-8110-4c11-890f-b12e869b170a => generated 19 bytes in 13 msecs (HTTP/1.1 200) 8 headers in 295 bytes (1 switches on core 0)
Jul 24 20:06:32.396948 np0000005843 devstack@placement-api.service[90056]: DEBUG placement.requestlog [req-7e4f7bec-e713-4715-9b14-ed860bdc5ba5 req-b5f978fa-2ffa-4e81-a64a-71f1275dc651 None None] Starting request: 10.4.3.65 "GET /placement/allocations/badcad39-0cf8-40bc-bb94-db22dad84c0d" {{(pid=90056) __call__ /opt/stack/placement/placement/requestlog.py:55}}
Jul 24 20:06:32.413880 np0000005843 devstack@placement-api.service[90056]: INFO placement.requestlog [req-7e4f7bec-e713-4715-9b14-ed860bdc5ba5 req-b5f978fa-2ffa-4e81-a64a-71f1275dc651 service nova] 10.4.3.65 "GET /placement/allocations/badcad39-0cf8-40bc-bb94-db22dad84c0d" status: 200 len: 244 microversion: 1.28
Jul 24 20:06:32.414350 np0000005843 devstack@placement-api.service[90056]: [pid: 90056|app: 0|req: 153/460] 10.4.3.65 () {68 vars in 1492 bytes} [Fri Jul 24 20:06:32 2026] GET /placement/allocations/badcad39-0cf8-40bc-bb94-db22dad84c0d => generated 244 bytes in 18 msecs (HTTP/1.1 200) 8 headers in 296 bytes (1 switches on core 0)
Jul 24 20:06:32.418998 np0000005843 devstack@placement-api.service[90057]: DEBUG placement.requestlog [req-1b1abfb3-6eac-477f-912f-48aebefcc928 req-c963848e-c8e9-4b19-a4b4-bea518b9dd6a None None] Starting request: 10.4.3.65 "PUT /placement/allocations/44844d8f-8110-4c11-890f-b12e869b170a" {{(pid=90057) __call__ /opt/stack/placement/placement/requestlog.py:55}}
Jul 24 20:06:32.451609 np0000005843 devstack@placement-api.service[90058]: DEBUG placement.requestlog [req-7e4f7bec-e713-4715-9b14-ed860bdc5ba5 req-b4df6490-3e53-4ee0-8012-701c93c45cc9 None None] Starting request: 10.4.3.65 "GET /placement/allocations/78f24650-5996-4c22-85be-97866eb9510d" {{(pid=90058) __call__ /opt/stack/placement/placement/requestlog.py:55}}
Jul 24 20:06:32.471492 np0000005843 devstack@placement-api.service[90058]: INFO placement.requestlog [req-7e4f7bec-e713-4715-9b14-ed860bdc5ba5 req-b4df6490-3e53-4ee0-8012-701c93c45cc9 service nova] 10.4.3.65 "GET /placement/allocations/78f24650-5996-4c22-85be-97866eb9510d" status: 200 len: 258 microversion: 1.28
Jul 24 20:06:32.472465 np0000005843 devstack@placement-api.service[90058]: [pid: 90058|app: 0|req: 154/461] 10.4.3.65 () {68 vars in 1492 bytes} [Fri Jul 24 20:06:32 2026] GET /placement/allocations/78f24650-5996-4c22-85be-97866eb9510d => generated 258 bytes in 21 msecs (HTTP/1.1 200) 8 headers in 296 bytes (1 switches on core 0)
Jul 24 20:06:32.510448 np0000005843 devstack@placement-api.service[90057]: DEBUG placement.handlers.allocation [req-1b1abfb3-6eac-477f-912f-48aebefcc928 req-c963848e-c8e9-4b19-a4b4-bea518b9dd6a service nova] Successfully wrote allocations [, , ] {{(pid=90057) _update_consumers_and_create_allocations /opt/stack/placement/placement/handlers/allocation.py:462}}
Jul 24 20:06:32.520647 np0000005843 devstack@placement-api.service[90056]: DEBUG placement.requestlog [req-7e4f7bec-e713-4715-9b14-ed860bdc5ba5 req-91c9be79-ca74-4328-bd5f-cdd851a2856e None None] Starting request: 10.4.3.65 "GET /placement/allocations/41439cf8-d660-4e20-ba79-c748bd83712e" {{(pid=90056) __call__ /opt/stack/placement/placement/requestlog.py:55}}
Jul 24 20:06:32.521369 np0000005843 devstack@placement-api.service[90057]: INFO placement.requestlog [req-1b1abfb3-6eac-477f-912f-48aebefcc928 req-c963848e-c8e9-4b19-a4b4-bea518b9dd6a service nova] 10.4.3.65 "PUT /placement/allocations/44844d8f-8110-4c11-890f-b12e869b170a" status: 204 len: 0 microversion: 1.36
Jul 24 20:06:32.521792 np0000005843 devstack@placement-api.service[90057]: [pid: 90057|app: 0|req: 155/462] 10.4.3.65 () {72 vars in 1547 bytes} [Fri Jul 24 20:06:32 2026] PUT /placement/allocations/44844d8f-8110-4c11-890f-b12e869b170a => generated 0 bytes in 103 msecs (HTTP/1.1 204) 5 headers in 199 bytes (1 switches on core 0)
Jul 24 20:06:32.531314 np0000005843 devstack@placement-api.service[90056]: INFO placement.requestlog [req-7e4f7bec-e713-4715-9b14-ed860bdc5ba5 req-91c9be79-ca74-4328-bd5f-cdd851a2856e service nova] 10.4.3.65 "GET /placement/allocations/41439cf8-d660-4e20-ba79-c748bd83712e" status: 200 len: 258 microversion: 1.28
Jul 24 20:06:32.531629 np0000005843 devstack@placement-api.service[90056]: [pid: 90056|app: 0|req: 154/463] 10.4.3.65 () {68 vars in 1492 bytes} [Fri Jul 24 20:06:32 2026] GET /placement/allocations/41439cf8-d660-4e20-ba79-c748bd83712e => generated 258 bytes in 11 msecs (HTTP/1.1 200) 8 headers in 296 bytes (1 switches on core 0)
Jul 24 20:06:32.579348 np0000005843 devstack@placement-api.service[90058]: DEBUG placement.requestlog [req-7e4f7bec-e713-4715-9b14-ed860bdc5ba5 req-73585f59-4b2f-457f-939e-d016b1fc15fb None None] Starting request: 10.4.3.65 "GET /placement/allocations/48957c7e-55ff-460a-868c-7b9869ee5046" {{(pid=90058) __call__ /opt/stack/placement/placement/requestlog.py:55}}
Jul 24 20:06:32.599043 np0000005843 devstack@placement-api.service[90058]: INFO placement.requestlog [req-7e4f7bec-e713-4715-9b14-ed860bdc5ba5 req-73585f59-4b2f-457f-939e-d016b1fc15fb service nova] 10.4.3.65 "GET /placement/allocations/48957c7e-55ff-460a-868c-7b9869ee5046" status: 200 len: 258 microversion: 1.28
Jul 24 20:06:32.599874 np0000005843 devstack@placement-api.service[90058]: [pid: 90058|app: 0|req: 155/464] 10.4.3.65 () {68 vars in 1492 bytes} [Fri Jul 24 20:06:32 2026] GET /placement/allocations/48957c7e-55ff-460a-868c-7b9869ee5046 => generated 258 bytes in 21 msecs (HTTP/1.1 200) 8 headers in 296 bytes (1 switches on core 0)
Jul 24 20:06:32.646079 np0000005843 devstack@placement-api.service[90057]: DEBUG placement.requestlog [req-7e4f7bec-e713-4715-9b14-ed860bdc5ba5 req-d9d4b4b6-d3b1-4cc9-8982-3d1afe20891a None None] Starting request: 10.4.3.65 "GET /placement/allocations/23cb9706-1561-4b71-a034-cabdecb40ea1" {{(pid=90057) __call__ /opt/stack/placement/placement/requestlog.py:55}}
Jul 24 20:06:32.664440 np0000005843 devstack@placement-api.service[90057]: INFO placement.requestlog [req-7e4f7bec-e713-4715-9b14-ed860bdc5ba5 req-d9d4b4b6-d3b1-4cc9-8982-3d1afe20891a service nova] 10.4.3.65 "GET /placement/allocations/23cb9706-1561-4b71-a034-cabdecb40ea1" status: 200 len: 258 microversion: 1.28
Jul 24 20:06:32.665191 np0000005843 devstack@placement-api.service[90057]: [pid: 90057|app: 0|req: 156/465] 10.4.3.65 () {68 vars in 1492 bytes} [Fri Jul 24 20:06:32 2026] GET /placement/allocations/23cb9706-1561-4b71-a034-cabdecb40ea1 => generated 258 bytes in 20 msecs (HTTP/1.1 200) 8 headers in 296 bytes (1 switches on core 0)
Jul 24 20:06:32.775577 np0000005843 devstack@placement-api.service[90056]: DEBUG placement.requestlog [req-7e4f7bec-e713-4715-9b14-ed860bdc5ba5 req-011ef93e-49fc-429f-8ae6-e75e9bc8ce69 None None] Starting request: 10.4.3.65 "DELETE /placement/allocations/badcad39-0cf8-40bc-bb94-db22dad84c0d" {{(pid=90056) __call__ /opt/stack/placement/placement/requestlog.py:55}}
Jul 24 20:06:32.812752 np0000005843 devstack@placement-api.service[90056]: DEBUG placement.handlers.allocation [req-7e4f7bec-e713-4715-9b14-ed860bdc5ba5 req-011ef93e-49fc-429f-8ae6-e75e9bc8ce69 service nova] Successfully deleted allocations [, ] {{(pid=90056) delete_allocations /opt/stack/placement/placement/handlers/allocation.py:627}}
Jul 24 20:06:32.812752 np0000005843 devstack@placement-api.service[90056]: INFO placement.requestlog [req-7e4f7bec-e713-4715-9b14-ed860bdc5ba5 req-011ef93e-49fc-429f-8ae6-e75e9bc8ce69 service nova] 10.4.3.65 "DELETE /placement/allocations/badcad39-0cf8-40bc-bb94-db22dad84c0d" status: 204 len: 0 microversion: 1.0
Jul 24 20:06:32.814710 np0000005843 devstack@placement-api.service[90056]: [pid: 90056|app: 0|req: 155/466] 10.4.3.65 () {68 vars in 1470 bytes} [Fri Jul 24 20:06:32 2026] DELETE /placement/allocations/badcad39-0cf8-40bc-bb94-db22dad84c0d => generated 0 bytes in 39 msecs (HTTP/1.1 204) 5 headers in 198 bytes (1 switches on core 0)
Jul 24 20:06:32.862247 np0000005843 devstack@placement-api.service[90058]: DEBUG placement.requestlog [req-1b1abfb3-6eac-477f-912f-48aebefcc928 req-1a140691-fb07-457a-97e0-ea21549a11f1 None None] Starting request: 10.4.3.65 "GET /placement/allocations/44844d8f-8110-4c11-890f-b12e869b170a" {{(pid=90058) __call__ /opt/stack/placement/placement/requestlog.py:55}}
Jul 24 20:06:32.882963 np0000005843 devstack@placement-api.service[90058]: INFO placement.requestlog [req-1b1abfb3-6eac-477f-912f-48aebefcc928 req-1a140691-fb07-457a-97e0-ea21549a11f1 service nova] 10.4.3.65 "GET /placement/allocations/44844d8f-8110-4c11-890f-b12e869b170a" status: 200 len: 258 microversion: 1.28
Jul 24 20:06:32.882963 np0000005843 devstack@placement-api.service[90058]: [pid: 90058|app: 0|req: 156/467] 10.4.3.65 () {68 vars in 1492 bytes} [Fri Jul 24 20:06:32 2026] GET /placement/allocations/44844d8f-8110-4c11-890f-b12e869b170a => generated 258 bytes in 21 msecs (HTTP/1.1 200) 8 headers in 296 bytes (1 switches on core 0)
Jul 24 20:06:33.018400 np0000005843 devstack@placement-api.service[90057]: DEBUG placement.requestlog [req-1b1abfb3-6eac-477f-912f-48aebefcc928 req-d2e1eecc-83f8-4d22-ad98-8bb0d1a3d2f7 None None] Starting request: 10.4.3.65 "GET /placement/resource_providers/b187e648-4cef-40ff-93c8-71721ec97957/allocations" {{(pid=90057) __call__ /opt/stack/placement/placement/requestlog.py:55}}
Jul 24 20:06:33.038577 np0000005843 devstack@placement-api.service[90057]: INFO placement.requestlog [req-1b1abfb3-6eac-477f-912f-48aebefcc928 req-d2e1eecc-83f8-4d22-ad98-8bb0d1a3d2f7 service nova] 10.4.3.65 "GET /placement/resource_providers/b187e648-4cef-40ff-93c8-71721ec97957/allocations" status: 200 len: 825 microversion: 1.0
Jul 24 20:06:33.039119 np0000005843 devstack@placement-api.service[90057]: [pid: 90057|app: 0|req: 157/468] 10.4.3.65 () {66 vars in 1505 bytes} [Fri Jul 24 20:06:33 2026] GET /placement/resource_providers/b187e648-4cef-40ff-93c8-71721ec97957/allocations => generated 825 bytes in 21 msecs (HTTP/1.1 200) 6 headers in 224 bytes (1 switches on core 0)
Jul 24 20:06:33.084541 np0000005843 devstack@placement-api.service[90056]: DEBUG placement.requestlog [req-1b1abfb3-6eac-477f-912f-48aebefcc928 req-c50474b8-31a5-439d-bd77-7b31e6f55c6c None None] Starting request: 10.4.3.65 "GET /placement/allocations/24dd622c-b722-418a-90ba-9c263ec666f3" {{(pid=90056) __call__ /opt/stack/placement/placement/requestlog.py:55}}
Jul 24 20:06:33.093410 np0000005843 devstack@placement-api.service[90056]: INFO placement.requestlog [req-1b1abfb3-6eac-477f-912f-48aebefcc928 req-c50474b8-31a5-439d-bd77-7b31e6f55c6c service nova] 10.4.3.65 "GET /placement/allocations/24dd622c-b722-418a-90ba-9c263ec666f3" status: 200 len: 244 microversion: 1.28
Jul 24 20:06:33.093938 np0000005843 devstack@placement-api.service[90056]: [pid: 90056|app: 0|req: 156/469] 10.4.3.65 () {68 vars in 1492 bytes} [Fri Jul 24 20:06:33 2026] GET /placement/allocations/24dd622c-b722-418a-90ba-9c263ec666f3 => generated 244 bytes in 9 msecs (HTTP/1.1 200) 8 headers in 296 bytes (1 switches on core 0)
Jul 24 20:06:33.137232 np0000005843 devstack@placement-api.service[90058]: DEBUG placement.requestlog [req-1b1abfb3-6eac-477f-912f-48aebefcc928 req-349e8809-a97f-4d06-a1e8-7b92bb4aa280 None None] Starting request: 10.4.3.65 "GET /placement/allocations/460ab269-c6fc-42e1-b6f2-dc9a2291565a" {{(pid=90058) __call__ /opt/stack/placement/placement/requestlog.py:55}}
Jul 24 20:06:33.149970 np0000005843 devstack@placement-api.service[90058]: INFO placement.requestlog [req-1b1abfb3-6eac-477f-912f-48aebefcc928 req-349e8809-a97f-4d06-a1e8-7b92bb4aa280 service nova] 10.4.3.65 "GET /placement/allocations/460ab269-c6fc-42e1-b6f2-dc9a2291565a" status: 200 len: 258 microversion: 1.28
Jul 24 20:06:33.150684 np0000005843 devstack@placement-api.service[90058]: [pid: 90058|app: 0|req: 157/470] 10.4.3.65 () {68 vars in 1492 bytes} [Fri Jul 24 20:06:33 2026] GET /placement/allocations/460ab269-c6fc-42e1-b6f2-dc9a2291565a => generated 258 bytes in 13 msecs (HTTP/1.1 200) 8 headers in 296 bytes (1 switches on core 0)
Jul 24 20:06:33.195183 np0000005843 devstack@placement-api.service[90057]: DEBUG placement.requestlog [req-1b1abfb3-6eac-477f-912f-48aebefcc928 req-5d41ade9-0274-418b-8dce-d67a178ad006 None None] Starting request: 10.4.3.65 "GET /placement/allocations/18941446-43b6-4e66-b00e-b15a12b47e28" {{(pid=90057) __call__ /opt/stack/placement/placement/requestlog.py:55}}
Jul 24 20:06:33.208173 np0000005843 devstack@placement-api.service[90057]: INFO placement.requestlog [req-1b1abfb3-6eac-477f-912f-48aebefcc928 req-5d41ade9-0274-418b-8dce-d67a178ad006 service nova] 10.4.3.65 "GET /placement/allocations/18941446-43b6-4e66-b00e-b15a12b47e28" status: 200 len: 244 microversion: 1.28
Jul 24 20:06:33.208580 np0000005843 devstack@placement-api.service[90057]: [pid: 90057|app: 0|req: 158/471] 10.4.3.65 () {68 vars in 1492 bytes} [Fri Jul 24 20:06:33 2026] GET /placement/allocations/18941446-43b6-4e66-b00e-b15a12b47e28 => generated 244 bytes in 14 msecs (HTTP/1.1 200) 8 headers in 296 bytes (1 switches on core 0)
Jul 24 20:06:33.249237 np0000005843 devstack@placement-api.service[90056]: DEBUG placement.requestlog [req-1b1abfb3-6eac-477f-912f-48aebefcc928 req-9bd75f79-41d0-4001-a15d-2f3ea9e24b61 None None] Starting request: 10.4.3.65 "GET /placement/allocations/44844d8f-8110-4c11-890f-b12e869b170a" {{(pid=90056) __call__ /opt/stack/placement/placement/requestlog.py:55}}
Jul 24 20:06:33.259034 np0000005843 devstack@placement-api.service[90056]: INFO placement.requestlog [req-1b1abfb3-6eac-477f-912f-48aebefcc928 req-9bd75f79-41d0-4001-a15d-2f3ea9e24b61 service nova] 10.4.3.65 "GET /placement/allocations/44844d8f-8110-4c11-890f-b12e869b170a" status: 200 len: 258 microversion: 1.28
Jul 24 20:06:33.259596 np0000005843 devstack@placement-api.service[90056]: [pid: 90056|app: 0|req: 157/472] 10.4.3.65 () {68 vars in 1492 bytes} [Fri Jul 24 20:06:33 2026] GET /placement/allocations/44844d8f-8110-4c11-890f-b12e869b170a => generated 258 bytes in 11 msecs (HTTP/1.1 200) 8 headers in 296 bytes (2 switches on core 0)
Jul 24 20:06:33.279559 np0000005843 devstack@placement-api.service[90058]: DEBUG placement.requestlog [req-98d245fe-345a-4025-9513-3c8014187cf1 req-45d3cfcb-1cfe-4c35-94c4-64942ec3ad1d None None] Starting request: 10.4.3.65 "GET /placement/allocation_candidates?limit=1000&resources=DISK_GB%3A1%2CMEMORY_MB%3A192%2CVCPU%3A1&root_required=%21COMPUTE_STATUS_DISABLED" {{(pid=90058) __call__ /opt/stack/placement/placement/requestlog.py:55}}
Jul 24 20:06:33.318294 np0000005843 devstack@placement-api.service[90057]: DEBUG placement.requestlog [req-1b1abfb3-6eac-477f-912f-48aebefcc928 req-fa631939-a631-49d2-8ff1-a1b79a7f2142 None None] Starting request: 10.4.3.65 "GET /placement/allocations/78f24650-5996-4c22-85be-97866eb9510d" {{(pid=90057) __call__ /opt/stack/placement/placement/requestlog.py:55}}
Jul 24 20:06:33.322797 np0000005843 devstack@placement-api.service[90058]: DEBUG placement.objects.research_context [req-98d245fe-345a-4025-9513-3c8014187cf1 req-45d3cfcb-1cfe-4c35-94c4-64942ec3ad1d service nova] getting providers with 1 DISK_GB {{(pid=90058) __init__ /opt/stack/placement/placement/objects/research_context.py:137}}
Jul 24 20:06:33.328619 np0000005843 devstack@placement-api.service[90058]: DEBUG placement.objects.research_context [req-98d245fe-345a-4025-9513-3c8014187cf1 req-45d3cfcb-1cfe-4c35-94c4-64942ec3ad1d service nova] getting providers with 192 MEMORY_MB {{(pid=90058) __init__ /opt/stack/placement/placement/objects/research_context.py:137}}
Jul 24 20:06:33.332943 np0000005843 devstack@placement-api.service[90057]: INFO placement.requestlog [req-1b1abfb3-6eac-477f-912f-48aebefcc928 req-fa631939-a631-49d2-8ff1-a1b79a7f2142 service nova] 10.4.3.65 "GET /placement/allocations/78f24650-5996-4c22-85be-97866eb9510d" status: 200 len: 258 microversion: 1.28
Jul 24 20:06:33.333796 np0000005843 devstack@placement-api.service[90057]: [pid: 90057|app: 0|req: 159/473] 10.4.3.65 () {68 vars in 1492 bytes} [Fri Jul 24 20:06:33 2026] GET /placement/allocations/78f24650-5996-4c22-85be-97866eb9510d => generated 258 bytes in 16 msecs (HTTP/1.1 200) 8 headers in 296 bytes (1 switches on core 0)
Jul 24 20:06:33.337721 np0000005843 devstack@placement-api.service[90058]: DEBUG placement.objects.research_context [req-98d245fe-345a-4025-9513-3c8014187cf1 req-45d3cfcb-1cfe-4c35-94c4-64942ec3ad1d service nova] getting providers with 1 VCPU {{(pid=90058) __init__ /opt/stack/placement/placement/objects/research_context.py:137}}
Jul 24 20:06:33.343775 np0000005843 devstack@placement-api.service[90058]: DEBUG placement.objects.research_context [req-98d245fe-345a-4025-9513-3c8014187cf1 req-45d3cfcb-1cfe-4c35-94c4-64942ec3ad1d service nova] found 1 providers with available 1 DISK_GB {{(pid=90058) get_provider_ids_matching /opt/stack/placement/placement/objects/research_context.py:563}}
Jul 24 20:06:33.344211 np0000005843 devstack@placement-api.service[90058]: DEBUG placement.objects.research_context [req-98d245fe-345a-4025-9513-3c8014187cf1 req-45d3cfcb-1cfe-4c35-94c4-64942ec3ad1d service nova] found 1 providers with available 192 MEMORY_MB {{(pid=90058) get_provider_ids_matching /opt/stack/placement/placement/objects/research_context.py:563}}
Jul 24 20:06:33.344426 np0000005843 devstack@placement-api.service[90058]: DEBUG placement.objects.research_context [req-98d245fe-345a-4025-9513-3c8014187cf1 req-45d3cfcb-1cfe-4c35-94c4-64942ec3ad1d service nova] found 1 providers after filtering by previous result {{(pid=90058) get_provider_ids_matching /opt/stack/placement/placement/objects/research_context.py:594}}
Jul 24 20:06:33.344646 np0000005843 devstack@placement-api.service[90058]: DEBUG placement.objects.research_context [req-98d245fe-345a-4025-9513-3c8014187cf1 req-45d3cfcb-1cfe-4c35-94c4-64942ec3ad1d service nova] found 1 providers with available 1 VCPU {{(pid=90058) get_provider_ids_matching /opt/stack/placement/placement/objects/research_context.py:563}}
Jul 24 20:06:33.344853 np0000005843 devstack@placement-api.service[90058]: DEBUG placement.objects.research_context [req-98d245fe-345a-4025-9513-3c8014187cf1 req-45d3cfcb-1cfe-4c35-94c4-64942ec3ad1d service nova] found 1 providers after filtering by previous result {{(pid=90058) get_provider_ids_matching /opt/stack/placement/placement/objects/research_context.py:594}}
Jul 24 20:06:33.356052 np0000005843 devstack@placement-api.service[90058]: DEBUG placement.objects.allocation_candidate [req-98d245fe-345a-4025-9513-3c8014187cf1 req-45d3cfcb-1cfe-4c35-94c4-64942ec3ad1d service nova] RequestGroup(use_same_provider=False, resources={DISK_GB:1, MEMORY_MB:192, VCPU:1}, traits=(), aggregates=[]) (suffix '') returned 1 matches {{(pid=90058) _get_by_requests /opt/stack/placement/placement/objects/allocation_candidate.py:158}}
Jul 24 20:06:33.356052 np0000005843 devstack@placement-api.service[90058]: DEBUG placement.objects.allocation_candidate [req-98d245fe-345a-4025-9513-3c8014187cf1 req-45d3cfcb-1cfe-4c35-94c4-64942ec3ad1d service nova] Merging candidates yields 1 allocation requests and 1 provider summaries {{(pid=90058) _merge_candidates /opt/stack/placement/placement/objects/allocation_candidate.py:908}}
Jul 24 20:06:33.358513 np0000005843 devstack@placement-api.service[90058]: INFO placement.requestlog [req-98d245fe-345a-4025-9513-3c8014187cf1 req-45d3cfcb-1cfe-4c35-94c4-64942ec3ad1d service nova] 10.4.3.65 "GET /placement/allocation_candidates?limit=1000&resources=DISK_GB%3A1%2CMEMORY_MB%3A192%2CVCPU%3A1&root_required=%21COMPUTE_STATUS_DISABLED" status: 200 len: 2493 microversion: 1.36
Jul 24 20:06:33.359073 np0000005843 devstack@placement-api.service[90058]: [pid: 90058|app: 0|req: 158/474] 10.4.3.65 () {68 vars in 1618 bytes} [Fri Jul 24 20:06:33 2026] GET /placement/allocation_candidates?limit=1000&resources=DISK_GB%3A1%2CMEMORY_MB%3A192%2CVCPU%3A1&root_required=%21COMPUTE_STATUS_DISABLED => generated 2493 bytes in 80 msecs (HTTP/1.1 200) 8 headers in 297 bytes (1 switches on core 0)
Jul 24 20:06:33.402031 np0000005843 devstack@placement-api.service[90056]: DEBUG placement.requestlog [req-1b1abfb3-6eac-477f-912f-48aebefcc928 req-af9f2be8-8de3-4542-9820-c99c49ea7a03 None None] Starting request: 10.4.3.65 "GET /placement/allocations/41439cf8-d660-4e20-ba79-c748bd83712e" {{(pid=90056) __call__ /opt/stack/placement/placement/requestlog.py:55}}
Jul 24 20:06:33.413873 np0000005843 devstack@placement-api.service[90056]: INFO placement.requestlog [req-1b1abfb3-6eac-477f-912f-48aebefcc928 req-af9f2be8-8de3-4542-9820-c99c49ea7a03 service nova] 10.4.3.65 "GET /placement/allocations/41439cf8-d660-4e20-ba79-c748bd83712e" status: 200 len: 258 microversion: 1.28
Jul 24 20:06:33.414143 np0000005843 devstack@placement-api.service[90056]: [pid: 90056|app: 0|req: 158/475] 10.4.3.65 () {68 vars in 1492 bytes} [Fri Jul 24 20:06:33 2026] GET /placement/allocations/41439cf8-d660-4e20-ba79-c748bd83712e => generated 258 bytes in 13 msecs (HTTP/1.1 200) 8 headers in 296 bytes (1 switches on core 0)
Jul 24 20:06:33.447046 np0000005843 devstack@placement-api.service[90057]: DEBUG placement.requestlog [req-98d245fe-345a-4025-9513-3c8014187cf1 req-3d6aa201-3665-4111-a9b1-3a836f2e232c None None] Starting request: 10.4.3.65 "GET /placement/allocations/9bb2ef2c-4dc0-4fe6-8cb7-f8de0fc757d5" {{(pid=90057) __call__ /opt/stack/placement/placement/requestlog.py:55}}
Jul 24 20:06:33.448952 np0000005843 devstack@placement-api.service[90058]: DEBUG placement.requestlog [req-1b1abfb3-6eac-477f-912f-48aebefcc928 req-b506688e-d44b-4e5d-a4ff-c5d37fa45af2 None None] Starting request: 10.4.3.65 "GET /placement/allocations/48957c7e-55ff-460a-868c-7b9869ee5046" {{(pid=90058) __call__ /opt/stack/placement/placement/requestlog.py:55}}
Jul 24 20:06:33.456852 np0000005843 devstack@placement-api.service[90057]: INFO placement.requestlog [req-98d245fe-345a-4025-9513-3c8014187cf1 req-3d6aa201-3665-4111-a9b1-3a836f2e232c service nova] 10.4.3.65 "GET /placement/allocations/9bb2ef2c-4dc0-4fe6-8cb7-f8de0fc757d5" status: 200 len: 19 microversion: 1.28
Jul 24 20:06:33.457361 np0000005843 devstack@placement-api.service[90057]: [pid: 90057|app: 0|req: 160/476] 10.4.3.65 () {68 vars in 1494 bytes} [Fri Jul 24 20:06:33 2026] GET /placement/allocations/9bb2ef2c-4dc0-4fe6-8cb7-f8de0fc757d5 => generated 19 bytes in 11 msecs (HTTP/1.1 200) 8 headers in 295 bytes (1 switches on core 0)
Jul 24 20:06:33.464654 np0000005843 devstack@placement-api.service[90058]: INFO placement.requestlog [req-1b1abfb3-6eac-477f-912f-48aebefcc928 req-b506688e-d44b-4e5d-a4ff-c5d37fa45af2 service nova] 10.4.3.65 "GET /placement/allocations/48957c7e-55ff-460a-868c-7b9869ee5046" status: 200 len: 258 microversion: 1.28
Jul 24 20:06:33.464654 np0000005843 devstack@placement-api.service[90058]: [pid: 90058|app: 0|req: 159/477] 10.4.3.65 () {68 vars in 1492 bytes} [Fri Jul 24 20:06:33 2026] GET /placement/allocations/48957c7e-55ff-460a-868c-7b9869ee5046 => generated 258 bytes in 16 msecs (HTTP/1.1 200) 8 headers in 296 bytes (1 switches on core 0)
Jul 24 20:06:33.499362 np0000005843 devstack@placement-api.service[90056]: DEBUG placement.requestlog [req-98d245fe-345a-4025-9513-3c8014187cf1 req-4cbbbeae-395a-4805-a7d4-6554b25193a1 None None] Starting request: 10.4.3.65 "PUT /placement/allocations/9bb2ef2c-4dc0-4fe6-8cb7-f8de0fc757d5" {{(pid=90056) __call__ /opt/stack/placement/placement/requestlog.py:55}}
Jul 24 20:06:33.505348 np0000005843 devstack@placement-api.service[90057]: DEBUG placement.requestlog [req-1b1abfb3-6eac-477f-912f-48aebefcc928 req-af90c95c-b896-42bb-9cb8-8bbd72fc87e3 None None] Starting request: 10.4.3.65 "GET /placement/allocations/23cb9706-1561-4b71-a034-cabdecb40ea1" {{(pid=90057) __call__ /opt/stack/placement/placement/requestlog.py:55}}
Jul 24 20:06:33.519609 np0000005843 devstack@placement-api.service[90057]: INFO placement.requestlog [req-1b1abfb3-6eac-477f-912f-48aebefcc928 req-af90c95c-b896-42bb-9cb8-8bbd72fc87e3 service nova] 10.4.3.65 "GET /placement/allocations/23cb9706-1561-4b71-a034-cabdecb40ea1" status: 200 len: 258 microversion: 1.28
Jul 24 20:06:33.519976 np0000005843 devstack@placement-api.service[90057]: [pid: 90057|app: 0|req: 161/478] 10.4.3.65 () {68 vars in 1492 bytes} [Fri Jul 24 20:06:33 2026] GET /placement/allocations/23cb9706-1561-4b71-a034-cabdecb40ea1 => generated 258 bytes in 15 msecs (HTTP/1.1 200) 8 headers in 296 bytes (1 switches on core 0)
Jul 24 20:06:33.565825 np0000005843 devstack@placement-api.service[90056]: DEBUG placement.handlers.allocation [req-98d245fe-345a-4025-9513-3c8014187cf1 req-4cbbbeae-395a-4805-a7d4-6554b25193a1 service nova] Successfully wrote allocations [, , ] {{(pid=90056) _update_consumers_and_create_allocations /opt/stack/placement/placement/handlers/allocation.py:462}}
Jul 24 20:06:33.571010 np0000005843 devstack@placement-api.service[90056]: INFO placement.requestlog [req-98d245fe-345a-4025-9513-3c8014187cf1 req-4cbbbeae-395a-4805-a7d4-6554b25193a1 service nova] 10.4.3.65 "PUT /placement/allocations/9bb2ef2c-4dc0-4fe6-8cb7-f8de0fc757d5" status: 204 len: 0 microversion: 1.36
Jul 24 20:06:33.571294 np0000005843 devstack@placement-api.service[90056]: [pid: 90056|app: 0|req: 159/479] 10.4.3.65 () {72 vars in 1547 bytes} [Fri Jul 24 20:06:33 2026] PUT /placement/allocations/9bb2ef2c-4dc0-4fe6-8cb7-f8de0fc757d5 => generated 0 bytes in 72 msecs (HTTP/1.1 204) 5 headers in 199 bytes (1 switches on core 0)
Jul 24 20:06:33.916761 np0000005843 devstack@placement-api.service[90058]: DEBUG placement.requestlog [req-98d245fe-345a-4025-9513-3c8014187cf1 req-f390ec55-b03f-45d5-a256-b283a9d3b029 None None] Starting request: 10.4.3.65 "GET /placement/allocations/9bb2ef2c-4dc0-4fe6-8cb7-f8de0fc757d5" {{(pid=90058) __call__ /opt/stack/placement/placement/requestlog.py:55}}
Jul 24 20:06:33.928793 np0000005843 devstack@placement-api.service[90058]: INFO placement.requestlog [req-98d245fe-345a-4025-9513-3c8014187cf1 req-f390ec55-b03f-45d5-a256-b283a9d3b029 service nova] 10.4.3.65 "GET /placement/allocations/9bb2ef2c-4dc0-4fe6-8cb7-f8de0fc757d5" status: 200 len: 258 microversion: 1.28
Jul 24 20:06:33.929130 np0000005843 devstack@placement-api.service[90058]: [pid: 90058|app: 0|req: 160/480] 10.4.3.65 () {68 vars in 1492 bytes} [Fri Jul 24 20:06:33 2026] GET /placement/allocations/9bb2ef2c-4dc0-4fe6-8cb7-f8de0fc757d5 => generated 258 bytes in 13 msecs (HTTP/1.1 200) 8 headers in 296 bytes (1 switches on core 0)
