Jul 18 22:47:34.409650 np0000005402 nova-scheduler[96440]: DEBUG cotyledon.oslo_config_glue [-] workarounds.ensure_libvirt_rbd_instance_dir_cleanup = False {{(pid=96440) log_opt_values /opt/stack/data/venv/lib/python3.12/site-packages/oslo_config/cfg.py:3253}}
Jul 18 22:47:34.409650 np0000005402 nova-scheduler[96440]: DEBUG cotyledon.oslo_config_glue [-] workarounds.handle_virt_lifecycle_events = True {{(pid=96440) log_opt_values /opt/stack/data/venv/lib/python3.12/site-packages/oslo_config/cfg.py:3253}}
Jul 18 22:47:34.409650 np0000005402 nova-scheduler[96440]: DEBUG cotyledon.oslo_config_glue [-] workarounds.libvirt_disable_apic = False {{(pid=96440) log_opt_values /opt/stack/data/venv/lib/python3.12/site-packages/oslo_config/cfg.py:3253}}
Jul 18 22:47:34.409650 np0000005402 nova-scheduler[96440]: DEBUG cotyledon.oslo_config_glue [-] workarounds.never_download_image_if_on_rbd = False {{(pid=96440) log_opt_values /opt/stack/data/venv/lib/python3.12/site-packages/oslo_config/cfg.py:3253}}
Jul 18 22:47:34.409650 np0000005402 nova-scheduler[96440]: DEBUG cotyledon.oslo_config_glue [-] workarounds.qemu_monitor_announce_self_count = 3 {{(pid=96440) log_opt_values /opt/stack/data/venv/lib/python3.12/site-packages/oslo_config/cfg.py:3253}}
Jul 18 22:47:34.409650 np0000005402 nova-scheduler[96440]: DEBUG cotyledon.oslo_config_glue [-] workarounds.qemu_monitor_announce_self_interval = 1 {{(pid=96440) log_opt_values /opt/stack/data/venv/lib/python3.12/site-packages/oslo_config/cfg.py:3253}}
Jul 18 22:47:34.409650 np0000005402 nova-scheduler[96440]: DEBUG cotyledon.oslo_config_glue [-] workarounds.reserve_disk_resource_for_image_cache = False {{(pid=96440) log_opt_values /opt/stack/data/venv/lib/python3.12/site-packages/oslo_config/cfg.py:3253}}
Jul 18 22:47:34.409906 np0000005402 nova-scheduler[96440]: DEBUG cotyledon.oslo_config_glue [-] workarounds.skip_cpu_compare_at_startup = False {{(pid=96440) log_opt_values /opt/stack/data/venv/lib/python3.12/site-packages/oslo_config/cfg.py:3253}}
Jul 18 22:47:34.409906 np0000005402 nova-scheduler[96440]: DEBUG cotyledon.oslo_config_glue [-] workarounds.skip_cpu_compare_on_dest = False {{(pid=96440) log_opt_values /opt/stack/data/venv/lib/python3.12/site-packages/oslo_config/cfg.py:3253}}
Jul 18 22:47:34.409906 np0000005402 nova-scheduler[96440]: DEBUG cotyledon.oslo_config_glue [-] workarounds.skip_hypervisor_version_check_on_lm = False {{(pid=96440) log_opt_values /opt/stack/data/venv/lib/python3.12/site-packages/oslo_config/cfg.py:3253}}
Jul 18 22:47:34.409906 np0000005402 nova-scheduler[96440]: DEBUG cotyledon.oslo_config_glue [-] workarounds.skip_reserve_in_use_ironic_nodes = False {{(pid=96440) log_opt_values /opt/stack/data/venv/lib/python3.12/site-packages/oslo_config/cfg.py:3253}}
Jul 18 22:47:34.409906 np0000005402 nova-scheduler[96440]: DEBUG cotyledon.oslo_config_glue [-] workarounds.unified_limits_count_pcpu_as_vcpu = False {{(pid=96440) log_opt_values /opt/stack/data/venv/lib/python3.12/site-packages/oslo_config/cfg.py:3253}}
Jul 18 22:47:34.409906 np0000005402 nova-scheduler[96440]: DEBUG cotyledon.oslo_config_glue [-] workarounds.wait_for_vif_plugged_event_during_hard_reboot = [] {{(pid=96440) log_opt_values /opt/stack/data/venv/lib/python3.12/site-packages/oslo_config/cfg.py:3253}}
Jul 18 22:47:34.409906 np0000005402 nova-scheduler[96440]: DEBUG cotyledon.oslo_config_glue [-] wsgi.api_paste_config = /etc/nova/api-paste.ini {{(pid=96440) log_opt_values /opt/stack/data/venv/lib/python3.12/site-packages/oslo_config/cfg.py:3253}}
Jul 18 22:47:34.409906 np0000005402 nova-scheduler[96440]: DEBUG cotyledon.oslo_config_glue [-] wsgi.secure_proxy_ssl_header = None {{(pid=96440) log_opt_values /opt/stack/data/venv/lib/python3.12/site-packages/oslo_config/cfg.py:3253}}
Jul 18 22:47:34.409906 np0000005402 nova-scheduler[96440]: DEBUG cotyledon.oslo_config_glue [-] zvm.ca_file = None {{(pid=96440) log_opt_values /opt/stack/data/venv/lib/python3.12/site-packages/oslo_config/cfg.py:3253}}
Jul 18 22:47:34.410141 np0000005402 nova-scheduler[96440]: DEBUG cotyledon.oslo_config_glue [-] zvm.cloud_connector_url = None {{(pid=96440) log_opt_values /opt/stack/data/venv/lib/python3.12/site-packages/oslo_config/cfg.py:3253}}
Jul 18 22:47:34.410141 np0000005402 nova-scheduler[96440]: DEBUG cotyledon.oslo_config_glue [-] zvm.image_tmp_path = /opt/stack/data/nova/images {{(pid=96440) log_opt_values /opt/stack/data/venv/lib/python3.12/site-packages/oslo_config/cfg.py:3253}}
Jul 18 22:47:34.410141 np0000005402 nova-scheduler[96440]: DEBUG cotyledon.oslo_config_glue [-] zvm.reachable_timeout = 300 {{(pid=96440) log_opt_values /opt/stack/data/venv/lib/python3.12/site-packages/oslo_config/cfg.py:3253}}
Jul 18 22:47:34.410141 np0000005402 nova-scheduler[96440]: DEBUG cotyledon.oslo_config_glue [-] oslo_versionedobjects.fatal_exception_format_errors = False {{(pid=96440) log_opt_values /opt/stack/data/venv/lib/python3.12/site-packages/oslo_config/cfg.py:3253}}
Jul 18 22:47:34.410141 np0000005402 nova-scheduler[96440]: DEBUG cotyledon.oslo_config_glue [-] oslo_middleware.http_basic_auth_user_file = /etc/htpasswd {{(pid=96440) log_opt_values /opt/stack/data/venv/lib/python3.12/site-packages/oslo_config/cfg.py:3253}}
Jul 18 22:47:34.410141 np0000005402 nova-scheduler[96440]: DEBUG cotyledon.oslo_config_glue [-] oslo_messaging_metrics.metrics_buffer_size = 1000 {{(pid=96440) log_opt_values /opt/stack/data/venv/lib/python3.12/site-packages/oslo_config/cfg.py:3253}}
Jul 18 22:47:34.410141 np0000005402 nova-scheduler[96440]: DEBUG cotyledon.oslo_config_glue [-] oslo_messaging_metrics.metrics_enabled = False {{(pid=96440) log_opt_values /opt/stack/data/venv/lib/python3.12/site-packages/oslo_config/cfg.py:3253}}
Jul 18 22:47:34.410141 np0000005402 nova-scheduler[96440]: DEBUG cotyledon.oslo_config_glue [-] oslo_messaging_metrics.metrics_process_name = {{(pid=96440) log_opt_values /opt/stack/data/venv/lib/python3.12/site-packages/oslo_config/cfg.py:3253}}
Jul 18 22:47:34.410416 np0000005402 nova-scheduler[96440]: DEBUG cotyledon.oslo_config_glue [-] oslo_messaging_metrics.metrics_socket_file = /var/tmp/metrics_collector.sock {{(pid=96440) log_opt_values /opt/stack/data/venv/lib/python3.12/site-packages/oslo_config/cfg.py:3253}}
Jul 18 22:47:34.410416 np0000005402 nova-scheduler[96440]: DEBUG cotyledon.oslo_config_glue [-] oslo_messaging_metrics.metrics_thread_stop_timeout = 10 {{(pid=96440) log_opt_values /opt/stack/data/venv/lib/python3.12/site-packages/oslo_config/cfg.py:3253}}
Jul 18 22:47:34.410416 np0000005402 nova-scheduler[96440]: DEBUG cotyledon.oslo_config_glue [-] profiler.connection_string = messaging:// {{(pid=96440) log_opt_values /opt/stack/data/venv/lib/python3.12/site-packages/oslo_config/cfg.py:3253}}
Jul 18 22:47:34.410416 np0000005402 nova-scheduler[96440]: DEBUG cotyledon.oslo_config_glue [-] profiler.enabled = False {{(pid=96440) log_opt_values /opt/stack/data/venv/lib/python3.12/site-packages/oslo_config/cfg.py:3253}}
Jul 18 22:47:34.410416 np0000005402 nova-scheduler[96440]: DEBUG cotyledon.oslo_config_glue [-] profiler.es_doc_type = notification {{(pid=96440) log_opt_values /opt/stack/data/venv/lib/python3.12/site-packages/oslo_config/cfg.py:3253}}
Jul 18 22:47:34.410416 np0000005402 nova-scheduler[96440]: DEBUG cotyledon.oslo_config_glue [-] profiler.es_scroll_size = 10000 {{(pid=96440) log_opt_values /opt/stack/data/venv/lib/python3.12/site-packages/oslo_config/cfg.py:3253}}
Jul 18 22:47:34.410416 np0000005402 nova-scheduler[96440]: DEBUG cotyledon.oslo_config_glue [-] profiler.es_scroll_time = 2m {{(pid=96440) log_opt_values /opt/stack/data/venv/lib/python3.12/site-packages/oslo_config/cfg.py:3253}}
Jul 18 22:47:34.410416 np0000005402 nova-scheduler[96440]: DEBUG cotyledon.oslo_config_glue [-] profiler.filter_error_trace = False {{(pid=96440) log_opt_values /opt/stack/data/venv/lib/python3.12/site-packages/oslo_config/cfg.py:3253}}
Jul 18 22:47:34.410416 np0000005402 nova-scheduler[96440]: DEBUG cotyledon.oslo_config_glue [-] profiler.hmac_keys = **** {{(pid=96440) log_opt_values /opt/stack/data/venv/lib/python3.12/site-packages/oslo_config/cfg.py:3253}}
Jul 18 22:47:34.410677 np0000005402 nova-scheduler[96440]: DEBUG cotyledon.oslo_config_glue [-] profiler.sentinel_service_name = mymaster {{(pid=96440) log_opt_values /opt/stack/data/venv/lib/python3.12/site-packages/oslo_config/cfg.py:3253}}
Jul 18 22:47:34.410677 np0000005402 nova-scheduler[96440]: DEBUG cotyledon.oslo_config_glue [-] profiler.socket_timeout = 0.1 {{(pid=96440) log_opt_values /opt/stack/data/venv/lib/python3.12/site-packages/oslo_config/cfg.py:3253}}
Jul 18 22:47:34.410677 np0000005402 nova-scheduler[96440]: DEBUG cotyledon.oslo_config_glue [-] profiler.trace_requests = False {{(pid=96440) log_opt_values /opt/stack/data/venv/lib/python3.12/site-packages/oslo_config/cfg.py:3253}}
Jul 18 22:47:34.410677 np0000005402 nova-scheduler[96440]: DEBUG cotyledon.oslo_config_glue [-] profiler.trace_sqlalchemy = False {{(pid=96440) log_opt_values /opt/stack/data/venv/lib/python3.12/site-packages/oslo_config/cfg.py:3253}}
Jul 18 22:47:34.410677 np0000005402 nova-scheduler[96440]: DEBUG cotyledon.oslo_config_glue [-] profiler_jaeger.process_tags = {} {{(pid=96440) log_opt_values /opt/stack/data/venv/lib/python3.12/site-packages/oslo_config/cfg.py:3253}}
Jul 18 22:47:34.410677 np0000005402 nova-scheduler[96440]: DEBUG cotyledon.oslo_config_glue [-] profiler_jaeger.service_name_prefix = None {{(pid=96440) log_opt_values /opt/stack/data/venv/lib/python3.12/site-packages/oslo_config/cfg.py:3253}}
Jul 18 22:47:34.410677 np0000005402 nova-scheduler[96440]: DEBUG cotyledon.oslo_config_glue [-] profiler_otlp.service_name_prefix = None {{(pid=96440) log_opt_values /opt/stack/data/venv/lib/python3.12/site-packages/oslo_config/cfg.py:3253}}
Jul 18 22:47:34.410677 np0000005402 nova-scheduler[96440]: DEBUG cotyledon.oslo_config_glue [-] oslo_messaging_rabbit.amqp_auto_delete = False {{(pid=96440) log_opt_values /opt/stack/data/venv/lib/python3.12/site-packages/oslo_config/cfg.py:3253}}
Jul 18 22:47:34.410677 np0000005402 nova-scheduler[96440]: DEBUG cotyledon.oslo_config_glue [-] oslo_messaging_rabbit.amqp_durable_queues = False {{(pid=96440) log_opt_values /opt/stack/data/venv/lib/python3.12/site-packages/oslo_config/cfg.py:3253}}
Jul 18 22:47:34.410894 np0000005402 nova-scheduler[96440]: DEBUG cotyledon.oslo_config_glue [-] oslo_messaging_rabbit.conn_pool_min_size = 2 {{(pid=96440) log_opt_values /opt/stack/data/venv/lib/python3.12/site-packages/oslo_config/cfg.py:3253}}
Jul 18 22:47:34.410894 np0000005402 nova-scheduler[96440]: DEBUG cotyledon.oslo_config_glue [-] oslo_messaging_rabbit.conn_pool_ttl = 1200 {{(pid=96440) log_opt_values /opt/stack/data/venv/lib/python3.12/site-packages/oslo_config/cfg.py:3253}}
Jul 18 22:47:34.410894 np0000005402 nova-scheduler[96440]: DEBUG cotyledon.oslo_config_glue [-] oslo_messaging_rabbit.direct_mandatory_flag = True {{(pid=96440) log_opt_values /opt/stack/data/venv/lib/python3.12/site-packages/oslo_config/cfg.py:3253}}
Jul 18 22:47:34.410894 np0000005402 nova-scheduler[96440]: DEBUG cotyledon.oslo_config_glue [-] oslo_messaging_rabbit.enable_cancel_on_failover = False {{(pid=96440) log_opt_values /opt/stack/data/venv/lib/python3.12/site-packages/oslo_config/cfg.py:3253}}
Jul 18 22:47:34.410894 np0000005402 nova-scheduler[96440]: DEBUG cotyledon.oslo_config_glue [-] oslo_messaging_rabbit.heartbeat_rate = 3 {{(pid=96440) log_opt_values /opt/stack/data/venv/lib/python3.12/site-packages/oslo_config/cfg.py:3253}}
Jul 18 22:47:34.410894 np0000005402 nova-scheduler[96440]: DEBUG cotyledon.oslo_config_glue [-] oslo_messaging_rabbit.heartbeat_timeout_threshold = 60 {{(pid=96440) log_opt_values /opt/stack/data/venv/lib/python3.12/site-packages/oslo_config/cfg.py:3253}}
Jul 18 22:47:34.410894 np0000005402 nova-scheduler[96440]: DEBUG cotyledon.oslo_config_glue [-] oslo_messaging_rabbit.hostname = np0000005402 {{(pid=96440) log_opt_values /opt/stack/data/venv/lib/python3.12/site-packages/oslo_config/cfg.py:3253}}
Jul 18 22:47:34.410894 np0000005402 nova-scheduler[96440]: DEBUG cotyledon.oslo_config_glue [-] oslo_messaging_rabbit.kombu_compression = None {{(pid=96440) log_opt_values /opt/stack/data/venv/lib/python3.12/site-packages/oslo_config/cfg.py:3253}}
Jul 18 22:47:34.410894 np0000005402 nova-scheduler[96440]: DEBUG cotyledon.oslo_config_glue [-] oslo_messaging_rabbit.kombu_failover_strategy = round-robin {{(pid=96440) log_opt_values /opt/stack/data/venv/lib/python3.12/site-packages/oslo_config/cfg.py:3253}}
Jul 18 22:47:34.411170 np0000005402 nova-scheduler[96440]: DEBUG cotyledon.oslo_config_glue [-] oslo_messaging_rabbit.kombu_missing_consumer_retry_timeout = 60 {{(pid=96440) log_opt_values /opt/stack/data/venv/lib/python3.12/site-packages/oslo_config/cfg.py:3253}}
Jul 18 22:47:34.411170 np0000005402 nova-scheduler[96440]: DEBUG cotyledon.oslo_config_glue [-] oslo_messaging_rabbit.kombu_reconnect_delay = 1.0 {{(pid=96440) log_opt_values /opt/stack/data/venv/lib/python3.12/site-packages/oslo_config/cfg.py:3253}}
Jul 18 22:47:34.411170 np0000005402 nova-scheduler[96440]: DEBUG cotyledon.oslo_config_glue [-] oslo_messaging_rabbit.kombu_reconnect_splay = 0.0 {{(pid=96440) log_opt_values /opt/stack/data/venv/lib/python3.12/site-packages/oslo_config/cfg.py:3253}}
Jul 18 22:47:34.411170 np0000005402 nova-scheduler[96440]: DEBUG cotyledon.oslo_config_glue [-] oslo_messaging_rabbit.processname = nova-scheduler {{(pid=96440) log_opt_values /opt/stack/data/venv/lib/python3.12/site-packages/oslo_config/cfg.py:3253}}
Jul 18 22:47:34.411170 np0000005402 nova-scheduler[96440]: DEBUG cotyledon.oslo_config_glue [-] oslo_messaging_rabbit.rabbit_ha_queues = False {{(pid=96440) log_opt_values /opt/stack/data/venv/lib/python3.12/site-packages/oslo_config/cfg.py:3253}}
Jul 18 22:47:34.411170 np0000005402 nova-scheduler[96440]: DEBUG cotyledon.oslo_config_glue [-] oslo_messaging_rabbit.rabbit_interval_max = 30 {{(pid=96440) log_opt_values /opt/stack/data/venv/lib/python3.12/site-packages/oslo_config/cfg.py:3253}}
Jul 18 22:47:34.411170 np0000005402 nova-scheduler[96440]: DEBUG cotyledon.oslo_config_glue [-] oslo_messaging_rabbit.rabbit_login_method = AMQPLAIN {{(pid=96440) log_opt_values /opt/stack/data/venv/lib/python3.12/site-packages/oslo_config/cfg.py:3253}}
Jul 18 22:47:34.411170 np0000005402 nova-scheduler[96440]: DEBUG cotyledon.oslo_config_glue [-] oslo_messaging_rabbit.rabbit_qos_prefetch_count = 0 {{(pid=96440) log_opt_values /opt/stack/data/venv/lib/python3.12/site-packages/oslo_config/cfg.py:3253}}
Jul 18 22:47:34.411170 np0000005402 nova-scheduler[96440]: DEBUG cotyledon.oslo_config_glue [-] oslo_messaging_rabbit.rabbit_quorum_delivery_limit = 0 {{(pid=96440) log_opt_values /opt/stack/data/venv/lib/python3.12/site-packages/oslo_config/cfg.py:3253}}
Jul 18 22:47:34.411429 np0000005402 nova-scheduler[96440]: DEBUG cotyledon.oslo_config_glue [-] oslo_messaging_rabbit.rabbit_quorum_max_memory_bytes = 0 {{(pid=96440) log_opt_values /opt/stack/data/venv/lib/python3.12/site-packages/oslo_config/cfg.py:3253}}
Jul 18 22:47:34.411429 np0000005402 nova-scheduler[96440]: DEBUG cotyledon.oslo_config_glue [-] oslo_messaging_rabbit.rabbit_quorum_max_memory_length = 0 {{(pid=96440) log_opt_values /opt/stack/data/venv/lib/python3.12/site-packages/oslo_config/cfg.py:3253}}
Jul 18 22:47:34.411429 np0000005402 nova-scheduler[96440]: DEBUG cotyledon.oslo_config_glue [-] oslo_messaging_rabbit.rabbit_quorum_queue = False {{(pid=96440) log_opt_values /opt/stack/data/venv/lib/python3.12/site-packages/oslo_config/cfg.py:3253}}
Jul 18 22:47:34.411429 np0000005402 nova-scheduler[96440]: DEBUG cotyledon.oslo_config_glue [-] oslo_messaging_rabbit.rabbit_retry_backoff = 2 {{(pid=96440) log_opt_values /opt/stack/data/venv/lib/python3.12/site-packages/oslo_config/cfg.py:3253}}
Jul 18 22:47:34.411429 np0000005402 nova-scheduler[96440]: DEBUG cotyledon.oslo_config_glue [-] oslo_messaging_rabbit.rabbit_retry_interval = 1 {{(pid=96440) log_opt_values /opt/stack/data/venv/lib/python3.12/site-packages/oslo_config/cfg.py:3253}}
Jul 18 22:47:34.411429 np0000005402 nova-scheduler[96440]: DEBUG cotyledon.oslo_config_glue [-] oslo_messaging_rabbit.rabbit_stream_fanout = False {{(pid=96440) log_opt_values /opt/stack/data/venv/lib/python3.12/site-packages/oslo_config/cfg.py:3253}}
Jul 18 22:47:34.411429 np0000005402 nova-scheduler[96440]: DEBUG cotyledon.oslo_config_glue [-] oslo_messaging_rabbit.rabbit_transient_queues_ttl = 1800 {{(pid=96440) log_opt_values /opt/stack/data/venv/lib/python3.12/site-packages/oslo_config/cfg.py:3253}}
Jul 18 22:47:34.411429 np0000005402 nova-scheduler[96440]: DEBUG cotyledon.oslo_config_glue [-] oslo_messaging_rabbit.rabbit_transient_quorum_queue = False {{(pid=96440) log_opt_values /opt/stack/data/venv/lib/python3.12/site-packages/oslo_config/cfg.py:3253}}
Jul 18 22:47:34.411672 np0000005402 nova-scheduler[96440]: DEBUG cotyledon.oslo_config_glue [-] oslo_messaging_rabbit.rpc_conn_pool_size = 30 {{(pid=96440) log_opt_values /opt/stack/data/venv/lib/python3.12/site-packages/oslo_config/cfg.py:3253}}
Jul 18 22:47:34.411672 np0000005402 nova-scheduler[96440]: DEBUG cotyledon.oslo_config_glue [-] oslo_messaging_rabbit.ssl = False {{(pid=96440) log_opt_values /opt/stack/data/venv/lib/python3.12/site-packages/oslo_config/cfg.py:3253}}
Jul 18 22:47:34.411672 np0000005402 nova-scheduler[96440]: DEBUG cotyledon.oslo_config_glue [-] oslo_messaging_rabbit.ssl_ca_file = {{(pid=96440) log_opt_values /opt/stack/data/venv/lib/python3.12/site-packages/oslo_config/cfg.py:3253}}
Jul 18 22:47:34.411672 np0000005402 nova-scheduler[96440]: DEBUG cotyledon.oslo_config_glue [-] oslo_messaging_rabbit.ssl_cert_file = {{(pid=96440) log_opt_values /opt/stack/data/venv/lib/python3.12/site-packages/oslo_config/cfg.py:3253}}
Jul 18 22:47:34.411672 np0000005402 nova-scheduler[96440]: DEBUG cotyledon.oslo_config_glue [-] oslo_messaging_rabbit.ssl_enforce_fips_mode = False {{(pid=96440) log_opt_values /opt/stack/data/venv/lib/python3.12/site-packages/oslo_config/cfg.py:3253}}
Jul 18 22:47:34.411672 np0000005402 nova-scheduler[96440]: DEBUG cotyledon.oslo_config_glue [-] oslo_messaging_rabbit.ssl_enforce_hostname_verification = True {{(pid=96440) log_opt_values /opt/stack/data/venv/lib/python3.12/site-packages/oslo_config/cfg.py:3253}}
Jul 18 22:47:34.411672 np0000005402 nova-scheduler[96440]: DEBUG cotyledon.oslo_config_glue [-] oslo_messaging_rabbit.ssl_key_file = {{(pid=96440) log_opt_values /opt/stack/data/venv/lib/python3.12/site-packages/oslo_config/cfg.py:3253}}
Jul 18 22:47:34.411672 np0000005402 nova-scheduler[96440]: DEBUG cotyledon.oslo_config_glue [-] oslo_messaging_rabbit.ssl_version = {{(pid=96440) log_opt_values /opt/stack/data/venv/lib/python3.12/site-packages/oslo_config/cfg.py:3253}}
Jul 18 22:47:34.411672 np0000005402 nova-scheduler[96440]: DEBUG cotyledon.oslo_config_glue [-] oslo_messaging_rabbit.use_queue_manager = False {{(pid=96440) log_opt_values /opt/stack/data/venv/lib/python3.12/site-packages/oslo_config/cfg.py:3253}}
Jul 18 22:47:34.411931 np0000005402 nova-scheduler[96440]: DEBUG cotyledon.oslo_config_glue [-] oslo_messaging_notifications.driver = ['messagingv2'] {{(pid=96440) log_opt_values /opt/stack/data/venv/lib/python3.12/site-packages/oslo_config/cfg.py:3253}}
Jul 18 22:47:34.411931 np0000005402 nova-scheduler[96440]: DEBUG cotyledon.oslo_config_glue [-] oslo_messaging_notifications.retry = -1 {{(pid=96440) log_opt_values /opt/stack/data/venv/lib/python3.12/site-packages/oslo_config/cfg.py:3253}}
Jul 18 22:47:34.411931 np0000005402 nova-scheduler[96440]: DEBUG cotyledon.oslo_config_glue [-] oslo_messaging_notifications.topics = ['notifications'] {{(pid=96440) log_opt_values /opt/stack/data/venv/lib/python3.12/site-packages/oslo_config/cfg.py:3253}}
Jul 18 22:47:34.411931 np0000005402 nova-scheduler[96440]: DEBUG cotyledon.oslo_config_glue [-] oslo_messaging_notifications.transport_url = **** {{(pid=96440) log_opt_values /opt/stack/data/venv/lib/python3.12/site-packages/oslo_config/cfg.py:3253}}
Jul 18 22:47:34.411931 np0000005402 nova-scheduler[96440]: DEBUG cotyledon.oslo_config_glue [-] oslo_limit.auth_section = None {{(pid=96440) log_opt_values /opt/stack/data/venv/lib/python3.12/site-packages/oslo_config/cfg.py:3253}}
Jul 18 22:47:34.411931 np0000005402 nova-scheduler[96440]: DEBUG cotyledon.oslo_config_glue [-] oslo_limit.auth_type = None {{(pid=96440) log_opt_values /opt/stack/data/venv/lib/python3.12/site-packages/oslo_config/cfg.py:3253}}
Jul 18 22:47:34.411931 np0000005402 nova-scheduler[96440]: DEBUG cotyledon.oslo_config_glue [-] oslo_limit.cafile = None {{(pid=96440) log_opt_values /opt/stack/data/venv/lib/python3.12/site-packages/oslo_config/cfg.py:3253}}
Jul 18 22:47:34.411931 np0000005402 nova-scheduler[96440]: DEBUG cotyledon.oslo_config_glue [-] oslo_limit.certfile = None {{(pid=96440) log_opt_values /opt/stack/data/venv/lib/python3.12/site-packages/oslo_config/cfg.py:3253}}
Jul 18 22:47:34.411931 np0000005402 nova-scheduler[96440]: DEBUG cotyledon.oslo_config_glue [-] oslo_limit.collect_timing = False {{(pid=96440) log_opt_values /opt/stack/data/venv/lib/python3.12/site-packages/oslo_config/cfg.py:3253}}
Jul 18 22:47:34.412167 np0000005402 nova-scheduler[96434]: DEBUG oslo_db.sqlalchemy.engines [None req-14f50647-7b34-485c-bb60-93942d0c001a None None] MySQL server mode set to STRICT_TRANS_TABLES,STRICT_ALL_TABLES,NO_ZERO_IN_DATE,NO_ZERO_DATE,ERROR_FOR_DIVISION_BY_ZERO,TRADITIONAL,NO_ENGINE_SUBSTITUTION {{(pid=96434) _check_effective_sql_mode /opt/stack/data/venv/lib/python3.12/site-packages/oslo_db/sqlalchemy/engines.py:325}}
Jul 18 22:47:34.412207 np0000005402 nova-scheduler[96440]: DEBUG cotyledon.oslo_config_glue [-] oslo_limit.connect_retries = None {{(pid=96440) log_opt_values /opt/stack/data/venv/lib/python3.12/site-packages/oslo_config/cfg.py:3253}}
Jul 18 22:47:34.412207 np0000005402 nova-scheduler[96440]: DEBUG cotyledon.oslo_config_glue [-] oslo_limit.connect_retry_delay = None {{(pid=96440) log_opt_values /opt/stack/data/venv/lib/python3.12/site-packages/oslo_config/cfg.py:3253}}
Jul 18 22:47:34.412207 np0000005402 nova-scheduler[96440]: DEBUG cotyledon.oslo_config_glue [-] oslo_limit.endpoint_id = None {{(pid=96440) log_opt_values /opt/stack/data/venv/lib/python3.12/site-packages/oslo_config/cfg.py:3253}}
Jul 18 22:47:34.412207 np0000005402 nova-scheduler[96440]: DEBUG cotyledon.oslo_config_glue [-] oslo_limit.endpoint_interface = public {{(pid=96440) log_opt_values /opt/stack/data/venv/lib/python3.12/site-packages/oslo_config/cfg.py:3253}}
Jul 18 22:47:34.412207 np0000005402 nova-scheduler[96440]: DEBUG cotyledon.oslo_config_glue [-] oslo_limit.endpoint_override = None {{(pid=96440) log_opt_values /opt/stack/data/venv/lib/python3.12/site-packages/oslo_config/cfg.py:3253}}
Jul 18 22:47:34.412207 np0000005402 nova-scheduler[96440]: DEBUG cotyledon.oslo_config_glue [-] oslo_limit.endpoint_region_name = None {{(pid=96440) log_opt_values /opt/stack/data/venv/lib/python3.12/site-packages/oslo_config/cfg.py:3253}}
Jul 18 22:47:34.412207 np0000005402 nova-scheduler[96440]: DEBUG cotyledon.oslo_config_glue [-] oslo_limit.endpoint_service_name = None {{(pid=96440) log_opt_values /opt/stack/data/venv/lib/python3.12/site-packages/oslo_config/cfg.py:3253}}
Jul 18 22:47:34.412207 np0000005402 nova-scheduler[96440]: DEBUG cotyledon.oslo_config_glue [-] oslo_limit.endpoint_service_type = None {{(pid=96440) log_opt_values /opt/stack/data/venv/lib/python3.12/site-packages/oslo_config/cfg.py:3253}}
Jul 18 22:47:34.412207 np0000005402 nova-scheduler[96440]: DEBUG cotyledon.oslo_config_glue [-] oslo_limit.insecure = False {{(pid=96440) log_opt_values /opt/stack/data/venv/lib/python3.12/site-packages/oslo_config/cfg.py:3253}}
Jul 18 22:47:34.412473 np0000005402 nova-scheduler[96440]: DEBUG cotyledon.oslo_config_glue [-] oslo_limit.keyfile = None {{(pid=96440) log_opt_values /opt/stack/data/venv/lib/python3.12/site-packages/oslo_config/cfg.py:3253}}
Jul 18 22:47:34.412473 np0000005402 nova-scheduler[96440]: DEBUG cotyledon.oslo_config_glue [-] oslo_limit.max_version = None {{(pid=96440) log_opt_values /opt/stack/data/venv/lib/python3.12/site-packages/oslo_config/cfg.py:3253}}
Jul 18 22:47:34.412473 np0000005402 nova-scheduler[96440]: DEBUG cotyledon.oslo_config_glue [-] oslo_limit.min_version = None {{(pid=96440) log_opt_values /opt/stack/data/venv/lib/python3.12/site-packages/oslo_config/cfg.py:3253}}
Jul 18 22:47:34.412473 np0000005402 nova-scheduler[96440]: DEBUG cotyledon.oslo_config_glue [-] oslo_limit.region_name = None {{(pid=96440) log_opt_values /opt/stack/data/venv/lib/python3.12/site-packages/oslo_config/cfg.py:3253}}
Jul 18 22:47:34.412473 np0000005402 nova-scheduler[96440]: DEBUG cotyledon.oslo_config_glue [-] oslo_limit.retriable_status_codes = None {{(pid=96440) log_opt_values /opt/stack/data/venv/lib/python3.12/site-packages/oslo_config/cfg.py:3253}}
Jul 18 22:47:34.412473 np0000005402 nova-scheduler[96440]: DEBUG cotyledon.oslo_config_glue [-] oslo_limit.service_name = None {{(pid=96440) log_opt_values /opt/stack/data/venv/lib/python3.12/site-packages/oslo_config/cfg.py:3253}}
Jul 18 22:47:34.412473 np0000005402 nova-scheduler[96440]: DEBUG cotyledon.oslo_config_glue [-] oslo_limit.service_type = None {{(pid=96440) log_opt_values /opt/stack/data/venv/lib/python3.12/site-packages/oslo_config/cfg.py:3253}}
Jul 18 22:47:34.412473 np0000005402 nova-scheduler[96440]: DEBUG cotyledon.oslo_config_glue [-] oslo_limit.split_loggers = False {{(pid=96440) log_opt_values /opt/stack/data/venv/lib/python3.12/site-packages/oslo_config/cfg.py:3253}}
Jul 18 22:47:34.412473 np0000005402 nova-scheduler[96440]: DEBUG cotyledon.oslo_config_glue [-] oslo_limit.status_code_retries = None {{(pid=96440) log_opt_values /opt/stack/data/venv/lib/python3.12/site-packages/oslo_config/cfg.py:3253}}
Jul 18 22:47:34.412737 np0000005402 nova-scheduler[96440]: DEBUG cotyledon.oslo_config_glue [-] oslo_limit.status_code_retry_delay = None {{(pid=96440) log_opt_values /opt/stack/data/venv/lib/python3.12/site-packages/oslo_config/cfg.py:3253}}
Jul 18 22:47:34.412737 np0000005402 nova-scheduler[96440]: DEBUG cotyledon.oslo_config_glue [-] oslo_limit.timeout = None {{(pid=96440) log_opt_values /opt/stack/data/venv/lib/python3.12/site-packages/oslo_config/cfg.py:3253}}
Jul 18 22:47:34.412737 np0000005402 nova-scheduler[96440]: DEBUG cotyledon.oslo_config_glue [-] oslo_limit.valid_interfaces = None {{(pid=96440) log_opt_values /opt/stack/data/venv/lib/python3.12/site-packages/oslo_config/cfg.py:3253}}
Jul 18 22:47:34.412737 np0000005402 nova-scheduler[96440]: DEBUG cotyledon.oslo_config_glue [-] oslo_limit.version = None {{(pid=96440) log_opt_values /opt/stack/data/venv/lib/python3.12/site-packages/oslo_config/cfg.py:3253}}
Jul 18 22:47:34.412737 np0000005402 nova-scheduler[96440]: DEBUG cotyledon.oslo_config_glue [-] oslo_reports.file_event_handler = None {{(pid=96440) log_opt_values /opt/stack/data/venv/lib/python3.12/site-packages/oslo_config/cfg.py:3253}}
Jul 18 22:47:34.412737 np0000005402 nova-scheduler[96440]: DEBUG cotyledon.oslo_config_glue [-] oslo_reports.file_event_handler_interval = 1 {{(pid=96440) log_opt_values /opt/stack/data/venv/lib/python3.12/site-packages/oslo_config/cfg.py:3253}}
Jul 18 22:47:34.412737 np0000005402 nova-scheduler[96440]: DEBUG cotyledon.oslo_config_glue [-] oslo_reports.log_dir = None {{(pid=96440) log_opt_values /opt/stack/data/venv/lib/python3.12/site-packages/oslo_config/cfg.py:3253}}
Jul 18 22:47:34.412737 np0000005402 nova-scheduler[96440]: DEBUG cotyledon.oslo_config_glue [-] ******************************************************************************** {{(pid=96440) log_opt_values /opt/stack/data/venv/lib/python3.12/site-packages/oslo_config/cfg.py:3260}}
Jul 18 22:47:34.412737 np0000005402 nova-scheduler[96440]: DEBUG cotyledon._service_worker [-] Run service ServiceWrapper(3) [96440] {{(pid=96440) wait_forever /opt/stack/data/venv/lib/python3.12/site-packages/cotyledon/_service_worker.py:218}}
Jul 18 22:47:34.413341 np0000005402 nova-scheduler[96440]: INFO nova.service [-] Starting scheduler node (version 33.1.0)
Jul 18 22:47:34.413341 np0000005402 nova-scheduler[96440]: INFO dbcounter [None req-08f4c9e2-ad9d-494d-852c-c5418265b594 None None] Registered counter for database nova_cell0
Jul 18 22:47:34.413400 np0000005402 nova-scheduler[96434]: DEBUG dbcounter [-] [96434] Writer thread running {{(pid=96434) stat_writer /opt/stack/data/venv/lib/python3.12/site-packages/dbcounter.py:102}}
Jul 18 22:47:34.413448 np0000005402 nova-scheduler[96438]: DEBUG oslo_db.sqlalchemy.engines [None req-d6a7f1a5-59a5-4dce-96ef-83ca7e52bb73 None None] MySQL server mode set to STRICT_TRANS_TABLES,STRICT_ALL_TABLES,NO_ZERO_IN_DATE,NO_ZERO_DATE,ERROR_FOR_DIVISION_BY_ZERO,TRADITIONAL,NO_ENGINE_SUBSTITUTION {{(pid=96438) _check_effective_sql_mode /opt/stack/data/venv/lib/python3.12/site-packages/oslo_db/sqlalchemy/engines.py:325}}
Jul 18 22:47:34.413492 np0000005402 nova-scheduler[96436]: DEBUG oslo_db.sqlalchemy.engines [None req-e5479c36-40e8-45c8-9421-15f01a56b789 None None] MySQL server mode set to STRICT_TRANS_TABLES,STRICT_ALL_TABLES,NO_ZERO_IN_DATE,NO_ZERO_DATE,ERROR_FOR_DIVISION_BY_ZERO,TRADITIONAL,NO_ENGINE_SUBSTITUTION {{(pid=96436) _check_effective_sql_mode /opt/stack/data/venv/lib/python3.12/site-packages/oslo_db/sqlalchemy/engines.py:325}}
Jul 18 22:47:34.413543 np0000005402 nova-scheduler[96434]: DEBUG nova.service [None req-14f50647-7b34-485c-bb60-93942d0c001a None None] Creating RPC server for service: nova-scheduler on topic: scheduler {{(pid=96434) start /opt/stack/nova/nova/service.py:196}}
Jul 18 22:47:34.413580 np0000005402 nova-scheduler[96438]: DEBUG dbcounter [-] [96438] Writer thread running {{(pid=96438) stat_writer /opt/stack/data/venv/lib/python3.12/site-packages/dbcounter.py:102}}
Jul 18 22:47:34.413627 np0000005402 nova-scheduler[96436]: DEBUG dbcounter [-] [96436] Writer thread running {{(pid=96436) stat_writer /opt/stack/data/venv/lib/python3.12/site-packages/dbcounter.py:102}}
Jul 18 22:47:34.413663 np0000005402 nova-scheduler[96438]: DEBUG nova.service [None req-d6a7f1a5-59a5-4dce-96ef-83ca7e52bb73 None None] Creating RPC server for service: nova-scheduler on topic: scheduler {{(pid=96438) start /opt/stack/nova/nova/service.py:196}}
Jul 18 22:47:34.414125 np0000005402 nova-scheduler[96436]: DEBUG nova.service [None req-e5479c36-40e8-45c8-9421-15f01a56b789 None None] Creating RPC server for service: nova-scheduler on topic: scheduler {{(pid=96436) start /opt/stack/nova/nova/service.py:196}}
Jul 18 22:47:34.417247 np0000005402 nova-scheduler[96440]: DEBUG oslo_db.sqlalchemy.engines [None req-08f4c9e2-ad9d-494d-852c-c5418265b594 None None] MySQL server mode set to STRICT_TRANS_TABLES,STRICT_ALL_TABLES,NO_ZERO_IN_DATE,NO_ZERO_DATE,ERROR_FOR_DIVISION_BY_ZERO,TRADITIONAL,NO_ENGINE_SUBSTITUTION {{(pid=96440) _check_effective_sql_mode /opt/stack/data/venv/lib/python3.12/site-packages/oslo_db/sqlalchemy/engines.py:325}}
Jul 18 22:47:34.432686 np0000005402 nova-scheduler[96440]: DEBUG dbcounter [-] [96440] Writer thread running {{(pid=96440) stat_writer /opt/stack/data/venv/lib/python3.12/site-packages/dbcounter.py:102}}
Jul 18 22:47:34.436027 np0000005402 nova-scheduler[96440]: DEBUG nova.service [None req-08f4c9e2-ad9d-494d-852c-c5418265b594 None None] Creating RPC server for service: nova-scheduler on topic: scheduler {{(pid=96440) start /opt/stack/nova/nova/service.py:196}}
Jul 18 22:47:34.436879 np0000005402 nova-scheduler[96438]: DEBUG nova.service [None req-d6a7f1a5-59a5-4dce-96ef-83ca7e52bb73 None None] Join ServiceGroup membership for this service scheduler {{(pid=96438) start /opt/stack/nova/nova/service.py:222}}
Jul 18 22:47:34.437072 np0000005402 nova-scheduler[96438]: DEBUG nova.servicegroup.drivers.db [None req-d6a7f1a5-59a5-4dce-96ef-83ca7e52bb73 None None] DB_Driver: join new ServiceGroup member np0000005402 to the scheduler group, service = {{(pid=96438) join /opt/stack/nova/nova/servicegroup/drivers/db.py:44}}
Jul 18 22:47:34.437433 np0000005402 nova-scheduler[96434]: DEBUG nova.service [None req-14f50647-7b34-485c-bb60-93942d0c001a None None] Join ServiceGroup membership for this service scheduler {{(pid=96434) start /opt/stack/nova/nova/service.py:222}}
Jul 18 22:47:34.437748 np0000005402 nova-scheduler[96434]: DEBUG nova.servicegroup.drivers.db [None req-14f50647-7b34-485c-bb60-93942d0c001a None None] DB_Driver: join new ServiceGroup member np0000005402 to the scheduler group, service = {{(pid=96434) join /opt/stack/nova/nova/servicegroup/drivers/db.py:44}}
Jul 18 22:47:34.445717 np0000005402 nova-scheduler[96436]: DEBUG nova.service [None req-e5479c36-40e8-45c8-9421-15f01a56b789 None None] Join ServiceGroup membership for this service scheduler {{(pid=96436) start /opt/stack/nova/nova/service.py:222}}
Jul 18 22:47:34.446117 np0000005402 nova-scheduler[96436]: DEBUG nova.servicegroup.drivers.db [None req-e5479c36-40e8-45c8-9421-15f01a56b789 None None] DB_Driver: join new ServiceGroup member np0000005402 to the scheduler group, service = {{(pid=96436) join /opt/stack/nova/nova/servicegroup/drivers/db.py:44}}
Jul 18 22:47:34.454688 np0000005402 nova-scheduler[96440]: DEBUG nova.service [None req-08f4c9e2-ad9d-494d-852c-c5418265b594 None None] Join ServiceGroup membership for this service scheduler {{(pid=96440) start /opt/stack/nova/nova/service.py:222}}
Jul 18 22:47:34.454852 np0000005402 nova-scheduler[96440]: DEBUG nova.servicegroup.drivers.db [None req-08f4c9e2-ad9d-494d-852c-c5418265b594 None None] DB_Driver: join new ServiceGroup member np0000005402 to the scheduler group, service = {{(pid=96440) join /opt/stack/nova/nova/servicegroup/drivers/db.py:44}}
Jul 18 22:47:39.454390 np0000005402 nova-scheduler[96434]: DEBUG oslo.service.backend._threading.loopingcall [-] Fixed interval looping call 'nova.servicegroup.drivers.db.DbDriver._report_state' sleeping for 119.99 seconds {{(pid=96434) _run_loop /opt/stack/data/venv/lib/python3.12/site-packages/oslo_service/backend/_threading/loopingcall.py:125}}
Jul 18 22:47:39.456201 np0000005402 nova-scheduler[96438]: DEBUG oslo.service.backend._threading.loopingcall [-] Fixed interval looping call 'nova.servicegroup.drivers.db.DbDriver._report_state' sleeping for 119.98 seconds {{(pid=96438) _run_loop /opt/stack/data/venv/lib/python3.12/site-packages/oslo_service/backend/_threading/loopingcall.py:125}}
Jul 18 22:47:39.459577 np0000005402 nova-scheduler[96436]: DEBUG oslo.service.backend._threading.loopingcall [-] Fixed interval looping call 'nova.servicegroup.drivers.db.DbDriver._report_state' sleeping for 119.99 seconds {{(pid=96436) _run_loop /opt/stack/data/venv/lib/python3.12/site-packages/oslo_service/backend/_threading/loopingcall.py:125}}
Jul 18 22:47:39.466835 np0000005402 nova-scheduler[96440]: DEBUG oslo.service.backend._threading.loopingcall [-] Fixed interval looping call 'nova.servicegroup.drivers.db.DbDriver._report_state' sleeping for 119.99 seconds {{(pid=96440) _run_loop /opt/stack/data/venv/lib/python3.12/site-packages/oslo_service/backend/_threading/loopingcall.py:125}}
Jul 18 22:47:42.986739 np0000005402 nova-scheduler[95242]: DEBUG dbcounter [-] [95242] Writing DB stats nova_api:SELECT=3 {{(pid=95242) stat_writer /opt/stack/data/venv/lib/python3.12/site-packages/dbcounter.py:115}}
Jul 18 22:47:43.120732 np0000005402 nova-scheduler[95242]: DEBUG dbcounter [-] [95242] Writing DB stats nova_cell1:SELECT=1 {{(pid=95242) stat_writer /opt/stack/data/venv/lib/python3.12/site-packages/dbcounter.py:115}}
Jul 18 22:47:43.126022 np0000005402 nova-scheduler[95242]: DEBUG dbcounter [-] [95242] Writing DB stats nova_cell0:SELECT=1 {{(pid=95242) stat_writer /opt/stack/data/venv/lib/python3.12/site-packages/dbcounter.py:115}}
Jul 18 22:47:49.450257 np0000005402 nova-scheduler[96434]: DEBUG dbcounter [-] [96434] Writing DB stats nova_cell0:SELECT=4,nova_cell0:INSERT=1,nova_cell0:UPDATE=1 {{(pid=96434) stat_writer /opt/stack/data/venv/lib/python3.12/site-packages/dbcounter.py:115}}
Jul 18 22:47:49.454164 np0000005402 nova-scheduler[96436]: DEBUG dbcounter [-] [96436] Writing DB stats nova_cell0:SELECT=3 {{(pid=96436) stat_writer /opt/stack/data/venv/lib/python3.12/site-packages/dbcounter.py:115}}
Jul 18 22:47:49.454572 np0000005402 nova-scheduler[96438]: DEBUG dbcounter [-] [96438] Writing DB stats nova_cell0:SELECT=3,nova_cell0:UPDATE=1 {{(pid=96438) stat_writer /opt/stack/data/venv/lib/python3.12/site-packages/dbcounter.py:115}}
Jul 18 22:47:49.463392 np0000005402 nova-scheduler[96440]: DEBUG dbcounter [-] [96440] Writing DB stats nova_cell0:SELECT=3 {{(pid=96440) stat_writer /opt/stack/data/venv/lib/python3.12/site-packages/dbcounter.py:115}}
Jul 18 22:48:03.456696 np0000005402 nova-scheduler[96440]: DEBUG oslo.service.backend._threading.loopingcall [None req-2878b470-d73a-4f52-86b3-0cc37c7dbaf6 None None] Dynamic interval looping call 'nova.service.Service.periodic_tasks' sleeping for 60.00 seconds {{(pid=96440) _run_loop /opt/stack/data/venv/lib/python3.12/site-packages/oslo_service/backend/_threading/loopingcall.py:125}}
Jul 18 22:48:04.448535 np0000005402 nova-scheduler[96436]: DEBUG oslo.service.backend._threading.loopingcall [None req-69520dd6-cd55-427e-b37c-e72eb2e346e9 None None] Dynamic interval looping call 'nova.service.Service.periodic_tasks' sleeping for 60.00 seconds {{(pid=96436) _run_loop /opt/stack/data/venv/lib/python3.12/site-packages/oslo_service/backend/_threading/loopingcall.py:125}}
Jul 18 22:48:28.439825 np0000005402 nova-scheduler[96434]: DEBUG oslo.service.backend._threading.loopingcall [None req-5b885a8f-621b-4e7b-aec5-ade9ecc959a4 None None] Dynamic interval looping call 'nova.service.Service.periodic_tasks' sleeping for 60.00 seconds {{(pid=96434) _run_loop /opt/stack/data/venv/lib/python3.12/site-packages/oslo_service/backend/_threading/loopingcall.py:125}}
Jul 18 22:48:32.439325 np0000005402 nova-scheduler[96438]: DEBUG oslo.service.backend._threading.loopingcall [None req-94cfcdca-439e-4762-bf87-d1d557bec2b2 None None] Dynamic interval looping call 'nova.service.Service.periodic_tasks' sleeping for 60.00 seconds {{(pid=96438) _run_loop /opt/stack/data/venv/lib/python3.12/site-packages/oslo_service/backend/_threading/loopingcall.py:125}}
Jul 18 22:49:03.457348 np0000005402 nova-scheduler[96440]: DEBUG oslo.service.backend._threading.loopingcall [None req-2878b470-d73a-4f52-86b3-0cc37c7dbaf6 None None] Dynamic interval looping call 'nova.service.Service.periodic_tasks' sleeping for 60.00 seconds {{(pid=96440) _run_loop /opt/stack/data/venv/lib/python3.12/site-packages/oslo_service/backend/_threading/loopingcall.py:125}}
Jul 18 22:49:04.449031 np0000005402 nova-scheduler[96436]: DEBUG oslo.service.backend._threading.loopingcall [None req-69520dd6-cd55-427e-b37c-e72eb2e346e9 None None] Dynamic interval looping call 'nova.service.Service.periodic_tasks' sleeping for 60.00 seconds {{(pid=96436) _run_loop /opt/stack/data/venv/lib/python3.12/site-packages/oslo_service/backend/_threading/loopingcall.py:125}}
Jul 18 22:49:28.440515 np0000005402 nova-scheduler[96434]: DEBUG oslo.service.backend._threading.loopingcall [None req-5b885a8f-621b-4e7b-aec5-ade9ecc959a4 None None] Dynamic interval looping call 'nova.service.Service.periodic_tasks' sleeping for 60.00 seconds {{(pid=96434) _run_loop /opt/stack/data/venv/lib/python3.12/site-packages/oslo_service/backend/_threading/loopingcall.py:125}}
Jul 18 22:49:32.439861 np0000005402 nova-scheduler[96438]: DEBUG oslo.service.backend._threading.loopingcall [None req-94cfcdca-439e-4762-bf87-d1d557bec2b2 None None] Dynamic interval looping call 'nova.service.Service.periodic_tasks' sleeping for 60.00 seconds {{(pid=96438) _run_loop /opt/stack/data/venv/lib/python3.12/site-packages/oslo_service/backend/_threading/loopingcall.py:125}}
Jul 18 22:49:39.444726 np0000005402 nova-scheduler[96438]: DEBUG oslo.service.backend._threading.loopingcall [-] Fixed interval looping call 'nova.servicegroup.drivers.db.DbDriver._report_state' sleeping for 119.99 seconds {{(pid=96438) _run_loop /opt/stack/data/venv/lib/python3.12/site-packages/oslo_service/backend/_threading/loopingcall.py:125}}
Jul 18 22:49:39.447546 np0000005402 nova-scheduler[96434]: DEBUG oslo.service.backend._threading.loopingcall [-] Fixed interval looping call 'nova.servicegroup.drivers.db.DbDriver._report_state' sleeping for 120.00 seconds {{(pid=96434) _run_loop /opt/stack/data/venv/lib/python3.12/site-packages/oslo_service/backend/_threading/loopingcall.py:125}}
Jul 18 22:49:39.452653 np0000005402 nova-scheduler[96436]: DEBUG oslo.service.backend._threading.loopingcall [-] Fixed interval looping call 'nova.servicegroup.drivers.db.DbDriver._report_state' sleeping for 120.00 seconds {{(pid=96436) _run_loop /opt/stack/data/venv/lib/python3.12/site-packages/oslo_service/backend/_threading/loopingcall.py:125}}
Jul 18 22:49:39.461056 np0000005402 nova-scheduler[96440]: DEBUG oslo.service.backend._threading.loopingcall [-] Fixed interval looping call 'nova.servicegroup.drivers.db.DbDriver._report_state' sleeping for 120.00 seconds {{(pid=96440) _run_loop /opt/stack/data/venv/lib/python3.12/site-packages/oslo_service/backend/_threading/loopingcall.py:125}}
Jul 18 22:49:49.439636 np0000005402 nova-scheduler[96438]: DEBUG dbcounter [-] [96438] Writing DB stats nova_cell0:SELECT=1,nova_cell0:UPDATE=1 {{(pid=96438) stat_writer /opt/stack/data/venv/lib/python3.12/site-packages/dbcounter.py:115}}
Jul 18 22:49:49.447062 np0000005402 nova-scheduler[96434]: DEBUG dbcounter [-] [96434] Writing DB stats nova_cell0:SELECT=1 {{(pid=96434) stat_writer /opt/stack/data/venv/lib/python3.12/site-packages/dbcounter.py:115}}
Jul 18 22:49:49.451379 np0000005402 nova-scheduler[96436]: DEBUG dbcounter [-] [96436] Writing DB stats nova_cell0:SELECT=1 {{(pid=96436) stat_writer /opt/stack/data/venv/lib/python3.12/site-packages/dbcounter.py:115}}
Jul 18 22:49:49.459427 np0000005402 nova-scheduler[96440]: DEBUG dbcounter [-] [96440] Writing DB stats nova_cell0:SELECT=1 {{(pid=96440) stat_writer /opt/stack/data/venv/lib/python3.12/site-packages/dbcounter.py:115}}
Jul 18 22:50:03.457897 np0000005402 nova-scheduler[96440]: DEBUG oslo.service.backend._threading.loopingcall [None req-2878b470-d73a-4f52-86b3-0cc37c7dbaf6 None None] Dynamic interval looping call 'nova.service.Service.periodic_tasks' sleeping for 60.00 seconds {{(pid=96440) _run_loop /opt/stack/data/venv/lib/python3.12/site-packages/oslo_service/backend/_threading/loopingcall.py:125}}
Jul 18 22:50:04.449530 np0000005402 nova-scheduler[96436]: DEBUG oslo.service.backend._threading.loopingcall [None req-69520dd6-cd55-427e-b37c-e72eb2e346e9 None None] Dynamic interval looping call 'nova.service.Service.periodic_tasks' sleeping for 60.00 seconds {{(pid=96436) _run_loop /opt/stack/data/venv/lib/python3.12/site-packages/oslo_service/backend/_threading/loopingcall.py:125}}
Jul 18 22:50:06.399565 np0000005402 nova-scheduler[96438]: DEBUG nova.scheduler.manager [None req-dbd60606-06f4-441d-bc4b-dcbac5b8198e tempest-AttachVolumeNegativeTest-568096726 tempest-AttachVolumeNegativeTest-568096726-project-member] Starting to schedule for instances: ['ed51e7c5-eeba-492f-b92b-3638542496ba'] {{(pid=96438) select_destinations /opt/stack/nova/nova/scheduler/manager.py:209}}
Jul 18 22:50:06.399565 np0000005402 nova-scheduler[96438]: DEBUG nova.scheduler.request_filter [None req-dbd60606-06f4-441d-bc4b-dcbac5b8198e tempest-AttachVolumeNegativeTest-568096726 tempest-AttachVolumeNegativeTest-568096726-project-member] compute_status_filter request filter added forbidden trait COMPUTE_STATUS_DISABLED {{(pid=96438) compute_status_filter /opt/stack/nova/nova/scheduler/request_filter.py:253}}
Jul 18 22:50:06.400481 np0000005402 nova-scheduler[96438]: DEBUG nova.scheduler.request_filter [None req-dbd60606-06f4-441d-bc4b-dcbac5b8198e tempest-AttachVolumeNegativeTest-568096726 tempest-AttachVolumeNegativeTest-568096726-project-member] Request filter 'compute_status_filter' took 0.0 seconds {{(pid=96438) wrapper /opt/stack/nova/nova/scheduler/request_filter.py:46}}
Jul 18 22:50:06.401463 np0000005402 nova-scheduler[96438]: DEBUG nova.scheduler.request_filter [None req-dbd60606-06f4-441d-bc4b-dcbac5b8198e tempest-AttachVolumeNegativeTest-568096726 tempest-AttachVolumeNegativeTest-568096726-project-member] Request filter 'accelerators_filter' took 0.0 seconds {{(pid=96438) wrapper /opt/stack/nova/nova/scheduler/request_filter.py:46}}
Jul 18 22:50:06.402149 np0000005402 nova-scheduler[96438]: DEBUG nova.scheduler.request_filter [None req-dbd60606-06f4-441d-bc4b-dcbac5b8198e tempest-AttachVolumeNegativeTest-568096726 tempest-AttachVolumeNegativeTest-568096726-project-member] Request filter 'packed_virtqueue_filter' took 0.0 seconds {{(pid=96438) wrapper /opt/stack/nova/nova/scheduler/request_filter.py:46}}
Jul 18 22:50:06.402631 np0000005402 nova-scheduler[96438]: DEBUG nova.scheduler.request_filter [None req-dbd60606-06f4-441d-bc4b-dcbac5b8198e tempest-AttachVolumeNegativeTest-568096726 tempest-AttachVolumeNegativeTest-568096726-project-member] Request filter 'remote_managed_ports_filter' took 0.0 seconds {{(pid=96438) wrapper /opt/stack/nova/nova/scheduler/request_filter.py:46}}
Jul 18 22:50:06.402928 np0000005402 nova-scheduler[96438]: DEBUG nova.scheduler.request_filter [None req-dbd60606-06f4-441d-bc4b-dcbac5b8198e tempest-AttachVolumeNegativeTest-568096726 tempest-AttachVolumeNegativeTest-568096726-project-member] ephemeral_encryption_filter skipped {{(pid=96438) ephemeral_encryption_filter /opt/stack/nova/nova/scheduler/request_filter.py:426}}
Jul 18 22:50:06.403515 np0000005402 nova-scheduler[96438]: DEBUG nova.scheduler.request_filter [None req-dbd60606-06f4-441d-bc4b-dcbac5b8198e tempest-AttachVolumeNegativeTest-568096726 tempest-AttachVolumeNegativeTest-568096726-project-member] virtio_sound_filter skipped {{(pid=96438) virtio_sound_filter /opt/stack/nova/nova/scheduler/request_filter.py:460}}
Jul 18 22:50:06.404775 np0000005402 nova-scheduler[96438]: DEBUG nova.scheduler.request_filter [None req-dbd60606-06f4-441d-bc4b-dcbac5b8198e tempest-AttachVolumeNegativeTest-568096726 tempest-AttachVolumeNegativeTest-568096726-project-member] tpm_secret_security_filter skipped {{(pid=96438) tpm_secret_security_filter /opt/stack/nova/nova/scheduler/request_filter.py:477}}
Jul 18 22:50:07.117025 np0000005402 nova-scheduler[96434]: DEBUG nova.scheduler.manager [None req-80ad17ea-5c08-4e5a-a697-7599d810bbe9 tempest-AttachVolumeTestJSON-1322698583 tempest-AttachVolumeTestJSON-1322698583-project-member] Starting to schedule for instances: ['c85c1c9b-5cf4-45fe-9d49-a1264aaf30cb'] {{(pid=96434) select_destinations /opt/stack/nova/nova/scheduler/manager.py:209}}
Jul 18 22:50:07.117640 np0000005402 nova-scheduler[96434]: DEBUG nova.scheduler.request_filter [None req-80ad17ea-5c08-4e5a-a697-7599d810bbe9 tempest-AttachVolumeTestJSON-1322698583 tempest-AttachVolumeTestJSON-1322698583-project-member] compute_status_filter request filter added forbidden trait COMPUTE_STATUS_DISABLED {{(pid=96434) compute_status_filter /opt/stack/nova/nova/scheduler/request_filter.py:253}}
Jul 18 22:50:07.117792 np0000005402 nova-scheduler[96434]: DEBUG nova.scheduler.request_filter [None req-80ad17ea-5c08-4e5a-a697-7599d810bbe9 tempest-AttachVolumeTestJSON-1322698583 tempest-AttachVolumeTestJSON-1322698583-project-member] Request filter 'compute_status_filter' took 0.0 seconds {{(pid=96434) wrapper /opt/stack/nova/nova/scheduler/request_filter.py:46}}
Jul 18 22:50:07.118039 np0000005402 nova-scheduler[96434]: DEBUG nova.scheduler.request_filter [None req-80ad17ea-5c08-4e5a-a697-7599d810bbe9 tempest-AttachVolumeTestJSON-1322698583 tempest-AttachVolumeTestJSON-1322698583-project-member] Request filter 'accelerators_filter' took 0.0 seconds {{(pid=96434) wrapper /opt/stack/nova/nova/scheduler/request_filter.py:46}}
Jul 18 22:50:07.119319 np0000005402 nova-scheduler[96434]: DEBUG nova.scheduler.request_filter [None req-80ad17ea-5c08-4e5a-a697-7599d810bbe9 tempest-AttachVolumeTestJSON-1322698583 tempest-AttachVolumeTestJSON-1322698583-project-member] Request filter 'packed_virtqueue_filter' took 0.0 seconds {{(pid=96434) wrapper /opt/stack/nova/nova/scheduler/request_filter.py:46}}
Jul 18 22:50:07.119959 np0000005402 nova-scheduler[96434]: DEBUG nova.scheduler.request_filter [None req-80ad17ea-5c08-4e5a-a697-7599d810bbe9 tempest-AttachVolumeTestJSON-1322698583 tempest-AttachVolumeTestJSON-1322698583-project-member] Request filter 'remote_managed_ports_filter' took 0.0 seconds {{(pid=96434) wrapper /opt/stack/nova/nova/scheduler/request_filter.py:46}}
Jul 18 22:50:07.120171 np0000005402 nova-scheduler[96434]: DEBUG nova.scheduler.request_filter [None req-80ad17ea-5c08-4e5a-a697-7599d810bbe9 tempest-AttachVolumeTestJSON-1322698583 tempest-AttachVolumeTestJSON-1322698583-project-member] ephemeral_encryption_filter skipped {{(pid=96434) ephemeral_encryption_filter /opt/stack/nova/nova/scheduler/request_filter.py:426}}
Jul 18 22:50:07.120354 np0000005402 nova-scheduler[96434]: DEBUG nova.scheduler.request_filter [None req-80ad17ea-5c08-4e5a-a697-7599d810bbe9 tempest-AttachVolumeTestJSON-1322698583 tempest-AttachVolumeTestJSON-1322698583-project-member] virtio_sound_filter skipped {{(pid=96434) virtio_sound_filter /opt/stack/nova/nova/scheduler/request_filter.py:460}}
Jul 18 22:50:07.120811 np0000005402 nova-scheduler[96434]: DEBUG nova.scheduler.request_filter [None req-80ad17ea-5c08-4e5a-a697-7599d810bbe9 tempest-AttachVolumeTestJSON-1322698583 tempest-AttachVolumeTestJSON-1322698583-project-member] tpm_secret_security_filter skipped {{(pid=96434) tpm_secret_security_filter /opt/stack/nova/nova/scheduler/request_filter.py:477}}
