Jun 19 06:40:09.293828 np0000003248 nova-scheduler[95737]: DEBUG cotyledon.oslo_config_glue [-] oslo_limit.auth_type = None {{(pid=95737) log_opt_values /opt/stack/data/venv/lib/python3.12/site-packages/oslo_config/cfg.py:3253}}
Jun 19 06:40:09.293828 np0000003248 nova-scheduler[95737]: DEBUG cotyledon.oslo_config_glue [-] oslo_limit.cafile = None {{(pid=95737) log_opt_values /opt/stack/data/venv/lib/python3.12/site-packages/oslo_config/cfg.py:3253}}
Jun 19 06:40:09.294094 np0000003248 nova-scheduler[95737]: DEBUG cotyledon.oslo_config_glue [-] oslo_limit.certfile = None {{(pid=95737) log_opt_values /opt/stack/data/venv/lib/python3.12/site-packages/oslo_config/cfg.py:3253}}
Jun 19 06:40:09.294094 np0000003248 nova-scheduler[95737]: DEBUG cotyledon.oslo_config_glue [-] oslo_limit.collect_timing = False {{(pid=95737) log_opt_values /opt/stack/data/venv/lib/python3.12/site-packages/oslo_config/cfg.py:3253}}
Jun 19 06:40:09.294094 np0000003248 nova-scheduler[95737]: DEBUG cotyledon.oslo_config_glue [-] oslo_limit.connect_retries = None {{(pid=95737) log_opt_values /opt/stack/data/venv/lib/python3.12/site-packages/oslo_config/cfg.py:3253}}
Jun 19 06:40:09.294094 np0000003248 nova-scheduler[95737]: DEBUG cotyledon.oslo_config_glue [-] oslo_limit.connect_retry_delay = None {{(pid=95737) log_opt_values /opt/stack/data/venv/lib/python3.12/site-packages/oslo_config/cfg.py:3253}}
Jun 19 06:40:09.294094 np0000003248 nova-scheduler[95737]: DEBUG cotyledon.oslo_config_glue [-] oslo_limit.endpoint_id = None {{(pid=95737) log_opt_values /opt/stack/data/venv/lib/python3.12/site-packages/oslo_config/cfg.py:3253}}
Jun 19 06:40:09.294094 np0000003248 nova-scheduler[95737]: DEBUG cotyledon.oslo_config_glue [-] oslo_limit.endpoint_interface = public {{(pid=95737) log_opt_values /opt/stack/data/venv/lib/python3.12/site-packages/oslo_config/cfg.py:3253}}
Jun 19 06:40:09.294094 np0000003248 nova-scheduler[95737]: DEBUG cotyledon.oslo_config_glue [-] oslo_limit.endpoint_override = None {{(pid=95737) log_opt_values /opt/stack/data/venv/lib/python3.12/site-packages/oslo_config/cfg.py:3253}}
Jun 19 06:40:09.294094 np0000003248 nova-scheduler[95737]: DEBUG cotyledon.oslo_config_glue [-] oslo_limit.endpoint_region_name = None {{(pid=95737) log_opt_values /opt/stack/data/venv/lib/python3.12/site-packages/oslo_config/cfg.py:3253}}
Jun 19 06:40:09.294094 np0000003248 nova-scheduler[95737]: DEBUG cotyledon.oslo_config_glue [-] oslo_limit.endpoint_service_name = None {{(pid=95737) log_opt_values /opt/stack/data/venv/lib/python3.12/site-packages/oslo_config/cfg.py:3253}}
Jun 19 06:40:09.294332 np0000003248 nova-scheduler[95737]: DEBUG cotyledon.oslo_config_glue [-] oslo_limit.endpoint_service_type = None {{(pid=95737) log_opt_values /opt/stack/data/venv/lib/python3.12/site-packages/oslo_config/cfg.py:3253}}
Jun 19 06:40:09.294332 np0000003248 nova-scheduler[95737]: DEBUG cotyledon.oslo_config_glue [-] oslo_limit.insecure = False {{(pid=95737) log_opt_values /opt/stack/data/venv/lib/python3.12/site-packages/oslo_config/cfg.py:3253}}
Jun 19 06:40:09.294392 np0000003248 nova-scheduler[95742]: INFO dbcounter [None req-4dc9fc12-076c-445b-a7ce-6d6f5a1c7373 None None] Registered counter for database nova_cell0
Jun 19 06:40:09.294427 np0000003248 nova-scheduler[95737]: DEBUG cotyledon.oslo_config_glue [-] oslo_limit.keyfile = None {{(pid=95737) log_opt_values /opt/stack/data/venv/lib/python3.12/site-packages/oslo_config/cfg.py:3253}}
Jun 19 06:40:09.294427 np0000003248 nova-scheduler[95737]: DEBUG cotyledon.oslo_config_glue [-] oslo_limit.max_version = None {{(pid=95737) log_opt_values /opt/stack/data/venv/lib/python3.12/site-packages/oslo_config/cfg.py:3253}}
Jun 19 06:40:09.294427 np0000003248 nova-scheduler[95737]: DEBUG cotyledon.oslo_config_glue [-] oslo_limit.min_version = None {{(pid=95737) log_opt_values /opt/stack/data/venv/lib/python3.12/site-packages/oslo_config/cfg.py:3253}}
Jun 19 06:40:09.294427 np0000003248 nova-scheduler[95737]: DEBUG cotyledon.oslo_config_glue [-] oslo_limit.region_name = None {{(pid=95737) log_opt_values /opt/stack/data/venv/lib/python3.12/site-packages/oslo_config/cfg.py:3253}}
Jun 19 06:40:09.294427 np0000003248 nova-scheduler[95737]: DEBUG cotyledon.oslo_config_glue [-] oslo_limit.retriable_status_codes = None {{(pid=95737) log_opt_values /opt/stack/data/venv/lib/python3.12/site-packages/oslo_config/cfg.py:3253}}
Jun 19 06:40:09.294427 np0000003248 nova-scheduler[95737]: DEBUG cotyledon.oslo_config_glue [-] oslo_limit.service_name = None {{(pid=95737) log_opt_values /opt/stack/data/venv/lib/python3.12/site-packages/oslo_config/cfg.py:3253}}
Jun 19 06:40:09.294427 np0000003248 nova-scheduler[95737]: DEBUG cotyledon.oslo_config_glue [-] oslo_limit.service_type = None {{(pid=95737) log_opt_values /opt/stack/data/venv/lib/python3.12/site-packages/oslo_config/cfg.py:3253}}
Jun 19 06:40:09.294427 np0000003248 nova-scheduler[95737]: DEBUG cotyledon.oslo_config_glue [-] oslo_limit.split_loggers = False {{(pid=95737) log_opt_values /opt/stack/data/venv/lib/python3.12/site-packages/oslo_config/cfg.py:3253}}
Jun 19 06:40:09.294427 np0000003248 nova-scheduler[95737]: DEBUG cotyledon.oslo_config_glue [-] oslo_limit.status_code_retries = None {{(pid=95737) log_opt_values /opt/stack/data/venv/lib/python3.12/site-packages/oslo_config/cfg.py:3253}}
Jun 19 06:40:09.294667 np0000003248 nova-scheduler[95737]: DEBUG cotyledon.oslo_config_glue [-] oslo_limit.status_code_retry_delay = None {{(pid=95737) log_opt_values /opt/stack/data/venv/lib/python3.12/site-packages/oslo_config/cfg.py:3253}}
Jun 19 06:40:09.294667 np0000003248 nova-scheduler[95737]: DEBUG cotyledon.oslo_config_glue [-] oslo_limit.timeout = None {{(pid=95737) log_opt_values /opt/stack/data/venv/lib/python3.12/site-packages/oslo_config/cfg.py:3253}}
Jun 19 06:40:09.294667 np0000003248 nova-scheduler[95737]: DEBUG cotyledon.oslo_config_glue [-] oslo_limit.valid_interfaces = None {{(pid=95737) log_opt_values /opt/stack/data/venv/lib/python3.12/site-packages/oslo_config/cfg.py:3253}}
Jun 19 06:40:09.294667 np0000003248 nova-scheduler[95737]: DEBUG cotyledon.oslo_config_glue [-] oslo_limit.version = None {{(pid=95737) log_opt_values /opt/stack/data/venv/lib/python3.12/site-packages/oslo_config/cfg.py:3253}}
Jun 19 06:40:09.294667 np0000003248 nova-scheduler[95737]: DEBUG cotyledon.oslo_config_glue [-] oslo_reports.file_event_handler = None {{(pid=95737) log_opt_values /opt/stack/data/venv/lib/python3.12/site-packages/oslo_config/cfg.py:3253}}
Jun 19 06:40:09.294667 np0000003248 nova-scheduler[95737]: DEBUG cotyledon.oslo_config_glue [-] oslo_reports.file_event_handler_interval = 1 {{(pid=95737) log_opt_values /opt/stack/data/venv/lib/python3.12/site-packages/oslo_config/cfg.py:3253}}
Jun 19 06:40:09.294667 np0000003248 nova-scheduler[95737]: DEBUG cotyledon.oslo_config_glue [-] oslo_reports.log_dir = None {{(pid=95737) log_opt_values /opt/stack/data/venv/lib/python3.12/site-packages/oslo_config/cfg.py:3253}}
Jun 19 06:40:09.294667 np0000003248 nova-scheduler[95737]: DEBUG cotyledon.oslo_config_glue [-] ******************************************************************************** {{(pid=95737) log_opt_values /opt/stack/data/venv/lib/python3.12/site-packages/oslo_config/cfg.py:3260}}
Jun 19 06:40:09.294667 np0000003248 nova-scheduler[95737]: DEBUG cotyledon._service_worker [-] Run service ServiceWrapper(0) [95737] {{(pid=95737) wait_forever /opt/stack/data/venv/lib/python3.12/site-packages/cotyledon/_service_worker.py:218}}
Jun 19 06:40:09.294953 np0000003248 nova-scheduler[95737]: INFO nova.service [-] Starting scheduler node (version 33.1.0)
Jun 19 06:40:09.294953 np0000003248 nova-scheduler[95737]: INFO dbcounter [None req-045a2e4d-7366-4d9e-b6fe-9e0fa7fbb1f3 None None] Registered counter for database nova_cell0
Jun 19 06:40:09.309925 np0000003248 nova-scheduler[95740]: DEBUG oslo_db.sqlalchemy.engines [None req-a5984769-2fd9-4ee3-b443-6a83864750d2 None None] MySQL server mode set to STRICT_TRANS_TABLES,STRICT_ALL_TABLES,NO_ZERO_IN_DATE,NO_ZERO_DATE,ERROR_FOR_DIVISION_BY_ZERO,TRADITIONAL,NO_ENGINE_SUBSTITUTION {{(pid=95740) _check_effective_sql_mode /opt/stack/data/venv/lib/python3.12/site-packages/oslo_db/sqlalchemy/engines.py:325}}
Jun 19 06:40:09.315365 np0000003248 nova-scheduler[95742]: DEBUG oslo_db.sqlalchemy.engines [None req-4dc9fc12-076c-445b-a7ce-6d6f5a1c7373 None None] MySQL server mode set to STRICT_TRANS_TABLES,STRICT_ALL_TABLES,NO_ZERO_IN_DATE,NO_ZERO_DATE,ERROR_FOR_DIVISION_BY_ZERO,TRADITIONAL,NO_ENGINE_SUBSTITUTION {{(pid=95742) _check_effective_sql_mode /opt/stack/data/venv/lib/python3.12/site-packages/oslo_db/sqlalchemy/engines.py:325}}
Jun 19 06:40:09.316246 np0000003248 nova-scheduler[95737]: DEBUG oslo_db.sqlalchemy.engines [None req-045a2e4d-7366-4d9e-b6fe-9e0fa7fbb1f3 None None] MySQL server mode set to STRICT_TRANS_TABLES,STRICT_ALL_TABLES,NO_ZERO_IN_DATE,NO_ZERO_DATE,ERROR_FOR_DIVISION_BY_ZERO,TRADITIONAL,NO_ENGINE_SUBSTITUTION {{(pid=95737) _check_effective_sql_mode /opt/stack/data/venv/lib/python3.12/site-packages/oslo_db/sqlalchemy/engines.py:325}}
Jun 19 06:40:09.321101 np0000003248 nova-scheduler[95740]: DEBUG dbcounter [-] [95740] Writer thread running {{(pid=95740) stat_writer /opt/stack/data/venv/lib/python3.12/site-packages/dbcounter.py:102}}
Jun 19 06:40:09.324821 np0000003248 nova-scheduler[95742]: DEBUG dbcounter [-] [95742] Writer thread running {{(pid=95742) stat_writer /opt/stack/data/venv/lib/python3.12/site-packages/dbcounter.py:102}}
Jun 19 06:40:09.325038 np0000003248 nova-scheduler[95737]: DEBUG dbcounter [-] [95737] Writer thread running {{(pid=95737) stat_writer /opt/stack/data/venv/lib/python3.12/site-packages/dbcounter.py:102}}
Jun 19 06:40:09.339058 np0000003248 nova-scheduler[95740]: DEBUG nova.service [None req-a5984769-2fd9-4ee3-b443-6a83864750d2 None None] Creating RPC server for service: nova-scheduler on topic: scheduler {{(pid=95740) start /opt/stack/nova/nova/service.py:196}}
Jun 19 06:40:09.341916 np0000003248 nova-scheduler[95737]: DEBUG nova.service [None req-045a2e4d-7366-4d9e-b6fe-9e0fa7fbb1f3 None None] Creating RPC server for service: nova-scheduler on topic: scheduler {{(pid=95737) start /opt/stack/nova/nova/service.py:196}}
Jun 19 06:40:09.342020 np0000003248 nova-scheduler[95742]: DEBUG nova.service [None req-4dc9fc12-076c-445b-a7ce-6d6f5a1c7373 None None] Creating RPC server for service: nova-scheduler on topic: scheduler {{(pid=95742) start /opt/stack/nova/nova/service.py:196}}
Jun 19 06:40:09.367862 np0000003248 nova-scheduler[95740]: DEBUG nova.service [None req-a5984769-2fd9-4ee3-b443-6a83864750d2 None None] Join ServiceGroup membership for this service scheduler {{(pid=95740) start /opt/stack/nova/nova/service.py:222}}
Jun 19 06:40:09.368169 np0000003248 nova-scheduler[95740]: DEBUG nova.servicegroup.drivers.db [None req-a5984769-2fd9-4ee3-b443-6a83864750d2 None None] DB_Driver: join new ServiceGroup member np0000003248 to the scheduler group, service = {{(pid=95740) join /opt/stack/nova/nova/servicegroup/drivers/db.py:44}}
Jun 19 06:40:09.370299 np0000003248 nova-scheduler[95737]: DEBUG nova.service [None req-045a2e4d-7366-4d9e-b6fe-9e0fa7fbb1f3 None None] Join ServiceGroup membership for this service scheduler {{(pid=95737) start /opt/stack/nova/nova/service.py:222}}
Jun 19 06:40:09.370602 np0000003248 nova-scheduler[95737]: DEBUG nova.servicegroup.drivers.db [None req-045a2e4d-7366-4d9e-b6fe-9e0fa7fbb1f3 None None] DB_Driver: join new ServiceGroup member np0000003248 to the scheduler group, service = {{(pid=95737) join /opt/stack/nova/nova/servicegroup/drivers/db.py:44}}
Jun 19 06:40:09.375545 np0000003248 nova-scheduler[95742]: DEBUG nova.service [None req-4dc9fc12-076c-445b-a7ce-6d6f5a1c7373 None None] Join ServiceGroup membership for this service scheduler {{(pid=95742) start /opt/stack/nova/nova/service.py:222}}
Jun 19 06:40:09.375807 np0000003248 nova-scheduler[95742]: DEBUG nova.servicegroup.drivers.db [None req-4dc9fc12-076c-445b-a7ce-6d6f5a1c7373 None None] DB_Driver: join new ServiceGroup member np0000003248 to the scheduler group, service = {{(pid=95742) join /opt/stack/nova/nova/servicegroup/drivers/db.py:44}}
Jun 19 06:40:14.387202 np0000003248 nova-scheduler[95737]: DEBUG oslo.service.backend._threading.loopingcall [-] Fixed interval looping call 'nova.servicegroup.drivers.db.DbDriver._report_state' sleeping for 119.99 seconds {{(pid=95737) _run_loop /opt/stack/data/venv/lib/python3.12/site-packages/oslo_service/backend/_threading/loopingcall.py:125}}
Jun 19 06:40:14.387583 np0000003248 nova-scheduler[95740]: DEBUG oslo.service.backend._threading.loopingcall [-] Fixed interval looping call 'nova.servicegroup.drivers.db.DbDriver._report_state' sleeping for 119.98 seconds {{(pid=95740) _run_loop /opt/stack/data/venv/lib/python3.12/site-packages/oslo_service/backend/_threading/loopingcall.py:125}}
Jun 19 06:40:14.390425 np0000003248 nova-scheduler[95742]: DEBUG oslo.service.backend._threading.loopingcall [-] Fixed interval looping call 'nova.servicegroup.drivers.db.DbDriver._report_state' sleeping for 119.99 seconds {{(pid=95742) _run_loop /opt/stack/data/venv/lib/python3.12/site-packages/oslo_service/backend/_threading/loopingcall.py:125}}
Jun 19 06:40:17.870732 np0000003248 nova-scheduler[94539]: DEBUG dbcounter [-] [94539] Writing DB stats nova_api:SELECT=3 {{(pid=94539) stat_writer /opt/stack/data/venv/lib/python3.12/site-packages/dbcounter.py:115}}
Jun 19 06:40:18.055661 np0000003248 nova-scheduler[94539]: DEBUG dbcounter [-] [94539] Writing DB stats nova_cell0:SELECT=1 {{(pid=94539) stat_writer /opt/stack/data/venv/lib/python3.12/site-packages/dbcounter.py:115}}
Jun 19 06:40:18.058384 np0000003248 nova-scheduler[94539]: DEBUG dbcounter [-] [94539] Writing DB stats nova_cell1:SELECT=1 {{(pid=94539) stat_writer /opt/stack/data/venv/lib/python3.12/site-packages/dbcounter.py:115}}
Jun 19 06:40:18.370077 np0000003248 nova-scheduler[95740]: DEBUG oslo.service.backend._threading.loopingcall [None req-7f23f91b-5e89-4b1b-83a2-25306e4ac29d None None] Dynamic interval looping call 'nova.service.Service.periodic_tasks' sleeping for 60.00 seconds {{(pid=95740) _run_loop /opt/stack/data/venv/lib/python3.12/site-packages/oslo_service/backend/_threading/loopingcall.py:125}}
Jun 19 06:40:24.379689 np0000003248 nova-scheduler[95737]: DEBUG dbcounter [-] [95737] Writing DB stats nova_cell0:SELECT=5,nova_cell0:INSERT=1,nova_cell0:UPDATE=1 {{(pid=95737) stat_writer /opt/stack/data/venv/lib/python3.12/site-packages/dbcounter.py:115}}
Jun 19 06:40:24.382262 np0000003248 nova-scheduler[95740]: DEBUG dbcounter [-] [95740] Writing DB stats nova_cell0:SELECT=4,nova_cell0:INSERT=1,nova_cell0:UPDATE=1 {{(pid=95740) stat_writer /opt/stack/data/venv/lib/python3.12/site-packages/dbcounter.py:115}}
Jun 19 06:40:24.387496 np0000003248 nova-scheduler[95742]: DEBUG dbcounter [-] [95742] Writing DB stats nova_cell0:SELECT=5,nova_cell0:INSERT=1,nova_cell0:UPDATE=1 {{(pid=95742) stat_writer /opt/stack/data/venv/lib/python3.12/site-packages/dbcounter.py:115}}
Jun 19 06:40:33.372378 np0000003248 nova-scheduler[95737]: DEBUG oslo.service.backend._threading.loopingcall [None req-da6859be-88f2-4845-8b91-7bf4f0455583 None None] Dynamic interval looping call 'nova.service.Service.periodic_tasks' sleeping for 60.00 seconds {{(pid=95737) _run_loop /opt/stack/data/venv/lib/python3.12/site-packages/oslo_service/backend/_threading/loopingcall.py:125}}
Jun 19 06:41:08.378487 np0000003248 nova-scheduler[95742]: DEBUG oslo.service.backend._threading.loopingcall [None req-b4ac70d9-81ca-4141-8d3a-4f8717af4ad9 None None] Dynamic interval looping call 'nova.service.Service.periodic_tasks' sleeping for 60.00 seconds {{(pid=95742) _run_loop /opt/stack/data/venv/lib/python3.12/site-packages/oslo_service/backend/_threading/loopingcall.py:125}}
Jun 19 06:41:18.370551 np0000003248 nova-scheduler[95740]: DEBUG oslo.service.backend._threading.loopingcall [None req-7f23f91b-5e89-4b1b-83a2-25306e4ac29d None None] Dynamic interval looping call 'nova.service.Service.periodic_tasks' sleeping for 60.00 seconds {{(pid=95740) _run_loop /opt/stack/data/venv/lib/python3.12/site-packages/oslo_service/backend/_threading/loopingcall.py:125}}
Jun 19 06:41:33.372956 np0000003248 nova-scheduler[95737]: DEBUG oslo.service.backend._threading.loopingcall [None req-da6859be-88f2-4845-8b91-7bf4f0455583 None None] Dynamic interval looping call 'nova.service.Service.periodic_tasks' sleeping for 60.00 seconds {{(pid=95737) _run_loop /opt/stack/data/venv/lib/python3.12/site-packages/oslo_service/backend/_threading/loopingcall.py:125}}
Jun 19 06:42:08.379020 np0000003248 nova-scheduler[95742]: DEBUG oslo.service.backend._threading.loopingcall [None req-b4ac70d9-81ca-4141-8d3a-4f8717af4ad9 None None] Dynamic interval looping call 'nova.service.Service.periodic_tasks' sleeping for 60.00 seconds {{(pid=95742) _run_loop /opt/stack/data/venv/lib/python3.12/site-packages/oslo_service/backend/_threading/loopingcall.py:125}}
Jun 19 06:42:14.372643 np0000003248 nova-scheduler[95740]: DEBUG oslo.service.backend._threading.loopingcall [-] Fixed interval looping call 'nova.servicegroup.drivers.db.DbDriver._report_state' sleeping for 119.99 seconds {{(pid=95740) _run_loop /opt/stack/data/venv/lib/python3.12/site-packages/oslo_service/backend/_threading/loopingcall.py:125}}
Jun 19 06:42:14.380412 np0000003248 nova-scheduler[95737]: DEBUG oslo.service.backend._threading.loopingcall [-] Fixed interval looping call 'nova.servicegroup.drivers.db.DbDriver._report_state' sleeping for 120.00 seconds {{(pid=95737) _run_loop /opt/stack/data/venv/lib/python3.12/site-packages/oslo_service/backend/_threading/loopingcall.py:125}}
Jun 19 06:42:14.384556 np0000003248 nova-scheduler[95742]: DEBUG oslo.service.backend._threading.loopingcall [-] Fixed interval looping call 'nova.servicegroup.drivers.db.DbDriver._report_state' sleeping for 120.00 seconds {{(pid=95742) _run_loop /opt/stack/data/venv/lib/python3.12/site-packages/oslo_service/backend/_threading/loopingcall.py:125}}
Jun 19 06:42:18.371155 np0000003248 nova-scheduler[95740]: DEBUG oslo.service.backend._threading.loopingcall [None req-7f23f91b-5e89-4b1b-83a2-25306e4ac29d None None] Dynamic interval looping call 'nova.service.Service.periodic_tasks' sleeping for 60.00 seconds {{(pid=95740) _run_loop /opt/stack/data/venv/lib/python3.12/site-packages/oslo_service/backend/_threading/loopingcall.py:125}}
Jun 19 06:42:24.370121 np0000003248 nova-scheduler[95740]: DEBUG dbcounter [-] [95740] Writing DB stats nova_cell0:SELECT=1,nova_cell0:UPDATE=1 {{(pid=95740) stat_writer /opt/stack/data/venv/lib/python3.12/site-packages/dbcounter.py:115}}
Jun 19 06:42:24.378568 np0000003248 nova-scheduler[95737]: DEBUG dbcounter [-] [95737] Writing DB stats nova_cell0:SELECT=1 {{(pid=95737) stat_writer /opt/stack/data/venv/lib/python3.12/site-packages/dbcounter.py:115}}
Jun 19 06:42:24.382758 np0000003248 nova-scheduler[95742]: DEBUG dbcounter [-] [95742] Writing DB stats nova_cell0:SELECT=1 {{(pid=95742) stat_writer /opt/stack/data/venv/lib/python3.12/site-packages/dbcounter.py:115}}
Jun 19 06:42:33.373472 np0000003248 nova-scheduler[95737]: DEBUG oslo.service.backend._threading.loopingcall [None req-da6859be-88f2-4845-8b91-7bf4f0455583 None None] Dynamic interval looping call 'nova.service.Service.periodic_tasks' sleeping for 60.00 seconds {{(pid=95737) _run_loop /opt/stack/data/venv/lib/python3.12/site-packages/oslo_service/backend/_threading/loopingcall.py:125}}
Jun 19 06:43:02.188702 np0000003248 nova-scheduler[95740]: DEBUG nova.scheduler.manager [None req-6c588e93-9d44-4ec5-ad6c-74564f65777b tempest-ServerActionsTestOtherB-547137910 tempest-ServerActionsTestOtherB-547137910-project-member] Starting to schedule for instances: ['0056ea0a-7058-4b4d-b6ee-ee4b33798f3a'] {{(pid=95740) select_destinations /opt/stack/nova/nova/scheduler/manager.py:210}}
Jun 19 06:43:02.189249 np0000003248 nova-scheduler[95740]: DEBUG nova.scheduler.request_filter [None req-6c588e93-9d44-4ec5-ad6c-74564f65777b tempest-ServerActionsTestOtherB-547137910 tempest-ServerActionsTestOtherB-547137910-project-member] compute_status_filter request filter added forbidden trait COMPUTE_STATUS_DISABLED {{(pid=95740) compute_status_filter /opt/stack/nova/nova/scheduler/request_filter.py:253}}
Jun 19 06:43:02.189364 np0000003248 nova-scheduler[95740]: DEBUG nova.scheduler.request_filter [None req-6c588e93-9d44-4ec5-ad6c-74564f65777b tempest-ServerActionsTestOtherB-547137910 tempest-ServerActionsTestOtherB-547137910-project-member] Request filter 'compute_status_filter' took 0.0 seconds {{(pid=95740) wrapper /opt/stack/nova/nova/scheduler/request_filter.py:46}}
Jun 19 06:43:02.189846 np0000003248 nova-scheduler[95740]: DEBUG nova.scheduler.request_filter [None req-6c588e93-9d44-4ec5-ad6c-74564f65777b tempest-ServerActionsTestOtherB-547137910 tempest-ServerActionsTestOtherB-547137910-project-member] Request filter 'accelerators_filter' took 0.0 seconds {{(pid=95740) wrapper /opt/stack/nova/nova/scheduler/request_filter.py:46}}
Jun 19 06:43:02.190073 np0000003248 nova-scheduler[95740]: DEBUG nova.scheduler.request_filter [None req-6c588e93-9d44-4ec5-ad6c-74564f65777b tempest-ServerActionsTestOtherB-547137910 tempest-ServerActionsTestOtherB-547137910-project-member] Request filter 'packed_virtqueue_filter' took 0.0 seconds {{(pid=95740) wrapper /opt/stack/nova/nova/scheduler/request_filter.py:46}}
Jun 19 06:43:02.190303 np0000003248 nova-scheduler[95740]: DEBUG nova.scheduler.request_filter [None req-6c588e93-9d44-4ec5-ad6c-74564f65777b tempest-ServerActionsTestOtherB-547137910 tempest-ServerActionsTestOtherB-547137910-project-member] Request filter 'remote_managed_ports_filter' took 0.0 seconds {{(pid=95740) wrapper /opt/stack/nova/nova/scheduler/request_filter.py:46}}
Jun 19 06:43:02.190432 np0000003248 nova-scheduler[95740]: DEBUG nova.scheduler.request_filter [None req-6c588e93-9d44-4ec5-ad6c-74564f65777b tempest-ServerActionsTestOtherB-547137910 tempest-ServerActionsTestOtherB-547137910-project-member] ephemeral_encryption_filter skipped {{(pid=95740) ephemeral_encryption_filter /opt/stack/nova/nova/scheduler/request_filter.py:426}}
Jun 19 06:43:02.190556 np0000003248 nova-scheduler[95740]: DEBUG nova.scheduler.request_filter [None req-6c588e93-9d44-4ec5-ad6c-74564f65777b tempest-ServerActionsTestOtherB-547137910 tempest-ServerActionsTestOtherB-547137910-project-member] virtio_sound_filter skipped {{(pid=95740) virtio_sound_filter /opt/stack/nova/nova/scheduler/request_filter.py:460}}
Jun 19 06:43:02.190669 np0000003248 nova-scheduler[95740]: DEBUG nova.scheduler.request_filter [None req-6c588e93-9d44-4ec5-ad6c-74564f65777b tempest-ServerActionsTestOtherB-547137910 tempest-ServerActionsTestOtherB-547137910-project-member] tpm_secret_security_filter skipped {{(pid=95740) tpm_secret_security_filter /opt/stack/nova/nova/scheduler/request_filter.py:477}}
Jun 19 06:43:02.742314 np0000003248 nova-scheduler[95740]: INFO nova.utils [None req-6c588e93-9d44-4ec5-ad6c-74564f65777b tempest-ServerActionsTestOtherB-547137910 tempest-ServerActionsTestOtherB-547137910-project-member] The cell worker thread pool ForkProcess-2.cell_worker is initialized
Jun 19 06:43:02.742314 np0000003248 nova-scheduler[95740]: DEBUG oslo_concurrency.lockutils [None req-6c588e93-9d44-4ec5-ad6c-74564f65777b tempest-ServerActionsTestOtherB-547137910 tempest-ServerActionsTestOtherB-547137910-project-member] Acquiring lock "20195e9b-c203-4444-954f-56dca458b4e5" by "nova.context.set_target_cell..get_or_set_cached_cell_and_set_connections" {{(pid=95740) inner /opt/stack/data/venv/lib/python3.12/site-packages/oslo_concurrency/lockutils.py:511}}
Jun 19 06:43:02.742314 np0000003248 nova-scheduler[95740]: DEBUG oslo_concurrency.lockutils [None req-6c588e93-9d44-4ec5-ad6c-74564f65777b tempest-ServerActionsTestOtherB-547137910 tempest-ServerActionsTestOtherB-547137910-project-member] Lock "20195e9b-c203-4444-954f-56dca458b4e5" acquired by "nova.context.set_target_cell..get_or_set_cached_cell_and_set_connections" :: waited 0.000s {{(pid=95740) inner /opt/stack/data/venv/lib/python3.12/site-packages/oslo_concurrency/lockutils.py:524}}
Jun 19 06:43:02.744550 np0000003248 nova-scheduler[95740]: DEBUG oslo_concurrency.lockutils [None req-6c588e93-9d44-4ec5-ad6c-74564f65777b tempest-ServerActionsTestOtherB-547137910 tempest-ServerActionsTestOtherB-547137910-project-member] Lock "20195e9b-c203-4444-954f-56dca458b4e5" "released" by "nova.context.set_target_cell..get_or_set_cached_cell_and_set_connections" :: held 0.002s {{(pid=95740) inner /opt/stack/data/venv/lib/python3.12/site-packages/oslo_concurrency/lockutils.py:543}}
Jun 19 06:43:02.747445 np0000003248 nova-scheduler[95740]: INFO dbcounter [None req-6c588e93-9d44-4ec5-ad6c-74564f65777b tempest-ServerActionsTestOtherB-547137910 tempest-ServerActionsTestOtherB-547137910-project-member] Registered counter for database nova_cell1
Jun 19 06:43:02.813197 np0000003248 nova-scheduler[95740]: DEBUG oslo_db.sqlalchemy.engines [None req-6c588e93-9d44-4ec5-ad6c-74564f65777b tempest-ServerActionsTestOtherB-547137910 tempest-ServerActionsTestOtherB-547137910-project-member] MySQL server mode set to STRICT_TRANS_TABLES,STRICT_ALL_TABLES,NO_ZERO_IN_DATE,NO_ZERO_DATE,ERROR_FOR_DIVISION_BY_ZERO,TRADITIONAL,NO_ENGINE_SUBSTITUTION {{(pid=95740) _check_effective_sql_mode /opt/stack/data/venv/lib/python3.12/site-packages/oslo_db/sqlalchemy/engines.py:325}}
Jun 19 06:43:02.821030 np0000003248 nova-scheduler[95740]: DEBUG dbcounter [-] [95740] Writer thread running {{(pid=95740) stat_writer /opt/stack/data/venv/lib/python3.12/site-packages/dbcounter.py:102}}
Jun 19 06:43:02.846665 np0000003248 nova-scheduler[95740]: DEBUG oslo_db.sqlalchemy.engines [None req-6c588e93-9d44-4ec5-ad6c-74564f65777b tempest-ServerActionsTestOtherB-547137910 tempest-ServerActionsTestOtherB-547137910-project-member] Parent process 94539 forked (95740) with an open database connection, which is being discarded and recreated. {{(pid=95740) checkout /opt/stack/data/venv/lib/python3.12/site-packages/oslo_db/sqlalchemy/engines.py:402}}
Jun 19 06:43:02.899464 np0000003248 nova-scheduler[95740]: DEBUG dbcounter [-] [95740] Writer thread running {{(pid=95740) stat_writer /opt/stack/data/venv/lib/python3.12/site-packages/dbcounter.py:102}}
Jun 19 06:43:02.902196 np0000003248 nova-scheduler[95740]: DEBUG oslo_concurrency.lockutils [None req-6c588e93-9d44-4ec5-ad6c-74564f65777b tempest-ServerActionsTestOtherB-547137910 tempest-ServerActionsTestOtherB-547137910-project-member] Acquiring lock "20195e9b-c203-4444-954f-56dca458b4e5" by "nova.context.set_target_cell..get_or_set_cached_cell_and_set_connections" {{(pid=95740) inner /opt/stack/data/venv/lib/python3.12/site-packages/oslo_concurrency/lockutils.py:511}}
Jun 19 06:43:02.902327 np0000003248 nova-scheduler[95740]: DEBUG oslo_concurrency.lockutils [None req-6c588e93-9d44-4ec5-ad6c-74564f65777b tempest-ServerActionsTestOtherB-547137910 tempest-ServerActionsTestOtherB-547137910-project-member] Lock "20195e9b-c203-4444-954f-56dca458b4e5" acquired by "nova.context.set_target_cell..get_or_set_cached_cell_and_set_connections" :: waited 0.000s {{(pid=95740) inner /opt/stack/data/venv/lib/python3.12/site-packages/oslo_concurrency/lockutils.py:524}}
Jun 19 06:43:02.902432 np0000003248 nova-scheduler[95740]: DEBUG oslo_concurrency.lockutils [None req-6c588e93-9d44-4ec5-ad6c-74564f65777b tempest-ServerActionsTestOtherB-547137910 tempest-ServerActionsTestOtherB-547137910-project-member] Lock "20195e9b-c203-4444-954f-56dca458b4e5" "released" by "nova.context.set_target_cell..get_or_set_cached_cell_and_set_connections" :: held 0.000s {{(pid=95740) inner /opt/stack/data/venv/lib/python3.12/site-packages/oslo_concurrency/lockutils.py:543}}
Jun 19 06:43:02.905472 np0000003248 nova-scheduler[95740]: DEBUG oslo_concurrency.lockutils [None req-6c588e93-9d44-4ec5-ad6c-74564f65777b tempest-ServerActionsTestOtherB-547137910 tempest-ServerActionsTestOtherB-547137910-project-member] Acquiring lock "('np0000003248', 'np0000003248')" by "nova.scheduler.host_manager.HostState.update.._locked_update" {{(pid=95740) inner /opt/stack/data/venv/lib/python3.12/site-packages/oslo_concurrency/lockutils.py:511}}
Jun 19 06:43:02.905472 np0000003248 nova-scheduler[95740]: DEBUG oslo_concurrency.lockutils [None req-6c588e93-9d44-4ec5-ad6c-74564f65777b tempest-ServerActionsTestOtherB-547137910 tempest-ServerActionsTestOtherB-547137910-project-member] Lock "('np0000003248', 'np0000003248')" acquired by "nova.scheduler.host_manager.HostState.update.._locked_update" :: waited 0.000s {{(pid=95740) inner /opt/stack/data/venv/lib/python3.12/site-packages/oslo_concurrency/lockutils.py:524}}
Jun 19 06:43:02.906303 np0000003248 nova-scheduler[95740]: DEBUG nova.scheduler.host_manager [None req-6c588e93-9d44-4ec5-ad6c-74564f65777b tempest-ServerActionsTestOtherB-547137910 tempest-ServerActionsTestOtherB-547137910-project-member] Update host state from compute node: ComputeNode(cpu_allocation_ratio=4.0,cpu_info='{"arch": "x86_64", "model": "EPYC-Milan", "vendor": "AMD", "topology": {"cells": 1, "sockets": 12, "cores": 1, "threads": 1}, "maxphysaddr": {"mode": "emulate", "bits": 40}, "features": ["vaes", "pae", "bmi2", "popcnt", "rdseed", "arat", "clflush", "bmi1", "nrip-save", "fma", "sep", "wbnoinvd", "fxsr_opt", "clzero", "3dnowprefetch", "gds-no", "syscall", "f16c", "lahf_lm", "nx", "mds-no", "tsc-deadline", "xgetbv1", "sse2", "misalignsse", "tsc-scale", "pku", "vgif", "umip", "pse", "pause-filter", "cx16", "fxsr", "abm", "mmxext", "spec-ctrl", "svme-addr-chk", "hypervisor", "cmp_legacy", "fpu", "stibp", "pge", "sha-ni", "tsc_adjust", "no-nested-data-bp", "smep", "sse4.1", "movbe", "cmov", "xsaveerptr", "fsrm", "aes", "ibrs", "ibpb", "pcid", "pse36", "ssbd", "rdpid", "lbrv", "amd-psfd", "x2apic", "mce", "cx8", "xsaves", "msr", "mtrr", "vpclmulqdq", "mmx", "stibp-always-on", "xsave", "vme", "rdctl-no", "null-sel-clr-base", "amd-stibp", "adx", "clwb", "topoext", "perfctr_core", "smap", "v-vmsave-vmload", "clflushopt", "invpcid", "skip-l1dfl-vmentry", "vmcb-clean", "xsaveopt", "erms", "lfence-always-serializing", "arch-capabilities", "cr8legacy", "rdrand", "virt-ssbd", "xsavec", "apic", "sse", "ssse3", "pat", "tsc", "pdpe1gb", "de", "svm", "avx2", "pclmuldq", "sse4.2", "fsgsbase", "avx", "pschange-mc-no", "sse4a", "pfthreshold", "npt", "flushbyasid", "amd-ssbd", "osvw", "pni", "lm", "rdtscp", "mca"]}',created_at=2026-06-19T06:40:34Z,current_workload=0,deleted=False,deleted_at=None,disk_allocation_ratio=1.0,disk_available_least=74,free_disk_gb=95,free_ram_mb=23518,host='np0000003248',host_ip=10.4.3.22,hypervisor_hostname='np0000003248',hypervisor_type='QEMU',hypervisor_version=8002002,id=1,local_gb=95,local_gb_used=0,mapped=1,memory_mb=24030,memory_mb_used=512,metrics='[]',numa_topology='{"nova_object.name": "NUMATopology", "nova_object.namespace": "nova", "nova_object.version": "1.2", "nova_object.data": {"cells": [{"nova_object.name": "NUMACell", "nova_object.namespace": "nova", "nova_object.version": "1.5", "nova_object.data": {"id": 0, "cpuset": [0, 1, 2, 3, 4, 5, 6, 7, 8, 9, 10, 11], "pcpuset": [0, 1, 2, 3, 4, 5, 6, 7, 8, 9, 10, 11], "memory": 24030, "cpu_usage": 0, "memory_usage": 0, "pinned_cpus": [], "siblings": [[6], [2], [5], [11], [8], [4], [1], [7], [10], [0], [3], [9]], "mempages": [{"nova_object.name": "NUMAPagesTopology", "nova_object.namespace": "nova", "nova_object.version": "1.1", "nova_object.data": {"size_kb": 4, "total": 6151797, "used": 0, "reserved": 0}, "nova_object.changes": ["used", "size_kb", "reserved", "total"]}, {"nova_object.name": "NUMAPagesTopology", "nova_object.namespace": "nova", "nova_object.version": "1.1", "nova_object.data": {"size_kb": 2048, "total": 0, "used": 0, "reserved": 0}, "nova_object.changes": ["used", "size_kb", "reserved", "total"]}, {"nova_object.name": "NUMAPagesTopology", "nova_object.namespace": "nova", "nova_object.version": "1.1", "nova_object.data": {"size_kb": 1048576, "total": 0, "used": 0, "reserved": 0}, "nova_object.changes": ["used", "size_kb", "reserved", "total"]}], "network_metadata": {"nova_object.name": "NetworkMetadata", "nova_object.namespace": "nova", "nova_object.version": "1.0", "nova_object.data": {"physnets": [], "tunneled": false}, "nova_object.changes": ["tunneled", "physnets"]}, "socket": null}, "nova_object.changes": ["pcpuset", "siblings", "id", "network_metadata", "mempages", "pinned_cpus", "cpu_usage", "memory_usage", "cpuset", "socket", "memory"]}]}, "nova_object.changes": ["cells"]}',pci_device_pools=PciDevicePoolList,ram_allocation_ratio=1.0,running_vms=0,service_id=2,stats={failed_builds='0',uptime=' 06:42:20 up 24 min, 2 users, load average: 1.32, 1.47, 0.87
Jun 19 06:43:02.906303 np0000003248 nova-scheduler[95740]: '},supported_hv_specs=[HVSpec,HVSpec,HVSpec,HVSpec,HVSpec,HVSpec,HVSpec,HVSpec,HVSpec,HVSpec,HVSpec,HVSpec,HVSpec,HVSpec,HVSpec,HVSpec,HVSpec,HVSpec,HVSpec,HVSpec,HVSpec,HVSpec,HVSpec,HVSpec,HVSpec],updated_at=2026-06-19T06:42:22Z,uuid=1f9655e6-7bf3-42c6-89ff-70f577e0b5f8,vcpus=12,vcpus_used=0) {{(pid=95740) _locked_update /opt/stack/nova/nova/scheduler/host_manager.py:168}}
Jun 19 06:43:02.906999 np0000003248 nova-scheduler[95740]: DEBUG nova.scheduler.host_manager [None req-6c588e93-9d44-4ec5-ad6c-74564f65777b tempest-ServerActionsTestOtherB-547137910 tempest-ServerActionsTestOtherB-547137910-project-member] Update host state with aggregates: [] {{(pid=95740) _locked_update /opt/stack/nova/nova/scheduler/host_manager.py:171}}
Jun 19 06:43:02.907105 np0000003248 nova-scheduler[95740]: DEBUG nova.scheduler.host_manager [None req-6c588e93-9d44-4ec5-ad6c-74564f65777b tempest-ServerActionsTestOtherB-547137910 tempest-ServerActionsTestOtherB-547137910-project-member] Update host state with service dict: {'id': 2, 'uuid': 'dab6a6b2-91fd-478a-ab35-476c7c5e636f', 'host': 'np0000003248', 'binary': 'nova-compute', 'topic': 'compute', 'report_count': 2, 'disabled': False, 'disabled_reason': None, 'last_seen_up': datetime.datetime(2026, 6, 19, 6, 42, 43, tzinfo=datetime.timezone.utc), 'forced_down': False, 'version': 72, 'created_at': datetime.datetime(2026, 6, 19, 6, 40, 32, tzinfo=datetime.timezone.utc), 'updated_at': datetime.datetime(2026, 6, 19, 6, 42, 43, tzinfo=datetime.timezone.utc), 'deleted_at': None, 'deleted': False} {{(pid=95740) _locked_update /opt/stack/nova/nova/scheduler/host_manager.py:174}}
Jun 19 06:43:02.907710 np0000003248 nova-scheduler[95740]: DEBUG nova.scheduler.host_manager [None req-6c588e93-9d44-4ec5-ad6c-74564f65777b tempest-ServerActionsTestOtherB-547137910 tempest-ServerActionsTestOtherB-547137910-project-member] Update host state with instances: [] {{(pid=95740) _locked_update /opt/stack/nova/nova/scheduler/host_manager.py:177}}
Jun 19 06:43:02.907710 np0000003248 nova-scheduler[95740]: DEBUG oslo_concurrency.lockutils [None req-6c588e93-9d44-4ec5-ad6c-74564f65777b tempest-ServerActionsTestOtherB-547137910 tempest-ServerActionsTestOtherB-547137910-project-member] Lock "('np0000003248', 'np0000003248')" "released" by "nova.scheduler.host_manager.HostState.update.._locked_update" :: held 0.002s {{(pid=95740) inner /opt/stack/data/venv/lib/python3.12/site-packages/oslo_concurrency/lockutils.py:543}}
Jun 19 06:43:02.907806 np0000003248 nova-scheduler[95740]: DEBUG nova.filters [None req-6c588e93-9d44-4ec5-ad6c-74564f65777b tempest-ServerActionsTestOtherB-547137910 tempest-ServerActionsTestOtherB-547137910-project-member] Starting with 1 host(s) {{(pid=95740) get_filtered_objects /opt/stack/nova/nova/filters.py:70}}
Jun 19 06:43:02.908251 np0000003248 nova-scheduler[95740]: DEBUG nova.filters [None req-6c588e93-9d44-4ec5-ad6c-74564f65777b tempest-ServerActionsTestOtherB-547137910 tempest-ServerActionsTestOtherB-547137910-project-member] Filter ComputeFilter returned 1 host(s) {{(pid=95740) get_filtered_objects /opt/stack/nova/nova/filters.py:102}}
Jun 19 06:43:02.908386 np0000003248 nova-scheduler[95740]: DEBUG nova.filters [None req-6c588e93-9d44-4ec5-ad6c-74564f65777b tempest-ServerActionsTestOtherB-547137910 tempest-ServerActionsTestOtherB-547137910-project-member] Filter ComputeCapabilitiesFilter returned 1 host(s) {{(pid=95740) get_filtered_objects /opt/stack/nova/nova/filters.py:102}}
Jun 19 06:43:02.908577 np0000003248 nova-scheduler[95740]: DEBUG nova.filters [None req-6c588e93-9d44-4ec5-ad6c-74564f65777b tempest-ServerActionsTestOtherB-547137910 tempest-ServerActionsTestOtherB-547137910-project-member] Filter ImagePropertiesFilter returned 1 host(s) {{(pid=95740) get_filtered_objects /opt/stack/nova/nova/filters.py:102}}
Jun 19 06:43:02.908688 np0000003248 nova-scheduler[95740]: DEBUG nova.filters [None req-6c588e93-9d44-4ec5-ad6c-74564f65777b tempest-ServerActionsTestOtherB-547137910 tempest-ServerActionsTestOtherB-547137910-project-member] Filter ServerGroupAntiAffinityFilter returned 1 host(s) {{(pid=95740) get_filtered_objects /opt/stack/nova/nova/filters.py:102}}
Jun 19 06:43:02.908794 np0000003248 nova-scheduler[95740]: DEBUG nova.filters [None req-6c588e93-9d44-4ec5-ad6c-74564f65777b tempest-ServerActionsTestOtherB-547137910 tempest-ServerActionsTestOtherB-547137910-project-member] Filter ServerGroupAffinityFilter returned 1 host(s) {{(pid=95740) get_filtered_objects /opt/stack/nova/nova/filters.py:102}}
Jun 19 06:43:02.908926 np0000003248 nova-scheduler[95740]: DEBUG nova.filters [None req-6c588e93-9d44-4ec5-ad6c-74564f65777b tempest-ServerActionsTestOtherB-547137910 tempest-ServerActionsTestOtherB-547137910-project-member] Filter SameHostFilter returned 1 host(s) {{(pid=95740) get_filtered_objects /opt/stack/nova/nova/filters.py:102}}
Jun 19 06:43:02.909043 np0000003248 nova-scheduler[95740]: DEBUG nova.filters [None req-6c588e93-9d44-4ec5-ad6c-74564f65777b tempest-ServerActionsTestOtherB-547137910 tempest-ServerActionsTestOtherB-547137910-project-member] Filter DifferentHostFilter returned 1 host(s) {{(pid=95740) get_filtered_objects /opt/stack/nova/nova/filters.py:102}}
Jun 19 06:43:02.909176 np0000003248 nova-scheduler[95740]: DEBUG nova.scheduler.manager [None req-6c588e93-9d44-4ec5-ad6c-74564f65777b tempest-ServerActionsTestOtherB-547137910 tempest-ServerActionsTestOtherB-547137910-project-member] Filtered [(np0000003248, np0000003248) ram: 23518MB disk: 75776MB io_ops: 0 instances: 0, allocation_candidates: 1] {{(pid=95740) _get_sorted_hosts /opt/stack/nova/nova/scheduler/manager.py:743}}
Jun 19 06:43:02.909347 np0000003248 nova-scheduler[95740]: DEBUG nova.scheduler.manager [None req-6c588e93-9d44-4ec5-ad6c-74564f65777b tempest-ServerActionsTestOtherB-547137910 tempest-ServerActionsTestOtherB-547137910-project-member] Weighed [WeighedHost [host: (np0000003248, np0000003248) ram: 23518MB disk: 75776MB io_ops: 0 instances: 0, allocation_candidates: 1, weight: 0.0]] {{(pid=95740) _get_sorted_hosts /opt/stack/nova/nova/scheduler/manager.py:765}}
Jun 19 06:43:02.909509 np0000003248 nova-scheduler[95740]: DEBUG nova.scheduler.utils [None req-6c588e93-9d44-4ec5-ad6c-74564f65777b tempest-ServerActionsTestOtherB-547137910 tempest-ServerActionsTestOtherB-547137910-project-member] Attempting to claim resources in the placement API for instance 0056ea0a-7058-4b4d-b6ee-ee4b33798f3a {{(pid=95740) claim_resources /opt/stack/nova/nova/scheduler/utils.py:1345}}
Jun 19 06:43:03.065523 np0000003248 nova-scheduler[95740]: DEBUG nova.scheduler.manager [None req-6c588e93-9d44-4ec5-ad6c-74564f65777b tempest-ServerActionsTestOtherB-547137910 tempest-ServerActionsTestOtherB-547137910-project-member] [instance: 0056ea0a-7058-4b4d-b6ee-ee4b33798f3a] Selected host: (np0000003248, np0000003248) ram: 23518MB disk: 75776MB io_ops: 0 instances: 0, allocation_candidates: 1 {{(pid=95740) _consume_selected_host /opt/stack/nova/nova/scheduler/manager.py:625}}
Jun 19 06:43:03.065523 np0000003248 nova-scheduler[95740]: DEBUG oslo_concurrency.lockutils [None req-6c588e93-9d44-4ec5-ad6c-74564f65777b tempest-ServerActionsTestOtherB-547137910 tempest-ServerActionsTestOtherB-547137910-project-member] Acquiring lock "('np0000003248', 'np0000003248')" by "nova.scheduler.host_manager.HostState.consume_from_request.._locked" {{(pid=95740) inner /opt/stack/data/venv/lib/python3.12/site-packages/oslo_concurrency/lockutils.py:511}}
Jun 19 06:43:03.065523 np0000003248 nova-scheduler[95740]: DEBUG oslo_concurrency.lockutils [None req-6c588e93-9d44-4ec5-ad6c-74564f65777b tempest-ServerActionsTestOtherB-547137910 tempest-ServerActionsTestOtherB-547137910-project-member] Lock "('np0000003248', 'np0000003248')" acquired by "nova.scheduler.host_manager.HostState.consume_from_request.._locked" :: waited 0.000s {{(pid=95740) inner /opt/stack/data/venv/lib/python3.12/site-packages/oslo_concurrency/lockutils.py:524}}
Jun 19 06:43:03.065523 np0000003248 nova-scheduler[95740]: DEBUG oslo_concurrency.lockutils [None req-6c588e93-9d44-4ec5-ad6c-74564f65777b tempest-ServerActionsTestOtherB-547137910 tempest-ServerActionsTestOtherB-547137910-project-member] Lock "('np0000003248', 'np0000003248')" "released" by "nova.scheduler.host_manager.HostState.consume_from_request.._locked" :: held 0.000s {{(pid=95740) inner /opt/stack/data/venv/lib/python3.12/site-packages/oslo_concurrency/lockutils.py:543}}
Jun 19 06:43:08.379688 np0000003248 nova-scheduler[95742]: DEBUG oslo.service.backend._threading.loopingcall [None req-b4ac70d9-81ca-4141-8d3a-4f8717af4ad9 None None] Dynamic interval looping call 'nova.service.Service.periodic_tasks' sleeping for 60.00 seconds {{(pid=95742) _run_loop /opt/stack/data/venv/lib/python3.12/site-packages/oslo_service/backend/_threading/loopingcall.py:125}}
Jun 19 06:43:12.900008 np0000003248 nova-scheduler[95740]: DEBUG dbcounter [-] [95740] Writing DB stats nova_api:SELECT=1 {{(pid=95740) stat_writer /opt/stack/data/venv/lib/python3.12/site-packages/dbcounter.py:115}}
Jun 19 06:43:12.904364 np0000003248 nova-scheduler[95740]: DEBUG dbcounter [-] [95740] Writing DB stats nova_cell1:SELECT=3 {{(pid=95740) stat_writer /opt/stack/data/venv/lib/python3.12/site-packages/dbcounter.py:115}}
Jun 19 06:43:13.306309 np0000003248 nova-scheduler[95737]: DEBUG nova.scheduler.manager [None req-148a31a4-76a8-4a30-a241-d3798c708b9f tempest-ServerActionsV293TestJSON-156549180 tempest-ServerActionsV293TestJSON-156549180-project-member] Starting to schedule for instances: ['e918bf84-074c-4d0c-ba96-48e935c15f8c'] {{(pid=95737) select_destinations /opt/stack/nova/nova/scheduler/manager.py:210}}
Jun 19 06:43:13.306760 np0000003248 nova-scheduler[95737]: DEBUG nova.scheduler.request_filter [None req-148a31a4-76a8-4a30-a241-d3798c708b9f tempest-ServerActionsV293TestJSON-156549180 tempest-ServerActionsV293TestJSON-156549180-project-member] compute_status_filter request filter added forbidden trait COMPUTE_STATUS_DISABLED {{(pid=95737) compute_status_filter /opt/stack/nova/nova/scheduler/request_filter.py:253}}
Jun 19 06:43:13.306930 np0000003248 nova-scheduler[95737]: DEBUG nova.scheduler.request_filter [None req-148a31a4-76a8-4a30-a241-d3798c708b9f tempest-ServerActionsV293TestJSON-156549180 tempest-ServerActionsV293TestJSON-156549180-project-member] Request filter 'compute_status_filter' took 0.0 seconds {{(pid=95737) wrapper /opt/stack/nova/nova/scheduler/request_filter.py:46}}
Jun 19 06:43:13.307177 np0000003248 nova-scheduler[95737]: DEBUG nova.scheduler.request_filter [None req-148a31a4-76a8-4a30-a241-d3798c708b9f tempest-ServerActionsV293TestJSON-156549180 tempest-ServerActionsV293TestJSON-156549180-project-member] Request filter 'accelerators_filter' took 0.0 seconds {{(pid=95737) wrapper /opt/stack/nova/nova/scheduler/request_filter.py:46}}
Jun 19 06:43:13.307349 np0000003248 nova-scheduler[95737]: DEBUG nova.scheduler.request_filter [None req-148a31a4-76a8-4a30-a241-d3798c708b9f tempest-ServerActionsV293TestJSON-156549180 tempest-ServerActionsV293TestJSON-156549180-project-member] Request filter 'packed_virtqueue_filter' took 0.0 seconds {{(pid=95737) wrapper /opt/stack/nova/nova/scheduler/request_filter.py:46}}
Jun 19 06:43:13.307696 np0000003248 nova-scheduler[95737]: DEBUG nova.scheduler.request_filter [None req-148a31a4-76a8-4a30-a241-d3798c708b9f tempest-ServerActionsV293TestJSON-156549180 tempest-ServerActionsV293TestJSON-156549180-project-member] Request filter 'remote_managed_ports_filter' took 0.0 seconds {{(pid=95737) wrapper /opt/stack/nova/nova/scheduler/request_filter.py:46}}
Jun 19 06:43:13.307759 np0000003248 nova-scheduler[95737]: DEBUG nova.scheduler.request_filter [None req-148a31a4-76a8-4a30-a241-d3798c708b9f tempest-ServerActionsV293TestJSON-156549180 tempest-ServerActionsV293TestJSON-156549180-project-member] ephemeral_encryption_filter skipped {{(pid=95737) ephemeral_encryption_filter /opt/stack/nova/nova/scheduler/request_filter.py:426}}
Jun 19 06:43:13.307892 np0000003248 nova-scheduler[95737]: DEBUG nova.scheduler.request_filter [None req-148a31a4-76a8-4a30-a241-d3798c708b9f tempest-ServerActionsV293TestJSON-156549180 tempest-ServerActionsV293TestJSON-156549180-project-member] virtio_sound_filter skipped {{(pid=95737) virtio_sound_filter /opt/stack/nova/nova/scheduler/request_filter.py:460}}
Jun 19 06:43:13.308047 np0000003248 nova-scheduler[95737]: DEBUG nova.scheduler.request_filter [None req-148a31a4-76a8-4a30-a241-d3798c708b9f tempest-ServerActionsV293TestJSON-156549180 tempest-ServerActionsV293TestJSON-156549180-project-member] tpm_secret_security_filter skipped {{(pid=95737) tpm_secret_security_filter /opt/stack/nova/nova/scheduler/request_filter.py:477}}
Jun 19 06:43:13.406005 np0000003248 nova-scheduler[95737]: INFO nova.utils [None req-148a31a4-76a8-4a30-a241-d3798c708b9f tempest-ServerActionsV293TestJSON-156549180 tempest-ServerActionsV293TestJSON-156549180-project-member] The cell worker thread pool ForkProcess-1.cell_worker is initialized
Jun 19 06:43:13.406141 np0000003248 nova-scheduler[95737]: DEBUG oslo_concurrency.lockutils [None req-148a31a4-76a8-4a30-a241-d3798c708b9f tempest-ServerActionsV293TestJSON-156549180 tempest-ServerActionsV293TestJSON-156549180-project-member] Acquiring lock "20195e9b-c203-4444-954f-56dca458b4e5" by "nova.context.set_target_cell..get_or_set_cached_cell_and_set_connections" {{(pid=95737) inner /opt/stack/data/venv/lib/python3.12/site-packages/oslo_concurrency/lockutils.py:511}}
Jun 19 06:43:13.406411 np0000003248 nova-scheduler[95737]: DEBUG oslo_concurrency.lockutils [None req-148a31a4-76a8-4a30-a241-d3798c708b9f tempest-ServerActionsV293TestJSON-156549180 tempest-ServerActionsV293TestJSON-156549180-project-member] Lock "20195e9b-c203-4444-954f-56dca458b4e5" acquired by "nova.context.set_target_cell..get_or_set_cached_cell_and_set_connections" :: waited 0.000s {{(pid=95737) inner /opt/stack/data/venv/lib/python3.12/site-packages/oslo_concurrency/lockutils.py:524}}
Jun 19 06:43:13.408676 np0000003248 nova-scheduler[95737]: DEBUG oslo_concurrency.lockutils [None req-148a31a4-76a8-4a30-a241-d3798c708b9f tempest-ServerActionsV293TestJSON-156549180 tempest-ServerActionsV293TestJSON-156549180-project-member] Lock "20195e9b-c203-4444-954f-56dca458b4e5" "released" by "nova.context.set_target_cell..get_or_set_cached_cell_and_set_connections" :: held 0.002s {{(pid=95737) inner /opt/stack/data/venv/lib/python3.12/site-packages/oslo_concurrency/lockutils.py:543}}
Jun 19 06:43:13.410709 np0000003248 nova-scheduler[95737]: INFO dbcounter [None req-148a31a4-76a8-4a30-a241-d3798c708b9f tempest-ServerActionsV293TestJSON-156549180 tempest-ServerActionsV293TestJSON-156549180-project-member] Registered counter for database nova_cell1
Jun 19 06:43:13.445422 np0000003248 nova-scheduler[95737]: DEBUG oslo_db.sqlalchemy.engines [None req-148a31a4-76a8-4a30-a241-d3798c708b9f tempest-ServerActionsV293TestJSON-156549180 tempest-ServerActionsV293TestJSON-156549180-project-member] MySQL server mode set to STRICT_TRANS_TABLES,STRICT_ALL_TABLES,NO_ZERO_IN_DATE,NO_ZERO_DATE,ERROR_FOR_DIVISION_BY_ZERO,TRADITIONAL,NO_ENGINE_SUBSTITUTION {{(pid=95737) _check_effective_sql_mode /opt/stack/data/venv/lib/python3.12/site-packages/oslo_db/sqlalchemy/engines.py:325}}
Jun 19 06:43:13.450686 np0000003248 nova-scheduler[95737]: DEBUG dbcounter [-] [95737] Writer thread running {{(pid=95737) stat_writer /opt/stack/data/venv/lib/python3.12/site-packages/dbcounter.py:102}}
Jun 19 06:43:13.529273 np0000003248 nova-scheduler[95737]: DEBUG dbcounter [-] [95737] Writer thread running {{(pid=95737) stat_writer /opt/stack/data/venv/lib/python3.12/site-packages/dbcounter.py:102}}
Jun 19 06:43:13.532315 np0000003248 nova-scheduler[95737]: DEBUG oslo_concurrency.lockutils [None req-148a31a4-76a8-4a30-a241-d3798c708b9f tempest-ServerActionsV293TestJSON-156549180 tempest-ServerActionsV293TestJSON-156549180-project-member] Acquiring lock "20195e9b-c203-4444-954f-56dca458b4e5" by "nova.context.set_target_cell..get_or_set_cached_cell_and_set_connections" {{(pid=95737) inner /opt/stack/data/venv/lib/python3.12/site-packages/oslo_concurrency/lockutils.py:511}}
Jun 19 06:43:13.532511 np0000003248 nova-scheduler[95737]: DEBUG oslo_concurrency.lockutils [None req-148a31a4-76a8-4a30-a241-d3798c708b9f tempest-ServerActionsV293TestJSON-156549180 tempest-ServerActionsV293TestJSON-156549180-project-member] Lock "20195e9b-c203-4444-954f-56dca458b4e5" acquired by "nova.context.set_target_cell..get_or_set_cached_cell_and_set_connections" :: waited 0.000s {{(pid=95737) inner /opt/stack/data/venv/lib/python3.12/site-packages/oslo_concurrency/lockutils.py:524}}
Jun 19 06:43:13.532643 np0000003248 nova-scheduler[95737]: DEBUG oslo_concurrency.lockutils [None req-148a31a4-76a8-4a30-a241-d3798c708b9f tempest-ServerActionsV293TestJSON-156549180 tempest-ServerActionsV293TestJSON-156549180-project-member] Lock "20195e9b-c203-4444-954f-56dca458b4e5" "released" by "nova.context.set_target_cell..get_or_set_cached_cell_and_set_connections" :: held 0.000s {{(pid=95737) inner /opt/stack/data/venv/lib/python3.12/site-packages/oslo_concurrency/lockutils.py:543}}
