Aug 05 14:38:00.120719 np0000006569 systemd[1]: Starting devstack@n-api-meta.service - Devstack devstack@n-api-meta.service...
Aug 05 14:38:00.127103 np0000006569 devstack@n-api-meta.service[96516]: [uWSGI] getting INI configuration from /etc/nova/nova-metadata-uwsgi.ini
Aug 05 14:38:00.129536 np0000006569 devstack@n-api-meta.service[96516]: *** Starting uWSGI 2.0.24-debian (64bit) on [Wed Aug 5 14:38:00 2026] ***
Aug 05 14:38:00.129536 np0000006569 devstack@n-api-meta.service[96516]: compiled with version: 13.2.0 on 17 April 2024 16:23:48
Aug 05 14:38:00.129536 np0000006569 devstack@n-api-meta.service[96516]: os: Linux-6.8.0-100-generic #100-Ubuntu SMP PREEMPT_DYNAMIC Tue Jan 13 16:40:06 UTC 2026
Aug 05 14:38:00.129536 np0000006569 devstack@n-api-meta.service[96516]: nodename: np0000006569
Aug 05 14:38:00.129536 np0000006569 devstack@n-api-meta.service[96516]: machine: x86_64
Aug 05 14:38:00.129536 np0000006569 devstack@n-api-meta.service[96516]: clock source: unix
Aug 05 14:38:00.129536 np0000006569 devstack@n-api-meta.service[96516]: pcre jit disabled
Aug 05 14:38:00.129536 np0000006569 devstack@n-api-meta.service[96516]: detected number of CPU cores: 16
Aug 05 14:38:00.129536 np0000006569 devstack@n-api-meta.service[96516]: current working directory: /
Aug 05 14:38:00.129536 np0000006569 devstack@n-api-meta.service[96516]: detected binary path: /usr/bin/uwsgi-core
Aug 05 14:38:00.129536 np0000006569 devstack@n-api-meta.service[96516]: your processes number limit is 257052
Aug 05 14:38:00.129536 np0000006569 devstack@n-api-meta.service[96516]: your memory page size is 4096 bytes
Aug 05 14:38:00.129536 np0000006569 devstack@n-api-meta.service[96516]: detected max file descriptor number: 2048
Aug 05 14:38:00.129536 np0000006569 devstack@n-api-meta.service[96516]: lock engine: pthread robust mutexes
Aug 05 14:38:00.129860 np0000006569 devstack@n-api-meta.service[96516]: thunder lock: enabled
Aug 05 14:38:00.129975 np0000006569 devstack@n-api-meta.service[96516]: uWSGI http bound on 0.0.0.0:8775 fd 5
Aug 05 14:38:00.130008 np0000006569 devstack@n-api-meta.service[96516]: uwsgi socket 0 bound to TCP address 127.0.0.1:41929 (port auto-assigned) fd 4
Aug 05 14:38:00.130039 np0000006569 devstack@n-api-meta.service[96516]: Python version: 3.12.3 (main, Jun 19 2026, 12:46:00) [GCC 13.3.0]
Aug 05 14:38:00.130039 np0000006569 devstack@n-api-meta.service[96516]: PEP 405 virtualenv detected: /opt/stack/data/venv
Aug 05 14:38:00.130039 np0000006569 devstack@n-api-meta.service[96516]: Set PythonHome to /opt/stack/data/venv
Aug 05 14:38:00.171079 np0000006569 devstack@n-api-meta.service[96516]: Python main interpreter initialized at 0x7be042ea4668
Aug 05 14:38:00.171079 np0000006569 devstack@n-api-meta.service[96516]: python threads support enabled
Aug 05 14:38:00.171079 np0000006569 devstack@n-api-meta.service[96516]: your server socket listen backlog is limited to 100 connections
Aug 05 14:38:00.171079 np0000006569 devstack@n-api-meta.service[96516]: your mercy for graceful operations on workers is 80 seconds
Aug 05 14:38:00.171798 np0000006569 devstack@n-api-meta.service[96516]: mapped 671795 bytes (656 KB) for 4 cores
Aug 05 14:38:00.171994 np0000006569 devstack@n-api-meta.service[96516]: *** Operational MODE: preforking ***
Aug 05 14:38:00.172280 np0000006569 devstack@n-api-meta.service[96516]: *** uWSGI is running in multiple interpreter mode ***
Aug 05 14:38:00.172280 np0000006569 devstack@n-api-meta.service[96516]: spawned uWSGI master process (pid: 96516)
Aug 05 14:38:00.172480 np0000006569 systemd[1]: Started devstack@n-api-meta.service - Devstack devstack@n-api-meta.service.
Aug 05 14:38:00.173104 np0000006569 devstack@n-api-meta.service[96516]: spawned uWSGI worker 1 (pid: 96517, cores: 1)
Aug 05 14:38:00.173802 np0000006569 devstack@n-api-meta.service[96516]: spawned uWSGI worker 2 (pid: 96518, cores: 1)
Aug 05 14:38:00.174323 np0000006569 devstack@n-api-meta.service[96516]: spawned uWSGI worker 3 (pid: 96519, cores: 1)
Aug 05 14:38:00.174943 np0000006569 devstack@n-api-meta.service[96516]: spawned uWSGI worker 4 (pid: 96520, cores: 1)
Aug 05 14:38:00.175558 np0000006569 devstack@n-api-meta.service[96516]: spawned uWSGI http 1 (pid: 96521)
Aug 05 14:38:00.175558 np0000006569 devstack@n-api-meta.service[96516]: running "unix_signal:15 gracefully_kill_them_all" (master-start)...
Aug 05 14:38:02.098585 np0000006569 devstack@n-api-meta.service[96520]: INFO dbcounter [None req-19dcd54b-7854-4476-a5d8-06c8d28eb78d None None] Registered counter for database nova_api
Aug 05 14:38:02.153909 np0000006569 devstack@n-api-meta.service[96518]: INFO dbcounter [None req-e46d24b3-ee92-4738-a444-eeec51fd75f3 None None] Registered counter for database nova_api
Aug 05 14:38:02.156930 np0000006569 devstack@n-api-meta.service[96519]: INFO dbcounter [None req-4fe2010b-9207-4223-9476-983cdd295f05 None None] Registered counter for database nova_api
Aug 05 14:38:02.160156 np0000006569 devstack@n-api-meta.service[96520]: DEBUG oslo_db.sqlalchemy.engines [None req-19dcd54b-7854-4476-a5d8-06c8d28eb78d None None] MySQL server mode set to STRICT_TRANS_TABLES,STRICT_ALL_TABLES,NO_ZERO_IN_DATE,NO_ZERO_DATE,ERROR_FOR_DIVISION_BY_ZERO,TRADITIONAL,NO_ENGINE_SUBSTITUTION {{(pid=96520) _check_effective_sql_mode /opt/stack/data/venv/lib/python3.12/site-packages/oslo_db/sqlalchemy/engines.py:325}}
Aug 05 14:38:02.162159 np0000006569 devstack@n-api-meta.service[96517]: INFO dbcounter [None req-a457dce5-9423-405b-954b-82da7a548f58 None None] Registered counter for database nova_api
Aug 05 14:38:02.203517 np0000006569 devstack@n-api-meta.service[96518]: DEBUG oslo_db.sqlalchemy.engines [None req-e46d24b3-ee92-4738-a444-eeec51fd75f3 None None] MySQL server mode set to STRICT_TRANS_TABLES,STRICT_ALL_TABLES,NO_ZERO_IN_DATE,NO_ZERO_DATE,ERROR_FOR_DIVISION_BY_ZERO,TRADITIONAL,NO_ENGINE_SUBSTITUTION {{(pid=96518) _check_effective_sql_mode /opt/stack/data/venv/lib/python3.12/site-packages/oslo_db/sqlalchemy/engines.py:325}}
Aug 05 14:38:02.204616 np0000006569 devstack@n-api-meta.service[96520]: DEBUG dbcounter [-] [96520] Writer thread running {{(pid=96520) stat_writer /opt/stack/data/venv/lib/python3.12/site-packages/dbcounter.py:102}}
Aug 05 14:38:02.205891 np0000006569 devstack@n-api-meta.service[96519]: DEBUG oslo_db.sqlalchemy.engines [None req-4fe2010b-9207-4223-9476-983cdd295f05 None None] MySQL server mode set to STRICT_TRANS_TABLES,STRICT_ALL_TABLES,NO_ZERO_IN_DATE,NO_ZERO_DATE,ERROR_FOR_DIVISION_BY_ZERO,TRADITIONAL,NO_ENGINE_SUBSTITUTION {{(pid=96519) _check_effective_sql_mode /opt/stack/data/venv/lib/python3.12/site-packages/oslo_db/sqlalchemy/engines.py:325}}
Aug 05 14:38:02.207617 np0000006569 devstack@n-api-meta.service[96520]: DEBUG nova.context [None req-19dcd54b-7854-4476-a5d8-06c8d28eb78d None None] Found 2 cells: 00000000-0000-0000-0000-000000000000(cell0),875acf13-51df-4f99-bee5-1ffdab9bf250(cell1) {{(pid=96520) load_cells /opt/stack/nova/nova/context.py:509}}
Aug 05 14:38:02.207915 np0000006569 devstack@n-api-meta.service[96520]: INFO nova.utils [None req-19dcd54b-7854-4476-a5d8-06c8d28eb78d None None] The cell worker thread pool MainProcess.cell_worker is initialized
Aug 05 14:38:02.209238 np0000006569 devstack@n-api-meta.service[96517]: DEBUG oslo_db.sqlalchemy.engines [None req-a457dce5-9423-405b-954b-82da7a548f58 None None] MySQL server mode set to STRICT_TRANS_TABLES,STRICT_ALL_TABLES,NO_ZERO_IN_DATE,NO_ZERO_DATE,ERROR_FOR_DIVISION_BY_ZERO,TRADITIONAL,NO_ENGINE_SUBSTITUTION {{(pid=96517) _check_effective_sql_mode /opt/stack/data/venv/lib/python3.12/site-packages/oslo_db/sqlalchemy/engines.py:325}}
Aug 05 14:38:02.210492 np0000006569 devstack@n-api-meta.service[96520]: DEBUG oslo_concurrency.lockutils [None req-19dcd54b-7854-4476-a5d8-06c8d28eb78d None None] Acquiring lock "00000000-0000-0000-0000-000000000000" by "nova.context.set_target_cell..get_or_set_cached_cell_and_set_connections" {{(pid=96520) inner /opt/stack/data/venv/lib/python3.12/site-packages/oslo_concurrency/lockutils.py:512}}
Aug 05 14:38:02.210722 np0000006569 devstack@n-api-meta.service[96520]: DEBUG oslo_concurrency.lockutils [None req-19dcd54b-7854-4476-a5d8-06c8d28eb78d None None] Lock "00000000-0000-0000-0000-000000000000" acquired by "nova.context.set_target_cell..get_or_set_cached_cell_and_set_connections" :: waited 0.000s {{(pid=96520) inner /opt/stack/data/venv/lib/python3.12/site-packages/oslo_concurrency/lockutils.py:525}}
Aug 05 14:38:02.211294 np0000006569 devstack@n-api-meta.service[96520]: DEBUG oslo_concurrency.lockutils [None req-19dcd54b-7854-4476-a5d8-06c8d28eb78d None None] Lock "00000000-0000-0000-0000-000000000000" "released" by "nova.context.set_target_cell..get_or_set_cached_cell_and_set_connections" :: held 0.001s {{(pid=96520) inner /opt/stack/data/venv/lib/python3.12/site-packages/oslo_concurrency/lockutils.py:544}}
Aug 05 14:38:02.212138 np0000006569 devstack@n-api-meta.service[96520]: DEBUG oslo_concurrency.lockutils [None req-19dcd54b-7854-4476-a5d8-06c8d28eb78d None None] Acquiring lock "875acf13-51df-4f99-bee5-1ffdab9bf250" by "nova.context.set_target_cell..get_or_set_cached_cell_and_set_connections" {{(pid=96520) inner /opt/stack/data/venv/lib/python3.12/site-packages/oslo_concurrency/lockutils.py:512}}
Aug 05 14:38:02.213880 np0000006569 devstack@n-api-meta.service[96520]: INFO dbcounter [None req-19dcd54b-7854-4476-a5d8-06c8d28eb78d None None] Registered counter for database nova_cell0
Aug 05 14:38:02.215123 np0000006569 devstack@n-api-meta.service[96520]: DEBUG oslo_concurrency.lockutils [None req-19dcd54b-7854-4476-a5d8-06c8d28eb78d None None] Lock "875acf13-51df-4f99-bee5-1ffdab9bf250" acquired by "nova.context.set_target_cell..get_or_set_cached_cell_and_set_connections" :: waited 0.002s {{(pid=96520) inner /opt/stack/data/venv/lib/python3.12/site-packages/oslo_concurrency/lockutils.py:525}}
Aug 05 14:38:02.216662 np0000006569 devstack@n-api-meta.service[96520]: DEBUG oslo_concurrency.lockutils [None req-19dcd54b-7854-4476-a5d8-06c8d28eb78d None None] Lock "875acf13-51df-4f99-bee5-1ffdab9bf250" "released" by "nova.context.set_target_cell..get_or_set_cached_cell_and_set_connections" :: held 0.003s {{(pid=96520) inner /opt/stack/data/venv/lib/python3.12/site-packages/oslo_concurrency/lockutils.py:544}}
Aug 05 14:38:02.219936 np0000006569 devstack@n-api-meta.service[96520]: INFO dbcounter [None req-19dcd54b-7854-4476-a5d8-06c8d28eb78d None None] Registered counter for database nova_cell1
Aug 05 14:38:02.231995 np0000006569 devstack@n-api-meta.service[96518]: DEBUG dbcounter [-] [96518] Writer thread running {{(pid=96518) stat_writer /opt/stack/data/venv/lib/python3.12/site-packages/dbcounter.py:102}}
Aug 05 14:38:02.234363 np0000006569 devstack@n-api-meta.service[96518]: DEBUG nova.context [None req-e46d24b3-ee92-4738-a444-eeec51fd75f3 None None] Found 2 cells: 00000000-0000-0000-0000-000000000000(cell0),875acf13-51df-4f99-bee5-1ffdab9bf250(cell1) {{(pid=96518) load_cells /opt/stack/nova/nova/context.py:509}}
Aug 05 14:38:02.234656 np0000006569 devstack@n-api-meta.service[96518]: INFO nova.utils [None req-e46d24b3-ee92-4738-a444-eeec51fd75f3 None None] The cell worker thread pool MainProcess.cell_worker is initialized
Aug 05 14:38:02.236376 np0000006569 devstack@n-api-meta.service[96518]: DEBUG oslo_concurrency.lockutils [None req-e46d24b3-ee92-4738-a444-eeec51fd75f3 None None] Acquiring lock "00000000-0000-0000-0000-000000000000" by "nova.context.set_target_cell..get_or_set_cached_cell_and_set_connections" {{(pid=96518) inner /opt/stack/data/venv/lib/python3.12/site-packages/oslo_concurrency/lockutils.py:512}}
Aug 05 14:38:02.236560 np0000006569 devstack@n-api-meta.service[96518]: DEBUG oslo_concurrency.lockutils [None req-e46d24b3-ee92-4738-a444-eeec51fd75f3 None None] Lock "00000000-0000-0000-0000-000000000000" acquired by "nova.context.set_target_cell..get_or_set_cached_cell_and_set_connections" :: waited 0.000s {{(pid=96518) inner /opt/stack/data/venv/lib/python3.12/site-packages/oslo_concurrency/lockutils.py:525}}
Aug 05 14:38:02.237029 np0000006569 devstack@n-api-meta.service[96518]: DEBUG oslo_concurrency.lockutils [None req-e46d24b3-ee92-4738-a444-eeec51fd75f3 None None] Lock "00000000-0000-0000-0000-000000000000" "released" by "nova.context.set_target_cell..get_or_set_cached_cell_and_set_connections" :: held 0.000s {{(pid=96518) inner /opt/stack/data/venv/lib/python3.12/site-packages/oslo_concurrency/lockutils.py:544}}
Aug 05 14:38:02.237776 np0000006569 devstack@n-api-meta.service[96517]: DEBUG dbcounter [-] [96517] Writer thread running {{(pid=96517) stat_writer /opt/stack/data/venv/lib/python3.12/site-packages/dbcounter.py:102}}
Aug 05 14:38:02.237837 np0000006569 devstack@n-api-meta.service[96518]: DEBUG oslo_concurrency.lockutils [None req-e46d24b3-ee92-4738-a444-eeec51fd75f3 None None] Acquiring lock "875acf13-51df-4f99-bee5-1ffdab9bf250" by "nova.context.set_target_cell..get_or_set_cached_cell_and_set_connections" {{(pid=96518) inner /opt/stack/data/venv/lib/python3.12/site-packages/oslo_concurrency/lockutils.py:512}}
Aug 05 14:38:02.237970 np0000006569 devstack@n-api-meta.service[96518]: DEBUG oslo_concurrency.lockutils [None req-e46d24b3-ee92-4738-a444-eeec51fd75f3 None None] Lock "875acf13-51df-4f99-bee5-1ffdab9bf250" acquired by "nova.context.set_target_cell..get_or_set_cached_cell_and_set_connections" :: waited 0.000s {{(pid=96518) inner /opt/stack/data/venv/lib/python3.12/site-packages/oslo_concurrency/lockutils.py:525}}
Aug 05 14:38:02.238932 np0000006569 devstack@n-api-meta.service[96518]: DEBUG oslo_concurrency.lockutils [None req-e46d24b3-ee92-4738-a444-eeec51fd75f3 None None] Lock "875acf13-51df-4f99-bee5-1ffdab9bf250" "released" by "nova.context.set_target_cell..get_or_set_cached_cell_and_set_connections" :: held 0.001s {{(pid=96518) inner /opt/stack/data/venv/lib/python3.12/site-packages/oslo_concurrency/lockutils.py:544}}
Aug 05 14:38:02.240204 np0000006569 devstack@n-api-meta.service[96517]: DEBUG nova.context [None req-a457dce5-9423-405b-954b-82da7a548f58 None None] Found 2 cells: 00000000-0000-0000-0000-000000000000(cell0),875acf13-51df-4f99-bee5-1ffdab9bf250(cell1) {{(pid=96517) load_cells /opt/stack/nova/nova/context.py:509}}
Aug 05 14:38:02.240471 np0000006569 devstack@n-api-meta.service[96517]: INFO nova.utils [None req-a457dce5-9423-405b-954b-82da7a548f58 None None] The cell worker thread pool MainProcess.cell_worker is initialized
Aug 05 14:38:02.240625 np0000006569 devstack@n-api-meta.service[96518]: INFO dbcounter [None req-e46d24b3-ee92-4738-a444-eeec51fd75f3 None None] Registered counter for database nova_cell0
Aug 05 14:38:02.243148 np0000006569 devstack@n-api-meta.service[96517]: DEBUG oslo_concurrency.lockutils [None req-a457dce5-9423-405b-954b-82da7a548f58 None None] Acquiring lock "00000000-0000-0000-0000-000000000000" by "nova.context.set_target_cell..get_or_set_cached_cell_and_set_connections" {{(pid=96517) inner /opt/stack/data/venv/lib/python3.12/site-packages/oslo_concurrency/lockutils.py:512}}
Aug 05 14:38:02.243148 np0000006569 devstack@n-api-meta.service[96517]: DEBUG oslo_concurrency.lockutils [None req-a457dce5-9423-405b-954b-82da7a548f58 None None] Lock "00000000-0000-0000-0000-000000000000" acquired by "nova.context.set_target_cell..get_or_set_cached_cell_and_set_connections" :: waited 0.000s {{(pid=96517) inner /opt/stack/data/venv/lib/python3.12/site-packages/oslo_concurrency/lockutils.py:525}}
Aug 05 14:38:02.243148 np0000006569 devstack@n-api-meta.service[96517]: DEBUG oslo_concurrency.lockutils [None req-a457dce5-9423-405b-954b-82da7a548f58 None None] Lock "00000000-0000-0000-0000-000000000000" "released" by "nova.context.set_target_cell..get_or_set_cached_cell_and_set_connections" :: held 0.000s {{(pid=96517) inner /opt/stack/data/venv/lib/python3.12/site-packages/oslo_concurrency/lockutils.py:544}}
Aug 05 14:38:02.243452 np0000006569 devstack@n-api-meta.service[96517]: DEBUG oslo_concurrency.lockutils [None req-a457dce5-9423-405b-954b-82da7a548f58 None None] Acquiring lock "875acf13-51df-4f99-bee5-1ffdab9bf250" by "nova.context.set_target_cell..get_or_set_cached_cell_and_set_connections" {{(pid=96517) inner /opt/stack/data/venv/lib/python3.12/site-packages/oslo_concurrency/lockutils.py:512}}
Aug 05 14:38:02.243623 np0000006569 devstack@n-api-meta.service[96517]: DEBUG oslo_concurrency.lockutils [None req-a457dce5-9423-405b-954b-82da7a548f58 None None] Lock "875acf13-51df-4f99-bee5-1ffdab9bf250" acquired by "nova.context.set_target_cell..get_or_set_cached_cell_and_set_connections" :: waited 0.000s {{(pid=96517) inner /opt/stack/data/venv/lib/python3.12/site-packages/oslo_concurrency/lockutils.py:525}}
Aug 05 14:38:02.243907 np0000006569 devstack@n-api-meta.service[96518]: INFO dbcounter [None req-e46d24b3-ee92-4738-a444-eeec51fd75f3 None None] Registered counter for database nova_cell1
Aug 05 14:38:02.244409 np0000006569 devstack@n-api-meta.service[96517]: DEBUG oslo_concurrency.lockutils [None req-a457dce5-9423-405b-954b-82da7a548f58 None None] Lock "875acf13-51df-4f99-bee5-1ffdab9bf250" "released" by "nova.context.set_target_cell..get_or_set_cached_cell_and_set_connections" :: held 0.001s {{(pid=96517) inner /opt/stack/data/venv/lib/python3.12/site-packages/oslo_concurrency/lockutils.py:544}}
Aug 05 14:38:02.246715 np0000006569 devstack@n-api-meta.service[96517]: INFO dbcounter [None req-a457dce5-9423-405b-954b-82da7a548f58 None None] Registered counter for database nova_cell0
Aug 05 14:38:02.250552 np0000006569 devstack@n-api-meta.service[96517]: INFO dbcounter [None req-a457dce5-9423-405b-954b-82da7a548f58 None None] Registered counter for database nova_cell1
Aug 05 14:38:02.252213 np0000006569 devstack@n-api-meta.service[96519]: DEBUG dbcounter [-] [96519] Writer thread running {{(pid=96519) stat_writer /opt/stack/data/venv/lib/python3.12/site-packages/dbcounter.py:102}}
Aug 05 14:38:02.255431 np0000006569 devstack@n-api-meta.service[96519]: DEBUG nova.context [None req-4fe2010b-9207-4223-9476-983cdd295f05 None None] Found 2 cells: 00000000-0000-0000-0000-000000000000(cell0),875acf13-51df-4f99-bee5-1ffdab9bf250(cell1) {{(pid=96519) load_cells /opt/stack/nova/nova/context.py:509}}
Aug 05 14:38:02.255763 np0000006569 devstack@n-api-meta.service[96519]: INFO nova.utils [None req-4fe2010b-9207-4223-9476-983cdd295f05 None None] The cell worker thread pool MainProcess.cell_worker is initialized
Aug 05 14:38:02.258157 np0000006569 devstack@n-api-meta.service[96519]: DEBUG oslo_concurrency.lockutils [None req-4fe2010b-9207-4223-9476-983cdd295f05 None None] Acquiring lock "00000000-0000-0000-0000-000000000000" by "nova.context.set_target_cell..get_or_set_cached_cell_and_set_connections" {{(pid=96519) inner /opt/stack/data/venv/lib/python3.12/site-packages/oslo_concurrency/lockutils.py:512}}
Aug 05 14:38:02.258322 np0000006569 devstack@n-api-meta.service[96519]: DEBUG oslo_concurrency.lockutils [None req-4fe2010b-9207-4223-9476-983cdd295f05 None None] Lock "00000000-0000-0000-0000-000000000000" acquired by "nova.context.set_target_cell..get_or_set_cached_cell_and_set_connections" :: waited 0.000s {{(pid=96519) inner /opt/stack/data/venv/lib/python3.12/site-packages/oslo_concurrency/lockutils.py:525}}
Aug 05 14:38:02.258824 np0000006569 devstack@n-api-meta.service[96519]: DEBUG oslo_concurrency.lockutils [None req-4fe2010b-9207-4223-9476-983cdd295f05 None None] Lock "00000000-0000-0000-0000-000000000000" "released" by "nova.context.set_target_cell..get_or_set_cached_cell_and_set_connections" :: held 0.001s {{(pid=96519) inner /opt/stack/data/venv/lib/python3.12/site-packages/oslo_concurrency/lockutils.py:544}}
Aug 05 14:38:02.259962 np0000006569 devstack@n-api-meta.service[96519]: DEBUG oslo_concurrency.lockutils [None req-4fe2010b-9207-4223-9476-983cdd295f05 None None] Acquiring lock "875acf13-51df-4f99-bee5-1ffdab9bf250" by "nova.context.set_target_cell..get_or_set_cached_cell_and_set_connections" {{(pid=96519) inner /opt/stack/data/venv/lib/python3.12/site-packages/oslo_concurrency/lockutils.py:512}}
Aug 05 14:38:02.259962 np0000006569 devstack@n-api-meta.service[96519]: DEBUG oslo_concurrency.lockutils [None req-4fe2010b-9207-4223-9476-983cdd295f05 None None] Lock "875acf13-51df-4f99-bee5-1ffdab9bf250" acquired by "nova.context.set_target_cell..get_or_set_cached_cell_and_set_connections" :: waited 0.000s {{(pid=96519) inner /opt/stack/data/venv/lib/python3.12/site-packages/oslo_concurrency/lockutils.py:525}}
Aug 05 14:38:02.261177 np0000006569 devstack@n-api-meta.service[96519]: DEBUG oslo_concurrency.lockutils [None req-4fe2010b-9207-4223-9476-983cdd295f05 None None] Lock "875acf13-51df-4f99-bee5-1ffdab9bf250" "released" by "nova.context.set_target_cell..get_or_set_cached_cell_and_set_connections" :: held 0.001s {{(pid=96519) inner /opt/stack/data/venv/lib/python3.12/site-packages/oslo_concurrency/lockutils.py:544}}
Aug 05 14:38:02.263685 np0000006569 devstack@n-api-meta.service[96519]: INFO dbcounter [None req-4fe2010b-9207-4223-9476-983cdd295f05 None None] Registered counter for database nova_cell0
Aug 05 14:38:02.265872 np0000006569 devstack@n-api-meta.service[96520]: DEBUG oslo_db.sqlalchemy.engines [None req-19dcd54b-7854-4476-a5d8-06c8d28eb78d None None] MySQL server mode set to STRICT_TRANS_TABLES,STRICT_ALL_TABLES,NO_ZERO_IN_DATE,NO_ZERO_DATE,ERROR_FOR_DIVISION_BY_ZERO,TRADITIONAL,NO_ENGINE_SUBSTITUTION {{(pid=96520) _check_effective_sql_mode /opt/stack/data/venv/lib/python3.12/site-packages/oslo_db/sqlalchemy/engines.py:325}}
Aug 05 14:38:02.267719 np0000006569 devstack@n-api-meta.service[96519]: INFO dbcounter [None req-4fe2010b-9207-4223-9476-983cdd295f05 None None] Registered counter for database nova_cell1
Aug 05 14:38:02.306750 np0000006569 devstack@n-api-meta.service[96518]: DEBUG oslo_db.sqlalchemy.engines [None req-e46d24b3-ee92-4738-a444-eeec51fd75f3 None None] MySQL server mode set to STRICT_TRANS_TABLES,STRICT_ALL_TABLES,NO_ZERO_IN_DATE,NO_ZERO_DATE,ERROR_FOR_DIVISION_BY_ZERO,TRADITIONAL,NO_ENGINE_SUBSTITUTION {{(pid=96518) _check_effective_sql_mode /opt/stack/data/venv/lib/python3.12/site-packages/oslo_db/sqlalchemy/engines.py:325}}
Aug 05 14:38:02.311315 np0000006569 devstack@n-api-meta.service[96517]: DEBUG oslo_db.sqlalchemy.engines [None req-a457dce5-9423-405b-954b-82da7a548f58 None None] MySQL server mode set to STRICT_TRANS_TABLES,STRICT_ALL_TABLES,NO_ZERO_IN_DATE,NO_ZERO_DATE,ERROR_FOR_DIVISION_BY_ZERO,TRADITIONAL,NO_ENGINE_SUBSTITUTION {{(pid=96517) _check_effective_sql_mode /opt/stack/data/venv/lib/python3.12/site-packages/oslo_db/sqlalchemy/engines.py:325}}
Aug 05 14:38:02.325458 np0000006569 devstack@n-api-meta.service[96518]: DEBUG oslo_db.sqlalchemy.engines [None req-e46d24b3-ee92-4738-a444-eeec51fd75f3 None None] MySQL server mode set to STRICT_TRANS_TABLES,STRICT_ALL_TABLES,NO_ZERO_IN_DATE,NO_ZERO_DATE,ERROR_FOR_DIVISION_BY_ZERO,TRADITIONAL,NO_ENGINE_SUBSTITUTION {{(pid=96518) _check_effective_sql_mode /opt/stack/data/venv/lib/python3.12/site-packages/oslo_db/sqlalchemy/engines.py:325}}
Aug 05 14:38:02.325989 np0000006569 devstack@n-api-meta.service[96519]: DEBUG oslo_db.sqlalchemy.engines [None req-4fe2010b-9207-4223-9476-983cdd295f05 None None] MySQL server mode set to STRICT_TRANS_TABLES,STRICT_ALL_TABLES,NO_ZERO_IN_DATE,NO_ZERO_DATE,ERROR_FOR_DIVISION_BY_ZERO,TRADITIONAL,NO_ENGINE_SUBSTITUTION {{(pid=96519) _check_effective_sql_mode /opt/stack/data/venv/lib/python3.12/site-packages/oslo_db/sqlalchemy/engines.py:325}}
Aug 05 14:38:02.327352 np0000006569 devstack@n-api-meta.service[96517]: DEBUG oslo_db.sqlalchemy.engines [None req-a457dce5-9423-405b-954b-82da7a548f58 None None] MySQL server mode set to STRICT_TRANS_TABLES,STRICT_ALL_TABLES,NO_ZERO_IN_DATE,NO_ZERO_DATE,ERROR_FOR_DIVISION_BY_ZERO,TRADITIONAL,NO_ENGINE_SUBSTITUTION {{(pid=96517) _check_effective_sql_mode /opt/stack/data/venv/lib/python3.12/site-packages/oslo_db/sqlalchemy/engines.py:325}}
Aug 05 14:38:02.330872 np0000006569 devstack@n-api-meta.service[96519]: DEBUG oslo_db.sqlalchemy.engines [None req-4fe2010b-9207-4223-9476-983cdd295f05 None None] MySQL server mode set to STRICT_TRANS_TABLES,STRICT_ALL_TABLES,NO_ZERO_IN_DATE,NO_ZERO_DATE,ERROR_FOR_DIVISION_BY_ZERO,TRADITIONAL,NO_ENGINE_SUBSTITUTION {{(pid=96519) _check_effective_sql_mode /opt/stack/data/venv/lib/python3.12/site-packages/oslo_db/sqlalchemy/engines.py:325}}
Aug 05 14:38:02.367767 np0000006569 devstack@n-api-meta.service[96520]: DEBUG dbcounter [-] [96520] Writer thread running {{(pid=96520) stat_writer /opt/stack/data/venv/lib/python3.12/site-packages/dbcounter.py:102}}
Aug 05 14:38:02.373432 np0000006569 devstack@n-api-meta.service[96520]: DEBUG oslo_db.sqlalchemy.engines [None req-19dcd54b-7854-4476-a5d8-06c8d28eb78d None None] MySQL server mode set to STRICT_TRANS_TABLES,STRICT_ALL_TABLES,NO_ZERO_IN_DATE,NO_ZERO_DATE,ERROR_FOR_DIVISION_BY_ZERO,TRADITIONAL,NO_ENGINE_SUBSTITUTION {{(pid=96520) _check_effective_sql_mode /opt/stack/data/venv/lib/python3.12/site-packages/oslo_db/sqlalchemy/engines.py:325}}
Aug 05 14:38:02.380993 np0000006569 devstack@n-api-meta.service[96520]: DEBUG dbcounter [-] [96520] Writer thread running {{(pid=96520) stat_writer /opt/stack/data/venv/lib/python3.12/site-packages/dbcounter.py:102}}
Aug 05 14:38:02.384979 np0000006569 devstack@n-api-meta.service[96520]: INFO dbcounter [None req-19dcd54b-7854-4476-a5d8-06c8d28eb78d None None] Registered counter for database nova_cell0
Aug 05 14:38:02.408349 np0000006569 devstack@n-api-meta.service[96518]: DEBUG dbcounter [-] [96518] Writer thread running {{(pid=96518) stat_writer /opt/stack/data/venv/lib/python3.12/site-packages/dbcounter.py:102}}
Aug 05 14:38:02.414018 np0000006569 devstack@n-api-meta.service[96518]: DEBUG dbcounter [-] [96518] Writer thread running {{(pid=96518) stat_writer /opt/stack/data/venv/lib/python3.12/site-packages/dbcounter.py:102}}
Aug 05 14:38:02.416332 np0000006569 devstack@n-api-meta.service[96517]: DEBUG dbcounter [-] [96517] Writer thread running {{(pid=96517) stat_writer /opt/stack/data/venv/lib/python3.12/site-packages/dbcounter.py:102}}
Aug 05 14:38:02.420028 np0000006569 devstack@n-api-meta.service[96518]: INFO dbcounter [None req-e46d24b3-ee92-4738-a444-eeec51fd75f3 None None] Registered counter for database nova_cell0
Aug 05 14:38:02.423449 np0000006569 devstack@n-api-meta.service[96517]: DEBUG dbcounter [-] [96517] Writer thread running {{(pid=96517) stat_writer /opt/stack/data/venv/lib/python3.12/site-packages/dbcounter.py:102}}
Aug 05 14:38:02.428121 np0000006569 devstack@n-api-meta.service[96520]: DEBUG oslo_db.sqlalchemy.engines [None req-19dcd54b-7854-4476-a5d8-06c8d28eb78d None None] MySQL server mode set to STRICT_TRANS_TABLES,STRICT_ALL_TABLES,NO_ZERO_IN_DATE,NO_ZERO_DATE,ERROR_FOR_DIVISION_BY_ZERO,TRADITIONAL,NO_ENGINE_SUBSTITUTION {{(pid=96520) _check_effective_sql_mode /opt/stack/data/venv/lib/python3.12/site-packages/oslo_db/sqlalchemy/engines.py:325}}
Aug 05 14:38:02.430731 np0000006569 devstack@n-api-meta.service[96519]: DEBUG dbcounter [-] [96519] Writer thread running {{(pid=96519) stat_writer /opt/stack/data/venv/lib/python3.12/site-packages/dbcounter.py:102}}
Aug 05 14:38:02.431719 np0000006569 devstack@n-api-meta.service[96517]: INFO dbcounter [None req-a457dce5-9423-405b-954b-82da7a548f58 None None] Registered counter for database nova_cell0
Aug 05 14:38:02.435163 np0000006569 devstack@n-api-meta.service[96519]: DEBUG dbcounter [-] [96519] Writer thread running {{(pid=96519) stat_writer /opt/stack/data/venv/lib/python3.12/site-packages/dbcounter.py:102}}
Aug 05 14:38:02.436199 np0000006569 devstack@n-api-meta.service[96520]: DEBUG dbcounter [-] [96520] Writer thread running {{(pid=96520) stat_writer /opt/stack/data/venv/lib/python3.12/site-packages/dbcounter.py:102}}
Aug 05 14:38:02.439739 np0000006569 devstack@n-api-meta.service[96519]: INFO dbcounter [None req-4fe2010b-9207-4223-9476-983cdd295f05 None None] Registered counter for database nova_cell0
Aug 05 14:38:02.465310 np0000006569 devstack@n-api-meta.service[96518]: DEBUG oslo_db.sqlalchemy.engines [None req-e46d24b3-ee92-4738-a444-eeec51fd75f3 None None] MySQL server mode set to STRICT_TRANS_TABLES,STRICT_ALL_TABLES,NO_ZERO_IN_DATE,NO_ZERO_DATE,ERROR_FOR_DIVISION_BY_ZERO,TRADITIONAL,NO_ENGINE_SUBSTITUTION {{(pid=96518) _check_effective_sql_mode /opt/stack/data/venv/lib/python3.12/site-packages/oslo_db/sqlalchemy/engines.py:325}}
Aug 05 14:38:02.471484 np0000006569 devstack@n-api-meta.service[96517]: DEBUG oslo_db.sqlalchemy.engines [None req-a457dce5-9423-405b-954b-82da7a548f58 None None] MySQL server mode set to STRICT_TRANS_TABLES,STRICT_ALL_TABLES,NO_ZERO_IN_DATE,NO_ZERO_DATE,ERROR_FOR_DIVISION_BY_ZERO,TRADITIONAL,NO_ENGINE_SUBSTITUTION {{(pid=96517) _check_effective_sql_mode /opt/stack/data/venv/lib/python3.12/site-packages/oslo_db/sqlalchemy/engines.py:325}}
Aug 05 14:38:02.473045 np0000006569 devstack@n-api-meta.service[96518]: DEBUG dbcounter [-] [96518] Writer thread running {{(pid=96518) stat_writer /opt/stack/data/venv/lib/python3.12/site-packages/dbcounter.py:102}}
Aug 05 14:38:02.478138 np0000006569 devstack@n-api-meta.service[96520]: WARNING nova.api.metadata.handler [None req-19dcd54b-7854-4476-a5d8-06c8d28eb78d None None] metadata_proxy_shared_secret is not configured, the metadata information returned by the proxy cannot be trusted
Aug 05 14:38:02.479994 np0000006569 devstack@n-api-meta.service[96517]: DEBUG dbcounter [-] [96517] Writer thread running {{(pid=96517) stat_writer /opt/stack/data/venv/lib/python3.12/site-packages/dbcounter.py:102}}
Aug 05 14:38:02.480566 np0000006569 devstack@n-api-meta.service[96520]: DEBUG nova.api.openstack.wsgi_app [None req-19dcd54b-7854-4476-a5d8-06c8d28eb78d None None] ******************************************************************************** {{(pid=96520) log_opt_values /opt/stack/data/venv/lib/python3.12/site-packages/oslo_config/cfg.py:3518}}
Aug 05 14:38:02.480733 np0000006569 devstack@n-api-meta.service[96520]: DEBUG nova.api.openstack.wsgi_app [None req-19dcd54b-7854-4476-a5d8-06c8d28eb78d None None] Configuration options gathered from: {{(pid=96520) log_opt_values /opt/stack/data/venv/lib/python3.12/site-packages/oslo_config/cfg.py:3519}}
Aug 05 14:38:02.480938 np0000006569 devstack@n-api-meta.service[96520]: DEBUG nova.api.openstack.wsgi_app [None req-19dcd54b-7854-4476-a5d8-06c8d28eb78d None None] command line args: [] {{(pid=96520) log_opt_values /opt/stack/data/venv/lib/python3.12/site-packages/oslo_config/cfg.py:3520}}
Aug 05 14:38:02.480998 np0000006569 devstack@n-api-meta.service[96520]: DEBUG nova.api.openstack.wsgi_app [None req-19dcd54b-7854-4476-a5d8-06c8d28eb78d None None] config files: ['/etc/nova/api-paste.ini', '/etc/nova/nova.conf'] {{(pid=96520) log_opt_values /opt/stack/data/venv/lib/python3.12/site-packages/oslo_config/cfg.py:3521}}
Aug 05 14:38:02.481299 np0000006569 devstack@n-api-meta.service[96520]: DEBUG nova.api.openstack.wsgi_app [None req-19dcd54b-7854-4476-a5d8-06c8d28eb78d None None] ================================================================================ {{(pid=96520) log_opt_values /opt/stack/data/venv/lib/python3.12/site-packages/oslo_config/cfg.py:3526}}
Aug 05 14:38:02.481299 np0000006569 devstack@n-api-meta.service[96520]: DEBUG nova.api.openstack.wsgi_app [None req-19dcd54b-7854-4476-a5d8-06c8d28eb78d None None] allow_resize_to_same_host = True {{(pid=96520) log_opt_values /opt/stack/data/venv/lib/python3.12/site-packages/oslo_config/cfg.py:3534}}
Aug 05 14:38:02.481462 np0000006569 devstack@n-api-meta.service[96520]: DEBUG nova.api.openstack.wsgi_app [None req-19dcd54b-7854-4476-a5d8-06c8d28eb78d None None] arq_binding_timeout = 300 {{(pid=96520) log_opt_values /opt/stack/data/venv/lib/python3.12/site-packages/oslo_config/cfg.py:3534}}
Aug 05 14:38:02.481607 np0000006569 devstack@n-api-meta.service[96520]: DEBUG nova.api.openstack.wsgi_app [None req-19dcd54b-7854-4476-a5d8-06c8d28eb78d None None] block_device_allocate_retries = 60 {{(pid=96520) log_opt_values /opt/stack/data/venv/lib/python3.12/site-packages/oslo_config/cfg.py:3534}}
Aug 05 14:38:02.481750 np0000006569 devstack@n-api-meta.service[96520]: DEBUG nova.api.openstack.wsgi_app [None req-19dcd54b-7854-4476-a5d8-06c8d28eb78d None None] block_device_allocate_retries_interval = 3 {{(pid=96520) log_opt_values /opt/stack/data/venv/lib/python3.12/site-packages/oslo_config/cfg.py:3534}}
Aug 05 14:38:02.481874 np0000006569 devstack@n-api-meta.service[96520]: DEBUG nova.api.openstack.wsgi_app [None req-19dcd54b-7854-4476-a5d8-06c8d28eb78d None None] cell_worker_thread_pool_size = 5 {{(pid=96520) log_opt_values /opt/stack/data/venv/lib/python3.12/site-packages/oslo_config/cfg.py:3534}}
Aug 05 14:38:02.482013 np0000006569 devstack@n-api-meta.service[96520]: DEBUG nova.api.openstack.wsgi_app [None req-19dcd54b-7854-4476-a5d8-06c8d28eb78d None None] cert = self.pem {{(pid=96520) log_opt_values /opt/stack/data/venv/lib/python3.12/site-packages/oslo_config/cfg.py:3534}}
Aug 05 14:38:02.482144 np0000006569 devstack@n-api-meta.service[96520]: DEBUG nova.api.openstack.wsgi_app [None req-19dcd54b-7854-4476-a5d8-06c8d28eb78d None None] compute_driver = libvirt.LibvirtDriver {{(pid=96520) log_opt_values /opt/stack/data/venv/lib/python3.12/site-packages/oslo_config/cfg.py:3534}}
Aug 05 14:38:02.482282 np0000006569 devstack@n-api-meta.service[96520]: DEBUG nova.api.openstack.wsgi_app [None req-19dcd54b-7854-4476-a5d8-06c8d28eb78d None None] compute_monitors = [] {{(pid=96520) log_opt_values /opt/stack/data/venv/lib/python3.12/site-packages/oslo_config/cfg.py:3534}}
Aug 05 14:38:02.482446 np0000006569 devstack@n-api-meta.service[96520]: DEBUG nova.api.openstack.wsgi_app [None req-19dcd54b-7854-4476-a5d8-06c8d28eb78d None None] concurrency_backend = auto {{(pid=96520) log_opt_values /opt/stack/data/venv/lib/python3.12/site-packages/oslo_config/cfg.py:3534}}
Aug 05 14:38:02.482574 np0000006569 devstack@n-api-meta.service[96520]: DEBUG nova.api.openstack.wsgi_app [None req-19dcd54b-7854-4476-a5d8-06c8d28eb78d None None] config_dir = [] {{(pid=96520) log_opt_values /opt/stack/data/venv/lib/python3.12/site-packages/oslo_config/cfg.py:3534}}
Aug 05 14:38:02.482701 np0000006569 devstack@n-api-meta.service[96520]: DEBUG nova.api.openstack.wsgi_app [None req-19dcd54b-7854-4476-a5d8-06c8d28eb78d None None] config_drive_format = iso9660 {{(pid=96520) log_opt_values /opt/stack/data/venv/lib/python3.12/site-packages/oslo_config/cfg.py:3534}}
Aug 05 14:38:02.482817 np0000006569 devstack@n-api-meta.service[96520]: DEBUG nova.api.openstack.wsgi_app [None req-19dcd54b-7854-4476-a5d8-06c8d28eb78d None None] config_file = ['/etc/nova/api-paste.ini', '/etc/nova/nova.conf'] {{(pid=96520) log_opt_values /opt/stack/data/venv/lib/python3.12/site-packages/oslo_config/cfg.py:3534}}
Aug 05 14:38:02.482938 np0000006569 devstack@n-api-meta.service[96520]: DEBUG nova.api.openstack.wsgi_app [None req-19dcd54b-7854-4476-a5d8-06c8d28eb78d None None] config_source = [] {{(pid=96520) log_opt_values /opt/stack/data/venv/lib/python3.12/site-packages/oslo_config/cfg.py:3534}}
Aug 05 14:38:02.483071 np0000006569 devstack@n-api-meta.service[96520]: DEBUG nova.api.openstack.wsgi_app [None req-19dcd54b-7854-4476-a5d8-06c8d28eb78d None None] console_host = np0000006569 {{(pid=96520) log_opt_values /opt/stack/data/venv/lib/python3.12/site-packages/oslo_config/cfg.py:3534}}
Aug 05 14:38:02.483113 np0000006569 devstack@n-api-meta.service[96519]: DEBUG oslo_db.sqlalchemy.engines [None req-4fe2010b-9207-4223-9476-983cdd295f05 None None] MySQL server mode set to STRICT_TRANS_TABLES,STRICT_ALL_TABLES,NO_ZERO_IN_DATE,NO_ZERO_DATE,ERROR_FOR_DIVISION_BY_ZERO,TRADITIONAL,NO_ENGINE_SUBSTITUTION {{(pid=96519) _check_effective_sql_mode /opt/stack/data/venv/lib/python3.12/site-packages/oslo_db/sqlalchemy/engines.py:325}}
Aug 05 14:38:02.483194 np0000006569 devstack@n-api-meta.service[96520]: DEBUG nova.api.openstack.wsgi_app [None req-19dcd54b-7854-4476-a5d8-06c8d28eb78d None None] control_exchange = nova {{(pid=96520) log_opt_values /opt/stack/data/venv/lib/python3.12/site-packages/oslo_config/cfg.py:3534}}
Aug 05 14:38:02.483332 np0000006569 devstack@n-api-meta.service[96520]: DEBUG nova.api.openstack.wsgi_app [None req-19dcd54b-7854-4476-a5d8-06c8d28eb78d None None] cpu_allocation_ratio = None {{(pid=96520) log_opt_values /opt/stack/data/venv/lib/python3.12/site-packages/oslo_config/cfg.py:3534}}
Aug 05 14:38:02.483479 np0000006569 devstack@n-api-meta.service[96520]: DEBUG nova.api.openstack.wsgi_app [None req-19dcd54b-7854-4476-a5d8-06c8d28eb78d None None] daemon = False {{(pid=96520) log_opt_values /opt/stack/data/venv/lib/python3.12/site-packages/oslo_config/cfg.py:3534}}
Aug 05 14:38:02.484046 np0000006569 devstack@n-api-meta.service[96520]: DEBUG nova.api.openstack.wsgi_app [None req-19dcd54b-7854-4476-a5d8-06c8d28eb78d None None] debug = True {{(pid=96520) log_opt_values /opt/stack/data/venv/lib/python3.12/site-packages/oslo_config/cfg.py:3534}}
Aug 05 14:38:02.484046 np0000006569 devstack@n-api-meta.service[96520]: DEBUG nova.api.openstack.wsgi_app [None req-19dcd54b-7854-4476-a5d8-06c8d28eb78d None None] default_access_ip_network_name = None {{(pid=96520) log_opt_values /opt/stack/data/venv/lib/python3.12/site-packages/oslo_config/cfg.py:3534}}
Aug 05 14:38:02.484046 np0000006569 devstack@n-api-meta.service[96520]: DEBUG nova.api.openstack.wsgi_app [None req-19dcd54b-7854-4476-a5d8-06c8d28eb78d None None] default_availability_zone = nova {{(pid=96520) log_opt_values /opt/stack/data/venv/lib/python3.12/site-packages/oslo_config/cfg.py:3534}}
Aug 05 14:38:02.484046 np0000006569 devstack@n-api-meta.service[96520]: DEBUG nova.api.openstack.wsgi_app [None req-19dcd54b-7854-4476-a5d8-06c8d28eb78d None None] default_ephemeral_format = ext4 {{(pid=96520) log_opt_values /opt/stack/data/venv/lib/python3.12/site-packages/oslo_config/cfg.py:3534}}
Aug 05 14:38:02.484159 np0000006569 devstack@n-api-meta.service[96520]: DEBUG nova.api.openstack.wsgi_app [None req-19dcd54b-7854-4476-a5d8-06c8d28eb78d None None] default_green_pool_size = 1000 {{(pid=96520) log_opt_values /opt/stack/data/venv/lib/python3.12/site-packages/oslo_config/cfg.py:3534}}
Aug 05 14:38:02.484291 np0000006569 devstack@n-api-meta.service[96520]: DEBUG nova.api.openstack.wsgi_app [None req-19dcd54b-7854-4476-a5d8-06c8d28eb78d None None] default_log_levels = ['amqp=WARN', 'boto=WARN', 'sqlalchemy=WARN', 'suds=INFO', 'oslo.messaging=INFO', 'oslo_messaging=INFO', 'iso8601=WARN', 'requests.packages.urllib3.connectionpool=WARN', 'urllib3.connectionpool=WARN', 'websocket=WARN', 'requests.packages.urllib3.util.retry=WARN', 'urllib3.util.retry=WARN', 'keystonemiddleware=WARN', 'routes.middleware=WARN', 'stevedore=WARN', 'taskflow=WARN', 'keystoneauth=WARN', 'oslo.cache=INFO', 'oslo_policy=INFO', 'dogpile.core.dogpile=INFO', 'glanceclient=WARN', 'oslo.privsep.daemon=INFO'] {{(pid=96520) log_opt_values /opt/stack/data/venv/lib/python3.12/site-packages/oslo_config/cfg.py:3534}}
Aug 05 14:38:02.484445 np0000006569 devstack@n-api-meta.service[96520]: DEBUG nova.api.openstack.wsgi_app [None req-19dcd54b-7854-4476-a5d8-06c8d28eb78d None None] default_schedule_zone = None {{(pid=96520) log_opt_values /opt/stack/data/venv/lib/python3.12/site-packages/oslo_config/cfg.py:3534}}
Aug 05 14:38:02.484569 np0000006569 devstack@n-api-meta.service[96520]: DEBUG nova.api.openstack.wsgi_app [None req-19dcd54b-7854-4476-a5d8-06c8d28eb78d None None] default_thread_pool_size = 10 {{(pid=96520) log_opt_values /opt/stack/data/venv/lib/python3.12/site-packages/oslo_config/cfg.py:3534}}
Aug 05 14:38:02.484688 np0000006569 devstack@n-api-meta.service[96520]: DEBUG nova.api.openstack.wsgi_app [None req-19dcd54b-7854-4476-a5d8-06c8d28eb78d None None] disk_allocation_ratio = None {{(pid=96520) log_opt_values /opt/stack/data/venv/lib/python3.12/site-packages/oslo_config/cfg.py:3534}}
Aug 05 14:38:02.484807 np0000006569 devstack@n-api-meta.service[96520]: DEBUG nova.api.openstack.wsgi_app [None req-19dcd54b-7854-4476-a5d8-06c8d28eb78d None None] enable_new_services = True {{(pid=96520) log_opt_values /opt/stack/data/venv/lib/python3.12/site-packages/oslo_config/cfg.py:3534}}
Aug 05 14:38:02.484929 np0000006569 devstack@n-api-meta.service[96520]: DEBUG nova.api.openstack.wsgi_app [None req-19dcd54b-7854-4476-a5d8-06c8d28eb78d None None] flat_injected = False {{(pid=96520) log_opt_values /opt/stack/data/venv/lib/python3.12/site-packages/oslo_config/cfg.py:3534}}
Aug 05 14:38:02.485054 np0000006569 devstack@n-api-meta.service[96520]: DEBUG nova.api.openstack.wsgi_app [None req-19dcd54b-7854-4476-a5d8-06c8d28eb78d None None] force_config_drive = True {{(pid=96520) log_opt_values /opt/stack/data/venv/lib/python3.12/site-packages/oslo_config/cfg.py:3534}}
Aug 05 14:38:02.485171 np0000006569 devstack@n-api-meta.service[96520]: DEBUG nova.api.openstack.wsgi_app [None req-19dcd54b-7854-4476-a5d8-06c8d28eb78d None None] force_raw_images = True {{(pid=96520) log_opt_values /opt/stack/data/venv/lib/python3.12/site-packages/oslo_config/cfg.py:3534}}
Aug 05 14:38:02.485315 np0000006569 devstack@n-api-meta.service[96520]: DEBUG nova.api.openstack.wsgi_app [None req-19dcd54b-7854-4476-a5d8-06c8d28eb78d None None] graceful_shutdown_timeout = 5 {{(pid=96520) log_opt_values /opt/stack/data/venv/lib/python3.12/site-packages/oslo_config/cfg.py:3534}}
Aug 05 14:38:02.485601 np0000006569 devstack@n-api-meta.service[96520]: DEBUG nova.api.openstack.wsgi_app [None req-19dcd54b-7854-4476-a5d8-06c8d28eb78d None None] heal_instance_info_cache_interval = -1 {{(pid=96520) log_opt_values /opt/stack/data/venv/lib/python3.12/site-packages/oslo_config/cfg.py:3534}}
Aug 05 14:38:02.485660 np0000006569 devstack@n-api-meta.service[96520]: DEBUG nova.api.openstack.wsgi_app [None req-19dcd54b-7854-4476-a5d8-06c8d28eb78d None None] host = np0000006569 {{(pid=96520) log_opt_values /opt/stack/data/venv/lib/python3.12/site-packages/oslo_config/cfg.py:3534}}
Aug 05 14:38:02.485767 np0000006569 devstack@n-api-meta.service[96520]: DEBUG nova.api.openstack.wsgi_app [None req-19dcd54b-7854-4476-a5d8-06c8d28eb78d None None] initial_cpu_allocation_ratio = 4.0 {{(pid=96520) log_opt_values /opt/stack/data/venv/lib/python3.12/site-packages/oslo_config/cfg.py:3534}}
Aug 05 14:38:02.485887 np0000006569 devstack@n-api-meta.service[96520]: DEBUG nova.api.openstack.wsgi_app [None req-19dcd54b-7854-4476-a5d8-06c8d28eb78d None None] initial_disk_allocation_ratio = 1.0 {{(pid=96520) log_opt_values /opt/stack/data/venv/lib/python3.12/site-packages/oslo_config/cfg.py:3534}}
Aug 05 14:38:02.486014 np0000006569 devstack@n-api-meta.service[96520]: DEBUG nova.api.openstack.wsgi_app [None req-19dcd54b-7854-4476-a5d8-06c8d28eb78d None None] initial_ram_allocation_ratio = 1.0 {{(pid=96520) log_opt_values /opt/stack/data/venv/lib/python3.12/site-packages/oslo_config/cfg.py:3534}}
Aug 05 14:38:02.486185 np0000006569 devstack@n-api-meta.service[96520]: DEBUG nova.api.openstack.wsgi_app [None req-19dcd54b-7854-4476-a5d8-06c8d28eb78d None None] injected_network_template = /opt/stack/nova/nova/virt/interfaces.template {{(pid=96520) log_opt_values /opt/stack/data/venv/lib/python3.12/site-packages/oslo_config/cfg.py:3534}}
Aug 05 14:38:02.486326 np0000006569 devstack@n-api-meta.service[96520]: DEBUG nova.api.openstack.wsgi_app [None req-19dcd54b-7854-4476-a5d8-06c8d28eb78d None None] instance_build_timeout = 0 {{(pid=96520) log_opt_values /opt/stack/data/venv/lib/python3.12/site-packages/oslo_config/cfg.py:3534}}
Aug 05 14:38:02.486484 np0000006569 devstack@n-api-meta.service[96520]: DEBUG nova.api.openstack.wsgi_app [None req-19dcd54b-7854-4476-a5d8-06c8d28eb78d None None] instance_delete_interval = 300 {{(pid=96520) log_opt_values /opt/stack/data/venv/lib/python3.12/site-packages/oslo_config/cfg.py:3534}}
Aug 05 14:38:02.486621 np0000006569 devstack@n-api-meta.service[96520]: DEBUG nova.api.openstack.wsgi_app [None req-19dcd54b-7854-4476-a5d8-06c8d28eb78d None None] instance_format = [instance: %(uuid)s] {{(pid=96520) log_opt_values /opt/stack/data/venv/lib/python3.12/site-packages/oslo_config/cfg.py:3534}}
Aug 05 14:38:02.486752 np0000006569 devstack@n-api-meta.service[96520]: DEBUG nova.api.openstack.wsgi_app [None req-19dcd54b-7854-4476-a5d8-06c8d28eb78d None None] instance_name_template = instance-%08x {{(pid=96520) log_opt_values /opt/stack/data/venv/lib/python3.12/site-packages/oslo_config/cfg.py:3534}}
Aug 05 14:38:02.486876 np0000006569 devstack@n-api-meta.service[96520]: DEBUG nova.api.openstack.wsgi_app [None req-19dcd54b-7854-4476-a5d8-06c8d28eb78d None None] instance_usage_audit = False {{(pid=96520) log_opt_values /opt/stack/data/venv/lib/python3.12/site-packages/oslo_config/cfg.py:3534}}
Aug 05 14:38:02.487012 np0000006569 devstack@n-api-meta.service[96520]: DEBUG nova.api.openstack.wsgi_app [None req-19dcd54b-7854-4476-a5d8-06c8d28eb78d None None] instance_usage_audit_period = month {{(pid=96520) log_opt_values /opt/stack/data/venv/lib/python3.12/site-packages/oslo_config/cfg.py:3534}}
Aug 05 14:38:02.487138 np0000006569 devstack@n-api-meta.service[96520]: DEBUG nova.api.openstack.wsgi_app [None req-19dcd54b-7854-4476-a5d8-06c8d28eb78d None None] instance_uuid_format = [instance: %(uuid)s] {{(pid=96520) log_opt_values /opt/stack/data/venv/lib/python3.12/site-packages/oslo_config/cfg.py:3534}}
Aug 05 14:38:02.487280 np0000006569 devstack@n-api-meta.service[96520]: DEBUG nova.api.openstack.wsgi_app [None req-19dcd54b-7854-4476-a5d8-06c8d28eb78d None None] instances_path = /opt/stack/data/nova/instances {{(pid=96520) log_opt_values /opt/stack/data/venv/lib/python3.12/site-packages/oslo_config/cfg.py:3534}}
Aug 05 14:38:02.487426 np0000006569 devstack@n-api-meta.service[96520]: DEBUG nova.api.openstack.wsgi_app [None req-19dcd54b-7854-4476-a5d8-06c8d28eb78d None None] internal_service_availability_zone = internal {{(pid=96520) log_opt_values /opt/stack/data/venv/lib/python3.12/site-packages/oslo_config/cfg.py:3534}}
Aug 05 14:38:02.487543 np0000006569 devstack@n-api-meta.service[96520]: DEBUG nova.api.openstack.wsgi_app [None req-19dcd54b-7854-4476-a5d8-06c8d28eb78d None None] key = None {{(pid=96520) log_opt_values /opt/stack/data/venv/lib/python3.12/site-packages/oslo_config/cfg.py:3534}}
Aug 05 14:38:02.487662 np0000006569 devstack@n-api-meta.service[96520]: DEBUG nova.api.openstack.wsgi_app [None req-19dcd54b-7854-4476-a5d8-06c8d28eb78d None None] live_migration_retry_count = 30 {{(pid=96520) log_opt_values /opt/stack/data/venv/lib/python3.12/site-packages/oslo_config/cfg.py:3534}}
Aug 05 14:38:02.487788 np0000006569 devstack@n-api-meta.service[96520]: DEBUG nova.api.openstack.wsgi_app [None req-19dcd54b-7854-4476-a5d8-06c8d28eb78d None None] log_color = False {{(pid=96520) log_opt_values /opt/stack/data/venv/lib/python3.12/site-packages/oslo_config/cfg.py:3534}}
Aug 05 14:38:02.487912 np0000006569 devstack@n-api-meta.service[96520]: DEBUG nova.api.openstack.wsgi_app [None req-19dcd54b-7854-4476-a5d8-06c8d28eb78d None None] log_config_append = None {{(pid=96520) log_opt_values /opt/stack/data/venv/lib/python3.12/site-packages/oslo_config/cfg.py:3534}}
Aug 05 14:38:02.488038 np0000006569 devstack@n-api-meta.service[96520]: DEBUG nova.api.openstack.wsgi_app [None req-19dcd54b-7854-4476-a5d8-06c8d28eb78d None None] log_date_format = %Y-%m-%d %H:%M:%S {{(pid=96520) log_opt_values /opt/stack/data/venv/lib/python3.12/site-packages/oslo_config/cfg.py:3534}}
Aug 05 14:38:02.488156 np0000006569 devstack@n-api-meta.service[96520]: DEBUG nova.api.openstack.wsgi_app [None req-19dcd54b-7854-4476-a5d8-06c8d28eb78d None None] log_dir = None {{(pid=96520) log_opt_values /opt/stack/data/venv/lib/python3.12/site-packages/oslo_config/cfg.py:3534}}
Aug 05 14:38:02.488285 np0000006569 devstack@n-api-meta.service[96520]: DEBUG nova.api.openstack.wsgi_app [None req-19dcd54b-7854-4476-a5d8-06c8d28eb78d None None] log_file = None {{(pid=96520) log_opt_values /opt/stack/data/venv/lib/python3.12/site-packages/oslo_config/cfg.py:3534}}
Aug 05 14:38:02.488382 np0000006569 devstack@n-api-meta.service[96520]: DEBUG nova.api.openstack.wsgi_app [None req-19dcd54b-7854-4476-a5d8-06c8d28eb78d None None] log_options = True {{(pid=96520) log_opt_values /opt/stack/data/venv/lib/python3.12/site-packages/oslo_config/cfg.py:3534}}
Aug 05 14:38:02.488532 np0000006569 devstack@n-api-meta.service[96520]: DEBUG nova.api.openstack.wsgi_app [None req-19dcd54b-7854-4476-a5d8-06c8d28eb78d None None] log_rotate_interval = 1 {{(pid=96520) log_opt_values /opt/stack/data/venv/lib/python3.12/site-packages/oslo_config/cfg.py:3534}}
Aug 05 14:38:02.488663 np0000006569 devstack@n-api-meta.service[96520]: DEBUG nova.api.openstack.wsgi_app [None req-19dcd54b-7854-4476-a5d8-06c8d28eb78d None None] log_rotate_interval_type = days {{(pid=96520) log_opt_values /opt/stack/data/venv/lib/python3.12/site-packages/oslo_config/cfg.py:3534}}
Aug 05 14:38:02.488785 np0000006569 devstack@n-api-meta.service[96520]: DEBUG nova.api.openstack.wsgi_app [None req-19dcd54b-7854-4476-a5d8-06c8d28eb78d None None] log_rotation_type = none {{(pid=96520) log_opt_values /opt/stack/data/venv/lib/python3.12/site-packages/oslo_config/cfg.py:3534}}
Aug 05 14:38:02.488883 np0000006569 devstack@n-api-meta.service[96520]: DEBUG nova.api.openstack.wsgi_app [None req-19dcd54b-7854-4476-a5d8-06c8d28eb78d None None] logging_context_format_string = %(color)s%(levelname)s %(name)s [%(global_request_id)s %(request_id)s %(project_name)s %(user_name)s%(color)s] %(instance)s%(color)s%(message)s {{(pid=96520) log_opt_values /opt/stack/data/venv/lib/python3.12/site-packages/oslo_config/cfg.py:3534}}
Aug 05 14:38:02.488977 np0000006569 devstack@n-api-meta.service[96520]: DEBUG nova.api.openstack.wsgi_app [None req-19dcd54b-7854-4476-a5d8-06c8d28eb78d None None] logging_debug_format_suffix = {{(pid=%(process)d) %(funcName)s %(pathname)s:%(lineno)d}} {{(pid=96520) log_opt_values /opt/stack/data/venv/lib/python3.12/site-packages/oslo_config/cfg.py:3534}}
