Aug 05 14:37:34.465172 np0000006569 devstack@neutron-api.service[91241]: DEBUG oslo_concurrency.processutils [None req-09570d3e-a178-4714-b291-3b0403e35375 None None] CMD "ovsdb-client transact ssl:10.4.3.237:6641 --timeout 180 -p /opt/stack/data/CA/int-ca/private/devstack-cert.key -c /opt/stack/data/CA/int-ca/devstack-cert.crt -C /opt/stack/data/CA/int-ca/ca-chain.pem ["OVN_Northbound", {"op": "wait", "timeout": 0, "table": "Port_Group", "where": [["name", "==", "pvlan_pg_drop"]], "until": "==", "rows": []}, {"op": "insert", "table": "ACL", "row": {"action": "drop", "direction": "to-lport", "match": "outport == @pvlan_pg_drop && ip", "priority": 1010}, "uuid-name": "pvlandroptoport"}, {"op": "insert", "table": "ACL", "row": {"action": "drop", "direction": "from-lport", "match": "inport == @pvlan_pg_drop && ip", "priority": 1010}, "uuid-name": "pvlandropfromport"}, {"op": "insert", "table": "Port_Group", "row": {"name": "pvlan_pg_drop", "acls": ["set", [["named-uuid", "pvlandroptoport"], ["named-uuid", "pvlandropfromport"]]]}}]" returned: 0 in 0.029s {{(pid=91241) execute /opt/stack/data/venv/lib/python3.12/site-packages/oslo_concurrency/processutils.py:468}}
Aug 05 14:37:34.467313 np0000006569 devstack@neutron-api.service[91241]: WSGI app 0 (mountpoint='') ready in 7 seconds on interpreter 0x79a749aa4668 pid: 91241 (default app)
Aug 05 14:37:38.575452 np0000006569 devstack@neutron-api.service[91240]: DEBUG neutron.api.wsgi [None req-c1c50f36-1e1b-46b5-b96f-18702949b27a admin admin] Missing Content-Type {{(pid=91240) get_content_type /opt/stack/neutron/neutron/api/wsgi.py:80}}
Aug 05 14:37:38.575834 np0000006569 devstack@neutron-api.service[91240]: DEBUG neutron.api.wsgi [None req-c1c50f36-1e1b-46b5-b96f-18702949b27a admin admin] https://10.4.3.237/networking/v2.0/extensions returned with HTTP 200 {{(pid=91240) __call__ /opt/stack/neutron/neutron/api/wsgi.py:540}}
Aug 05 14:37:38.576206 np0000006569 devstack@neutron-api.service[91240]: [pid: 91240|app: 0|req: 2/2] 10.4.3.237 () {64 vars in 1292 bytes} [Wed Aug 5 14:37:37 2026] GET /networking/v2.0/extensions => generated 16171 bytes in 616 msecs (HTTP/1.1 200) 4 headers in 159 bytes (1 switches on core 0)
Aug 05 14:37:38.973416 np0000006569 devstack@neutron-api.service[91243]: DEBUG neutron.api.v2.base [None req-ee14ca0c-916a-4492-9838-0904094c9ff2 admin admin] Request body: {'subnetpool': {'prefixes': ['10.1.0.0/20'], 'default_prefixlen': 26, 'name': 'shared-default-subnetpool-v4', 'is_default': True, 'shared': True}} {{(pid=91243) prepare_request_body /opt/stack/neutron/neutron/api/v2/base.py:727}}
Aug 05 14:37:39.157624 np0000006569 devstack@neutron-api.service[91243]: DEBUG neutron.policy [None req-ee14ca0c-916a-4492-9838-0904094c9ff2 admin admin] Loaded default policies from ['neutron'] under neutron.policies entry points {{(pid=91243) register_rules /opt/stack/neutron/neutron/policy.py:65}}
Aug 05 14:37:39.295495 np0000006569 devstack@neutron-api.service[91243]: DEBUG neutron_lib.callbacks.manager [None req-ee14ca0c-916a-4492-9838-0904094c9ff2 admin admin] Publish callbacks ['neutron.objects.securitygroup.RbacNeutronDbObjectMixin.validate_rbac_policy_change-2337737665705', 'neutron.objects.address_group.RbacNeutronDbObjectMixin.validate_rbac_policy_change-2337737556898', 'neutron.objects.network.RbacNeutronDbObjectMixin.validate_rbac_policy_change-2337745293358', 'neutron.objects.qos.policy.RbacNeutronDbObjectMixin.validate_rbac_policy_change-2337745318900', 'neutron.objects.subnetpool.RbacNeutronDbObjectMixin.validate_rbac_policy_change-2337745315735', 'neutron.objects.address_scope.RbacNeutronDbObjectMixin.validate_rbac_policy_change-2337745309244', 'neutron.plugins.ml2.plugin.External_net_db_mixin._process_ext_policy_create-157966', 'neutron.plugins.ml2.plugin.NeutronDbPluginV2.validate_network_rbac_policy_change-154150'] for rbac-policy (None), before_create {{(pid=91243) _notify_loop /opt/stack/data/venv/lib/python3.12/site-packages/neutron_lib/callbacks/manager.py:184}}
Aug 05 14:37:39.335067 np0000006569 devstack@neutron-api.service[91243]: DEBUG neutron_lib.callbacks.manager [None req-ee14ca0c-916a-4492-9838-0904094c9ff2 admin admin] Publish callbacks [] for subnetpool (None), before_response {{(pid=91243) _notify_loop /opt/stack/data/venv/lib/python3.12/site-packages/neutron_lib/callbacks/manager.py:184}}
Aug 05 14:37:39.335612 np0000006569 devstack@neutron-api.service[91243]: [pid: 91243|app: 0|req: 1/3] 10.4.3.237 () {68 vars in 1336 bytes} [Wed Aug 5 14:37:38 2026] POST /networking/v2.0/subnetpools => generated 533 bytes in 459 msecs (HTTP/1.1 201) 4 headers in 162 bytes (1 switches on core 0)
Aug 05 14:37:39.668877 np0000006569 devstack@neutron-api.service[91242]: DEBUG neutron.api.v2.base [None req-ef57c359-2d63-4c75-9121-b161cf3831e2 admin admin] Request body: {'subnetpool': {'prefixes': ['fd67:6dac:9572::/56'], 'default_prefixlen': 64, 'name': 'shared-default-subnetpool-v6', 'is_default': True, 'shared': True}} {{(pid=91242) prepare_request_body /opt/stack/neutron/neutron/api/v2/base.py:727}}
Aug 05 14:37:39.828392 np0000006569 devstack@neutron-api.service[91242]: DEBUG neutron.policy [None req-ef57c359-2d63-4c75-9121-b161cf3831e2 admin admin] Loaded default policies from ['neutron'] under neutron.policies entry points {{(pid=91242) register_rules /opt/stack/neutron/neutron/policy.py:65}}
Aug 05 14:37:39.960936 np0000006569 devstack@neutron-api.service[91242]: DEBUG neutron_lib.callbacks.manager [None req-ef57c359-2d63-4c75-9121-b161cf3831e2 admin admin] Publish callbacks ['neutron.objects.securitygroup.RbacNeutronDbObjectMixin.validate_rbac_policy_change-2337745318825', 'neutron.objects.address_group.RbacNeutronDbObjectMixin.validate_rbac_policy_change-2337745345312', 'neutron.objects.network.RbacNeutronDbObjectMixin.validate_rbac_policy_change-2337745348044', 'neutron.objects.qos.policy.RbacNeutronDbObjectMixin.validate_rbac_policy_change-2337745359047', 'neutron.objects.subnetpool.RbacNeutronDbObjectMixin.validate_rbac_policy_change-2337745383831', 'neutron.objects.address_scope.RbacNeutronDbObjectMixin.validate_rbac_policy_change-2337745382775', 'neutron.plugins.ml2.plugin.External_net_db_mixin._process_ext_policy_create-101232', 'neutron.plugins.ml2.plugin.NeutronDbPluginV2.validate_network_rbac_policy_change-416536'] for rbac-policy (None), before_create {{(pid=91242) _notify_loop /opt/stack/data/venv/lib/python3.12/site-packages/neutron_lib/callbacks/manager.py:184}}
Aug 05 14:37:40.001728 np0000006569 devstack@neutron-api.service[91242]: DEBUG neutron_lib.callbacks.manager [None req-ef57c359-2d63-4c75-9121-b161cf3831e2 admin admin] Publish callbacks [] for subnetpool (None), before_response {{(pid=91242) _notify_loop /opt/stack/data/venv/lib/python3.12/site-packages/neutron_lib/callbacks/manager.py:184}}
Aug 05 14:37:40.002222 np0000006569 devstack@neutron-api.service[91242]: [pid: 91242|app: 0|req: 1/4] 10.4.3.237 () {68 vars in 1336 bytes} [Wed Aug 5 14:37:39 2026] POST /networking/v2.0/subnetpools => generated 543 bytes in 431 msecs (HTTP/1.1 201) 4 headers in 162 bytes (1 switches on core 0)
Aug 05 14:37:40.318004 np0000006569 devstack@neutron-api.service[91241]: DEBUG neutron.api.v2.base [None req-1c9d3537-af7a-4236-a021-0e716f9c24cb admin admin] Request body: {'network': {'admin_state_up': True, 'name': 'private'}} {{(pid=91241) prepare_request_body /opt/stack/neutron/neutron/api/v2/base.py:727}}
Aug 05 14:37:40.356080 np0000006569 devstack@neutron-api.service[91241]: DEBUG neutron.pecan_wsgi.hooks.quota_enforcement [None req-1c9d3537-af7a-4236-a021-0e716f9c24cb admin admin] Made reservation on behalf of 3a279d82f7b342a28e5375b5690acddc for: {'network': 1} {{(pid=91241) before /opt/stack/neutron/neutron/pecan_wsgi/hooks/quota_enforcement.py:66}}
Aug 05 14:37:40.508134 np0000006569 devstack@neutron-api.service[91241]: DEBUG neutron.policy [None req-1c9d3537-af7a-4236-a021-0e716f9c24cb admin admin] Loaded default policies from ['neutron'] under neutron.policies entry points {{(pid=91241) register_rules /opt/stack/neutron/neutron/policy.py:65}}
Aug 05 14:37:40.597713 np0000006569 devstack@neutron-api.service[91241]: DEBUG neutron_lib.callbacks.manager [None req-1c9d3537-af7a-4236-a021-0e716f9c24cb admin admin] Publish callbacks ['neutron.plugins.ml2.plugin.SecurityGroupDbMixin._ensure_default_security_group_handler-1113497'] for network (None), before_create {{(pid=91241) _notify_loop /opt/stack/data/venv/lib/python3.12/site-packages/neutron_lib/callbacks/manager.py:184}}
Aug 05 14:37:40.617832 np0000006569 devstack@neutron-api.service[91241]: DEBUG neutron_lib.callbacks.manager [None req-1c9d3537-af7a-4236-a021-0e716f9c24cb admin admin] Publish callbacks [] for security_group (None), before_create {{(pid=91241) _notify_loop /opt/stack/data/venv/lib/python3.12/site-packages/neutron_lib/callbacks/manager.py:184}}
Aug 05 14:37:40.712744 np0000006569 devstack@neutron-api.service[91241]: DEBUG neutron_lib.callbacks.manager [None req-1c9d3537-af7a-4236-a021-0e716f9c24cb admin admin] Publish callbacks ['neutron.plugins.ml2.drivers.ovn.mech_driver.mech_driver.OVNMechanismDriver._create_security_group_precommit-884340'] for security_group (90da0456-ba3b-4f1c-89bf-09ff15348a21), precommit_create {{(pid=91241) _notify_loop /opt/stack/data/venv/lib/python3.12/site-packages/neutron_lib/callbacks/manager.py:184}}
Aug 05 14:37:40.712908 np0000006569 devstack@neutron-api.service[91241]: DEBUG neutron.db.ovn_revision_numbers_db [None req-1c9d3537-af7a-4236-a021-0e716f9c24cb admin admin] create_initial_revision uuid=90da0456-ba3b-4f1c-89bf-09ff15348a21, type=security_groups, rev=-1 {{(pid=91241) create_initial_revision /opt/stack/neutron/neutron/db/ovn_revision_numbers_db.py:98}}
Aug 05 14:37:40.715412 np0000006569 devstack@neutron-api.service[91241]: DEBUG neutron.db.ovn_revision_numbers_db [None req-1c9d3537-af7a-4236-a021-0e716f9c24cb admin admin] create_initial_revision uuid=0f2ae761-e13e-425a-9814-6152a973c9c1, type=security_group_rules, rev=-1 {{(pid=91241) create_initial_revision /opt/stack/neutron/neutron/db/ovn_revision_numbers_db.py:98}}
Aug 05 14:37:40.716461 np0000006569 devstack@neutron-api.service[91241]: DEBUG neutron.db.ovn_revision_numbers_db [None req-1c9d3537-af7a-4236-a021-0e716f9c24cb admin admin] create_initial_revision uuid=1dc05748-7d79-4c2b-af94-113c8d17fb62, type=security_group_rules, rev=-1 {{(pid=91241) create_initial_revision /opt/stack/neutron/neutron/db/ovn_revision_numbers_db.py:98}}
Aug 05 14:37:40.717429 np0000006569 devstack@neutron-api.service[91241]: DEBUG neutron.db.ovn_revision_numbers_db [None req-1c9d3537-af7a-4236-a021-0e716f9c24cb admin admin] create_initial_revision uuid=ab3e2a56-70c9-4111-97b5-eb01d23e9349, type=security_group_rules, rev=-1 {{(pid=91241) create_initial_revision /opt/stack/neutron/neutron/db/ovn_revision_numbers_db.py:98}}
Aug 05 14:37:40.718688 np0000006569 devstack@neutron-api.service[91241]: DEBUG neutron.db.ovn_revision_numbers_db [None req-1c9d3537-af7a-4236-a021-0e716f9c24cb admin admin] create_initial_revision uuid=af67813e-8d88-4195-a069-1cfc8ec1dada, type=security_group_rules, rev=-1 {{(pid=91241) create_initial_revision /opt/stack/neutron/neutron/db/ovn_revision_numbers_db.py:98}}
Aug 05 14:37:40.722579 np0000006569 devstack@neutron-api.service[91241]: DEBUG neutron_lib.callbacks.manager [None req-1c9d3537-af7a-4236-a021-0e716f9c24cb admin admin] Publish callbacks ['neutron.plugins.ml2.drivers.ovn.mech_driver.mech_driver.OVNMechanismDriver._create_security_group-884346', 'neutron.plugins.ml2.ovo_rpc._ObjectChangeHandler.handle_event-3521026'] for security_group (90da0456-ba3b-4f1c-89bf-09ff15348a21), after_create {{(pid=91241) _notify_loop /opt/stack/data/venv/lib/python3.12/site-packages/neutron_lib/callbacks/manager.py:184}}
Aug 05 14:37:40.722739 np0000006569 devstack@neutron-api.service[91241]: INFO neutron.plugins.ml2.drivers.ovn.mech_driver.ovsdb.extensions.qos [None req-1c9d3537-af7a-4236-a021-0e716f9c24cb admin admin] Starting OVNClientQosExtension
Aug 05 14:37:40.722900 np0000006569 devstack@neutron-api.service[91241]: INFO neutron.plugins.ml2.drivers.ovn.mech_driver.ovsdb.extensions.placement [None req-1c9d3537-af7a-4236-a021-0e716f9c24cb admin admin] Starting OVNClientPlacementExtension
Aug 05 14:37:40.724229 np0000006569 devstack@neutron-api.service[91241]: DEBUG ovsdbapp.backend.ovs_idl.transaction [-] Running txn n=1 command(idx=0): PgAddCommand(_result=None, name=pg_90da0456_ba3b_4f1c_89bf_09ff15348a21, may_exist=False, columns={'acls': [], 'external_ids': {'neutron:security_group_id': '90da0456-ba3b-4f1c-89bf-09ff15348a21'}}) {{(pid=91241) do_commit /opt/stack/data/venv/lib/python3.12/site-packages/ovsdbapp/backend/ovs_idl/transaction.py:89}}
Aug 05 14:37:40.725428 np0000006569 devstack@neutron-api.service[91241]: DEBUG ovsdbapp.backend.ovs_idl.transaction [-] Running txn n=1 command(idx=1): PgAclAddCommand(_result=None, entity=pg_90da0456_ba3b_4f1c_89bf_09ff15348a21, direction=to-lport, priority=1002, match=outport == @pg_90da0456_ba3b_4f1c_89bf_09ff15348a21 && ip6 && ip6.src == $pg_90da0456_ba3b_4f1c_89bf_09ff15348a21_ip6, action=allow-related, log=False, may_exist=True, severity=[], name=[], meter=[], external_ids={'neutron:security_group_rule_id': '0f2ae761-e13e-425a-9814-6152a973c9c1'}) {{(pid=91241) do_commit /opt/stack/data/venv/lib/python3.12/site-packages/ovsdbapp/backend/ovs_idl/transaction.py:89}}
Aug 05 14:37:40.725811 np0000006569 devstack@neutron-api.service[91241]: DEBUG ovsdbapp.backend.ovs_idl.transaction [-] Running txn n=1 command(idx=2): PgAclAddCommand(_result=None, entity=pg_90da0456_ba3b_4f1c_89bf_09ff15348a21, direction=from-lport, priority=1002, match=inport == @pg_90da0456_ba3b_4f1c_89bf_09ff15348a21 && ip6, action=allow-related, log=False, may_exist=True, severity=[], name=[], meter=[], external_ids={'neutron:security_group_rule_id': '1dc05748-7d79-4c2b-af94-113c8d17fb62'}) {{(pid=91241) do_commit /opt/stack/data/venv/lib/python3.12/site-packages/ovsdbapp/backend/ovs_idl/transaction.py:89}}
Aug 05 14:37:40.726075 np0000006569 devstack@neutron-api.service[91241]: DEBUG ovsdbapp.backend.ovs_idl.transaction [-] Running txn n=1 command(idx=3): PgAclAddCommand(_result=None, entity=pg_90da0456_ba3b_4f1c_89bf_09ff15348a21, direction=from-lport, priority=1002, match=inport == @pg_90da0456_ba3b_4f1c_89bf_09ff15348a21 && ip4, action=allow-related, log=False, may_exist=True, severity=[], name=[], meter=[], external_ids={'neutron:security_group_rule_id': 'ab3e2a56-70c9-4111-97b5-eb01d23e9349'}) {{(pid=91241) do_commit /opt/stack/data/venv/lib/python3.12/site-packages/ovsdbapp/backend/ovs_idl/transaction.py:89}}
Aug 05 14:37:40.726327 np0000006569 devstack@neutron-api.service[91241]: DEBUG ovsdbapp.backend.ovs_idl.transaction [-] Running txn n=1 command(idx=4): PgAclAddCommand(_result=None, entity=pg_90da0456_ba3b_4f1c_89bf_09ff15348a21, direction=to-lport, priority=1002, match=outport == @pg_90da0456_ba3b_4f1c_89bf_09ff15348a21 && ip4 && ip4.src == $pg_90da0456_ba3b_4f1c_89bf_09ff15348a21_ip4, action=allow-related, log=False, may_exist=True, severity=[], name=[], meter=[], external_ids={'neutron:security_group_rule_id': 'af67813e-8d88-4195-a069-1cfc8ec1dada'}) {{(pid=91241) do_commit /opt/stack/data/venv/lib/python3.12/site-packages/ovsdbapp/backend/ovs_idl/transaction.py:89}}
Aug 05 14:37:40.739610 np0000006569 devstack@neutron-api.service[91242]: DEBUG neutron.plugins.ml2.drivers.ovn.mech_driver.ovsdb.ovsdb_monitor [-] Hash Ring: Node cb26352f2a53588593abb552e804d983 (host: np0000006569) handling event "create" for row 2266f67e-f83d-4850-ac80-51040ed6c10f (table: ACL) {{(pid=91242) notify /opt/stack/neutron/neutron/plugins/ml2/drivers/ovn/mech_driver/ovsdb/ovsdb_monitor.py:1099}}
Aug 05 14:37:40.739991 np0000006569 devstack@neutron-api.service[91241]: DEBUG neutron.plugins.ml2.drivers.ovn.mech_driver.ovsdb.ovsdb_monitor [-] Hash Ring: Node 325b5b2393f75e7db9cf3704a236349a (host: np0000006569) handling event "create" for row d10ce7d8-bc84-46b4-9656-2f0fc9a5a413 (table: ACL) {{(pid=91241) notify /opt/stack/neutron/neutron/plugins/ml2/drivers/ovn/mech_driver/ovsdb/ovsdb_monitor.py:1099}}
Aug 05 14:37:40.740052 np0000006569 devstack@neutron-api.service[91242]: DEBUG neutron.plugins.ml2.drivers.ovn.mech_driver.ovsdb.ovsdb_monitor [-] Hash Ring: Node cb26352f2a53588593abb552e804d983 (host: np0000006569) handling event "create" for row dae96cb2-1b27-4394-8297-bdc04d163b70 (table: ACL) {{(pid=91242) notify /opt/stack/neutron/neutron/plugins/ml2/drivers/ovn/mech_driver/ovsdb/ovsdb_monitor.py:1099}}
Aug 05 14:37:40.740092 np0000006569 devstack@neutron-api.service[91241]: DEBUG neutron.plugins.ml2.drivers.ovn.mech_driver.ovsdb.ovsdb_monitor [-] Hash Ring: Node 325b5b2393f75e7db9cf3704a236349a (host: np0000006569) handling event "create" for row f0c32275-0a09-4dc2-b49a-4a4405507326 (table: ACL) {{(pid=91241) notify /opt/stack/neutron/neutron/plugins/ml2/drivers/ovn/mech_driver/ovsdb/ovsdb_monitor.py:1099}}
Aug 05 14:37:40.741686 np0000006569 devstack@neutron-api.service[91240]: DEBUG neutron.common.ovn.hash_ring_manager [-] Allow caching, nodes 4>=4 {{(pid=91240) _wait_startup_before_caching /opt/stack/neutron/neutron/common/ovn/hash_ring_manager.py:71}}
Aug 05 14:37:40.741985 np0000006569 devstack@neutron-api.service[91240]: DEBUG neutron.plugins.ml2.drivers.ovn.mech_driver.ovsdb.ovsdb_monitor [-] Hash Ring: Node 910b58f35d295b569a1d27cc5c07801a (host: np0000006569) handling event "create" for row 2266f67e-f83d-4850-ac80-51040ed6c10f (table: ACL) {{(pid=91240) notify /opt/stack/neutron/neutron/plugins/ml2/drivers/ovn/mech_driver/ovsdb/ovsdb_monitor.py:1099}}
Aug 05 14:37:40.742143 np0000006569 devstack@neutron-api.service[91240]: DEBUG neutron.plugins.ml2.drivers.ovn.mech_driver.ovsdb.ovsdb_monitor [-] Hash Ring: Node 910b58f35d295b569a1d27cc5c07801a (host: np0000006569) handling event "create" for row d10ce7d8-bc84-46b4-9656-2f0fc9a5a413 (table: ACL) {{(pid=91240) notify /opt/stack/neutron/neutron/plugins/ml2/drivers/ovn/mech_driver/ovsdb/ovsdb_monitor.py:1099}}
Aug 05 14:37:40.742346 np0000006569 devstack@neutron-api.service[91240]: DEBUG neutron.plugins.ml2.drivers.ovn.mech_driver.ovsdb.ovsdb_monitor [-] Hash Ring: Node 910b58f35d295b569a1d27cc5c07801a (host: np0000006569) handling event "create" for row dae96cb2-1b27-4394-8297-bdc04d163b70 (table: ACL) {{(pid=91240) notify /opt/stack/neutron/neutron/plugins/ml2/drivers/ovn/mech_driver/ovsdb/ovsdb_monitor.py:1099}}
Aug 05 14:37:40.742530 np0000006569 devstack@neutron-api.service[91240]: DEBUG neutron.plugins.ml2.drivers.ovn.mech_driver.ovsdb.ovsdb_monitor [-] Hash Ring: Node 910b58f35d295b569a1d27cc5c07801a (host: np0000006569) handling event "create" for row f0c32275-0a09-4dc2-b49a-4a4405507326 (table: ACL) {{(pid=91240) notify /opt/stack/neutron/neutron/plugins/ml2/drivers/ovn/mech_driver/ovsdb/ovsdb_monitor.py:1099}}
Aug 05 14:37:40.742659 np0000006569 devstack@neutron-api.service[91240]: DEBUG neutron.plugins.ml2.drivers.ovn.mech_driver.ovsdb.ovsdb_monitor [-] Hash Ring: Node 910b58f35d295b569a1d27cc5c07801a (host: np0000006569) handling event "create" for row 73417583-579b-49c7-8888-45a7ccc589ff (table: Port_Group) {{(pid=91240) notify /opt/stack/neutron/neutron/plugins/ml2/drivers/ovn/mech_driver/ovsdb/ovsdb_monitor.py:1099}}
Aug 05 14:37:40.763011 np0000006569 devstack@neutron-api.service[91241]: INFO neutron.db.ovn_revision_numbers_db [None req-1c9d3537-af7a-4236-a021-0e716f9c24cb admin admin] Successfully bumped revision number for resource 90da0456-ba3b-4f1c-89bf-09ff15348a21 (type: security_groups) to 1
Aug 05 14:37:40.775222 np0000006569 devstack@neutron-api.service[91241]: INFO neutron.db.ovn_revision_numbers_db [None req-1c9d3537-af7a-4236-a021-0e716f9c24cb admin admin] Successfully bumped revision number for resource 0f2ae761-e13e-425a-9814-6152a973c9c1 (type: security_group_rules) to 0
Aug 05 14:37:40.784871 np0000006569 devstack@neutron-api.service[91241]: INFO neutron.db.ovn_revision_numbers_db [None req-1c9d3537-af7a-4236-a021-0e716f9c24cb admin admin] Successfully bumped revision number for resource 1dc05748-7d79-4c2b-af94-113c8d17fb62 (type: security_group_rules) to 0
Aug 05 14:37:40.793467 np0000006569 devstack@neutron-api.service[91241]: INFO neutron.db.ovn_revision_numbers_db [None req-1c9d3537-af7a-4236-a021-0e716f9c24cb admin admin] Successfully bumped revision number for resource ab3e2a56-70c9-4111-97b5-eb01d23e9349 (type: security_group_rules) to 0
Aug 05 14:37:40.802643 np0000006569 devstack@neutron-api.service[91241]: INFO neutron.db.ovn_revision_numbers_db [None req-1c9d3537-af7a-4236-a021-0e716f9c24cb admin admin] Successfully bumped revision number for resource af67813e-8d88-4195-a069-1cfc8ec1dada (type: security_group_rules) to 0
Aug 05 14:37:40.827978 np0000006569 devstack@neutron-api.service[91241]: DEBUG neutron.api.rpc.handlers.resources_rpc [None req-1c9d3537-af7a-4236-a021-0e716f9c24cb admin admin] Pushing event updated for resources: {'SecurityGroup': ['ID=90da0456-ba3b-4f1c-89bf-09ff15348a21,revision_number=1']} {{(pid=91241) push /opt/stack/neutron/neutron/api/rpc/handlers/resources_rpc.py:237}}
Aug 05 14:37:40.834627 np0000006569 devstack@neutron-api.service[91241]: DEBUG ovsdbapp.backend.ovs_idl.transaction [-] Running txn n=1 command(idx=0): CheckLivenessCommand(_result=None) {{(pid=91241) do_commit /opt/stack/data/venv/lib/python3.12/site-packages/ovsdbapp/backend/ovs_idl/transaction.py:89}}
Aug 05 14:37:40.836835 np0000006569 devstack@neutron-api.service[91240]: DEBUG neutron.plugins.ml2.drivers.ovn.mech_driver.ovsdb.ovsdb_monitor [-] Hash Ring: Node 910b58f35d295b569a1d27cc5c07801a (host: np0000006569) handling event "update" for row cb8ad6bc-7f7c-4847-9183-d65ab6c6953c (table: NB_Global) {{(pid=91240) notify /opt/stack/neutron/neutron/plugins/ml2/drivers/ovn/mech_driver/ovsdb/ovsdb_monitor.py:1099}}
Aug 05 14:37:40.839866 np0000006569 devstack@neutron-api.service[91240]: DEBUG neutron.plugins.ml2.drivers.ovn.mech_driver.ovsdb.ovsdb_monitor [-] Hash Ring: Node 910b58f35d295b569a1d27cc5c07801a (host: np0000006569) handling event "update" for row cb8ad6bc-7f7c-4847-9183-d65ab6c6953c (table: NB_Global) {{(pid=91240) notify /opt/stack/neutron/neutron/plugins/ml2/drivers/ovn/mech_driver/ovsdb/ovsdb_monitor.py:1099}}
Aug 05 14:37:40.839866 np0000006569 devstack@neutron-api.service[91240]: DEBUG neutron.plugins.ml2.drivers.ovn.mech_driver.ovsdb.ovsdb_monitor [-] Hash Ring: Node 910b58f35d295b569a1d27cc5c07801a (host: np0000006569) handling event "update" for row cb8ad6bc-7f7c-4847-9183-d65ab6c6953c (table: NB_Global) {{(pid=91240) notify /opt/stack/neutron/neutron/plugins/ml2/drivers/ovn/mech_driver/ovsdb/ovsdb_monitor.py:1099}}
Aug 05 14:37:40.840020 np0000006569 devstack@neutron-api.service[91241]: DEBUG neutron.api.rpc.callbacks.version_manager [None req-1c9d3537-af7a-4236-a021-0e716f9c24cb admin admin] Tracked resource versions report:
Aug 05 14:37:40.840020 np0000006569 devstack@neutron-api.service[91241]: pushed versions:
Aug 05 14:37:40.840020 np0000006569 devstack@neutron-api.service[91241]: { 'AddressGroup': {'1.2'},
Aug 05 14:37:40.840020 np0000006569 devstack@neutron-api.service[91241]: 'Agent': {'1.1'},
Aug 05 14:37:40.840020 np0000006569 devstack@neutron-api.service[91241]: 'ConntrackHelper': {'1.0'},
Aug 05 14:37:40.840020 np0000006569 devstack@neutron-api.service[91241]: 'LocalIPAssociation': {'1.0'},
Aug 05 14:37:40.840020 np0000006569 devstack@neutron-api.service[91241]: 'Log': {'1.0'},
Aug 05 14:37:40.840020 np0000006569 devstack@neutron-api.service[91241]: 'NDPProxy': {'1.0'},
Aug 05 14:37:40.840020 np0000006569 devstack@neutron-api.service[91241]: 'Network': {'1.3'},
Aug 05 14:37:40.840020 np0000006569 devstack@neutron-api.service[91241]: 'Port': {'1.11'},
Aug 05 14:37:40.840020 np0000006569 devstack@neutron-api.service[91241]: 'PortForwarding': {'1.3'},
Aug 05 14:37:40.840020 np0000006569 devstack@neutron-api.service[91241]: 'QosPolicy': {'1.10'},
Aug 05 14:37:40.840020 np0000006569 devstack@neutron-api.service[91241]: 'SecurityGroup': {'1.6'},
Aug 05 14:37:40.840020 np0000006569 devstack@neutron-api.service[91241]: 'SecurityGroupRule': {'1.3'},
Aug 05 14:37:40.840020 np0000006569 devstack@neutron-api.service[91241]: 'SubPort': {'1.0'},
Aug 05 14:37:40.840020 np0000006569 devstack@neutron-api.service[91241]: 'Subnet': {'1.2'},
Aug 05 14:37:40.840020 np0000006569 devstack@neutron-api.service[91241]: 'Trunk': {'1.1'}}
Aug 05 14:37:40.840020 np0000006569 devstack@neutron-api.service[91241]: consumer versions:
Aug 05 14:37:40.840020 np0000006569 devstack@neutron-api.service[91241]: {}
Aug 05 14:37:40.840020 np0000006569 devstack@neutron-api.service[91241]: {{(pid=91241) report /opt/stack/neutron/neutron/api/rpc/callbacks/version_manager.py:183}}
Aug 05 14:37:40.841219 np0000006569 devstack@neutron-api.service[91240]: DEBUG ovsdbapp.backend.ovs_idl.event [-] Matched UPDATE: ChassisAgentWriteEvent(events=('create', 'update'), table='Chassis_Private', conditions=None, old_conditions=None), priority=20 to row=Chassis_Private(uuid=ade4e39e-db15-470a-abe8-fc30688cf247, chassis=a3bc29a4-49f1-4e55-bbe2-26d81c26f5d9, external_ids={'neutron:ovn-bridge': 'br-int', 'neutron:ovn-neutron-agent-id': '332b8b57-1a2c-5795-bf10-1b86819c58e4', 'neutron:ovn-neutron-agent-sb-cfg': '0'}, name='ce6056cd-69a8-4b0a-b5ed-4dbf3e00bb9d', nb_cfg=1, nb_cfg_timestamp=1785940660838) old=Chassis_Private(uuid=ade4e39e-db15-470a-abe8-fc30688cf247, nb_cfg=0, nb_cfg_timestamp=0) {{(pid=91240) matches /opt/stack/data/venv/lib/python3.12/site-packages/ovsdbapp/backend/ovs_idl/event.py:55}}
Aug 05 14:37:40.842528 np0000006569 devstack@neutron-api.service[91243]: DEBUG ovsdbapp.backend.ovs_idl.event [-] Matched UPDATE: ChassisAgentWriteEvent(events=('create', 'update'), table='Chassis_Private', conditions=None, old_conditions=None), priority=20 to row=Chassis_Private(uuid=ade4e39e-db15-470a-abe8-fc30688cf247, chassis=a3bc29a4-49f1-4e55-bbe2-26d81c26f5d9, external_ids={'neutron:ovn-bridge': 'br-int', 'neutron:ovn-neutron-agent-id': '332b8b57-1a2c-5795-bf10-1b86819c58e4', 'neutron:ovn-neutron-agent-sb-cfg': '0'}, name='ce6056cd-69a8-4b0a-b5ed-4dbf3e00bb9d', nb_cfg=1, nb_cfg_timestamp=1785940660838) old=Chassis_Private(uuid=ade4e39e-db15-470a-abe8-fc30688cf247, nb_cfg=0, nb_cfg_timestamp=0) {{(pid=91243) matches /opt/stack/data/venv/lib/python3.12/site-packages/ovsdbapp/backend/ovs_idl/event.py:55}}
Aug 05 14:37:40.843114 np0000006569 devstack@neutron-api.service[91242]: DEBUG ovsdbapp.backend.ovs_idl.event [-] Matched UPDATE: ChassisAgentWriteEvent(events=('create', 'update'), table='Chassis_Private', conditions=None, old_conditions=None), priority=20 to row=Chassis_Private(uuid=ade4e39e-db15-470a-abe8-fc30688cf247, chassis=a3bc29a4-49f1-4e55-bbe2-26d81c26f5d9, external_ids={'neutron:ovn-bridge': 'br-int', 'neutron:ovn-neutron-agent-id': '332b8b57-1a2c-5795-bf10-1b86819c58e4', 'neutron:ovn-neutron-agent-sb-cfg': '0'}, name='ce6056cd-69a8-4b0a-b5ed-4dbf3e00bb9d', nb_cfg=1, nb_cfg_timestamp=1785940660838) old=Chassis_Private(uuid=ade4e39e-db15-470a-abe8-fc30688cf247, nb_cfg=0, nb_cfg_timestamp=0) {{(pid=91242) matches /opt/stack/data/venv/lib/python3.12/site-packages/ovsdbapp/backend/ovs_idl/event.py:55}}
Aug 05 14:37:40.843611 np0000006569 devstack@neutron-api.service[91240]: DEBUG neutron.plugins.ml2.drivers.ovn.mech_driver.ovsdb.ovsdb_monitor [-] Hash Ring: Node 910b58f35d295b569a1d27cc5c07801a (host: np0000006569) handling event "update" for row cb8ad6bc-7f7c-4847-9183-d65ab6c6953c (table: NB_Global) {{(pid=91240) notify /opt/stack/neutron/neutron/plugins/ml2/drivers/ovn/mech_driver/ovsdb/ovsdb_monitor.py:1099}}
Aug 05 14:37:40.846131 np0000006569 devstack@neutron-api.service[91242]: DEBUG ovsdbapp.backend.ovs_idl.event [-] Matched UPDATE: ChassisOVNAgentWriteEvent(events=('create', 'update'), table='Chassis_Private', conditions=None, old_conditions=None), priority=20 to row=Chassis_Private(uuid=ade4e39e-db15-470a-abe8-fc30688cf247, chassis=a3bc29a4-49f1-4e55-bbe2-26d81c26f5d9, external_ids={'neutron:ovn-bridge': 'br-int', 'neutron:ovn-neutron-agent-id': '332b8b57-1a2c-5795-bf10-1b86819c58e4', 'neutron:ovn-neutron-agent-sb-cfg': '1'}, name='ce6056cd-69a8-4b0a-b5ed-4dbf3e00bb9d', nb_cfg=1, nb_cfg_timestamp=1785940660838) old=Chassis_Private(uuid=ade4e39e-db15-470a-abe8-fc30688cf247, external_ids={'neutron:ovn-bridge': 'br-int', 'neutron:ovn-neutron-agent-id': '332b8b57-1a2c-5795-bf10-1b86819c58e4', 'neutron:ovn-neutron-agent-sb-cfg': '0'}) {{(pid=91242) matches /opt/stack/data/venv/lib/python3.12/site-packages/ovsdbapp/backend/ovs_idl/event.py:55}}
Aug 05 14:37:40.846618 np0000006569 devstack@neutron-api.service[91240]: DEBUG neutron.common.ovn.hash_ring_manager [-] Allow caching, nodes 4>=4 {{(pid=91240) _wait_startup_before_caching /opt/stack/neutron/neutron/common/ovn/hash_ring_manager.py:71}}
Aug 05 14:37:40.846767 np0000006569 devstack@neutron-api.service[91240]: DEBUG neutron.plugins.ml2.drivers.ovn.mech_driver.ovsdb.ovsdb_monitor [-] Hash Ring: Node 910b58f35d295b569a1d27cc5c07801a (host: np0000006569) handling event "update" for row ade4e39e-db15-470a-abe8-fc30688cf247 (table: Chassis_Private) {{(pid=91240) notify /opt/stack/neutron/neutron/plugins/ml2/drivers/ovn/mech_driver/ovsdb/ovsdb_monitor.py:1099}}
Aug 05 14:37:40.846908 np0000006569 devstack@neutron-api.service[91243]: DEBUG ovsdbapp.backend.ovs_idl.event [-] Matched UPDATE: ChassisOVNAgentWriteEvent(events=('create', 'update'), table='Chassis_Private', conditions=None, old_conditions=None), priority=20 to row=Chassis_Private(uuid=ade4e39e-db15-470a-abe8-fc30688cf247, chassis=a3bc29a4-49f1-4e55-bbe2-26d81c26f5d9, external_ids={'neutron:ovn-bridge': 'br-int', 'neutron:ovn-neutron-agent-id': '332b8b57-1a2c-5795-bf10-1b86819c58e4', 'neutron:ovn-neutron-agent-sb-cfg': '1'}, name='ce6056cd-69a8-4b0a-b5ed-4dbf3e00bb9d', nb_cfg=1, nb_cfg_timestamp=1785940660838) old=Chassis_Private(uuid=ade4e39e-db15-470a-abe8-fc30688cf247, external_ids={'neutron:ovn-bridge': 'br-int', 'neutron:ovn-neutron-agent-id': '332b8b57-1a2c-5795-bf10-1b86819c58e4', 'neutron:ovn-neutron-agent-sb-cfg': '0'}) {{(pid=91243) matches /opt/stack/data/venv/lib/python3.12/site-packages/ovsdbapp/backend/ovs_idl/event.py:55}}
Aug 05 14:37:40.847968 np0000006569 devstack@neutron-api.service[91240]: DEBUG ovsdbapp.backend.ovs_idl.event [-] Matched UPDATE: ChassisOVNAgentWriteEvent(events=('create', 'update'), table='Chassis_Private', conditions=None, old_conditions=None), priority=20 to row=Chassis_Private(uuid=ade4e39e-db15-470a-abe8-fc30688cf247, chassis=a3bc29a4-49f1-4e55-bbe2-26d81c26f5d9, external_ids={'neutron:ovn-bridge': 'br-int', 'neutron:ovn-neutron-agent-id': '332b8b57-1a2c-5795-bf10-1b86819c58e4', 'neutron:ovn-neutron-agent-sb-cfg': '1'}, name='ce6056cd-69a8-4b0a-b5ed-4dbf3e00bb9d', nb_cfg=1, nb_cfg_timestamp=1785940660838) old=Chassis_Private(uuid=ade4e39e-db15-470a-abe8-fc30688cf247, external_ids={'neutron:ovn-bridge': 'br-int', 'neutron:ovn-neutron-agent-id': '332b8b57-1a2c-5795-bf10-1b86819c58e4', 'neutron:ovn-neutron-agent-sb-cfg': '0'}) {{(pid=91240) matches /opt/stack/data/venv/lib/python3.12/site-packages/ovsdbapp/backend/ovs_idl/event.py:55}}
Aug 05 14:37:40.848315 np0000006569 devstack@neutron-api.service[91240]: DEBUG neutron.plugins.ml2.drivers.ovn.mech_driver.ovsdb.ovsdb_monitor [-] Hash Ring: Node 910b58f35d295b569a1d27cc5c07801a (host: np0000006569) handling event "update" for row ade4e39e-db15-470a-abe8-fc30688cf247 (table: Chassis_Private) {{(pid=91240) notify /opt/stack/neutron/neutron/plugins/ml2/drivers/ovn/mech_driver/ovsdb/ovsdb_monitor.py:1099}}
Aug 05 14:37:40.849319 np0000006569 devstack@neutron-api.service[91241]: DEBUG ovsdbapp.backend.ovs_idl.event [-] Matched UPDATE: ChassisAgentWriteEvent(events=('create', 'update'), table='Chassis_Private', conditions=None, old_conditions=None), priority=20 to row=Chassis_Private(uuid=ade4e39e-db15-470a-abe8-fc30688cf247, chassis=a3bc29a4-49f1-4e55-bbe2-26d81c26f5d9, external_ids={'neutron:ovn-bridge': 'br-int', 'neutron:ovn-neutron-agent-id': '332b8b57-1a2c-5795-bf10-1b86819c58e4', 'neutron:ovn-neutron-agent-sb-cfg': '0'}, name='ce6056cd-69a8-4b0a-b5ed-4dbf3e00bb9d', nb_cfg=1, nb_cfg_timestamp=1785940660838) old=Chassis_Private(uuid=ade4e39e-db15-470a-abe8-fc30688cf247, nb_cfg=0, nb_cfg_timestamp=0) {{(pid=91241) matches /opt/stack/data/venv/lib/python3.12/site-packages/ovsdbapp/backend/ovs_idl/event.py:55}}
Aug 05 14:37:40.852224 np0000006569 devstack@neutron-api.service[91241]: DEBUG ovsdbapp.backend.ovs_idl.event [-] Matched UPDATE: ChassisOVNAgentWriteEvent(events=('create', 'update'), table='Chassis_Private', conditions=None, old_conditions=None), priority=20 to row=Chassis_Private(uuid=ade4e39e-db15-470a-abe8-fc30688cf247, chassis=a3bc29a4-49f1-4e55-bbe2-26d81c26f5d9, external_ids={'neutron:ovn-bridge': 'br-int', 'neutron:ovn-neutron-agent-id': '332b8b57-1a2c-5795-bf10-1b86819c58e4', 'neutron:ovn-neutron-agent-sb-cfg': '1'}, name='ce6056cd-69a8-4b0a-b5ed-4dbf3e00bb9d', nb_cfg=1, nb_cfg_timestamp=1785940660838) old=Chassis_Private(uuid=ade4e39e-db15-470a-abe8-fc30688cf247, external_ids={'neutron:ovn-bridge': 'br-int', 'neutron:ovn-neutron-agent-id': '332b8b57-1a2c-5795-bf10-1b86819c58e4', 'neutron:ovn-neutron-agent-sb-cfg': '0'}) {{(pid=91241) matches /opt/stack/data/venv/lib/python3.12/site-packages/ovsdbapp/backend/ovs_idl/event.py:55}}
Aug 05 14:37:40.895689 np0000006569 devstack@neutron-api.service[91241]: DEBUG neutron.plugins.ml2.drivers.helpers [None req-1c9d3537-af7a-4236-a021-0e716f9c24cb admin admin] geneve segment allocate from pool success with {'geneve_vni': 62816} {{(pid=91241) allocate_partially_specified_segment /opt/stack/neutron/neutron/plugins/ml2/drivers/helpers.py:142}}
Aug 05 14:37:40.907909 np0000006569 devstack@neutron-api.service[91241]: DEBUG neutron_lib.callbacks.manager [None req-1c9d3537-af7a-4236-a021-0e716f9c24cb admin admin] Publish callbacks ['neutron.services.segments.db._add_segment_host_mapping_for_segment-8359955409200', 'neutron.plugins.ml2.plugin.Ml2Plugin._handle_segment_change-1362001'] for segment (d8aac21d-e4fe-468a-8386-350bc20d6819), precommit_create {{(pid=91241) _notify_loop /opt/stack/data/venv/lib/python3.12/site-packages/neutron_lib/callbacks/manager.py:184}}
Aug 05 14:37:40.908110 np0000006569 devstack@neutron-api.service[91241]: INFO neutron.db.segments_db [None req-1c9d3537-af7a-4236-a021-0e716f9c24cb admin admin] Added segment d8aac21d-e4fe-468a-8386-350bc20d6819 of type geneve for network 2e8e6ba8-3ac0-4922-b51f-08b200e776c9
Aug 05 14:37:40.951695 np0000006569 devstack@neutron-api.service[91241]: DEBUG neutron_lib.callbacks.manager [None req-1c9d3537-af7a-4236-a021-0e716f9c24cb admin admin] Publish callbacks ['neutron.services.auto_allocate.db._ensure_external_network_default_value_callback-8359954211974'] for network (2e8e6ba8-3ac0-4922-b51f-08b200e776c9), precommit_create {{(pid=91241) _notify_loop /opt/stack/data/venv/lib/python3.12/site-packages/neutron_lib/callbacks/manager.py:184}}
Aug 05 14:37:40.968864 np0000006569 devstack@neutron-api.service[91241]: DEBUG neutron.plugins.ml2.drivers.ovn.mech_driver.mech_driver [None req-1c9d3537-af7a-4236-a021-0e716f9c24cb admin admin] Validating network segment with type geneve, segmentation ID 62816, physical network None {{(pid=91241) _validate_network_segments /opt/stack/neutron/neutron/plugins/ml2/drivers/ovn/mech_driver/mech_driver.py:646}}
Aug 05 14:37:40.969027 np0000006569 devstack@neutron-api.service[91241]: DEBUG neutron.db.ovn_revision_numbers_db [None req-1c9d3537-af7a-4236-a021-0e716f9c24cb admin admin] create_initial_revision uuid=2e8e6ba8-3ac0-4922-b51f-08b200e776c9, type=networks, rev=-1 {{(pid=91241) create_initial_revision /opt/stack/neutron/neutron/db/ovn_revision_numbers_db.py:98}}
Aug 05 14:37:40.990977 np0000006569 devstack@neutron-api.service[91241]: DEBUG neutron_lib.callbacks.manager [None req-1c9d3537-af7a-4236-a021-0e716f9c24cb admin admin] Publish callbacks ['neutron.plugins.ml2.ovo_rpc._ObjectChangeHandler.handle_event-3521031'] for network (2e8e6ba8-3ac0-4922-b51f-08b200e776c9), after_create {{(pid=91241) _notify_loop /opt/stack/data/venv/lib/python3.12/site-packages/neutron_lib/callbacks/manager.py:184}}
Aug 05 14:37:41.045153 np0000006569 devstack@neutron-api.service[91241]: DEBUG neutron.api.rpc.handlers.resources_rpc [None req-1c9d3537-af7a-4236-a021-0e716f9c24cb admin admin] Pushing event updated for resources: {'Network': ['ID=2e8e6ba8-3ac0-4922-b51f-08b200e776c9,revision_number=1']} {{(pid=91241) push /opt/stack/neutron/neutron/api/rpc/handlers/resources_rpc.py:237}}
Aug 05 14:37:41.054019 np0000006569 devstack@neutron-api.service[91241]: DEBUG ovsdbapp.backend.ovs_idl.transaction [-] Running txn n=1 command(idx=0): AddNetworkCommand(_result=None, network_uuid=2e8e6ba8-3ac0-4922-b51f-08b200e776c9, may_exist=True, columns={'external_ids': {'neutron:network_name': 'private', 'neutron:mtu': '1372', 'neutron:revision_number': '1', 'neutron:availability_zone_hints': '', 'neutron:provnet-network-type': 'geneve'}, 'other_config': {'mcast_snoop': 'false', 'mcast_flood_unregistered': 'false', 'vlan-passthru': 'false'}}) {{(pid=91241) do_commit /opt/stack/data/venv/lib/python3.12/site-packages/ovsdbapp/backend/ovs_idl/transaction.py:89}}
Aug 05 14:37:41.054406 np0000006569 devstack@neutron-api.service[91241]: DEBUG neutron.common.ovn.utils [-] OVS persist_uuid supported=True {{(pid=91241) ovs_persist_uuid_supported /opt/stack/neutron/neutron/common/ovn/utils.py:1565}}
Aug 05 14:37:41.057101 np0000006569 devstack@neutron-api.service[91240]: DEBUG neutron.plugins.ml2.drivers.ovn.mech_driver.ovsdb.ovsdb_monitor [-] Hash Ring: Node 910b58f35d295b569a1d27cc5c07801a (host: np0000006569) handling event "create" for row 2e8e6ba8-3ac0-4922-b51f-08b200e776c9 (table: Logical_Switch) {{(pid=91240) notify /opt/stack/neutron/neutron/plugins/ml2/drivers/ovn/mech_driver/ovsdb/ovsdb_monitor.py:1099}}
Aug 05 14:37:41.057878 np0000006569 devstack@neutron-api.service[91242]: DEBUG neutron.plugins.ml2.drivers.ovn.mech_driver.ovsdb.ovsdb_monitor [-] Hash Ring: Node cb26352f2a53588593abb552e804d983 (host: np0000006569) handling event "create" for row 2e8e6ba8-3ac0-4922-b51f-08b200e776c9 (table: Logical_Switch) {{(pid=91242) notify /opt/stack/neutron/neutron/plugins/ml2/drivers/ovn/mech_driver/ovsdb/ovsdb_monitor.py:1099}}
Aug 05 14:37:41.061161 np0000006569 devstack@neutron-api.service[91240]: DEBUG neutron.plugins.ml2.drivers.ovn.mech_driver.ovsdb.ovsdb_monitor [-] Hash Ring: Node 910b58f35d295b569a1d27cc5c07801a (host: np0000006569) handling event "create" for row 71c432b1-a2cb-4cf8-99c0-3f4db5f08523 (table: Datapath_Binding) {{(pid=91240) notify /opt/stack/neutron/neutron/plugins/ml2/drivers/ovn/mech_driver/ovsdb/ovsdb_monitor.py:1099}}
Aug 05 14:37:41.062068 np0000006569 devstack@neutron-api.service[91242]: DEBUG neutron.plugins.ml2.drivers.ovn.mech_driver.ovsdb.ovsdb_monitor [-] Hash Ring: Node cb26352f2a53588593abb552e804d983 (host: np0000006569) handling event "create" for row 71c432b1-a2cb-4cf8-99c0-3f4db5f08523 (table: Datapath_Binding) {{(pid=91242) notify /opt/stack/neutron/neutron/plugins/ml2/drivers/ovn/mech_driver/ovsdb/ovsdb_monitor.py:1099}}
Aug 05 14:37:41.085468 np0000006569 devstack@neutron-api.service[91241]: INFO neutron.db.ovn_revision_numbers_db [None req-1c9d3537-af7a-4236-a021-0e716f9c24cb admin admin] Successfully bumped revision number for resource 2e8e6ba8-3ac0-4922-b51f-08b200e776c9 (type: networks) to 1
Aug 05 14:37:41.140291 np0000006569 devstack@neutron-api.service[91241]: DEBUG neutron_lib.callbacks.manager [None req-1c9d3537-af7a-4236-a021-0e716f9c24cb admin admin] Publish callbacks ['neutron.plugins.ml2.plugin.SecurityGroupDbMixin._ensure_default_security_group_handler-1113497'] for port (None), before_create {{(pid=91241) _notify_loop /opt/stack/data/venv/lib/python3.12/site-packages/neutron_lib/callbacks/manager.py:184}}
Aug 05 14:37:41.427128 np0000006569 devstack@neutron-api.service[91241]: DEBUG neutron_lib.callbacks.manager [None req-1c9d3537-af7a-4236-a021-0e716f9c24cb admin admin] Publish callbacks ['neutron.plugins.ml2.drivers.ovn.mech_driver.mech_driver.OVNMechanismDriver._validate_allowed_address_pairs-884716'] for allowed_address_pair (2ca4ce91-a3a7-4e7b-a3ba-1ae0174000f8), before_create {{(pid=91241) _notify_loop /opt/stack/data/venv/lib/python3.12/site-packages/neutron_lib/callbacks/manager.py:184}}
Aug 05 14:37:41.427874 np0000006569 devstack@neutron-api.service[91241]: DEBUG neutron_lib.callbacks.manager [None req-1c9d3537-af7a-4236-a021-0e716f9c24cb admin admin] Publish callbacks [] for port (2ca4ce91-a3a7-4e7b-a3ba-1ae0174000f8), precommit_create {{(pid=91241) _notify_loop /opt/stack/data/venv/lib/python3.12/site-packages/neutron_lib/callbacks/manager.py:184}}
Aug 05 14:37:41.428069 np0000006569 devstack@neutron-api.service[91241]: DEBUG neutron.plugins.ml2.drivers.ovn.mech_driver.mech_driver [None req-1c9d3537-af7a-4236-a021-0e716f9c24cb admin admin] No provisioning block for port 2ca4ce91-a3a7-4e7b-a3ba-1ae0174000f8 since it does not have a host {{(pid=91241) _is_port_provisioning_required /opt/stack/neutron/neutron/plugins/ml2/drivers/ovn/mech_driver/mech_driver.py:899}}
Aug 05 14:37:41.428190 np0000006569 devstack@neutron-api.service[91241]: DEBUG neutron.db.ovn_revision_numbers_db [None req-1c9d3537-af7a-4236-a021-0e716f9c24cb admin admin] create_initial_revision uuid=2ca4ce91-a3a7-4e7b-a3ba-1ae0174000f8, type=ports, rev=-1 {{(pid=91241) create_initial_revision /opt/stack/neutron/neutron/db/ovn_revision_numbers_db.py:98}}
Aug 05 14:37:41.490062 np0000006569 devstack@neutron-api.service[91241]: DEBUG neutron_lib.callbacks.manager [None req-1c9d3537-af7a-4236-a021-0e716f9c24cb admin admin] Publish callbacks ['neutron.plugins.ml2.ovo_rpc._ObjectChangeHandler.handle_event-3521519'] for port (2ca4ce91-a3a7-4e7b-a3ba-1ae0174000f8), after_create {{(pid=91241) _notify_loop /opt/stack/data/venv/lib/python3.12/site-packages/neutron_lib/callbacks/manager.py:184}}
Aug 05 14:37:41.545107 np0000006569 devstack@neutron-api.service[91241]: DEBUG neutron.api.rpc.handlers.resources_rpc [None req-1c9d3537-af7a-4236-a021-0e716f9c24cb admin admin] Pushing event updated for resources: {'Port': ['ID=2ca4ce91-a3a7-4e7b-a3ba-1ae0174000f8,revision_number=1']} {{(pid=91241) push /opt/stack/neutron/neutron/api/rpc/handlers/resources_rpc.py:237}}
Aug 05 14:37:41.576218 np0000006569 devstack@neutron-api.service[91241]: DEBUG neutron.plugins.ml2.drivers.ovn.mech_driver.ovsdb.commands [None req-1c9d3537-af7a-4236-a021-0e716f9c24cb admin admin] Converting tag [] to a tag_request {{(pid=91241) _tag_column_to_tag_request /opt/stack/neutron/neutron/plugins/ml2/drivers/ovn/mech_driver/ovsdb/commands.py:227}}
Aug 05 14:37:41.577014 np0000006569 devstack@neutron-api.service[91241]: DEBUG ovsdbapp.backend.ovs_idl.transaction [-] Running txn n=1 command(idx=0): AddLSwitchPortCommand(_result=None, lport=2ca4ce91-a3a7-4e7b-a3ba-1ae0174000f8, lswitch=neutron-2e8e6ba8-3ac0-4922-b51f-08b200e776c9, may_exist=True, network_uuid=2e8e6ba8-3ac0-4922-b51f-08b200e776c9, columns={'addresses': ['fa:16:3e:c3:5c:9f'], 'external_ids': {'neutron:port_name': '', 'neutron:device_id': 'ovnmeta-2e8e6ba8-3ac0-4922-b51f-08b200e776c9', 'neutron:project_id': '3a279d82f7b342a28e5375b5690acddc', 'neutron:cidrs': '', 'neutron:device_owner': 'network:distributed', 'neutron:subnet_pool_addr_scope4': '', 'neutron:subnet_pool_addr_scope6': '', 'neutron:network_name': 'neutron-2e8e6ba8-3ac0-4922-b51f-08b200e776c9', 'neutron:security_group_ids': '', 'neutron:revision_number': '1', 'neutron:vnic_type': 'normal', 'neutron:port_capabilities': '', 'neutron:mtu': '1372'}, 'parent_name': [], 'enabled': True, 'options': {}, 'type': 'localport', 'port_security': [], 'dhcpv4_options': [], 'dhcpv6_options': [], 'tag_request': []}) {{(pid=91241) do_commit /opt/stack/data/venv/lib/python3.12/site-packages/ovsdbapp/backend/ovs_idl/transaction.py:89}}
Aug 05 14:37:41.577566 np0000006569 devstack@neutron-api.service[91241]: DEBUG ovsdbapp.backend.ovs_idl.transaction [-] Running txn n=1 command(idx=1): QoSDelCommand(_result=None, switch=neutron-2e8e6ba8-3ac0-4922-b51f-08b200e776c9, conditions=[('direction', '=', 'to-lport'), ('priority', '=', 2002), ('match', '=', 'outport == "2ca4ce91-a3a7-4e7b-a3ba-1ae0174000f8"')], if_exists=True) {{(pid=91241) do_commit /opt/stack/data/venv/lib/python3.12/site-packages/ovsdbapp/backend/ovs_idl/transaction.py:89}}
Aug 05 14:37:41.577774 np0000006569 devstack@neutron-api.service[91241]: DEBUG ovsdbapp.backend.ovs_idl.transaction [-] Running txn n=1 command(idx=2): QoSDelCommand(_result=None, switch=neutron-2e8e6ba8-3ac0-4922-b51f-08b200e776c9, conditions=[('direction', '=', 'from-lport'), ('priority', '=', 2002), ('match', '=', 'inport == "2ca4ce91-a3a7-4e7b-a3ba-1ae0174000f8"')], if_exists=True) {{(pid=91241) do_commit /opt/stack/data/venv/lib/python3.12/site-packages/ovsdbapp/backend/ovs_idl/transaction.py:89}}
Aug 05 14:37:41.582625 np0000006569 devstack@neutron-api.service[91240]: DEBUG neutron.plugins.ml2.drivers.ovn.mech_driver.ovsdb.ovsdb_monitor [-] Hash Ring: Node 910b58f35d295b569a1d27cc5c07801a (host: np0000006569) handling event "create" for row 88ddfe75-7843-41e3-b0e0-1c721c5307c8 (table: Port_Binding) {{(pid=91240) notify /opt/stack/neutron/neutron/plugins/ml2/drivers/ovn/mech_driver/ovsdb/ovsdb_monitor.py:1099}}
Aug 05 14:37:41.583118 np0000006569 devstack@neutron-api.service[91242]: DEBUG neutron.plugins.ml2.drivers.ovn.mech_driver.ovsdb.ovsdb_monitor [-] Hash Ring: Node cb26352f2a53588593abb552e804d983 (host: np0000006569) handling event "update" for row 2e8e6ba8-3ac0-4922-b51f-08b200e776c9 (table: Logical_Switch) {{(pid=91242) notify /opt/stack/neutron/neutron/plugins/ml2/drivers/ovn/mech_driver/ovsdb/ovsdb_monitor.py:1099}}
Aug 05 14:37:41.583230 np0000006569 devstack@neutron-api.service[91240]: DEBUG neutron.plugins.ml2.drivers.ovn.mech_driver.ovsdb.ovsdb_monitor [-] Hash Ring: Node 910b58f35d295b569a1d27cc5c07801a (host: np0000006569) handling event "update" for row 2e8e6ba8-3ac0-4922-b51f-08b200e776c9 (table: Logical_Switch) {{(pid=91240) notify /opt/stack/neutron/neutron/plugins/ml2/drivers/ovn/mech_driver/ovsdb/ovsdb_monitor.py:1099}}
Aug 05 14:37:41.583230 np0000006569 devstack@neutron-api.service[91240]: DEBUG neutron.plugins.ml2.drivers.ovn.mech_driver.ovsdb.ovsdb_monitor [-] Hash Ring: Node 910b58f35d295b569a1d27cc5c07801a (host: np0000006569) handling event "create" for row a545c918-3b73-4638-946d-d4943aa29c86 (table: Logical_Switch_Port) {{(pid=91240) notify /opt/stack/neutron/neutron/plugins/ml2/drivers/ovn/mech_driver/ovsdb/ovsdb_monitor.py:1099}}
Aug 05 14:37:41.584479 np0000006569 devstack@neutron-api.service[91243]: DEBUG neutron.plugins.ml2.drivers.ovn.mech_driver.ovsdb.ovsdb_monitor [-] Hash Ring: Node 32fb9d36a5145ac1b95c860fa44dd7cd (host: np0000006569) handling event "create" for row 88ddfe75-7843-41e3-b0e0-1c721c5307c8 (table: Port_Binding) {{(pid=91243) notify /opt/stack/neutron/neutron/plugins/ml2/drivers/ovn/mech_driver/ovsdb/ovsdb_monitor.py:1099}}
Aug 05 14:37:41.584573 np0000006569 devstack@neutron-api.service[91240]: DEBUG ovsdbapp.backend.ovs_idl.event [-] Matched CREATE: LogicalSwitchPortCreateEvent(events=('create',), table='Logical_Switch_Port', conditions=[], old_conditions=None), priority=20 to row=Logical_Switch_Port(uuid=a545c918-3b73-4638-946d-d4943aa29c86, addresses=['fa:16:3e:c3:5c:9f'], dhcpv4_options=[], dhcpv6_options=[], dynamic_addresses=[], enabled=True, external_ids={'neutron:cidrs': '', 'neutron:device_id': 'ovnmeta-2e8e6ba8-3ac0-4922-b51f-08b200e776c9', 'neutron:device_owner': 'network:distributed', 'neutron:mtu': '1372', 'neutron:network_name': 'neutron-2e8e6ba8-3ac0-4922-b51f-08b200e776c9', 'neutron:port_capabilities': '', 'neutron:port_name': '', 'neutron:project_id': '3a279d82f7b342a28e5375b5690acddc', 'neutron:revision_number': '1', 'neutron:security_group_ids': '', 'neutron:subnet_pool_addr_scope4': '', 'neutron:subnet_pool_addr_scope6': '', 'neutron:vnic_type': 'normal'}, ha_chassis_group=[], mirror_rules=[], name='2ca4ce91-a3a7-4e7b-a3ba-1ae0174000f8', options={}, parent_name=[], port_security=[], tag=[], tag_request=[], type='localport', up=[]) old= {{(pid=91240) matches /opt/stack/data/venv/lib/python3.12/site-packages/ovsdbapp/backend/ovs_idl/event.py:55}}
Aug 05 14:37:41.585326 np0000006569 devstack@neutron-api.service[91240]: INFO neutron.plugins.ml2.drivers.ovn.mech_driver.mech_driver [-] OVN reports status down for port: 2ca4ce91-a3a7-4e7b-a3ba-1ae0174000f8
Aug 05 14:37:41.586485 np0000006569 devstack@neutron-api.service[91240]: DEBUG neutron.plugins.ml2.drivers.ovn.mech_driver.ovsdb.ovsdb_monitor [-] Hash Ring: Node 910b58f35d295b569a1d27cc5c07801a (host: np0000006569) handling event "update" for row a545c918-3b73-4638-946d-d4943aa29c86 (table: Logical_Switch_Port) {{(pid=91240) notify /opt/stack/neutron/neutron/plugins/ml2/drivers/ovn/mech_driver/ovsdb/ovsdb_monitor.py:1099}}
Aug 05 14:37:41.628477 np0000006569 devstack@neutron-api.service[91241]: INFO neutron.db.ovn_revision_numbers_db [None req-1c9d3537-af7a-4236-a021-0e716f9c24cb admin admin] Successfully bumped revision number for resource 2ca4ce91-a3a7-4e7b-a3ba-1ae0174000f8 (type: ports) to 1
Aug 05 14:37:41.636306 np0000006569 devstack@neutron-api.service[91241]: DEBUG neutron.pecan_wsgi.hooks.policy_enforcement [None req-1c9d3537-af7a-4236-a021-0e716f9c24cb admin admin] Attributes excluded by policy engine: ['standard_attr_id'] {{(pid=91241) _exclude_attributes_by_policy /opt/stack/neutron/neutron/pecan_wsgi/hooks/policy_enforcement.py:259}}
