Aug 05 14:37:34.069731 np0000006569 devstack@neutron-api.service[91241]: DEBUG neutron.api.extensions [None req-09570d3e-a178-4714-b291-3b0403e35375 None None] Ext name="Trunk port details" alias="trunk-details" description="Expose trunk port details" updated="2016-01-01T10:00:00-00:00" {{(pid=91241) _check_extension /opt/stack/neutron/neutron/api/extensions.py:415}}
Aug 05 14:37:34.069841 np0000006569 devstack@neutron-api.service[91242]: DEBUG neutron.api.extensions [None req-1bc06ff6-7707-4d03-a652-dbe3c44bf25a None None] Extended resource: quotas {{(pid=91242) __init__ /opt/stack/neutron/neutron/api/extensions.py:156}}
Aug 05 14:37:34.069938 np0000006569 devstack@neutron-api.service[91241]: INFO neutron.api.extensions [None req-09570d3e-a178-4714-b291-3b0403e35375 None None] Extension trunk-details not supported by any of loaded plugins
Aug 05 14:37:34.069938 np0000006569 devstack@neutron-api.service[91241]: DEBUG neutron.api.extensions [None req-09570d3e-a178-4714-b291-3b0403e35375 None None] Loading extension file: uplink_status_propagation.py {{(pid=91241) _load_all_extensions_from_path /opt/stack/neutron/neutron/api/extensions.py:449}}
Aug 05 14:37:34.069938 np0000006569 devstack@neutron-api.service[91241]: DEBUG neutron.api.extensions [None req-09570d3e-a178-4714-b291-3b0403e35375 None None] Ext name="Uplink status propagation extension" alias="uplink-status-propagation" description="Provides ability to propagate port uplink status." updated="2018-05-31T18:00:00-00:00" {{(pid=91241) _check_extension /opt/stack/neutron/neutron/api/extensions.py:415}}
Aug 05 14:37:34.070100 np0000006569 devstack@neutron-api.service[91243]: DEBUG neutron.api.extensions [None req-aaac1632-453d-4ad5-b831-19944eecc19c None None] Extended resource: network-ip-availabilities {{(pid=91243) __init__ /opt/stack/neutron/neutron/api/extensions.py:156}}
Aug 05 14:37:34.070211 np0000006569 devstack@neutron-api.service[91242]: DEBUG neutron.api.extensions [None req-1bc06ff6-7707-4d03-a652-dbe3c44bf25a None None] Extended resource: quotas {{(pid=91242) __init__ /opt/stack/neutron/neutron/api/extensions.py:156}}
Aug 05 14:37:34.070326 np0000006569 devstack@neutron-api.service[91241]: INFO neutron.api.extensions [None req-09570d3e-a178-4714-b291-3b0403e35375 None None] Extension uplink-status-propagation not supported by any of loaded plugins
Aug 05 14:37:34.070326 np0000006569 devstack@neutron-api.service[91241]: DEBUG neutron.api.extensions [None req-09570d3e-a178-4714-b291-3b0403e35375 None None] Loading extension file: uplink_status_propagation_updatable.py {{(pid=91241) _load_all_extensions_from_path /opt/stack/neutron/neutron/api/extensions.py:449}}
Aug 05 14:37:34.070562 np0000006569 devstack@neutron-api.service[91241]: DEBUG neutron.api.extensions [None req-09570d3e-a178-4714-b291-3b0403e35375 None None] Ext name="Uplink status propagation updatable extension" alias="uplink-status-propagation-updatable" description="Provides ability to update the port uplink status." updated="2024-09-03T18:00:00-00:00" {{(pid=91241) _check_extension /opt/stack/neutron/neutron/api/extensions.py:415}}
Aug 05 14:37:34.070663 np0000006569 devstack@neutron-api.service[91242]: DEBUG neutron.api.extensions [None req-1bc06ff6-7707-4d03-a652-dbe3c44bf25a None None] Extended resource: rbac-policies {{(pid=91242) __init__ /opt/stack/neutron/neutron/api/extensions.py:156}}
Aug 05 14:37:34.070746 np0000006569 devstack@neutron-api.service[91243]: DEBUG neutron.api.extensions [None req-aaac1632-453d-4ad5-b831-19944eecc19c None None] Extended resource: network-ip-availabilities {{(pid=91243) __init__ /opt/stack/neutron/neutron/api/extensions.py:156}}
Aug 05 14:37:34.070823 np0000006569 devstack@neutron-api.service[91241]: INFO neutron.api.extensions [None req-09570d3e-a178-4714-b291-3b0403e35375 None None] Extension uplink-status-propagation-updatable not supported by any of loaded plugins
Aug 05 14:37:34.070823 np0000006569 devstack@neutron-api.service[91241]: DEBUG neutron.api.extensions [None req-09570d3e-a178-4714-b291-3b0403e35375 None None] Loading extension file: vlantransparent.py {{(pid=91241) _load_all_extensions_from_path /opt/stack/neutron/neutron/api/extensions.py:449}}
Aug 05 14:37:34.071100 np0000006569 devstack@neutron-api.service[91242]: DEBUG neutron.api.extensions [None req-1bc06ff6-7707-4d03-a652-dbe3c44bf25a None None] Extended resource: default-security-group-rules {{(pid=91242) __init__ /opt/stack/neutron/neutron/api/extensions.py:156}}
Aug 05 14:37:34.071181 np0000006569 devstack@neutron-api.service[91241]: DEBUG neutron.api.extensions [None req-09570d3e-a178-4714-b291-3b0403e35375 None None] Ext name="Vlantransparent" alias="vlan-transparent" description="Provides Vlan Transparent Networks" updated="2015-03-23T09:00:00-00:00" {{(pid=91241) _check_extension /opt/stack/neutron/neutron/api/extensions.py:415}}
Aug 05 14:37:34.071418 np0000006569 devstack@neutron-api.service[91241]: INFO neutron.api.extensions [None req-09570d3e-a178-4714-b291-3b0403e35375 None None] Loaded extension: vlan-transparent
Aug 05 14:37:34.071965 np0000006569 devstack@neutron-api.service[91242]: DEBUG neutron.api.extensions [None req-1bc06ff6-7707-4d03-a652-dbe3c44bf25a None None] Extended resource: security-groups-default-statefulness {{(pid=91242) __init__ /opt/stack/neutron/neutron/api/extensions.py:156}}
Aug 05 14:37:34.072740 np0000006569 devstack@neutron-api.service[91242]: DEBUG neutron.api.extensions [None req-1bc06ff6-7707-4d03-a652-dbe3c44bf25a None None] Extended resource: security-groups {{(pid=91242) __init__ /opt/stack/neutron/neutron/api/extensions.py:156}}
Aug 05 14:37:34.072814 np0000006569 devstack@neutron-api.service[91243]: DEBUG neutron.api.extensions [None req-aaac1632-453d-4ad5-b831-19944eecc19c None None] Extended resource: bindings {{(pid=91243) __init__ /opt/stack/neutron/neutron/api/extensions.py:156}}
Aug 05 14:37:34.073329 np0000006569 devstack@neutron-api.service[91242]: DEBUG neutron.api.extensions [None req-1bc06ff6-7707-4d03-a652-dbe3c44bf25a None None] Extended resource: security-group-rules {{(pid=91242) __init__ /opt/stack/neutron/neutron/api/extensions.py:156}}
Aug 05 14:37:34.073847 np0000006569 devstack@neutron-api.service[91243]: DEBUG neutron.api.extensions [None req-aaac1632-453d-4ad5-b831-19944eecc19c None None] Extended resource: quotas {{(pid=91243) __init__ /opt/stack/neutron/neutron/api/extensions.py:156}}
Aug 05 14:37:34.073944 np0000006569 devstack@neutron-api.service[91242]: DEBUG neutron.api.extensions [None req-1bc06ff6-7707-4d03-a652-dbe3c44bf25a None None] Extended resource: service-providers {{(pid=91242) __init__ /opt/stack/neutron/neutron/api/extensions.py:156}}
Aug 05 14:37:34.074071 np0000006569 devstack@neutron-api.service[91241]: INFO neutron.quota.resource_registry [None req-09570d3e-a178-4714-b291-3b0403e35375 None None] Creating instance of TrackedResource for resource:network
Aug 05 14:37:34.074071 np0000006569 devstack@neutron-api.service[91241]: INFO neutron.quota.resource_registry [None req-09570d3e-a178-4714-b291-3b0403e35375 None None] Creating instance of TrackedResource for resource:subnet
Aug 05 14:37:34.074189 np0000006569 devstack@neutron-api.service[91241]: INFO neutron.quota.resource_registry [None req-09570d3e-a178-4714-b291-3b0403e35375 None None] Creating instance of TrackedResource for resource:subnetpool
Aug 05 14:37:34.074288 np0000006569 devstack@neutron-api.service[91242]: DEBUG neutron.api.extensions [None req-1bc06ff6-7707-4d03-a652-dbe3c44bf25a None None] Extended resource: subnetpools {{(pid=91242) __init__ /opt/stack/neutron/neutron/api/extensions.py:156}}
Aug 05 14:37:34.074360 np0000006569 devstack@neutron-api.service[91241]: INFO neutron.quota.resource_registry [None req-09570d3e-a178-4714-b291-3b0403e35375 None None] Creating instance of TrackedResource for resource:port
Aug 05 14:37:34.074446 np0000006569 devstack@neutron-api.service[91243]: DEBUG neutron.api.extensions [None req-aaac1632-453d-4ad5-b831-19944eecc19c None None] Extended resource: quotas {{(pid=91243) __init__ /opt/stack/neutron/neutron/api/extensions.py:156}}
Aug 05 14:37:34.074996 np0000006569 devstack@neutron-api.service[91242]: DEBUG neutron.api.extensions [None req-1bc06ff6-7707-4d03-a652-dbe3c44bf25a None None] Extended resource: subnetpools {{(pid=91242) __init__ /opt/stack/neutron/neutron/api/extensions.py:156}}
Aug 05 14:37:34.075339 np0000006569 devstack@neutron-api.service[91243]: DEBUG neutron.api.extensions [None req-aaac1632-453d-4ad5-b831-19944eecc19c None None] Extended resource: rbac-policies {{(pid=91243) __init__ /opt/stack/neutron/neutron/api/extensions.py:156}}
Aug 05 14:37:34.075581 np0000006569 devstack@neutron-api.service[91242]: DEBUG neutron.api.extensions [None req-1bc06ff6-7707-4d03-a652-dbe3c44bf25a None None] Extended resource: tags {{(pid=91242) __init__ /opt/stack/neutron/neutron/api/extensions.py:156}}
Aug 05 14:37:34.076031 np0000006569 devstack@neutron-api.service[91243]: DEBUG neutron.api.extensions [None req-aaac1632-453d-4ad5-b831-19944eecc19c None None] Extended resource: default-security-group-rules {{(pid=91243) __init__ /opt/stack/neutron/neutron/api/extensions.py:156}}
Aug 05 14:37:34.076357 np0000006569 devstack@neutron-api.service[91242]: DEBUG neutron.api.extensions [None req-1bc06ff6-7707-4d03-a652-dbe3c44bf25a None None] Extended resource: tags {{(pid=91242) __init__ /opt/stack/neutron/neutron/api/extensions.py:156}}
Aug 05 14:37:34.076458 np0000006569 devstack@neutron-api.service[91241]: INFO neutron.quota.resource_registry [None req-09570d3e-a178-4714-b291-3b0403e35375 None None] Creating instance of CountableResource for resource:router_route
Aug 05 14:37:34.076998 np0000006569 devstack@neutron-api.service[91241]: DEBUG neutron.api.v2.resource_helper [None req-09570d3e-a178-4714-b291-3b0403e35375 None None] Service L3_ROUTER_NAT assigned prefix: {{(pid=91241) build_resource_info /opt/stack/neutron/neutron/api/v2/resource_helper.py:77}}
Aug 05 14:37:34.077069 np0000006569 devstack@neutron-api.service[91243]: DEBUG neutron.api.extensions [None req-aaac1632-453d-4ad5-b831-19944eecc19c None None] Extended resource: security-groups-default-statefulness {{(pid=91243) __init__ /opt/stack/neutron/neutron/api/extensions.py:156}}
Aug 05 14:37:34.077146 np0000006569 devstack@neutron-api.service[91241]: DEBUG neutron.api.v2.resource_helper [None req-09570d3e-a178-4714-b291-3b0403e35375 None None] Service FLAVORS assigned prefix: {{(pid=91241) build_resource_info /opt/stack/neutron/neutron/api/v2/resource_helper.py:77}}
Aug 05 14:37:34.077216 np0000006569 devstack@neutron-api.service[91242]: DEBUG neutron.api.extensions [None req-1bc06ff6-7707-4d03-a652-dbe3c44bf25a None None] Extended resource: tags {{(pid=91242) __init__ /opt/stack/neutron/neutron/api/extensions.py:156}}
Aug 05 14:37:34.077714 np0000006569 devstack@neutron-api.service[91243]: DEBUG neutron.api.extensions [None req-aaac1632-453d-4ad5-b831-19944eecc19c None None] Extended resource: security-groups {{(pid=91243) __init__ /opt/stack/neutron/neutron/api/extensions.py:156}}
Aug 05 14:37:34.078348 np0000006569 devstack@neutron-api.service[91242]: DEBUG neutron.api.extensions [None req-1bc06ff6-7707-4d03-a652-dbe3c44bf25a None None] Extended resource: tags {{(pid=91242) __init__ /opt/stack/neutron/neutron/api/extensions.py:156}}
Aug 05 14:37:34.078451 np0000006569 devstack@neutron-api.service[91243]: DEBUG neutron.api.extensions [None req-aaac1632-453d-4ad5-b831-19944eecc19c None None] Extended resource: security-group-rules {{(pid=91243) __init__ /opt/stack/neutron/neutron/api/extensions.py:156}}
Aug 05 14:37:34.078523 np0000006569 devstack@neutron-api.service[91241]: DEBUG neutron.api.v2.resource_helper [None req-09570d3e-a178-4714-b291-3b0403e35375 None None] Service L3_ROUTER_NAT assigned prefix: {{(pid=91241) build_resource_info /opt/stack/neutron/neutron/api/v2/resource_helper.py:77}}
Aug 05 14:37:34.078971 np0000006569 devstack@neutron-api.service[91241]: DEBUG neutron.api.v2.resource_helper [None req-09570d3e-a178-4714-b291-3b0403e35375 None None] Service L3_ROUTER_NAT assigned prefix: {{(pid=91241) build_resource_info /opt/stack/neutron/neutron/api/v2/resource_helper.py:77}}
Aug 05 14:37:34.079047 np0000006569 devstack@neutron-api.service[91241]: INFO neutron.quota.resource_registry [None req-09570d3e-a178-4714-b291-3b0403e35375 None None] Creating instance of TrackedResource for resource:router
Aug 05 14:37:34.079117 np0000006569 devstack@neutron-api.service[91243]: DEBUG neutron.api.extensions [None req-aaac1632-453d-4ad5-b831-19944eecc19c None None] Extended resource: service-providers {{(pid=91243) __init__ /opt/stack/neutron/neutron/api/extensions.py:156}}
Aug 05 14:37:34.079360 np0000006569 devstack@neutron-api.service[91242]: DEBUG neutron.api.extensions [None req-1bc06ff6-7707-4d03-a652-dbe3c44bf25a None None] Extended resource: tags {{(pid=91242) __init__ /opt/stack/neutron/neutron/api/extensions.py:156}}
Aug 05 14:37:34.079677 np0000006569 devstack@neutron-api.service[91241]: INFO neutron.quota.resource_registry [None req-09570d3e-a178-4714-b291-3b0403e35375 None None] Creating instance of TrackedResource for resource:floatingip
Aug 05 14:37:34.080066 np0000006569 devstack@neutron-api.service[91243]: DEBUG neutron.api.extensions [None req-aaac1632-453d-4ad5-b831-19944eecc19c None None] Extended resource: subnetpools {{(pid=91243) __init__ /opt/stack/neutron/neutron/api/extensions.py:156}}
Aug 05 14:37:34.080245 np0000006569 devstack@neutron-api.service[91242]: DEBUG neutron.api.extensions [None req-1bc06ff6-7707-4d03-a652-dbe3c44bf25a None None] Extended resource: tags {{(pid=91242) __init__ /opt/stack/neutron/neutron/api/extensions.py:156}}
Aug 05 14:37:34.080676 np0000006569 devstack@neutron-api.service[91243]: DEBUG neutron.api.extensions [None req-aaac1632-453d-4ad5-b831-19944eecc19c None None] Extended resource: subnetpools {{(pid=91243) __init__ /opt/stack/neutron/neutron/api/extensions.py:156}}
Aug 05 14:37:34.081024 np0000006569 devstack@neutron-api.service[91242]: DEBUG neutron.api.extensions [None req-1bc06ff6-7707-4d03-a652-dbe3c44bf25a None None] Extended resource: tags {{(pid=91242) __init__ /opt/stack/neutron/neutron/api/extensions.py:156}}
Aug 05 14:37:34.081113 np0000006569 devstack@neutron-api.service[91241]: INFO neutron.quota.resource_registry [None req-09570d3e-a178-4714-b291-3b0403e35375 None None] Creating instance of CountableResource for resource:rbac_policy
Aug 05 14:37:34.081589 np0000006569 devstack@neutron-api.service[91243]: DEBUG neutron.api.extensions [None req-aaac1632-453d-4ad5-b831-19944eecc19c None None] Extended resource: tags {{(pid=91243) __init__ /opt/stack/neutron/neutron/api/extensions.py:156}}
Aug 05 14:37:34.081916 np0000006569 devstack@neutron-api.service[91242]: DEBUG neutron.api.extensions [None req-1bc06ff6-7707-4d03-a652-dbe3c44bf25a None None] Extended resource: tags {{(pid=91242) __init__ /opt/stack/neutron/neutron/api/extensions.py:156}}
Aug 05 14:37:34.082089 np0000006569 devstack@neutron-api.service[91241]: INFO neutron.quota.resource_registry [None req-09570d3e-a178-4714-b291-3b0403e35375 None None] Creating instance of TrackedResource for resource:security_group
Aug 05 14:37:34.082710 np0000006569 devstack@neutron-api.service[91243]: DEBUG neutron.api.extensions [None req-aaac1632-453d-4ad5-b831-19944eecc19c None None] Extended resource: tags {{(pid=91243) __init__ /opt/stack/neutron/neutron/api/extensions.py:156}}
Aug 05 14:37:34.082918 np0000006569 devstack@neutron-api.service[91241]: INFO neutron.quota.resource_registry [None req-09570d3e-a178-4714-b291-3b0403e35375 None None] Creating instance of TrackedResource for resource:security_group_rule
Aug 05 14:37:34.083006 np0000006569 devstack@neutron-api.service[91242]: DEBUG neutron.api.extensions [None req-1bc06ff6-7707-4d03-a652-dbe3c44bf25a None None] Extended resource: tags {{(pid=91242) __init__ /opt/stack/neutron/neutron/api/extensions.py:156}}
Aug 05 14:37:34.083389 np0000006569 devstack@neutron-api.service[91241]: DEBUG neutron.api.v2.resource_helper [None req-09570d3e-a178-4714-b291-3b0403e35375 None None] Service CORE assigned prefix: {{(pid=91241) build_resource_info /opt/stack/neutron/neutron/api/v2/resource_helper.py:77}}
Aug 05 14:37:34.083608 np0000006569 devstack@neutron-api.service[91241]: INFO neutron.quota.resource_registry [None req-09570d3e-a178-4714-b291-3b0403e35375 None None] Creating instance of TrackedResource for resource:subnetpool
Aug 05 14:37:34.083731 np0000006569 devstack@neutron-api.service[91243]: DEBUG neutron.api.extensions [None req-aaac1632-453d-4ad5-b831-19944eecc19c None None] Extended resource: tags {{(pid=91243) __init__ /opt/stack/neutron/neutron/api/extensions.py:156}}
Aug 05 14:37:34.084034 np0000006569 devstack@neutron-api.service[91241]: WARNING neutron.quota.resource_registry [None req-09570d3e-a178-4714-b291-3b0403e35375 None None] subnetpool is already registered
Aug 05 14:37:34.084193 np0000006569 devstack@neutron-api.service[91242]: DEBUG neutron.api.extensions [None req-1bc06ff6-7707-4d03-a652-dbe3c44bf25a None None] Extended resource: tags {{(pid=91242) __init__ /opt/stack/neutron/neutron/api/extensions.py:156}}
Aug 05 14:37:34.084295 np0000006569 devstack@neutron-api.service[91241]: DEBUG neutron.api.v2.resource_helper [None req-09570d3e-a178-4714-b291-3b0403e35375 None None] Service CORE assigned prefix: {{(pid=91241) build_resource_info /opt/stack/neutron/neutron/api/v2/resource_helper.py:77}}
Aug 05 14:37:34.084599 np0000006569 devstack@neutron-api.service[91241]: INFO neutron.quota.resource_registry [None req-09570d3e-a178-4714-b291-3b0403e35375 None None] Creating instance of TrackedResource for resource:subnetpool
Aug 05 14:37:34.084599 np0000006569 devstack@neutron-api.service[91241]: WARNING neutron.quota.resource_registry [None req-09570d3e-a178-4714-b291-3b0403e35375 None None] subnetpool is already registered
Aug 05 14:37:34.084828 np0000006569 devstack@neutron-api.service[91243]: DEBUG neutron.api.extensions [None req-aaac1632-453d-4ad5-b831-19944eecc19c None None] Extended resource: tags {{(pid=91243) __init__ /opt/stack/neutron/neutron/api/extensions.py:156}}
Aug 05 14:37:34.086225 np0000006569 devstack@neutron-api.service[91243]: DEBUG neutron.api.extensions [None req-aaac1632-453d-4ad5-b831-19944eecc19c None None] Extended resource: tags {{(pid=91243) __init__ /opt/stack/neutron/neutron/api/extensions.py:156}}
Aug 05 14:37:34.086965 np0000006569 devstack@neutron-api.service[91243]: DEBUG neutron.api.extensions [None req-aaac1632-453d-4ad5-b831-19944eecc19c None None] Extended resource: tags {{(pid=91243) __init__ /opt/stack/neutron/neutron/api/extensions.py:156}}
Aug 05 14:37:34.087965 np0000006569 devstack@neutron-api.service[91243]: DEBUG neutron.api.extensions [None req-aaac1632-453d-4ad5-b831-19944eecc19c None None] Extended resource: tags {{(pid=91243) __init__ /opt/stack/neutron/neutron/api/extensions.py:156}}
Aug 05 14:37:34.088781 np0000006569 devstack@neutron-api.service[91243]: DEBUG neutron.api.extensions [None req-aaac1632-453d-4ad5-b831-19944eecc19c None None] Extended resource: tags {{(pid=91243) __init__ /opt/stack/neutron/neutron/api/extensions.py:156}}
Aug 05 14:37:34.089480 np0000006569 devstack@neutron-api.service[91241]: INFO neutron.quota.resource_registry [None req-09570d3e-a178-4714-b291-3b0403e35375 None None] Creating instance of CountableResource for resource:router_route
Aug 05 14:37:34.089480 np0000006569 devstack@neutron-api.service[91241]: WARNING neutron.quota.resource_registry [None req-09570d3e-a178-4714-b291-3b0403e35375 None None] router_route is already registered
Aug 05 14:37:34.089480 np0000006569 devstack@neutron-api.service[91241]: DEBUG neutron.api.v2.resource_helper [None req-09570d3e-a178-4714-b291-3b0403e35375 None None] Service L3_ROUTER_NAT assigned prefix: {{(pid=91241) build_resource_info /opt/stack/neutron/neutron/api/v2/resource_helper.py:77}}
Aug 05 14:37:34.089721 np0000006569 devstack@neutron-api.service[91243]: DEBUG neutron.api.extensions [None req-aaac1632-453d-4ad5-b831-19944eecc19c None None] Extended resource: tags {{(pid=91243) __init__ /opt/stack/neutron/neutron/api/extensions.py:156}}
Aug 05 14:37:34.090108 np0000006569 devstack@neutron-api.service[91241]: DEBUG neutron.api.v2.resource_helper [None req-09570d3e-a178-4714-b291-3b0403e35375 None None] Service FLAVORS assigned prefix: {{(pid=91241) build_resource_info /opt/stack/neutron/neutron/api/v2/resource_helper.py:77}}
Aug 05 14:37:34.090201 np0000006569 devstack@neutron-api.service[91243]: DEBUG neutron.api.extensions [None req-aaac1632-453d-4ad5-b831-19944eecc19c None None] Extended resource: tags {{(pid=91243) __init__ /opt/stack/neutron/neutron/api/extensions.py:156}}
Aug 05 14:37:34.092152 np0000006569 devstack@neutron-api.service[91241]: DEBUG neutron.api.v2.resource_helper [None req-09570d3e-a178-4714-b291-3b0403e35375 None None] Service L3_ROUTER_NAT assigned prefix: {{(pid=91241) build_resource_info /opt/stack/neutron/neutron/api/v2/resource_helper.py:77}}
Aug 05 14:37:34.092152 np0000006569 devstack@neutron-api.service[91241]: DEBUG neutron.api.v2.resource_helper [None req-09570d3e-a178-4714-b291-3b0403e35375 None None] Service L3_ROUTER_NAT assigned prefix: {{(pid=91241) build_resource_info /opt/stack/neutron/neutron/api/v2/resource_helper.py:77}}
Aug 05 14:37:34.092273 np0000006569 devstack@neutron-api.service[91241]: INFO neutron.quota.resource_registry [None req-09570d3e-a178-4714-b291-3b0403e35375 None None] Creating instance of TrackedResource for resource:router
Aug 05 14:37:34.092476 np0000006569 devstack@neutron-api.service[91241]: WARNING neutron.quota.resource_registry [None req-09570d3e-a178-4714-b291-3b0403e35375 None None] router is already registered
Aug 05 14:37:34.093287 np0000006569 devstack@neutron-api.service[91241]: INFO neutron.quota.resource_registry [None req-09570d3e-a178-4714-b291-3b0403e35375 None None] Creating instance of TrackedResource for resource:floatingip
Aug 05 14:37:34.093433 np0000006569 devstack@neutron-api.service[91241]: WARNING neutron.quota.resource_registry [None req-09570d3e-a178-4714-b291-3b0403e35375 None None] floatingip is already registered
Aug 05 14:37:34.094879 np0000006569 devstack@neutron-api.service[91241]: INFO neutron.quota.resource_registry [None req-09570d3e-a178-4714-b291-3b0403e35375 None None] Creating instance of CountableResource for resource:rbac_policy
Aug 05 14:37:34.095043 np0000006569 devstack@neutron-api.service[91241]: WARNING neutron.quota.resource_registry [None req-09570d3e-a178-4714-b291-3b0403e35375 None None] rbac_policy is already registered
Aug 05 14:37:34.095344 np0000006569 devstack@neutron-api.service[91242]: DEBUG neutron_lib.callbacks.manager [None req-1bc06ff6-7707-4d03-a652-dbe3c44bf25a None None] Publish callbacks ['neutron.plugins.ml2.drivers.ovn.mech_driver.mech_driver.OVNMechanismDriver.pre_fork_initialize-859632'] for process (None), before_spawn {{(pid=91242) _notify_loop /opt/stack/data/venv/lib/python3.12/site-packages/neutron_lib/callbacks/manager.py:184}}
Aug 05 14:37:34.096091 np0000006569 devstack@neutron-api.service[91242]: DEBUG oslo_concurrency.processutils [None req-1bc06ff6-7707-4d03-a652-dbe3c44bf25a None None] Running cmd (subprocess): ovsdb-client transact ssl:10.4.3.237:6641 --timeout 180 -p /opt/stack/data/CA/int-ca/private/devstack-cert.key -c /opt/stack/data/CA/int-ca/devstack-cert.crt -C /opt/stack/data/CA/int-ca/ca-chain.pem ["OVN_Northbound", {"op": "wait", "timeout": 0, "table": "Port_Group", "where": [["name", "==", "neutron_pg_drop"]], "until": "==", "rows": []}, {"op": "insert", "table": "ACL", "row": {"action": "drop", "direction": "to-lport", "match": "outport == @neutron_pg_drop && ip", "priority": 1001}, "uuid-name": "droptoport"}, {"op": "insert", "table": "ACL", "row": {"action": "drop", "direction": "from-lport", "match": "inport == @neutron_pg_drop && ip", "priority": 1001}, "uuid-name": "dropfromport"}, {"op": "insert", "table": "Port_Group", "row": {"name": "neutron_pg_drop", "acls": ["set", [["named-uuid", "droptoport"], ["named-uuid", "dropfromport"]]]}}] {{(pid=91242) execute /opt/stack/data/venv/lib/python3.12/site-packages/oslo_concurrency/processutils.py:440}}
Aug 05 14:37:34.096300 np0000006569 devstack@neutron-api.service[91241]: INFO neutron.quota.resource_registry [None req-09570d3e-a178-4714-b291-3b0403e35375 None None] Creating instance of TrackedResource for resource:security_group
Aug 05 14:37:34.096300 np0000006569 devstack@neutron-api.service[91241]: WARNING neutron.quota.resource_registry [None req-09570d3e-a178-4714-b291-3b0403e35375 None None] security_group is already registered
Aug 05 14:37:34.096699 np0000006569 devstack@neutron-api.service[91241]: INFO neutron.quota.resource_registry [None req-09570d3e-a178-4714-b291-3b0403e35375 None None] Creating instance of TrackedResource for resource:security_group_rule
Aug 05 14:37:34.096878 np0000006569 devstack@neutron-api.service[91241]: WARNING neutron.quota.resource_registry [None req-09570d3e-a178-4714-b291-3b0403e35375 None None] security_group_rule is already registered
Aug 05 14:37:34.097601 np0000006569 devstack@neutron-api.service[91241]: DEBUG neutron.api.v2.resource_helper [None req-09570d3e-a178-4714-b291-3b0403e35375 None None] Service CORE assigned prefix: {{(pid=91241) build_resource_info /opt/stack/neutron/neutron/api/v2/resource_helper.py:77}}
Aug 05 14:37:34.097756 np0000006569 devstack@neutron-api.service[91241]: INFO neutron.quota.resource_registry [None req-09570d3e-a178-4714-b291-3b0403e35375 None None] Creating instance of TrackedResource for resource:subnetpool
Aug 05 14:37:34.097892 np0000006569 devstack@neutron-api.service[91241]: WARNING neutron.quota.resource_registry [None req-09570d3e-a178-4714-b291-3b0403e35375 None None] subnetpool is already registered
Aug 05 14:37:34.098342 np0000006569 devstack@neutron-api.service[91241]: DEBUG neutron.api.v2.resource_helper [None req-09570d3e-a178-4714-b291-3b0403e35375 None None] Service CORE assigned prefix: {{(pid=91241) build_resource_info /opt/stack/neutron/neutron/api/v2/resource_helper.py:77}}
Aug 05 14:37:34.098691 np0000006569 devstack@neutron-api.service[91241]: INFO neutron.quota.resource_registry [None req-09570d3e-a178-4714-b291-3b0403e35375 None None] Creating instance of TrackedResource for resource:subnetpool
Aug 05 14:37:34.098691 np0000006569 devstack@neutron-api.service[91241]: WARNING neutron.quota.resource_registry [None req-09570d3e-a178-4714-b291-3b0403e35375 None None] subnetpool is already registered
Aug 05 14:37:34.099329 np0000006569 devstack@neutron-api.service[91241]: DEBUG neutron.api.extensions [None req-09570d3e-a178-4714-b291-3b0403e35375 None None] Extended resource: extensions {{(pid=91241) __init__ /opt/stack/neutron/neutron/api/extensions.py:156}}
Aug 05 14:37:34.100263 np0000006569 devstack@neutron-api.service[91241]: DEBUG neutron.api.extensions [None req-09570d3e-a178-4714-b291-3b0403e35375 None None] Extended resource: address-groups {{(pid=91241) __init__ /opt/stack/neutron/neutron/api/extensions.py:156}}
Aug 05 14:37:34.101099 np0000006569 devstack@neutron-api.service[91241]: DEBUG neutron.api.extensions [None req-09570d3e-a178-4714-b291-3b0403e35375 None None] Extended resource: address-scopes {{(pid=91241) __init__ /opt/stack/neutron/neutron/api/extensions.py:156}}
Aug 05 14:37:34.101798 np0000006569 devstack@neutron-api.service[91241]: DEBUG neutron.api.extensions [None req-09570d3e-a178-4714-b291-3b0403e35375 None None] Extended resource: agents {{(pid=91241) __init__ /opt/stack/neutron/neutron/api/extensions.py:156}}
Aug 05 14:37:34.102423 np0000006569 devstack@neutron-api.service[91243]: DEBUG neutron_lib.callbacks.manager [None req-aaac1632-453d-4ad5-b831-19944eecc19c None None] Publish callbacks ['neutron.plugins.ml2.drivers.ovn.mech_driver.mech_driver.OVNMechanismDriver.pre_fork_initialize-524535'] for process (None), before_spawn {{(pid=91243) _notify_loop /opt/stack/data/venv/lib/python3.12/site-packages/neutron_lib/callbacks/manager.py:184}}
Aug 05 14:37:34.102512 np0000006569 devstack@neutron-api.service[91241]: DEBUG neutron.api.extensions [None req-09570d3e-a178-4714-b291-3b0403e35375 None None] Extended resource: auto-allocated-topology {{(pid=91241) __init__ /opt/stack/neutron/neutron/api/extensions.py:156}}
Aug 05 14:37:34.103003 np0000006569 devstack@neutron-api.service[91243]: DEBUG oslo_concurrency.processutils [None req-aaac1632-453d-4ad5-b831-19944eecc19c None None] Running cmd (subprocess): ovsdb-client transact ssl:10.4.3.237:6641 --timeout 180 -p /opt/stack/data/CA/int-ca/private/devstack-cert.key -c /opt/stack/data/CA/int-ca/devstack-cert.crt -C /opt/stack/data/CA/int-ca/ca-chain.pem ["OVN_Northbound", {"op": "wait", "timeout": 0, "table": "Port_Group", "where": [["name", "==", "neutron_pg_drop"]], "until": "==", "rows": []}, {"op": "insert", "table": "ACL", "row": {"action": "drop", "direction": "to-lport", "match": "outport == @neutron_pg_drop && ip", "priority": 1001}, "uuid-name": "droptoport"}, {"op": "insert", "table": "ACL", "row": {"action": "drop", "direction": "from-lport", "match": "inport == @neutron_pg_drop && ip", "priority": 1001}, "uuid-name": "dropfromport"}, {"op": "insert", "table": "Port_Group", "row": {"name": "neutron_pg_drop", "acls": ["set", [["named-uuid", "droptoport"], ["named-uuid", "dropfromport"]]]}}] {{(pid=91243) execute /opt/stack/data/venv/lib/python3.12/site-packages/oslo_concurrency/processutils.py:440}}
Aug 05 14:37:34.103132 np0000006569 devstack@neutron-api.service[91241]: DEBUG neutron.api.extensions [None req-09570d3e-a178-4714-b291-3b0403e35375 None None] Extended resource: availability_zones {{(pid=91241) __init__ /opt/stack/neutron/neutron/api/extensions.py:156}}
Aug 05 14:37:34.103745 np0000006569 devstack@neutron-api.service[91241]: DEBUG neutron.api.extensions [None req-09570d3e-a178-4714-b291-3b0403e35375 None None] Extended resource: dhcp-networks {{(pid=91241) __init__ /opt/stack/neutron/neutron/api/extensions.py:156}}
Aug 05 14:37:34.104674 np0000006569 devstack@neutron-api.service[91241]: DEBUG neutron.api.extensions [None req-09570d3e-a178-4714-b291-3b0403e35375 None None] Extended resource: dhcp-agents {{(pid=91241) __init__ /opt/stack/neutron/neutron/api/extensions.py:156}}
Aug 05 14:37:34.105412 np0000006569 devstack@neutron-api.service[91241]: DEBUG neutron.api.extensions [None req-09570d3e-a178-4714-b291-3b0403e35375 None None] Extended resource: routers {{(pid=91241) __init__ /opt/stack/neutron/neutron/api/extensions.py:156}}
Aug 05 14:37:34.106517 np0000006569 devstack@neutron-api.service[91241]: DEBUG neutron.api.extensions [None req-09570d3e-a178-4714-b291-3b0403e35375 None None] Extended resource: flavors {{(pid=91241) __init__ /opt/stack/neutron/neutron/api/extensions.py:156}}
Aug 05 14:37:34.107130 np0000006569 devstack@neutron-api.service[91241]: DEBUG neutron.api.extensions [None req-09570d3e-a178-4714-b291-3b0403e35375 None None] Extended resource: service_profiles {{(pid=91241) __init__ /opt/stack/neutron/neutron/api/extensions.py:156}}
Aug 05 14:37:34.107935 np0000006569 devstack@neutron-api.service[91241]: DEBUG neutron.api.extensions [None req-09570d3e-a178-4714-b291-3b0403e35375 None None] Extended resource: next_providers {{(pid=91241) __init__ /opt/stack/neutron/neutron/api/extensions.py:156}}
Aug 05 14:37:34.108814 np0000006569 devstack@neutron-api.service[91241]: DEBUG neutron.api.extensions [None req-09570d3e-a178-4714-b291-3b0403e35375 None None] Extended resource: service_profiles {{(pid=91241) __init__ /opt/stack/neutron/neutron/api/extensions.py:156}}
Aug 05 14:37:34.110489 np0000006569 devstack@neutron-api.service[91241]: DEBUG neutron.api.extensions [None req-09570d3e-a178-4714-b291-3b0403e35375 None None] Extended resource: floatingip-pools {{(pid=91241) __init__ /opt/stack/neutron/neutron/api/extensions.py:156}}
Aug 05 14:37:34.111088 np0000006569 devstack@neutron-api.service[91241]: DEBUG neutron.api.extensions [None req-09570d3e-a178-4714-b291-3b0403e35375 None None] Extended resource: routers {{(pid=91241) __init__ /opt/stack/neutron/neutron/api/extensions.py:156}}
Aug 05 14:37:34.112223 np0000006569 devstack@neutron-api.service[91241]: DEBUG neutron.api.extensions [None req-09570d3e-a178-4714-b291-3b0403e35375 None None] Extended resource: floatingips {{(pid=91241) __init__ /opt/stack/neutron/neutron/api/extensions.py:156}}
Aug 05 14:37:34.112909 np0000006569 devstack@neutron-api.service[91241]: DEBUG neutron.api.extensions [None req-09570d3e-a178-4714-b291-3b0403e35375 None None] Extended resource: l3-routers {{(pid=91241) __init__ /opt/stack/neutron/neutron/api/extensions.py:156}}
Aug 05 14:37:34.113663 np0000006569 devstack@neutron-api.service[91241]: DEBUG neutron.api.extensions [None req-09570d3e-a178-4714-b291-3b0403e35375 None None] Extended resource: l3-agents {{(pid=91241) __init__ /opt/stack/neutron/neutron/api/extensions.py:156}}
Aug 05 14:37:34.114416 np0000006569 devstack@neutron-api.service[91241]: DEBUG neutron.api.extensions [None req-09570d3e-a178-4714-b291-3b0403e35375 None None] Extended resource: network-ip-availabilities {{(pid=91241) __init__ /opt/stack/neutron/neutron/api/extensions.py:156}}
Aug 05 14:37:34.116482 np0000006569 devstack@neutron-api.service[91241]: DEBUG neutron.api.extensions [None req-09570d3e-a178-4714-b291-3b0403e35375 None None] Extended resource: network-ip-availabilities {{(pid=91241) __init__ /opt/stack/neutron/neutron/api/extensions.py:156}}
Aug 05 14:37:34.116482 np0000006569 devstack@neutron-api.service[91241]: DEBUG neutron.api.extensions [None req-09570d3e-a178-4714-b291-3b0403e35375 None None] Extended resource: bindings {{(pid=91241) __init__ /opt/stack/neutron/neutron/api/extensions.py:156}}
Aug 05 14:37:34.116800 np0000006569 devstack@neutron-api.service[91241]: DEBUG neutron.api.extensions [None req-09570d3e-a178-4714-b291-3b0403e35375 None None] Extended resource: quotas {{(pid=91241) __init__ /opt/stack/neutron/neutron/api/extensions.py:156}}
Aug 05 14:37:34.117589 np0000006569 devstack@neutron-api.service[91241]: DEBUG neutron.api.extensions [None req-09570d3e-a178-4714-b291-3b0403e35375 None None] Extended resource: quotas {{(pid=91241) __init__ /opt/stack/neutron/neutron/api/extensions.py:156}}
Aug 05 14:37:34.118421 np0000006569 devstack@neutron-api.service[91241]: DEBUG neutron.api.extensions [None req-09570d3e-a178-4714-b291-3b0403e35375 None None] Extended resource: rbac-policies {{(pid=91241) __init__ /opt/stack/neutron/neutron/api/extensions.py:156}}
Aug 05 14:37:34.119152 np0000006569 devstack@neutron-api.service[91241]: DEBUG neutron.api.extensions [None req-09570d3e-a178-4714-b291-3b0403e35375 None None] Extended resource: default-security-group-rules {{(pid=91241) __init__ /opt/stack/neutron/neutron/api/extensions.py:156}}
Aug 05 14:37:34.119785 np0000006569 devstack@neutron-api.service[91241]: DEBUG neutron.api.extensions [None req-09570d3e-a178-4714-b291-3b0403e35375 None None] Extended resource: security-groups-default-statefulness {{(pid=91241) __init__ /opt/stack/neutron/neutron/api/extensions.py:156}}
Aug 05 14:37:34.120913 np0000006569 devstack@neutron-api.service[91241]: DEBUG neutron.api.extensions [None req-09570d3e-a178-4714-b291-3b0403e35375 None None] Extended resource: security-groups {{(pid=91241) __init__ /opt/stack/neutron/neutron/api/extensions.py:156}}
Aug 05 14:37:34.121074 np0000006569 devstack@neutron-api.service[91241]: DEBUG neutron.api.extensions [None req-09570d3e-a178-4714-b291-3b0403e35375 None None] Extended resource: security-group-rules {{(pid=91241) __init__ /opt/stack/neutron/neutron/api/extensions.py:156}}
Aug 05 14:37:34.121687 np0000006569 devstack@neutron-api.service[91241]: DEBUG neutron.api.extensions [None req-09570d3e-a178-4714-b291-3b0403e35375 None None] Extended resource: service-providers {{(pid=91241) __init__ /opt/stack/neutron/neutron/api/extensions.py:156}}
Aug 05 14:37:34.122380 np0000006569 devstack@neutron-api.service[91241]: DEBUG neutron.api.extensions [None req-09570d3e-a178-4714-b291-3b0403e35375 None None] Extended resource: subnetpools {{(pid=91241) __init__ /opt/stack/neutron/neutron/api/extensions.py:156}}
Aug 05 14:37:34.124324 np0000006569 devstack@neutron-api.service[91241]: DEBUG neutron.api.extensions [None req-09570d3e-a178-4714-b291-3b0403e35375 None None] Extended resource: subnetpools {{(pid=91241) __init__ /opt/stack/neutron/neutron/api/extensions.py:156}}
Aug 05 14:37:34.125709 np0000006569 devstack@neutron-api.service[91241]: DEBUG neutron.api.extensions [None req-09570d3e-a178-4714-b291-3b0403e35375 None None] Extended resource: tags {{(pid=91241) __init__ /opt/stack/neutron/neutron/api/extensions.py:156}}
Aug 05 14:37:34.127297 np0000006569 devstack@neutron-api.service[91241]: DEBUG neutron.api.extensions [None req-09570d3e-a178-4714-b291-3b0403e35375 None None] Extended resource: tags {{(pid=91241) __init__ /opt/stack/neutron/neutron/api/extensions.py:156}}
Aug 05 14:37:34.128743 np0000006569 devstack@neutron-api.service[91241]: DEBUG neutron.api.extensions [None req-09570d3e-a178-4714-b291-3b0403e35375 None None] Extended resource: tags {{(pid=91241) __init__ /opt/stack/neutron/neutron/api/extensions.py:156}}
Aug 05 14:37:34.130127 np0000006569 devstack@neutron-api.service[91241]: DEBUG neutron.api.extensions [None req-09570d3e-a178-4714-b291-3b0403e35375 None None] Extended resource: tags {{(pid=91241) __init__ /opt/stack/neutron/neutron/api/extensions.py:156}}
Aug 05 14:37:34.132654 np0000006569 devstack@neutron-api.service[91241]: DEBUG neutron.api.extensions [None req-09570d3e-a178-4714-b291-3b0403e35375 None None] Extended resource: tags {{(pid=91241) __init__ /opt/stack/neutron/neutron/api/extensions.py:156}}
Aug 05 14:37:34.133586 np0000006569 devstack@neutron-api.service[91241]: DEBUG neutron.api.extensions [None req-09570d3e-a178-4714-b291-3b0403e35375 None None] Extended resource: tags {{(pid=91241) __init__ /opt/stack/neutron/neutron/api/extensions.py:156}}
Aug 05 14:37:34.134213 np0000006569 devstack@neutron-api.service[91241]: DEBUG neutron.api.extensions [None req-09570d3e-a178-4714-b291-3b0403e35375 None None] Extended resource: tags {{(pid=91241) __init__ /opt/stack/neutron/neutron/api/extensions.py:156}}
Aug 05 14:37:34.135188 np0000006569 devstack@neutron-api.service[91241]: DEBUG neutron.api.extensions [None req-09570d3e-a178-4714-b291-3b0403e35375 None None] Extended resource: tags {{(pid=91241) __init__ /opt/stack/neutron/neutron/api/extensions.py:156}}
Aug 05 14:37:34.136388 np0000006569 devstack@neutron-api.service[91241]: DEBUG neutron.api.extensions [None req-09570d3e-a178-4714-b291-3b0403e35375 None None] Extended resource: tags {{(pid=91241) __init__ /opt/stack/neutron/neutron/api/extensions.py:156}}
Aug 05 14:37:34.137346 np0000006569 devstack@neutron-api.service[91242]: DEBUG oslo_concurrency.processutils [None req-1bc06ff6-7707-4d03-a652-dbe3c44bf25a None None] CMD "ovsdb-client transact ssl:10.4.3.237:6641 --timeout 180 -p /opt/stack/data/CA/int-ca/private/devstack-cert.key -c /opt/stack/data/CA/int-ca/devstack-cert.crt -C /opt/stack/data/CA/int-ca/ca-chain.pem ["OVN_Northbound", {"op": "wait", "timeout": 0, "table": "Port_Group", "where": [["name", "==", "neutron_pg_drop"]], "until": "==", "rows": []}, {"op": "insert", "table": "ACL", "row": {"action": "drop", "direction": "to-lport", "match": "outport == @neutron_pg_drop && ip", "priority": 1001}, "uuid-name": "droptoport"}, {"op": "insert", "table": "ACL", "row": {"action": "drop", "direction": "from-lport", "match": "inport == @neutron_pg_drop && ip", "priority": 1001}, "uuid-name": "dropfromport"}, {"op": "insert", "table": "Port_Group", "row": {"name": "neutron_pg_drop", "acls": ["set", [["named-uuid", "droptoport"], ["named-uuid", "dropfromport"]]]}}]" returned: 0 in 0.041s {{(pid=91242) execute /opt/stack/data/venv/lib/python3.12/site-packages/oslo_concurrency/processutils.py:468}}
Aug 05 14:37:34.137842 np0000006569 devstack@neutron-api.service[91242]: DEBUG neutron_lib.callbacks.manager [None req-1bc06ff6-7707-4d03-a652-dbe3c44bf25a None None] Publish callbacks ['neutron.plugins.ml2.drivers.ovn.mech_driver.mech_driver.OVNMechanismDriver.post_fork_initialize-859416', 'neutron.services.pvlan.drivers.ovn.driver._initialize_pvlan_pg_drop-8359954982732', 'neutron.services.ovn_l3.plugin.OVNL3RouterPlugin._post_fork_initialize-2010046'] for process (None), after_init {{(pid=91242) _notify_loop /opt/stack/data/venv/lib/python3.12/site-packages/neutron_lib/callbacks/manager.py:184}}
Aug 05 14:37:34.137942 np0000006569 devstack@neutron-api.service[91241]: DEBUG neutron.api.extensions [None req-09570d3e-a178-4714-b291-3b0403e35375 None None] Extended resource: tags {{(pid=91241) __init__ /opt/stack/neutron/neutron/api/extensions.py:156}}
Aug 05 14:37:34.138264 np0000006569 devstack@neutron-api.service[91242]: DEBUG oslo_concurrency.lockutils [None req-1bc06ff6-7707-4d03-a652-dbe3c44bf25a None None] Acquiring lock "singleton_lock" {{(pid=91242) lock /opt/stack/data/venv/lib/python3.12/site-packages/oslo_concurrency/lockutils.py:396}}
Aug 05 14:37:34.138407 np0000006569 devstack@neutron-api.service[91242]: DEBUG oslo_concurrency.lockutils [None req-1bc06ff6-7707-4d03-a652-dbe3c44bf25a None None] Acquired lock "singleton_lock" {{(pid=91242) lock /opt/stack/data/venv/lib/python3.12/site-packages/oslo_concurrency/lockutils.py:399}}
Aug 05 14:37:34.138696 np0000006569 devstack@neutron-api.service[91242]: DEBUG oslo_concurrency.lockutils [None req-1bc06ff6-7707-4d03-a652-dbe3c44bf25a None None] Releasing lock "singleton_lock" {{(pid=91242) lock /opt/stack/data/venv/lib/python3.12/site-packages/oslo_concurrency/lockutils.py:419}}
Aug 05 14:37:34.140610 np0000006569 devstack@neutron-api.service[91242]: DEBUG neutron.plugins.ml2.drivers.ovn.mech_driver.mech_driver [None req-1bc06ff6-7707-4d03-a652-dbe3c44bf25a None None] Hash Ring setup using WSGI start time 2026-08-05 14:37:27+00:00 {{(pid=91242) _init_hash_ring /opt/stack/neutron/neutron/plugins/ml2/drivers/ovn/mech_driver/mech_driver.py:404}}
Aug 05 14:37:34.143659 np0000006569 devstack@neutron-api.service[91243]: DEBUG oslo_concurrency.processutils [None req-aaac1632-453d-4ad5-b831-19944eecc19c None None] CMD "ovsdb-client transact ssl:10.4.3.237:6641 --timeout 180 -p /opt/stack/data/CA/int-ca/private/devstack-cert.key -c /opt/stack/data/CA/int-ca/devstack-cert.crt -C /opt/stack/data/CA/int-ca/ca-chain.pem ["OVN_Northbound", {"op": "wait", "timeout": 0, "table": "Port_Group", "where": [["name", "==", "neutron_pg_drop"]], "until": "==", "rows": []}, {"op": "insert", "table": "ACL", "row": {"action": "drop", "direction": "to-lport", "match": "outport == @neutron_pg_drop && ip", "priority": 1001}, "uuid-name": "droptoport"}, {"op": "insert", "table": "ACL", "row": {"action": "drop", "direction": "from-lport", "match": "inport == @neutron_pg_drop && ip", "priority": 1001}, "uuid-name": "dropfromport"}, {"op": "insert", "table": "Port_Group", "row": {"name": "neutron_pg_drop", "acls": ["set", [["named-uuid", "droptoport"], ["named-uuid", "dropfromport"]]]}}]" returned: 0 in 0.040s {{(pid=91243) execute /opt/stack/data/venv/lib/python3.12/site-packages/oslo_concurrency/processutils.py:468}}
Aug 05 14:37:34.145040 np0000006569 devstack@neutron-api.service[91243]: DEBUG neutron_lib.callbacks.manager [None req-aaac1632-453d-4ad5-b831-19944eecc19c None None] Publish callbacks ['neutron.plugins.ml2.drivers.ovn.mech_driver.mech_driver.OVNMechanismDriver.post_fork_initialize-524447', 'neutron.services.pvlan.drivers.ovn.driver._initialize_pvlan_pg_drop-8359954984840', 'neutron.services.ovn_l3.plugin.OVNL3RouterPlugin._post_fork_initialize-1965099'] for process (None), after_init {{(pid=91243) _notify_loop /opt/stack/data/venv/lib/python3.12/site-packages/neutron_lib/callbacks/manager.py:184}}
Aug 05 14:37:34.145484 np0000006569 devstack@neutron-api.service[91243]: DEBUG oslo_concurrency.lockutils [None req-aaac1632-453d-4ad5-b831-19944eecc19c None None] Acquiring lock "singleton_lock" {{(pid=91243) lock /opt/stack/data/venv/lib/python3.12/site-packages/oslo_concurrency/lockutils.py:396}}
Aug 05 14:37:34.145595 np0000006569 devstack@neutron-api.service[91243]: DEBUG oslo_concurrency.lockutils [None req-aaac1632-453d-4ad5-b831-19944eecc19c None None] Acquired lock "singleton_lock" {{(pid=91243) lock /opt/stack/data/venv/lib/python3.12/site-packages/oslo_concurrency/lockutils.py:399}}
Aug 05 14:37:34.145889 np0000006569 devstack@neutron-api.service[91243]: DEBUG oslo_concurrency.lockutils [None req-aaac1632-453d-4ad5-b831-19944eecc19c None None] Releasing lock "singleton_lock" {{(pid=91243) lock /opt/stack/data/venv/lib/python3.12/site-packages/oslo_concurrency/lockutils.py:419}}
Aug 05 14:37:34.148029 np0000006569 devstack@neutron-api.service[91243]: DEBUG neutron.plugins.ml2.drivers.ovn.mech_driver.mech_driver [None req-aaac1632-453d-4ad5-b831-19944eecc19c None None] Hash Ring setup using WSGI start time 2026-08-05 14:37:27+00:00 {{(pid=91243) _init_hash_ring /opt/stack/neutron/neutron/plugins/ml2/drivers/ovn/mech_driver/mech_driver.py:404}}
Aug 05 14:37:34.149933 np0000006569 devstack@neutron-api.service[91241]: DEBUG neutron_lib.callbacks.manager [None req-09570d3e-a178-4714-b291-3b0403e35375 None None] Publish callbacks ['neutron.plugins.ml2.drivers.ovn.mech_driver.mech_driver.OVNMechanismDriver.pre_fork_initialize-884356'] for process (None), before_spawn {{(pid=91241) _notify_loop /opt/stack/data/venv/lib/python3.12/site-packages/neutron_lib/callbacks/manager.py:184}}
Aug 05 14:37:34.150374 np0000006569 devstack@neutron-api.service[91241]: DEBUG oslo_concurrency.processutils [None req-09570d3e-a178-4714-b291-3b0403e35375 None None] Running cmd (subprocess): ovsdb-client transact ssl:10.4.3.237:6641 --timeout 180 -p /opt/stack/data/CA/int-ca/private/devstack-cert.key -c /opt/stack/data/CA/int-ca/devstack-cert.crt -C /opt/stack/data/CA/int-ca/ca-chain.pem ["OVN_Northbound", {"op": "wait", "timeout": 0, "table": "Port_Group", "where": [["name", "==", "neutron_pg_drop"]], "until": "==", "rows": []}, {"op": "insert", "table": "ACL", "row": {"action": "drop", "direction": "to-lport", "match": "outport == @neutron_pg_drop && ip", "priority": 1001}, "uuid-name": "droptoport"}, {"op": "insert", "table": "ACL", "row": {"action": "drop", "direction": "from-lport", "match": "inport == @neutron_pg_drop && ip", "priority": 1001}, "uuid-name": "dropfromport"}, {"op": "insert", "table": "Port_Group", "row": {"name": "neutron_pg_drop", "acls": ["set", [["named-uuid", "droptoport"], ["named-uuid", "dropfromport"]]]}}] {{(pid=91241) execute /opt/stack/data/venv/lib/python3.12/site-packages/oslo_concurrency/processutils.py:440}}
Aug 05 14:37:34.151146 np0000006569 devstack@neutron-api.service[91242]: INFO neutron.db.ovn_hash_ring_db [None req-1bc06ff6-7707-4d03-a652-dbe3c44bf25a None None] Nodes from host "np0000006569" and group "mechanism_driver" removed from the Hash Ring created at 2026-08-05 14:37:27+00:00
Aug 05 14:37:34.156195 np0000006569 devstack@neutron-api.service[91242]: INFO neutron.db.ovn_hash_ring_db [None req-1bc06ff6-7707-4d03-a652-dbe3c44bf25a None None] Node cb26352f2a53588593abb552e804d983 from host "np0000006569" and group "mechanism_driver" added to the Hash Ring
Aug 05 14:37:34.157708 np0000006569 devstack@neutron-api.service[91240]: DEBUG neutron.common.ovn.hash_ring_manager [-] Hash Ring loaded. 1 active nodes. 0 offline nodes {{(pid=91240) _load_hash_ring /opt/stack/neutron/neutron/common/ovn/hash_ring_manager.py:110}}
Aug 05 14:37:34.158145 np0000006569 devstack@neutron-api.service[91240]: DEBUG neutron.plugins.ml2.drivers.ovn.mech_driver.ovsdb.ovsdb_monitor [-] Hash Ring: Node 910b58f35d295b569a1d27cc5c07801a (host: np0000006569) handling event "update" for row e3b556e1-ff1e-4ecc-a452-bec66ce0a080 (table: Connection) {{(pid=91240) notify /opt/stack/neutron/neutron/plugins/ml2/drivers/ovn/mech_driver/ovsdb/ovsdb_monitor.py:1099}}
Aug 05 14:37:34.161143 np0000006569 devstack@neutron-api.service[91242]: DEBUG neutron.plugins.ml2.drivers.ovn.mech_driver.mech_driver [None req-1bc06ff6-7707-4d03-a652-dbe3c44bf25a None None] Hash Ring setup, this worker has detected 2 OVN hash ring registers in the database {{(pid=91242) _init_hash_ring /opt/stack/neutron/neutron/plugins/ml2/drivers/ovn/mech_driver/mech_driver.py:414}}
Aug 05 14:37:34.168844 np0000006569 devstack@neutron-api.service[91243]: INFO neutron.db.ovn_hash_ring_db [None req-aaac1632-453d-4ad5-b831-19944eecc19c None None] Nodes from host "np0000006569" and group "mechanism_driver" removed from the Hash Ring created at 2026-08-05 14:37:27+00:00
Aug 05 14:37:34.170070 np0000006569 devstack@neutron-api.service[91242]: DEBUG neutron.plugins.ml2.drivers.ovn.mech_driver.ovsdb.maintenance [None req-1bc06ff6-7707-4d03-a652-dbe3c44bf25a None None] Periodic task found: HashRingHealthCheckPeriodics.touch_hash_ring_node {{(pid=91242) add_periodics /opt/stack/neutron/neutron/plugins/ml2/drivers/ovn/mech_driver/ovsdb/maintenance.py:147}}
Aug 05 14:37:34.173168 np0000006569 devstack@neutron-api.service[91242]: INFO neutron.plugins.ml2.drivers.ovn.mech_driver.mech_driver [None req-1bc06ff6-7707-4d03-a652-dbe3c44bf25a None None] Hash Ring probing thread for node cb26352f2a53588593abb552e804d983 has started
Aug 05 14:37:34.173711 np0000006569 devstack@neutron-api.service[91242]: INFO neutron.plugins.ml2.drivers.ovn.mech_driver.ovsdb.impl_idl_ovn [None req-1bc06ff6-7707-4d03-a652-dbe3c44bf25a None None] Getting OvsdbNbOvnIdl for WorkerService with retry
Aug 05 14:37:34.174221 np0000006569 devstack@neutron-api.service[91243]: INFO neutron.db.ovn_hash_ring_db [None req-aaac1632-453d-4ad5-b831-19944eecc19c None None] Node 32fb9d36a5145ac1b95c860fa44dd7cd from host "np0000006569" and group "mechanism_driver" added to the Hash Ring
