Jun 12 03:34:12.451870 np0000002711 devstack@c-api.service[99214]: DEBUG cinder.volume.api [None req-5abf9b87-59cc-49fc-9e43-66441d2c176a tempest-VolumesDeleteCascade-400396817 tempest-VolumesDeleteCascade-400396817-project-member] Flow 'volume_create_api' (9272c4a8-aa4a-407f-8497-5d6ffa830309) transitioned into state 'SUCCESS' from state 'RUNNING' {{(pid=99214) _flow_receiver /opt/stack/data/venv/lib/python3.12/site-packages/taskflow/listeners/logging.py:160}}
Jun 12 03:34:12.452345 np0000002711 devstack@c-api.service[99214]: INFO cinder.volume.api [None req-5abf9b87-59cc-49fc-9e43-66441d2c176a tempest-VolumesDeleteCascade-400396817 tempest-VolumesDeleteCascade-400396817-project-member] Create volume request issued successfully.
Jun 12 03:34:12.454688 np0000002711 devstack@c-api.service[99214]: INFO cinder.api.openstack.wsgi [None req-5abf9b87-59cc-49fc-9e43-66441d2c176a tempest-VolumesDeleteCascade-400396817 tempest-VolumesDeleteCascade-400396817-project-member] https://10.4.3.76/volume/v3/volumes returned with HTTP 202
Jun 12 03:34:12.455264 np0000002711 devstack@c-api.service[99214]: [pid: 99214|app: 0|req: 81/240] 10.4.3.76 () {68 vars in 1251 bytes} [Fri Jun 12 03:34:12 2026] POST /volume/v3/volumes => generated 749 bytes in 334 msecs (HTTP/1.1 202) 7 headers in 291 bytes (1 switches on core 0)
Jun 12 03:34:12.475092 np0000002711 devstack@c-api.service[99215]: DEBUG cinder.api.middleware.request_id [None req-67573e0a-87f3-44f1-9a71-e279c23c49bd None None] RequestId filter calling following filter/app {{(pid=99215) _context_setter /opt/stack/cinder/cinder/api/middleware/request_id.py:62}}
Jun 12 03:34:12.477205 np0000002711 devstack@c-api.service[99215]: INFO cinder.api.openstack.wsgi [None req-67573e0a-87f3-44f1-9a71-e279c23c49bd tempest-VolumesDeleteCascade-400396817 tempest-VolumesDeleteCascade-400396817-project-member] GET https://10.4.3.76/volume/v3/volumes/4df97c56-3379-4124-919b-078bfce98a55
Jun 12 03:34:12.477546 np0000002711 devstack@c-api.service[99215]: DEBUG cinder.api.openstack.wsgi [None req-67573e0a-87f3-44f1-9a71-e279c23c49bd tempest-VolumesDeleteCascade-400396817 tempest-VolumesDeleteCascade-400396817-project-member] Empty body provided in request {{(pid=99215) get_body /opt/stack/cinder/cinder/api/openstack/wsgi.py:725}}
Jun 12 03:34:12.477595 np0000002711 devstack@c-api.service[99216]: DEBUG cinder.api.middleware.request_id [None req-1fd667d8-62ee-4abd-8efe-ffeb0d0ddea6 None None] RequestId filter calling following filter/app {{(pid=99216) _context_setter /opt/stack/cinder/cinder/api/middleware/request_id.py:62}}
Jun 12 03:34:12.477712 np0000002711 devstack@c-api.service[99215]: DEBUG cinder.api.openstack.wsgi [None req-67573e0a-87f3-44f1-9a71-e279c23c49bd tempest-VolumesDeleteCascade-400396817 tempest-VolumesDeleteCascade-400396817-project-member] Calling method 'show' {{(pid=99215) _process_stack /opt/stack/cinder/cinder/api/openstack/wsgi.py:878}}
Jun 12 03:34:12.480214 np0000002711 devstack@c-api.service[99216]: INFO cinder.api.openstack.wsgi [None req-1fd667d8-62ee-4abd-8efe-ffeb0d0ddea6 tempest-ServerActionsTestOtherB-97772315 tempest-ServerActionsTestOtherB-97772315-project-member] GET https://10.4.3.76/volume/v3/volumes/fbef4410-16f5-473b-a287-9e1c452d414c
Jun 12 03:34:12.480677 np0000002711 devstack@c-api.service[99216]: DEBUG cinder.api.openstack.wsgi [None req-1fd667d8-62ee-4abd-8efe-ffeb0d0ddea6 tempest-ServerActionsTestOtherB-97772315 tempest-ServerActionsTestOtherB-97772315-project-member] Empty body provided in request {{(pid=99216) get_body /opt/stack/cinder/cinder/api/openstack/wsgi.py:725}}
Jun 12 03:34:12.481394 np0000002711 devstack@c-api.service[99216]: DEBUG cinder.api.openstack.wsgi [None req-1fd667d8-62ee-4abd-8efe-ffeb0d0ddea6 tempest-ServerActionsTestOtherB-97772315 tempest-ServerActionsTestOtherB-97772315-project-member] Calling method 'show' {{(pid=99216) _process_stack /opt/stack/cinder/cinder/api/openstack/wsgi.py:878}}
Jun 12 03:34:12.489432 np0000002711 devstack@c-api.service[99215]: /opt/stack/data/venv/lib/python3.12/site-packages/oslo_context/context.py:102: DeprecationWarning: Policy enforcement is depending on the value of is_admin. This key is deprecated. Please update your policy file to use the standard policy values.
Jun 12 03:34:12.489432 np0000002711 devstack@c-api.service[99215]: warnings.warn(
Jun 12 03:34:12.493901 np0000002711 devstack@c-api.service[99215]: INFO cinder.volume.api [None req-67573e0a-87f3-44f1-9a71-e279c23c49bd tempest-VolumesDeleteCascade-400396817 tempest-VolumesDeleteCascade-400396817-project-member] Volume info retrieved successfully.
Jun 12 03:34:12.494486 np0000002711 devstack@c-api.service[99216]: /opt/stack/data/venv/lib/python3.12/site-packages/oslo_context/context.py:102: DeprecationWarning: Policy enforcement is depending on the value of is_admin. This key is deprecated. Please update your policy file to use the standard policy values.
Jun 12 03:34:12.494486 np0000002711 devstack@c-api.service[99216]: warnings.warn(
Jun 12 03:34:12.498859 np0000002711 devstack@c-api.service[99215]: INFO cinder.api.openstack.wsgi [None req-67573e0a-87f3-44f1-9a71-e279c23c49bd tempest-VolumesDeleteCascade-400396817 tempest-VolumesDeleteCascade-400396817-project-member] https://10.4.3.76/volume/v3/volumes/4df97c56-3379-4124-919b-078bfce98a55 returned with HTTP 200
Jun 12 03:34:12.499220 np0000002711 devstack@c-api.service[99215]: [pid: 99215|app: 0|req: 81/241] 10.4.3.76 () {66 vars in 1341 bytes} [Fri Jun 12 03:34:12 2026] GET /volume/v3/volumes/4df97c56-3379-4124-919b-078bfce98a55 => generated 817 bytes in 25 msecs (HTTP/1.1 200) 7 headers in 285 bytes (1 switches on core 0)
Jun 12 03:34:12.504502 np0000002711 devstack@c-api.service[99216]: INFO cinder.volume.api [None req-1fd667d8-62ee-4abd-8efe-ffeb0d0ddea6 tempest-ServerActionsTestOtherB-97772315 tempest-ServerActionsTestOtherB-97772315-project-member] Volume info retrieved successfully.
Jun 12 03:34:12.508021 np0000002711 devstack@c-api.service[99216]: INFO cinder.api.openstack.wsgi [None req-1fd667d8-62ee-4abd-8efe-ffeb0d0ddea6 tempest-ServerActionsTestOtherB-97772315 tempest-ServerActionsTestOtherB-97772315-project-member] https://10.4.3.76/volume/v3/volumes/fbef4410-16f5-473b-a287-9e1c452d414c returned with HTTP 200
Jun 12 03:34:12.508592 np0000002711 devstack@c-api.service[99216]: [pid: 99216|app: 0|req: 80/242] 10.4.3.76 () {66 vars in 1341 bytes} [Fri Jun 12 03:34:12 2026] GET /volume/v3/volumes/fbef4410-16f5-473b-a287-9e1c452d414c => generated 844 bytes in 32 msecs (HTTP/1.1 200) 7 headers in 285 bytes (1 switches on core 0)
Jun 12 03:34:12.713355 np0000002711 devstack@c-api.service[99214]: DEBUG cinder.api.middleware.request_id [None req-e5fad4f0-8ecb-4f1a-ab4d-8092f7ff2095 None None] RequestId filter calling following filter/app {{(pid=99214) _context_setter /opt/stack/cinder/cinder/api/middleware/request_id.py:62}}
Jun 12 03:34:12.714540 np0000002711 devstack@c-api.service[99214]: INFO cinder.api.openstack.wsgi [None req-e5fad4f0-8ecb-4f1a-ab4d-8092f7ff2095 tempest-TestMultiAttachVolumeSwap-1870032942 tempest-TestMultiAttachVolumeSwap-1870032942-project-member] GET https://10.4.3.76/volume/v3/volumes/be2d77af-445e-4836-aeea-202b9d4b55fd
Jun 12 03:34:12.714838 np0000002711 devstack@c-api.service[99214]: DEBUG cinder.api.openstack.wsgi [None req-e5fad4f0-8ecb-4f1a-ab4d-8092f7ff2095 tempest-TestMultiAttachVolumeSwap-1870032942 tempest-TestMultiAttachVolumeSwap-1870032942-project-member] Empty body provided in request {{(pid=99214) get_body /opt/stack/cinder/cinder/api/openstack/wsgi.py:725}}
Jun 12 03:34:12.715091 np0000002711 devstack@c-api.service[99214]: DEBUG cinder.api.openstack.wsgi [None req-e5fad4f0-8ecb-4f1a-ab4d-8092f7ff2095 tempest-TestMultiAttachVolumeSwap-1870032942 tempest-TestMultiAttachVolumeSwap-1870032942-project-member] Calling method 'show' {{(pid=99214) _process_stack /opt/stack/cinder/cinder/api/openstack/wsgi.py:878}}
Jun 12 03:34:12.732976 np0000002711 devstack@c-api.service[99214]: /opt/stack/data/venv/lib/python3.12/site-packages/oslo_context/context.py:102: DeprecationWarning: Policy enforcement is depending on the value of is_admin. This key is deprecated. Please update your policy file to use the standard policy values.
Jun 12 03:34:12.732976 np0000002711 devstack@c-api.service[99214]: warnings.warn(
Jun 12 03:34:12.738810 np0000002711 devstack@c-api.service[99214]: INFO cinder.volume.api [None req-e5fad4f0-8ecb-4f1a-ab4d-8092f7ff2095 tempest-TestMultiAttachVolumeSwap-1870032942 tempest-TestMultiAttachVolumeSwap-1870032942-project-member] Volume info retrieved successfully.
Jun 12 03:34:12.747109 np0000002711 devstack@c-api.service[99214]: INFO cinder.api.openstack.wsgi [None req-e5fad4f0-8ecb-4f1a-ab4d-8092f7ff2095 tempest-TestMultiAttachVolumeSwap-1870032942 tempest-TestMultiAttachVolumeSwap-1870032942-project-member] https://10.4.3.76/volume/v3/volumes/be2d77af-445e-4836-aeea-202b9d4b55fd returned with HTTP 200
Jun 12 03:34:12.747869 np0000002711 devstack@c-api.service[99214]: [pid: 99214|app: 0|req: 82/243] 10.4.3.76 () {66 vars in 1341 bytes} [Fri Jun 12 03:34:12 2026] GET /volume/v3/volumes/be2d77af-445e-4836-aeea-202b9d4b55fd => generated 867 bytes in 37 msecs (HTTP/1.1 200) 7 headers in 285 bytes (1 switches on core 0)
Jun 12 03:34:12.768094 np0000002711 devstack@c-api.service[99215]: DEBUG cinder.api.middleware.request_id [req-b995ef51-b0e0-4ed7-b501-b8fc8398b6c9 req-6c85d1fb-66d3-4449-b1c6-4d792c8518fe None None] RequestId filter calling following filter/app {{(pid=99215) _context_setter /opt/stack/cinder/cinder/api/middleware/request_id.py:62}}
Jun 12 03:34:12.771056 np0000002711 devstack@c-api.service[99215]: INFO cinder.api.openstack.wsgi [req-b995ef51-b0e0-4ed7-b501-b8fc8398b6c9 req-6c85d1fb-66d3-4449-b1c6-4d792c8518fe tempest-VolumesAssistedSnapshotsTest-661284185 tempest-VolumesAssistedSnapshotsTest-661284185-project-admin] GET https://10.4.3.76/volume/v3/volumes/b4aa5865-4bee-4acc-a30e-d2dd61551383
Jun 12 03:34:12.771313 np0000002711 devstack@c-api.service[99215]: DEBUG cinder.api.openstack.wsgi [req-b995ef51-b0e0-4ed7-b501-b8fc8398b6c9 req-6c85d1fb-66d3-4449-b1c6-4d792c8518fe tempest-VolumesAssistedSnapshotsTest-661284185 tempest-VolumesAssistedSnapshotsTest-661284185-project-admin] Empty body provided in request {{(pid=99215) get_body /opt/stack/cinder/cinder/api/openstack/wsgi.py:725}}
Jun 12 03:34:12.771599 np0000002711 devstack@c-api.service[99215]: DEBUG cinder.api.openstack.wsgi [req-b995ef51-b0e0-4ed7-b501-b8fc8398b6c9 req-6c85d1fb-66d3-4449-b1c6-4d792c8518fe tempest-VolumesAssistedSnapshotsTest-661284185 tempest-VolumesAssistedSnapshotsTest-661284185-project-admin] Calling method 'show' {{(pid=99215) _process_stack /opt/stack/cinder/cinder/api/openstack/wsgi.py:878}}
Jun 12 03:34:12.781879 np0000002711 devstack@c-api.service[99215]: /opt/stack/data/venv/lib/python3.12/site-packages/oslo_context/context.py:102: DeprecationWarning: Policy enforcement is depending on the value of is_admin. This key is deprecated. Please update your policy file to use the standard policy values.
Jun 12 03:34:12.781879 np0000002711 devstack@c-api.service[99215]: warnings.warn(
Jun 12 03:34:12.787470 np0000002711 devstack@c-api.service[99215]: INFO cinder.volume.api [req-b995ef51-b0e0-4ed7-b501-b8fc8398b6c9 req-6c85d1fb-66d3-4449-b1c6-4d792c8518fe tempest-VolumesAssistedSnapshotsTest-661284185 tempest-VolumesAssistedSnapshotsTest-661284185-project-admin] Volume info retrieved successfully.
Jun 12 03:34:12.795614 np0000002711 devstack@c-api.service[99215]: INFO cinder.api.openstack.wsgi [req-b995ef51-b0e0-4ed7-b501-b8fc8398b6c9 req-6c85d1fb-66d3-4449-b1c6-4d792c8518fe tempest-VolumesAssistedSnapshotsTest-661284185 tempest-VolumesAssistedSnapshotsTest-661284185-project-admin] https://10.4.3.76/volume/v3/volumes/b4aa5865-4bee-4acc-a30e-d2dd61551383 returned with HTTP 200
Jun 12 03:34:12.796009 np0000002711 devstack@c-api.service[99215]: [pid: 99215|app: 0|req: 82/244] 10.4.3.76 () {68 vars in 1591 bytes} [Fri Jun 12 03:34:12 2026] GET /volume/v3/volumes/b4aa5865-4bee-4acc-a30e-d2dd61551383 => generated 1023 bytes in 28 msecs (HTTP/1.1 200) 7 headers in 286 bytes (1 switches on core 0)
Jun 12 03:34:12.816288 np0000002711 devstack@c-api.service[99216]: DEBUG cinder.api.middleware.request_id [None req-e2cfdf7f-5b1f-4a39-8032-463aeb43b4f9 None None] RequestId filter calling following filter/app {{(pid=99216) _context_setter /opt/stack/cinder/cinder/api/middleware/request_id.py:62}}
Jun 12 03:34:12.816850 np0000002711 devstack@c-api.service[99216]: INFO cinder.api.openstack.wsgi [None req-e2cfdf7f-5b1f-4a39-8032-463aeb43b4f9 None None] GET https://10.4.3.76/volume//
Jun 12 03:34:12.817116 np0000002711 devstack@c-api.service[99216]: DEBUG cinder.api.openstack.wsgi [None req-e2cfdf7f-5b1f-4a39-8032-463aeb43b4f9 None None] Empty body provided in request {{(pid=99216) get_body /opt/stack/cinder/cinder/api/openstack/wsgi.py:725}}
Jun 12 03:34:12.817424 np0000002711 devstack@c-api.service[99216]: DEBUG cinder.api.openstack.wsgi [None req-e2cfdf7f-5b1f-4a39-8032-463aeb43b4f9 None None] Calling method 'all' {{(pid=99216) _process_stack /opt/stack/cinder/cinder/api/openstack/wsgi.py:878}}
Jun 12 03:34:12.817843 np0000002711 devstack@c-api.service[99216]: INFO cinder.api.openstack.wsgi [None req-e2cfdf7f-5b1f-4a39-8032-463aeb43b4f9 None None] https://10.4.3.76/volume// returned with HTTP 300
Jun 12 03:34:12.819022 np0000002711 devstack@c-api.service[99216]: [pid: 99216|app: 0|req: 81/245] 10.4.3.76 () {66 vars in 1419 bytes} [Fri Jun 12 03:34:12 2026] GET /volume/ => generated 385 bytes in 2 msecs (HTTP/1.1 300) 7 headers in 299 bytes (1 switches on core 0)
Jun 12 03:34:12.828491 np0000002711 devstack@c-api.service[99214]: DEBUG cinder.api.middleware.request_id [req-c694b72e-4d7f-4c88-8b04-11a6ce489c91 req-20f77168-f5ee-428c-96e5-a2a4e5640792 None None] RequestId filter calling following filter/app {{(pid=99214) _context_setter /opt/stack/cinder/cinder/api/middleware/request_id.py:62}}
Jun 12 03:34:12.830718 np0000002711 devstack@c-api.service[99214]: INFO cinder.api.openstack.wsgi [req-c694b72e-4d7f-4c88-8b04-11a6ce489c91 req-20f77168-f5ee-428c-96e5-a2a4e5640792 tempest-ServerActionsTestOtherB-97772315 tempest-ServerActionsTestOtherB-97772315-project-member] GET https://10.4.3.76/volume/v3/volumes/fbef4410-16f5-473b-a287-9e1c452d414c
Jun 12 03:34:12.830901 np0000002711 devstack@c-api.service[99214]: DEBUG cinder.api.openstack.wsgi [req-c694b72e-4d7f-4c88-8b04-11a6ce489c91 req-20f77168-f5ee-428c-96e5-a2a4e5640792 tempest-ServerActionsTestOtherB-97772315 tempest-ServerActionsTestOtherB-97772315-project-member] Empty body provided in request {{(pid=99214) get_body /opt/stack/cinder/cinder/api/openstack/wsgi.py:725}}
Jun 12 03:34:12.831099 np0000002711 devstack@c-api.service[99214]: DEBUG cinder.api.openstack.wsgi [req-c694b72e-4d7f-4c88-8b04-11a6ce489c91 req-20f77168-f5ee-428c-96e5-a2a4e5640792 tempest-ServerActionsTestOtherB-97772315 tempest-ServerActionsTestOtherB-97772315-project-member] Calling method 'show' {{(pid=99214) _process_stack /opt/stack/cinder/cinder/api/openstack/wsgi.py:878}}
Jun 12 03:34:12.845930 np0000002711 devstack@c-api.service[99214]: /opt/stack/data/venv/lib/python3.12/site-packages/oslo_context/context.py:102: DeprecationWarning: Policy enforcement is depending on the value of is_admin. This key is deprecated. Please update your policy file to use the standard policy values.
Jun 12 03:34:12.845930 np0000002711 devstack@c-api.service[99214]: warnings.warn(
Jun 12 03:34:12.850649 np0000002711 devstack@c-api.service[99214]: INFO cinder.volume.api [req-c694b72e-4d7f-4c88-8b04-11a6ce489c91 req-20f77168-f5ee-428c-96e5-a2a4e5640792 tempest-ServerActionsTestOtherB-97772315 tempest-ServerActionsTestOtherB-97772315-project-member] Volume info retrieved successfully.
Jun 12 03:34:12.857118 np0000002711 devstack@c-api.service[99214]: INFO cinder.api.openstack.wsgi [req-c694b72e-4d7f-4c88-8b04-11a6ce489c91 req-20f77168-f5ee-428c-96e5-a2a4e5640792 tempest-ServerActionsTestOtherB-97772315 tempest-ServerActionsTestOtherB-97772315-project-member] https://10.4.3.76/volume/v3/volumes/fbef4410-16f5-473b-a287-9e1c452d414c returned with HTTP 200
Jun 12 03:34:12.857752 np0000002711 devstack@c-api.service[99214]: [pid: 99214|app: 0|req: 83/246] 10.4.3.76 () {70 vars in 1632 bytes} [Fri Jun 12 03:34:12 2026] GET /volume/v3/volumes/fbef4410-16f5-473b-a287-9e1c452d414c => generated 1024 bytes in 30 msecs (HTTP/1.1 200) 7 headers in 287 bytes (1 switches on core 0)
Jun 12 03:34:12.965776 np0000002711 devstack@c-api.service[99215]: DEBUG cinder.api.middleware.request_id [req-c694b72e-4d7f-4c88-8b04-11a6ce489c91 req-67e9cb73-36cb-48bf-b33f-b7a11c7a6ddd None None] RequestId filter calling following filter/app {{(pid=99215) _context_setter /opt/stack/cinder/cinder/api/middleware/request_id.py:62}}
Jun 12 03:34:12.970085 np0000002711 devstack@c-api.service[99215]: INFO cinder.api.openstack.wsgi [req-c694b72e-4d7f-4c88-8b04-11a6ce489c91 req-67e9cb73-36cb-48bf-b33f-b7a11c7a6ddd tempest-ServerActionsTestOtherB-97772315 tempest-ServerActionsTestOtherB-97772315-project-member] PUT https://10.4.3.76/volume/v3/attachments/dd0287c8-584f-4f7e-a0fa-46fc788a6095
Jun 12 03:34:12.970526 np0000002711 devstack@c-api.service[99215]: DEBUG cinder.api.openstack.wsgi [req-c694b72e-4d7f-4c88-8b04-11a6ce489c91 req-67e9cb73-36cb-48bf-b33f-b7a11c7a6ddd tempest-ServerActionsTestOtherB-97772315 tempest-ServerActionsTestOtherB-97772315-project-member] Action: 'update', calling method: version_select, body: {"attachment": {"connector": {"platform": "x86_64", "os_type": "linux", "ip": "10.4.3.76", "host": "np0000002711", "multipath": true, "enforce_multipath": true, "initiator": "iqn.2016-04.com.open-iscsi:cc4578add04f", "do_local_attach": false, "uuid": "8515de1c-ba7e-467b-adde-6d9f8a8dbc1f", "system uuid": "7417d53d-9583-4505-a5ed-09b63d9492b4", "nvme_native_multipath": false, "mountpoint": "/dev/vdb"}}} {{(pid=99215) _process_stack /opt/stack/cinder/cinder/api/openstack/wsgi.py:876}}
Jun 12 03:34:12.991852 np0000002711 devstack@c-api.service[99215]: DEBUG cinder.coordination [req-c694b72e-4d7f-4c88-8b04-11a6ce489c91 req-67e9cb73-36cb-48bf-b33f-b7a11c7a6ddd tempest-ServerActionsTestOtherB-97772315 tempest-ServerActionsTestOtherB-97772315-project-member] Acquiring lock "cinder-attachment_update-fbef4410-16f5-473b-a287-9e1c452d414c-np0000002711" by "attachment_update" {{(pid=99215) __acquire /opt/stack/cinder/cinder/coordination.py:138}}
Jun 12 03:34:12.998949 np0000002711 devstack@c-api.service[99215]: DEBUG cinder.coordination [req-c694b72e-4d7f-4c88-8b04-11a6ce489c91 req-67e9cb73-36cb-48bf-b33f-b7a11c7a6ddd tempest-ServerActionsTestOtherB-97772315 tempest-ServerActionsTestOtherB-97772315-project-member] Lock "cinder-attachment_update-fbef4410-16f5-473b-a287-9e1c452d414c-np0000002711" acquired by "attachment_update" :: waited 0.007s {{(pid=99215) __acquire /opt/stack/cinder/cinder/coordination.py:141}}
Jun 12 03:34:13.001518 np0000002711 devstack@c-api.service[99215]: /opt/stack/data/venv/lib/python3.12/site-packages/oslo_context/context.py:102: DeprecationWarning: Policy enforcement is depending on the value of is_admin. This key is deprecated. Please update your policy file to use the standard policy values.
Jun 12 03:34:13.001518 np0000002711 devstack@c-api.service[99215]: warnings.warn(
Jun 12 03:34:13.519119 np0000002711 devstack@c-api.service[99216]: DEBUG cinder.api.middleware.request_id [None req-91807d8f-6787-4adf-b387-cf2d1ec3ede4 None None] RequestId filter calling following filter/app {{(pid=99216) _context_setter /opt/stack/cinder/cinder/api/middleware/request_id.py:62}}
Jun 12 03:34:13.521067 np0000002711 devstack@c-api.service[99216]: INFO cinder.api.openstack.wsgi [None req-91807d8f-6787-4adf-b387-cf2d1ec3ede4 tempest-VolumesDeleteCascade-400396817 tempest-VolumesDeleteCascade-400396817-project-member] GET https://10.4.3.76/volume/v3/volumes/4df97c56-3379-4124-919b-078bfce98a55
Jun 12 03:34:13.522276 np0000002711 devstack@c-api.service[99216]: DEBUG cinder.api.openstack.wsgi [None req-91807d8f-6787-4adf-b387-cf2d1ec3ede4 tempest-VolumesDeleteCascade-400396817 tempest-VolumesDeleteCascade-400396817-project-member] Empty body provided in request {{(pid=99216) get_body /opt/stack/cinder/cinder/api/openstack/wsgi.py:725}}
Jun 12 03:34:13.522276 np0000002711 devstack@c-api.service[99216]: DEBUG cinder.api.openstack.wsgi [None req-91807d8f-6787-4adf-b387-cf2d1ec3ede4 tempest-VolumesDeleteCascade-400396817 tempest-VolumesDeleteCascade-400396817-project-member] Calling method 'show' {{(pid=99216) _process_stack /opt/stack/cinder/cinder/api/openstack/wsgi.py:878}}
Jun 12 03:34:13.526843 np0000002711 devstack@c-api.service[99214]: DEBUG cinder.api.middleware.request_id [None req-14fd6e30-a1f1-4727-bc2d-78141304dabe None None] RequestId filter calling following filter/app {{(pid=99214) _context_setter /opt/stack/cinder/cinder/api/middleware/request_id.py:62}}
Jun 12 03:34:13.529475 np0000002711 devstack@c-api.service[99214]: INFO cinder.api.openstack.wsgi [None req-14fd6e30-a1f1-4727-bc2d-78141304dabe tempest-ServerActionsTestOtherB-97772315 tempest-ServerActionsTestOtherB-97772315-project-member] GET https://10.4.3.76/volume/v3/volumes/fbef4410-16f5-473b-a287-9e1c452d414c
Jun 12 03:34:13.529475 np0000002711 devstack@c-api.service[99214]: DEBUG cinder.api.openstack.wsgi [None req-14fd6e30-a1f1-4727-bc2d-78141304dabe tempest-ServerActionsTestOtherB-97772315 tempest-ServerActionsTestOtherB-97772315-project-member] Empty body provided in request {{(pid=99214) get_body /opt/stack/cinder/cinder/api/openstack/wsgi.py:725}}
Jun 12 03:34:13.529599 np0000002711 devstack@c-api.service[99216]: /opt/stack/data/venv/lib/python3.12/site-packages/oslo_context/context.py:102: DeprecationWarning: Policy enforcement is depending on the value of is_admin. This key is deprecated. Please update your policy file to use the standard policy values.
Jun 12 03:34:13.529599 np0000002711 devstack@c-api.service[99216]: warnings.warn(
Jun 12 03:34:13.529769 np0000002711 devstack@c-api.service[99214]: DEBUG cinder.api.openstack.wsgi [None req-14fd6e30-a1f1-4727-bc2d-78141304dabe tempest-ServerActionsTestOtherB-97772315 tempest-ServerActionsTestOtherB-97772315-project-member] Calling method 'show' {{(pid=99214) _process_stack /opt/stack/cinder/cinder/api/openstack/wsgi.py:878}}
Jun 12 03:34:13.530903 np0000002711 devstack@c-api.service[99215]: DEBUG cinder.coordination [req-c694b72e-4d7f-4c88-8b04-11a6ce489c91 req-67e9cb73-36cb-48bf-b33f-b7a11c7a6ddd tempest-ServerActionsTestOtherB-97772315 tempest-ServerActionsTestOtherB-97772315-project-member] Lock "cinder-attachment_update-fbef4410-16f5-473b-a287-9e1c452d414c-np0000002711" released by "attachment_update" :: held 0.532s {{(pid=99215) __release /opt/stack/cinder/cinder/coordination.py:152}}
Jun 12 03:34:13.531250 np0000002711 devstack@c-api.service[99215]: INFO cinder.api.openstack.wsgi [req-c694b72e-4d7f-4c88-8b04-11a6ce489c91 req-67e9cb73-36cb-48bf-b33f-b7a11c7a6ddd tempest-ServerActionsTestOtherB-97772315 tempest-ServerActionsTestOtherB-97772315-project-member] https://10.4.3.76/volume/v3/attachments/dd0287c8-584f-4f7e-a0fa-46fc788a6095 returned with HTTP 200
Jun 12 03:34:13.531712 np0000002711 devstack@c-api.service[99215]: [pid: 99215|app: 0|req: 83/247] 10.4.3.76 () {74 vars in 1697 bytes} [Fri Jun 12 03:34:12 2026] PUT /volume/v3/attachments/dd0287c8-584f-4f7e-a0fa-46fc788a6095 => generated 969 bytes in 567 msecs (HTTP/1.1 200) 7 headers in 286 bytes (1 switches on core 0)
Jun 12 03:34:13.535542 np0000002711 devstack@c-api.service[99216]: INFO cinder.volume.api [None req-91807d8f-6787-4adf-b387-cf2d1ec3ede4 tempest-VolumesDeleteCascade-400396817 tempest-VolumesDeleteCascade-400396817-project-member] Volume info retrieved successfully.
Jun 12 03:34:13.546667 np0000002711 devstack@c-api.service[99216]: INFO cinder.api.openstack.wsgi [None req-91807d8f-6787-4adf-b387-cf2d1ec3ede4 tempest-VolumesDeleteCascade-400396817 tempest-VolumesDeleteCascade-400396817-project-member] https://10.4.3.76/volume/v3/volumes/4df97c56-3379-4124-919b-078bfce98a55 returned with HTTP 200
Jun 12 03:34:13.547387 np0000002711 devstack@c-api.service[99216]: [pid: 99216|app: 0|req: 82/248] 10.4.3.76 () {66 vars in 1341 bytes} [Fri Jun 12 03:34:13 2026] GET /volume/v3/volumes/4df97c56-3379-4124-919b-078bfce98a55 => generated 842 bytes in 29 msecs (HTTP/1.1 200) 7 headers in 285 bytes (1 switches on core 0)
Jun 12 03:34:13.549958 np0000002711 devstack@c-api.service[99214]: /opt/stack/data/venv/lib/python3.12/site-packages/oslo_context/context.py:102: DeprecationWarning: Policy enforcement is depending on the value of is_admin. This key is deprecated. Please update your policy file to use the standard policy values.
Jun 12 03:34:13.549958 np0000002711 devstack@c-api.service[99214]: warnings.warn(
Jun 12 03:34:13.562470 np0000002711 devstack@c-api.service[99214]: INFO cinder.volume.api [None req-14fd6e30-a1f1-4727-bc2d-78141304dabe tempest-ServerActionsTestOtherB-97772315 tempest-ServerActionsTestOtherB-97772315-project-member] Volume info retrieved successfully.
Jun 12 03:34:13.567570 np0000002711 devstack@c-api.service[99214]: INFO cinder.api.openstack.wsgi [None req-14fd6e30-a1f1-4727-bc2d-78141304dabe tempest-ServerActionsTestOtherB-97772315 tempest-ServerActionsTestOtherB-97772315-project-member] https://10.4.3.76/volume/v3/volumes/fbef4410-16f5-473b-a287-9e1c452d414c returned with HTTP 200
Jun 12 03:34:13.567570 np0000002711 devstack@c-api.service[99214]: [pid: 99214|app: 0|req: 84/249] 10.4.3.76 () {66 vars in 1341 bytes} [Fri Jun 12 03:34:13 2026] GET /volume/v3/volumes/fbef4410-16f5-473b-a287-9e1c452d414c => generated 845 bytes in 41 msecs (HTTP/1.1 200) 7 headers in 285 bytes (2 switches on core 0)
Jun 12 03:34:13.569202 np0000002711 devstack@c-api.service[99215]: DEBUG cinder.api.middleware.request_id [None req-3682e88c-145a-4f2e-88c0-2879a750edb2 None None] RequestId filter calling following filter/app {{(pid=99215) _context_setter /opt/stack/cinder/cinder/api/middleware/request_id.py:62}}
Jun 12 03:34:13.572540 np0000002711 devstack@c-api.service[99215]: INFO cinder.api.openstack.wsgi [None req-3682e88c-145a-4f2e-88c0-2879a750edb2 tempest-VolumesDeleteCascade-400396817 tempest-VolumesDeleteCascade-400396817-project-member] POST https://10.4.3.76/volume/v3/snapshots
Jun 12 03:34:13.573273 np0000002711 devstack@c-api.service[99215]: DEBUG cinder.api.openstack.wsgi [None req-3682e88c-145a-4f2e-88c0-2879a750edb2 tempest-VolumesDeleteCascade-400396817 tempest-VolumesDeleteCascade-400396817-project-member] Action: 'create', calling method: create, body: {"snapshot": {"volume_id": "4df97c56-3379-4124-919b-078bfce98a55", "name": "tempest-VolumesDeleteCascade-Snapshot-220839451"}} {{(pid=99215) _process_stack /opt/stack/cinder/cinder/api/openstack/wsgi.py:876}}
Jun 12 03:34:13.588826 np0000002711 devstack@c-api.service[99215]: /opt/stack/data/venv/lib/python3.12/site-packages/oslo_context/context.py:102: DeprecationWarning: Policy enforcement is depending on the value of is_admin. This key is deprecated. Please update your policy file to use the standard policy values.
Jun 12 03:34:13.588826 np0000002711 devstack@c-api.service[99215]: warnings.warn(
Jun 12 03:34:13.589605 np0000002711 devstack@c-api.service[99215]: INFO cinder.volume.api [None req-3682e88c-145a-4f2e-88c0-2879a750edb2 tempest-VolumesDeleteCascade-400396817 tempest-VolumesDeleteCascade-400396817-project-member] Volume info retrieved successfully.
Jun 12 03:34:13.589740 np0000002711 devstack@c-api.service[99215]: INFO cinder.api.v3.snapshots [None req-3682e88c-145a-4f2e-88c0-2879a750edb2 tempest-VolumesDeleteCascade-400396817 tempest-VolumesDeleteCascade-400396817-project-member] Create snapshot from volume 4df97c56-3379-4124-919b-078bfce98a55
Jun 12 03:34:13.610344 np0000002711 devstack@c-api.service[99215]: WARNING cinder.quota [None req-3682e88c-145a-4f2e-88c0-2879a750edb2 tempest-VolumesDeleteCascade-400396817 tempest-VolumesDeleteCascade-400396817-project-member] Deprecated: Default quota for resource: snapshots_storpool is set by the default quota flag: quota_snapshots_storpool, it is now deprecated. Please use the default quota class for default quota.
Jun 12 03:34:13.654694 np0000002711 devstack@c-api.service[99215]: DEBUG cinder.quota [None req-3682e88c-145a-4f2e-88c0-2879a750edb2 tempest-VolumesDeleteCascade-400396817 tempest-VolumesDeleteCascade-400396817-project-member] Created reservations ['24b6895b-1a9c-467c-bde4-5a927469af23', '3156ce97-3040-49c2-9e92-3702917ecea1', '6d4a6102-ac7b-42dd-8b47-6296611b97a1', '3fd7d1fe-2032-4ed1-8cd9-34101818f09d'] {{(pid=99215) reserve /opt/stack/cinder/cinder/quota.py:752}}
Jun 12 03:34:13.731476 np0000002711 devstack@c-api.service[99215]: INFO cinder.volume.api [None req-3682e88c-145a-4f2e-88c0-2879a750edb2 tempest-VolumesDeleteCascade-400396817 tempest-VolumesDeleteCascade-400396817-project-member] Snapshot create request issued successfully.
Jun 12 03:34:13.731898 np0000002711 devstack@c-api.service[99215]: INFO cinder.api.openstack.wsgi [None req-3682e88c-145a-4f2e-88c0-2879a750edb2 tempest-VolumesDeleteCascade-400396817 tempest-VolumesDeleteCascade-400396817-project-member] https://10.4.3.76/volume/v3/snapshots returned with HTTP 202
Jun 12 03:34:13.732389 np0000002711 devstack@c-api.service[99215]: [pid: 99215|app: 0|req: 84/250] 10.4.3.76 () {68 vars in 1258 bytes} [Fri Jun 12 03:34:13 2026] POST /volume/v3/snapshots => generated 306 bytes in 164 msecs (HTTP/1.1 202) 7 headers in 291 bytes (1 switches on core 0)
Jun 12 03:34:13.746781 np0000002711 devstack@c-api.service[99216]: DEBUG cinder.api.middleware.request_id [None req-afd9d62b-43d3-4bc2-8917-25af9b56166e None None] RequestId filter calling following filter/app {{(pid=99216) _context_setter /opt/stack/cinder/cinder/api/middleware/request_id.py:62}}
Jun 12 03:34:13.751584 np0000002711 devstack@c-api.service[99216]: INFO cinder.api.openstack.wsgi [None req-afd9d62b-43d3-4bc2-8917-25af9b56166e tempest-VolumesDeleteCascade-400396817 tempest-VolumesDeleteCascade-400396817-project-member] GET https://10.4.3.76/volume/v3/snapshots/b2f6b6cd-27e6-4362-9729-911cb9682c92
Jun 12 03:34:13.751584 np0000002711 devstack@c-api.service[99216]: DEBUG cinder.api.openstack.wsgi [None req-afd9d62b-43d3-4bc2-8917-25af9b56166e tempest-VolumesDeleteCascade-400396817 tempest-VolumesDeleteCascade-400396817-project-member] Empty body provided in request {{(pid=99216) get_body /opt/stack/cinder/cinder/api/openstack/wsgi.py:725}}
Jun 12 03:34:13.751584 np0000002711 devstack@c-api.service[99216]: DEBUG cinder.api.openstack.wsgi [None req-afd9d62b-43d3-4bc2-8917-25af9b56166e tempest-VolumesDeleteCascade-400396817 tempest-VolumesDeleteCascade-400396817-project-member] Calling method 'show' {{(pid=99216) _process_stack /opt/stack/cinder/cinder/api/openstack/wsgi.py:878}}
Jun 12 03:34:13.769863 np0000002711 devstack@c-api.service[99214]: DEBUG cinder.api.middleware.request_id [None req-5ea2f70d-9617-4773-aeea-b752958f814e None None] RequestId filter calling following filter/app {{(pid=99214) _context_setter /opt/stack/cinder/cinder/api/middleware/request_id.py:62}}
Jun 12 03:34:13.773353 np0000002711 devstack@c-api.service[99214]: INFO cinder.api.openstack.wsgi [None req-5ea2f70d-9617-4773-aeea-b752958f814e tempest-TestMultiAttachVolumeSwap-1870032942 tempest-TestMultiAttachVolumeSwap-1870032942-project-member] GET https://10.4.3.76/volume/v3/volumes/be2d77af-445e-4836-aeea-202b9d4b55fd
Jun 12 03:34:13.773353 np0000002711 devstack@c-api.service[99214]: DEBUG cinder.api.openstack.wsgi [None req-5ea2f70d-9617-4773-aeea-b752958f814e tempest-TestMultiAttachVolumeSwap-1870032942 tempest-TestMultiAttachVolumeSwap-1870032942-project-member] Empty body provided in request {{(pid=99214) get_body /opt/stack/cinder/cinder/api/openstack/wsgi.py:725}}
Jun 12 03:34:13.773353 np0000002711 devstack@c-api.service[99214]: DEBUG cinder.api.openstack.wsgi [None req-5ea2f70d-9617-4773-aeea-b752958f814e tempest-TestMultiAttachVolumeSwap-1870032942 tempest-TestMultiAttachVolumeSwap-1870032942-project-member] Calling method 'show' {{(pid=99214) _process_stack /opt/stack/cinder/cinder/api/openstack/wsgi.py:878}}
Jun 12 03:34:13.787189 np0000002711 devstack@c-api.service[99214]: /opt/stack/data/venv/lib/python3.12/site-packages/oslo_context/context.py:102: DeprecationWarning: Policy enforcement is depending on the value of is_admin. This key is deprecated. Please update your policy file to use the standard policy values.
Jun 12 03:34:13.787189 np0000002711 devstack@c-api.service[99214]: warnings.warn(
Jun 12 03:34:13.788253 np0000002711 devstack@c-api.service[99216]: /opt/stack/data/venv/lib/python3.12/site-packages/oslo_context/context.py:102: DeprecationWarning: Policy enforcement is depending on the value of is_admin. This key is deprecated. Please update your policy file to use the standard policy values.
Jun 12 03:34:13.788253 np0000002711 devstack@c-api.service[99216]: warnings.warn(
Jun 12 03:34:13.789397 np0000002711 devstack@c-api.service[99216]: INFO cinder.volume.api [None req-afd9d62b-43d3-4bc2-8917-25af9b56166e tempest-VolumesDeleteCascade-400396817 tempest-VolumesDeleteCascade-400396817-project-member] Snapshot retrieved successfully.
Jun 12 03:34:13.790730 np0000002711 devstack@c-api.service[99216]: INFO cinder.api.openstack.wsgi [None req-afd9d62b-43d3-4bc2-8917-25af9b56166e tempest-VolumesDeleteCascade-400396817 tempest-VolumesDeleteCascade-400396817-project-member] https://10.4.3.76/volume/v3/snapshots/b2f6b6cd-27e6-4362-9729-911cb9682c92 returned with HTTP 200
Jun 12 03:34:13.791599 np0000002711 devstack@c-api.service[99216]: [pid: 99216|app: 0|req: 83/251] 10.4.3.76 () {66 vars in 1347 bytes} [Fri Jun 12 03:34:13 2026] GET /volume/v3/snapshots/b2f6b6cd-27e6-4362-9729-911cb9682c92 => generated 438 bytes in 46 msecs (HTTP/1.1 200) 7 headers in 285 bytes (1 switches on core 0)
Jun 12 03:34:13.792685 np0000002711 devstack@c-api.service[99214]: INFO cinder.volume.api [None req-5ea2f70d-9617-4773-aeea-b752958f814e tempest-TestMultiAttachVolumeSwap-1870032942 tempest-TestMultiAttachVolumeSwap-1870032942-project-member] Volume info retrieved successfully.
Jun 12 03:34:13.797705 np0000002711 devstack@c-api.service[99214]: INFO cinder.api.openstack.wsgi [None req-5ea2f70d-9617-4773-aeea-b752958f814e tempest-TestMultiAttachVolumeSwap-1870032942 tempest-TestMultiAttachVolumeSwap-1870032942-project-member] https://10.4.3.76/volume/v3/volumes/be2d77af-445e-4836-aeea-202b9d4b55fd returned with HTTP 200
Jun 12 03:34:13.797705 np0000002711 devstack@c-api.service[99214]: [pid: 99214|app: 0|req: 85/252] 10.4.3.76 () {66 vars in 1341 bytes} [Fri Jun 12 03:34:13 2026] GET /volume/v3/volumes/be2d77af-445e-4836-aeea-202b9d4b55fd => generated 867 bytes in 34 msecs (HTTP/1.1 200) 7 headers in 285 bytes (1 switches on core 0)
Jun 12 03:34:14.584169 np0000002711 devstack@c-api.service[99215]: DEBUG cinder.api.middleware.request_id [None req-5fc78708-b702-4924-b0e2-c7610a5b5939 None None] RequestId filter calling following filter/app {{(pid=99215) _context_setter /opt/stack/cinder/cinder/api/middleware/request_id.py:62}}
Jun 12 03:34:14.587049 np0000002711 devstack@c-api.service[99215]: INFO cinder.api.openstack.wsgi [None req-5fc78708-b702-4924-b0e2-c7610a5b5939 tempest-ServerActionsTestOtherB-97772315 tempest-ServerActionsTestOtherB-97772315-project-member] GET https://10.4.3.76/volume/v3/volumes/fbef4410-16f5-473b-a287-9e1c452d414c
Jun 12 03:34:14.587493 np0000002711 devstack@c-api.service[99215]: DEBUG cinder.api.openstack.wsgi [None req-5fc78708-b702-4924-b0e2-c7610a5b5939 tempest-ServerActionsTestOtherB-97772315 tempest-ServerActionsTestOtherB-97772315-project-member] Empty body provided in request {{(pid=99215) get_body /opt/stack/cinder/cinder/api/openstack/wsgi.py:725}}
Jun 12 03:34:14.587877 np0000002711 devstack@c-api.service[99215]: DEBUG cinder.api.openstack.wsgi [None req-5fc78708-b702-4924-b0e2-c7610a5b5939 tempest-ServerActionsTestOtherB-97772315 tempest-ServerActionsTestOtherB-97772315-project-member] Calling method 'show' {{(pid=99215) _process_stack /opt/stack/cinder/cinder/api/openstack/wsgi.py:878}}
Jun 12 03:34:14.609075 np0000002711 devstack@c-api.service[99215]: /opt/stack/data/venv/lib/python3.12/site-packages/oslo_context/context.py:102: DeprecationWarning: Policy enforcement is depending on the value of is_admin. This key is deprecated. Please update your policy file to use the standard policy values.
Jun 12 03:34:14.609075 np0000002711 devstack@c-api.service[99215]: warnings.warn(
Jun 12 03:34:14.617270 np0000002711 devstack@c-api.service[99215]: INFO cinder.volume.api [None req-5fc78708-b702-4924-b0e2-c7610a5b5939 tempest-ServerActionsTestOtherB-97772315 tempest-ServerActionsTestOtherB-97772315-project-member] Volume info retrieved successfully.
Jun 12 03:34:14.626451 np0000002711 devstack@c-api.service[99215]: INFO cinder.api.openstack.wsgi [None req-5fc78708-b702-4924-b0e2-c7610a5b5939 tempest-ServerActionsTestOtherB-97772315 tempest-ServerActionsTestOtherB-97772315-project-member] https://10.4.3.76/volume/v3/volumes/fbef4410-16f5-473b-a287-9e1c452d414c returned with HTTP 200
Jun 12 03:34:14.626451 np0000002711 devstack@c-api.service[99215]: [pid: 99215|app: 0|req: 85/253] 10.4.3.76 () {66 vars in 1341 bytes} [Fri Jun 12 03:34:14 2026] GET /volume/v3/volumes/fbef4410-16f5-473b-a287-9e1c452d414c => generated 845 bytes in 42 msecs (HTTP/1.1 200) 7 headers in 285 bytes (1 switches on core 0)
Jun 12 03:34:14.804920 np0000002711 devstack@c-api.service[99216]: DEBUG cinder.api.middleware.request_id [None req-75383de5-cc44-43ca-9251-8d070c14cac1 None None] RequestId filter calling following filter/app {{(pid=99216) _context_setter /opt/stack/cinder/cinder/api/middleware/request_id.py:62}}
Jun 12 03:34:14.807211 np0000002711 devstack@c-api.service[99216]: INFO cinder.api.openstack.wsgi [None req-75383de5-cc44-43ca-9251-8d070c14cac1 tempest-VolumesDeleteCascade-400396817 tempest-VolumesDeleteCascade-400396817-project-member] GET https://10.4.3.76/volume/v3/snapshots/b2f6b6cd-27e6-4362-9729-911cb9682c92
Jun 12 03:34:14.807503 np0000002711 devstack@c-api.service[99216]: DEBUG cinder.api.openstack.wsgi [None req-75383de5-cc44-43ca-9251-8d070c14cac1 tempest-VolumesDeleteCascade-400396817 tempest-VolumesDeleteCascade-400396817-project-member] Empty body provided in request {{(pid=99216) get_body /opt/stack/cinder/cinder/api/openstack/wsgi.py:725}}
Jun 12 03:34:14.807767 np0000002711 devstack@c-api.service[99216]: DEBUG cinder.api.openstack.wsgi [None req-75383de5-cc44-43ca-9251-8d070c14cac1 tempest-VolumesDeleteCascade-400396817 tempest-VolumesDeleteCascade-400396817-project-member] Calling method 'show' {{(pid=99216) _process_stack /opt/stack/cinder/cinder/api/openstack/wsgi.py:878}}
Jun 12 03:34:14.814037 np0000002711 devstack@c-api.service[99216]: /opt/stack/data/venv/lib/python3.12/site-packages/oslo_context/context.py:102: DeprecationWarning: Policy enforcement is depending on the value of is_admin. This key is deprecated. Please update your policy file to use the standard policy values.
Jun 12 03:34:14.814037 np0000002711 devstack@c-api.service[99216]: warnings.warn(
Jun 12 03:34:14.814492 np0000002711 devstack@c-api.service[99216]: INFO cinder.volume.api [None req-75383de5-cc44-43ca-9251-8d070c14cac1 tempest-VolumesDeleteCascade-400396817 tempest-VolumesDeleteCascade-400396817-project-member] Snapshot retrieved successfully.
Jun 12 03:34:14.815312 np0000002711 devstack@c-api.service[99216]: INFO cinder.api.openstack.wsgi [None req-75383de5-cc44-43ca-9251-8d070c14cac1 tempest-VolumesDeleteCascade-400396817 tempest-VolumesDeleteCascade-400396817-project-member] https://10.4.3.76/volume/v3/snapshots/b2f6b6cd-27e6-4362-9729-911cb9682c92 returned with HTTP 200
Jun 12 03:34:14.816134 np0000002711 devstack@c-api.service[99216]: [pid: 99216|app: 0|req: 84/254] 10.4.3.76 () {66 vars in 1347 bytes} [Fri Jun 12 03:34:14 2026] GET /volume/v3/snapshots/b2f6b6cd-27e6-4362-9729-911cb9682c92 => generated 465 bytes in 11 msecs (HTTP/1.1 200) 7 headers in 285 bytes (1 switches on core 0)
Jun 12 03:34:14.817746 np0000002711 devstack@c-api.service[99214]: DEBUG cinder.api.middleware.request_id [None req-c8125077-9003-4f51-914e-912e8d458c38 None None] RequestId filter calling following filter/app {{(pid=99214) _context_setter /opt/stack/cinder/cinder/api/middleware/request_id.py:62}}
Jun 12 03:34:14.819612 np0000002711 devstack@c-api.service[99214]: INFO cinder.api.openstack.wsgi [None req-c8125077-9003-4f51-914e-912e8d458c38 tempest-TestMultiAttachVolumeSwap-1870032942 tempest-TestMultiAttachVolumeSwap-1870032942-project-member] GET https://10.4.3.76/volume/v3/volumes/be2d77af-445e-4836-aeea-202b9d4b55fd
Jun 12 03:34:14.820003 np0000002711 devstack@c-api.service[99214]: DEBUG cinder.api.openstack.wsgi [None req-c8125077-9003-4f51-914e-912e8d458c38 tempest-TestMultiAttachVolumeSwap-1870032942 tempest-TestMultiAttachVolumeSwap-1870032942-project-member] Empty body provided in request {{(pid=99214) get_body /opt/stack/cinder/cinder/api/openstack/wsgi.py:725}}
Jun 12 03:34:14.820277 np0000002711 devstack@c-api.service[99214]: DEBUG cinder.api.openstack.wsgi [None req-c8125077-9003-4f51-914e-912e8d458c38 tempest-TestMultiAttachVolumeSwap-1870032942 tempest-TestMultiAttachVolumeSwap-1870032942-project-member] Calling method 'show' {{(pid=99214) _process_stack /opt/stack/cinder/cinder/api/openstack/wsgi.py:878}}
Jun 12 03:34:14.826654 np0000002711 devstack@c-api.service[99215]: DEBUG cinder.api.middleware.request_id [None req-031fc5ef-0945-476c-b1d3-2808087f9e16 None None] RequestId filter calling following filter/app {{(pid=99215) _context_setter /opt/stack/cinder/cinder/api/middleware/request_id.py:62}}
Jun 12 03:34:14.832346 np0000002711 devstack@c-api.service[99215]: INFO cinder.api.openstack.wsgi [None req-031fc5ef-0945-476c-b1d3-2808087f9e16 tempest-VolumesDeleteCascade-400396817 tempest-VolumesDeleteCascade-400396817-project-member] POST https://10.4.3.76/volume/v3/snapshots
Jun 12 03:34:14.832346 np0000002711 devstack@c-api.service[99215]: DEBUG cinder.api.openstack.wsgi [None req-031fc5ef-0945-476c-b1d3-2808087f9e16 tempest-VolumesDeleteCascade-400396817 tempest-VolumesDeleteCascade-400396817-project-member] Action: 'create', calling method: create, body: {"snapshot": {"volume_id": "4df97c56-3379-4124-919b-078bfce98a55", "name": "tempest-VolumesDeleteCascade-Snapshot-407985710"}} {{(pid=99215) _process_stack /opt/stack/cinder/cinder/api/openstack/wsgi.py:876}}
Jun 12 03:34:14.834174 np0000002711 devstack@c-api.service[99214]: /opt/stack/data/venv/lib/python3.12/site-packages/oslo_context/context.py:102: DeprecationWarning: Policy enforcement is depending on the value of is_admin. This key is deprecated. Please update your policy file to use the standard policy values.
Jun 12 03:34:14.834174 np0000002711 devstack@c-api.service[99214]: warnings.warn(
Jun 12 03:34:14.848211 np0000002711 devstack@c-api.service[99214]: INFO cinder.volume.api [None req-c8125077-9003-4f51-914e-912e8d458c38 tempest-TestMultiAttachVolumeSwap-1870032942 tempest-TestMultiAttachVolumeSwap-1870032942-project-member] Volume info retrieved successfully.
Jun 12 03:34:14.848376 np0000002711 devstack@c-api.service[99215]: /opt/stack/data/venv/lib/python3.12/site-packages/oslo_context/context.py:102: DeprecationWarning: Policy enforcement is depending on the value of is_admin. This key is deprecated. Please update your policy file to use the standard policy values.
Jun 12 03:34:14.848376 np0000002711 devstack@c-api.service[99215]: warnings.warn(
Jun 12 03:34:14.849690 np0000002711 devstack@c-api.service[99215]: INFO cinder.volume.api [None req-031fc5ef-0945-476c-b1d3-2808087f9e16 tempest-VolumesDeleteCascade-400396817 tempest-VolumesDeleteCascade-400396817-project-member] Volume info retrieved successfully.
Jun 12 03:34:14.849690 np0000002711 devstack@c-api.service[99215]: INFO cinder.api.v3.snapshots [None req-031fc5ef-0945-476c-b1d3-2808087f9e16 tempest-VolumesDeleteCascade-400396817 tempest-VolumesDeleteCascade-400396817-project-member] Create snapshot from volume 4df97c56-3379-4124-919b-078bfce98a55
Jun 12 03:34:14.850740 np0000002711 devstack@c-api.service[99216]: DEBUG cinder.api.middleware.request_id [None req-dda935b2-8e67-40a5-84c0-a946cc0f2ed6 None None] RequestId filter calling following filter/app {{(pid=99216) _context_setter /opt/stack/cinder/cinder/api/middleware/request_id.py:62}}
Jun 12 03:34:14.851282 np0000002711 devstack@c-api.service[99216]: INFO cinder.api.openstack.wsgi [None req-dda935b2-8e67-40a5-84c0-a946cc0f2ed6 None None] GET https://10.4.3.76/volume//
Jun 12 03:34:14.851527 np0000002711 devstack@c-api.service[99216]: DEBUG cinder.api.openstack.wsgi [None req-dda935b2-8e67-40a5-84c0-a946cc0f2ed6 None None] Empty body provided in request {{(pid=99216) get_body /opt/stack/cinder/cinder/api/openstack/wsgi.py:725}}
Jun 12 03:34:14.851718 np0000002711 devstack@c-api.service[99216]: DEBUG cinder.api.openstack.wsgi [None req-dda935b2-8e67-40a5-84c0-a946cc0f2ed6 None None] Calling method 'all' {{(pid=99216) _process_stack /opt/stack/cinder/cinder/api/openstack/wsgi.py:878}}
Jun 12 03:34:14.852031 np0000002711 devstack@c-api.service[99216]: INFO cinder.api.openstack.wsgi [None req-dda935b2-8e67-40a5-84c0-a946cc0f2ed6 None None] https://10.4.3.76/volume// returned with HTTP 300
Jun 12 03:34:14.852605 np0000002711 devstack@c-api.service[99216]: [pid: 99216|app: 0|req: 85/255] 10.4.3.76 () {66 vars in 1421 bytes} [Fri Jun 12 03:34:14 2026] GET /volume/ => generated 385 bytes in 2 msecs (HTTP/1.1 300) 7 headers in 299 bytes (1 switches on core 0)
Jun 12 03:34:14.854267 np0000002711 devstack@c-api.service[99214]: INFO cinder.api.openstack.wsgi [None req-c8125077-9003-4f51-914e-912e8d458c38 tempest-TestMultiAttachVolumeSwap-1870032942 tempest-TestMultiAttachVolumeSwap-1870032942-project-member] https://10.4.3.76/volume/v3/volumes/be2d77af-445e-4836-aeea-202b9d4b55fd returned with HTTP 200
Jun 12 03:34:14.856379 np0000002711 devstack@c-api.service[99214]: [pid: 99214|app: 0|req: 86/256] 10.4.3.76 () {66 vars in 1341 bytes} [Fri Jun 12 03:34:14 2026] GET /volume/v3/volumes/be2d77af-445e-4836-aeea-202b9d4b55fd => generated 867 bytes in 38 msecs (HTTP/1.1 200) 7 headers in 285 bytes (1 switches on core 0)
Jun 12 03:34:14.866967 np0000002711 devstack@c-api.service[99216]: DEBUG cinder.api.middleware.request_id [req-b995ef51-b0e0-4ed7-b501-b8fc8398b6c9 req-4064f158-b750-4aa5-ae0c-23ea4639d226 None None] RequestId filter calling following filter/app {{(pid=99216) _context_setter /opt/stack/cinder/cinder/api/middleware/request_id.py:62}}
Jun 12 03:34:14.869928 np0000002711 devstack@c-api.service[99216]: INFO cinder.api.openstack.wsgi [req-b995ef51-b0e0-4ed7-b501-b8fc8398b6c9 req-4064f158-b750-4aa5-ae0c-23ea4639d226 tempest-VolumesAssistedSnapshotsTest-661284185 tempest-VolumesAssistedSnapshotsTest-661284185-project-admin] POST https://10.4.3.76/volume/v3/attachments
Jun 12 03:34:14.870357 np0000002711 devstack@c-api.service[99216]: DEBUG cinder.api.openstack.wsgi [req-b995ef51-b0e0-4ed7-b501-b8fc8398b6c9 req-4064f158-b750-4aa5-ae0c-23ea4639d226 tempest-VolumesAssistedSnapshotsTest-661284185 tempest-VolumesAssistedSnapshotsTest-661284185-project-admin] Action: 'create', calling method: version_select, body: {"attachment": {"volume_uuid": "b4aa5865-4bee-4acc-a30e-d2dd61551383", "connector": null, "instance_uuid": "2e819255-6be0-481c-a951-4085f84b95d8"}} {{(pid=99216) _process_stack /opt/stack/cinder/cinder/api/openstack/wsgi.py:876}}
Jun 12 03:34:14.882158 np0000002711 devstack@c-api.service[99216]: /opt/stack/data/venv/lib/python3.12/site-packages/oslo_context/context.py:102: DeprecationWarning: Policy enforcement is depending on the value of is_admin. This key is deprecated. Please update your policy file to use the standard policy values.
Jun 12 03:34:14.882158 np0000002711 devstack@c-api.service[99216]: warnings.warn(
Jun 12 03:34:14.889161 np0000002711 devstack@c-api.service[99215]: DEBUG cinder.quota [None req-031fc5ef-0945-476c-b1d3-2808087f9e16 tempest-VolumesDeleteCascade-400396817 tempest-VolumesDeleteCascade-400396817-project-member] Created reservations ['811cbbb8-d462-4667-881e-6e967014a7d7', '0af30bd6-a198-4b77-8161-5b8b192dfe06', '6cd6307d-ae6b-46a0-ada9-07892e5543ce', '0266dbaa-8bb6-4aab-9887-d6dfc60bc061'] {{(pid=99215) reserve /opt/stack/cinder/cinder/quota.py:752}}
Jun 12 03:34:14.933884 np0000002711 devstack@c-api.service[99216]: INFO cinder.api.openstack.wsgi [req-b995ef51-b0e0-4ed7-b501-b8fc8398b6c9 req-4064f158-b750-4aa5-ae0c-23ea4639d226 tempest-VolumesAssistedSnapshotsTest-661284185 tempest-VolumesAssistedSnapshotsTest-661284185-project-admin] https://10.4.3.76/volume/v3/attachments returned with HTTP 200
Jun 12 03:34:14.934827 np0000002711 devstack@c-api.service[99216]: [pid: 99216|app: 0|req: 86/257] 10.4.3.76 () {74 vars in 1587 bytes} [Fri Jun 12 03:34:14 2026] POST /volume/v3/attachments => generated 273 bytes in 68 msecs (HTTP/1.1 200) 7 headers in 286 bytes (1 switches on core 0)
Jun 12 03:34:14.944234 np0000002711 devstack@c-api.service[99215]: INFO cinder.volume.api [None req-031fc5ef-0945-476c-b1d3-2808087f9e16 tempest-VolumesDeleteCascade-400396817 tempest-VolumesDeleteCascade-400396817-project-member] Snapshot create request issued successfully.
Jun 12 03:34:14.945100 np0000002711 devstack@c-api.service[99215]: INFO cinder.api.openstack.wsgi [None req-031fc5ef-0945-476c-b1d3-2808087f9e16 tempest-VolumesDeleteCascade-400396817 tempest-VolumesDeleteCascade-400396817-project-member] https://10.4.3.76/volume/v3/snapshots returned with HTTP 202
