Jun 12 03:38:49.689039 np0000002711 devstack@g-api.service[101972]: DEBUG swiftclient [None req-0fba09c5-c7ff-4341-8c00-653ccaaa16d1 tempest-VolumesActionsTest-374285834 tempest-VolumesActionsTest-374285834-project-member] REQ: curl -i https://10.4.3.76:8080/v1/AUTH_eba86d6ffbbb44699ca3274571dfbf06/glance/a18f8ccc-914f-4993-b773-2c7c73354741-00003 -X PUT -H "X-Auth-Token: gAAAAABqK39DdOAM..." {{(pid=101972) http_log /opt/stack/data/venv/lib/python3.12/site-packages/swiftclient/client.py:160}}
Jun 12 03:38:49.689382 np0000002711 devstack@g-api.service[101972]: DEBUG swiftclient [None req-0fba09c5-c7ff-4341-8c00-653ccaaa16d1 tempest-VolumesActionsTest-374285834 tempest-VolumesActionsTest-374285834-project-member] RESP STATUS: 201 Created {{(pid=101972) http_log /opt/stack/data/venv/lib/python3.12/site-packages/swiftclient/client.py:161}}
Jun 12 03:38:49.689382 np0000002711 devstack@g-api.service[101972]: DEBUG swiftclient [None req-0fba09c5-c7ff-4341-8c00-653ccaaa16d1 tempest-VolumesActionsTest-374285834 tempest-VolumesActionsTest-374285834-project-member] RESP HEADERS: {'Date': 'Fri, 12 Jun 2026 03:38:49 GMT', 'Server': 'Apache/2.4.58 (Ubuntu)', 'Content-Type': 'text/html; charset=UTF-8', 'Content-Length': '0', 'Etag': 'eda9a9889837ac4bc81d6387d92c1bec', 'Last-Modified': 'Fri, 12 Jun 2026 03:38:48 GMT', 'X-Trans-Id': 'tx9c8aa97af773484a92d04-006a2b7f47', 'X-Openstack-Request-Id': 'tx9c8aa97af773484a92d04-006a2b7f47', 'Connection': 'close'} {{(pid=101972) http_log /opt/stack/data/venv/lib/python3.12/site-packages/swiftclient/client.py:162}}
Jun 12 03:38:49.689633 np0000002711 devstack@g-api.service[101972]: DEBUG glance_store._drivers.swift.store [None req-0fba09c5-c7ff-4341-8c00-653ccaaa16d1 tempest-VolumesActionsTest-374285834 tempest-VolumesActionsTest-374285834-project-member] Wrote chunk a18f8ccc-914f-4993-b773-2c7c73354741-00003 (3/?) of length 204800000 to Swift returning MD5 of content: eda9a9889837ac4bc81d6387d92c1bec {{(pid=101972) add /opt/stack/data/venv/lib/python3.12/site-packages/glance_store/_drivers/swift/store.py:1059}}
Jun 12 03:38:49.704001 np0000002711 devstack@g-api.service[101974]: DEBUG glance.api.middleware.version_negotiation [None req-3ce1b52a-8d80-4cba-b531-0dbd8659cabd tempest-VolumesActionsTest-374285834 tempest-VolumesActionsTest-374285834-project-member] Determining version of request: GET /v2/images/a18f8ccc-914f-4993-b773-2c7c73354741 Accept: application/json {{(pid=101974) process_request /opt/stack/glance/glance/api/middleware/version_negotiation.py:44}}
Jun 12 03:38:49.704001 np0000002711 devstack@g-api.service[101974]: DEBUG glance.api.middleware.version_negotiation [None req-3ce1b52a-8d80-4cba-b531-0dbd8659cabd tempest-VolumesActionsTest-374285834 tempest-VolumesActionsTest-374285834-project-member] Using url versioning {{(pid=101974) process_request /opt/stack/glance/glance/api/middleware/version_negotiation.py:57}}
Jun 12 03:38:49.704001 np0000002711 devstack@g-api.service[101974]: DEBUG glance.api.middleware.version_negotiation [None req-3ce1b52a-8d80-4cba-b531-0dbd8659cabd tempest-VolumesActionsTest-374285834 tempest-VolumesActionsTest-374285834-project-member] Matched version: v2 {{(pid=101974) process_request /opt/stack/glance/glance/api/middleware/version_negotiation.py:69}}
Jun 12 03:38:49.704647 np0000002711 devstack@g-api.service[101974]: DEBUG glance.api.middleware.version_negotiation [None req-3ce1b52a-8d80-4cba-b531-0dbd8659cabd tempest-VolumesActionsTest-374285834 tempest-VolumesActionsTest-374285834-project-member] new path /v2/images/a18f8ccc-914f-4993-b773-2c7c73354741 {{(pid=101974) process_request /opt/stack/glance/glance/api/middleware/version_negotiation.py:70}}
Jun 12 03:38:49.716118 np0000002711 devstack@g-api.service[101974]: [pid: 101974|app: 0|req: 116/338] 127.0.0.1 () {40 vars in 834 bytes} [Fri Jun 12 03:38:49 2026] GET /v2/images/a18f8ccc-914f-4993-b773-2c7c73354741 => generated 650 bytes in 13 msecs (HTTP/1.1 200) 4 headers in 157 bytes (1 switches on core 0)
Jun 12 03:38:50.727833 np0000002711 devstack@g-api.service[101973]: DEBUG glance.api.middleware.version_negotiation [None req-c331f699-e485-4cb3-a949-c0804e2484d2 tempest-VolumesActionsTest-374285834 tempest-VolumesActionsTest-374285834-project-member] Determining version of request: GET /v2/images/a18f8ccc-914f-4993-b773-2c7c73354741 Accept: application/json {{(pid=101973) process_request /opt/stack/glance/glance/api/middleware/version_negotiation.py:44}}
Jun 12 03:38:50.728298 np0000002711 devstack@g-api.service[101973]: DEBUG glance.api.middleware.version_negotiation [None req-c331f699-e485-4cb3-a949-c0804e2484d2 tempest-VolumesActionsTest-374285834 tempest-VolumesActionsTest-374285834-project-member] Using url versioning {{(pid=101973) process_request /opt/stack/glance/glance/api/middleware/version_negotiation.py:57}}
Jun 12 03:38:50.728298 np0000002711 devstack@g-api.service[101973]: DEBUG glance.api.middleware.version_negotiation [None req-c331f699-e485-4cb3-a949-c0804e2484d2 tempest-VolumesActionsTest-374285834 tempest-VolumesActionsTest-374285834-project-member] Matched version: v2 {{(pid=101973) process_request /opt/stack/glance/glance/api/middleware/version_negotiation.py:69}}
Jun 12 03:38:50.728298 np0000002711 devstack@g-api.service[101973]: DEBUG glance.api.middleware.version_negotiation [None req-c331f699-e485-4cb3-a949-c0804e2484d2 tempest-VolumesActionsTest-374285834 tempest-VolumesActionsTest-374285834-project-member] new path /v2/images/a18f8ccc-914f-4993-b773-2c7c73354741 {{(pid=101973) process_request /opt/stack/glance/glance/api/middleware/version_negotiation.py:70}}
Jun 12 03:38:50.742744 np0000002711 devstack@g-api.service[101973]: [pid: 101973|app: 0|req: 119/339] 127.0.0.1 () {40 vars in 834 bytes} [Fri Jun 12 03:38:50 2026] GET /v2/images/a18f8ccc-914f-4993-b773-2c7c73354741 => generated 650 bytes in 15 msecs (HTTP/1.1 200) 4 headers in 157 bytes (1 switches on core 0)
Jun 12 03:38:51.752559 np0000002711 devstack@g-api.service[101974]: DEBUG glance.api.middleware.version_negotiation [None req-7f8fb8b0-385c-41b2-a041-4fca81c93f38 tempest-VolumesActionsTest-374285834 tempest-VolumesActionsTest-374285834-project-member] Determining version of request: GET /v2/images/a18f8ccc-914f-4993-b773-2c7c73354741 Accept: application/json {{(pid=101974) process_request /opt/stack/glance/glance/api/middleware/version_negotiation.py:44}}
Jun 12 03:38:51.752559 np0000002711 devstack@g-api.service[101974]: DEBUG glance.api.middleware.version_negotiation [None req-7f8fb8b0-385c-41b2-a041-4fca81c93f38 tempest-VolumesActionsTest-374285834 tempest-VolumesActionsTest-374285834-project-member] Using url versioning {{(pid=101974) process_request /opt/stack/glance/glance/api/middleware/version_negotiation.py:57}}
Jun 12 03:38:51.753307 np0000002711 devstack@g-api.service[101974]: DEBUG glance.api.middleware.version_negotiation [None req-7f8fb8b0-385c-41b2-a041-4fca81c93f38 tempest-VolumesActionsTest-374285834 tempest-VolumesActionsTest-374285834-project-member] Matched version: v2 {{(pid=101974) process_request /opt/stack/glance/glance/api/middleware/version_negotiation.py:69}}
Jun 12 03:38:51.753493 np0000002711 devstack@g-api.service[101974]: DEBUG glance.api.middleware.version_negotiation [None req-7f8fb8b0-385c-41b2-a041-4fca81c93f38 tempest-VolumesActionsTest-374285834 tempest-VolumesActionsTest-374285834-project-member] new path /v2/images/a18f8ccc-914f-4993-b773-2c7c73354741 {{(pid=101974) process_request /opt/stack/glance/glance/api/middleware/version_negotiation.py:70}}
Jun 12 03:38:51.767253 np0000002711 devstack@g-api.service[101972]: DEBUG swiftclient [None req-0fba09c5-c7ff-4341-8c00-653ccaaa16d1 tempest-VolumesActionsTest-374285834 tempest-VolumesActionsTest-374285834-project-member] REQ: curl -i https://10.4.3.76:8080/v1/AUTH_eba86d6ffbbb44699ca3274571dfbf06/glance/a18f8ccc-914f-4993-b773-2c7c73354741-00004 -X PUT -H "X-Auth-Token: gAAAAABqK39DdOAM..." {{(pid=101972) http_log /opt/stack/data/venv/lib/python3.12/site-packages/swiftclient/client.py:160}}
Jun 12 03:38:51.767663 np0000002711 devstack@g-api.service[101972]: DEBUG swiftclient [None req-0fba09c5-c7ff-4341-8c00-653ccaaa16d1 tempest-VolumesActionsTest-374285834 tempest-VolumesActionsTest-374285834-project-member] RESP STATUS: 201 Created {{(pid=101972) http_log /opt/stack/data/venv/lib/python3.12/site-packages/swiftclient/client.py:161}}
Jun 12 03:38:51.767663 np0000002711 devstack@g-api.service[101972]: DEBUG swiftclient [None req-0fba09c5-c7ff-4341-8c00-653ccaaa16d1 tempest-VolumesActionsTest-374285834 tempest-VolumesActionsTest-374285834-project-member] RESP HEADERS: {'Date': 'Fri, 12 Jun 2026 03:38:51 GMT', 'Server': 'Apache/2.4.58 (Ubuntu)', 'Content-Type': 'text/html; charset=UTF-8', 'Content-Length': '0', 'Etag': 'eda9a9889837ac4bc81d6387d92c1bec', 'Last-Modified': 'Fri, 12 Jun 2026 03:38:50 GMT', 'X-Trans-Id': 'tx5bc12b7c4ebc4d19bbd30-006a2b7f49', 'X-Openstack-Request-Id': 'tx5bc12b7c4ebc4d19bbd30-006a2b7f49', 'Connection': 'close'} {{(pid=101972) http_log /opt/stack/data/venv/lib/python3.12/site-packages/swiftclient/client.py:162}}
Jun 12 03:38:51.767812 np0000002711 devstack@g-api.service[101972]: DEBUG glance_store._drivers.swift.store [None req-0fba09c5-c7ff-4341-8c00-653ccaaa16d1 tempest-VolumesActionsTest-374285834 tempest-VolumesActionsTest-374285834-project-member] Wrote chunk a18f8ccc-914f-4993-b773-2c7c73354741-00004 (4/?) of length 204800000 to Swift returning MD5 of content: eda9a9889837ac4bc81d6387d92c1bec {{(pid=101972) add /opt/stack/data/venv/lib/python3.12/site-packages/glance_store/_drivers/swift/store.py:1059}}
Jun 12 03:38:51.775511 np0000002711 devstack@g-api.service[101974]: [pid: 101974|app: 0|req: 117/340] 127.0.0.1 () {40 vars in 834 bytes} [Fri Jun 12 03:38:51 2026] GET /v2/images/a18f8ccc-914f-4993-b773-2c7c73354741 => generated 650 bytes in 24 msecs (HTTP/1.1 200) 4 headers in 157 bytes (1 switches on core 0)
Jun 12 03:38:52.789206 np0000002711 devstack@g-api.service[101973]: DEBUG glance.api.middleware.version_negotiation [None req-28323df6-a1c0-4b77-ae5f-5565d48f1532 tempest-VolumesActionsTest-374285834 tempest-VolumesActionsTest-374285834-project-member] Determining version of request: GET /v2/images/a18f8ccc-914f-4993-b773-2c7c73354741 Accept: application/json {{(pid=101973) process_request /opt/stack/glance/glance/api/middleware/version_negotiation.py:44}}
Jun 12 03:38:52.789206 np0000002711 devstack@g-api.service[101973]: DEBUG glance.api.middleware.version_negotiation [None req-28323df6-a1c0-4b77-ae5f-5565d48f1532 tempest-VolumesActionsTest-374285834 tempest-VolumesActionsTest-374285834-project-member] Using url versioning {{(pid=101973) process_request /opt/stack/glance/glance/api/middleware/version_negotiation.py:57}}
Jun 12 03:38:52.789206 np0000002711 devstack@g-api.service[101973]: DEBUG glance.api.middleware.version_negotiation [None req-28323df6-a1c0-4b77-ae5f-5565d48f1532 tempest-VolumesActionsTest-374285834 tempest-VolumesActionsTest-374285834-project-member] Matched version: v2 {{(pid=101973) process_request /opt/stack/glance/glance/api/middleware/version_negotiation.py:69}}
Jun 12 03:38:52.789206 np0000002711 devstack@g-api.service[101973]: DEBUG glance.api.middleware.version_negotiation [None req-28323df6-a1c0-4b77-ae5f-5565d48f1532 tempest-VolumesActionsTest-374285834 tempest-VolumesActionsTest-374285834-project-member] new path /v2/images/a18f8ccc-914f-4993-b773-2c7c73354741 {{(pid=101973) process_request /opt/stack/glance/glance/api/middleware/version_negotiation.py:70}}
Jun 12 03:38:52.819105 np0000002711 devstack@g-api.service[101973]: [pid: 101973|app: 0|req: 120/341] 127.0.0.1 () {40 vars in 834 bytes} [Fri Jun 12 03:38:52 2026] GET /v2/images/a18f8ccc-914f-4993-b773-2c7c73354741 => generated 650 bytes in 32 msecs (HTTP/1.1 200) 4 headers in 157 bytes (1 switches on core 0)
Jun 12 03:38:53.203392 np0000002711 devstack@g-api.service[101972]: DEBUG dbcounter [-] [101972] Writing DB stats glance:SELECT=44,glance:UPDATE=4,glance:INSERT=4 {{(pid=101972) stat_writer /opt/stack/data/venv/lib/python3.12/site-packages/dbcounter.py:115}}
Jun 12 03:38:53.775502 np0000002711 devstack@g-api.service[101972]: DEBUG swiftclient [None req-0fba09c5-c7ff-4341-8c00-653ccaaa16d1 tempest-VolumesActionsTest-374285834 tempest-VolumesActionsTest-374285834-project-member] REQ: curl -i https://10.4.3.76:8080/v1/AUTH_eba86d6ffbbb44699ca3274571dfbf06/glance/a18f8ccc-914f-4993-b773-2c7c73354741-00005 -X PUT -H "X-Auth-Token: gAAAAABqK39DdOAM..." {{(pid=101972) http_log /opt/stack/data/venv/lib/python3.12/site-packages/swiftclient/client.py:160}}
Jun 12 03:38:53.775655 np0000002711 devstack@g-api.service[101972]: DEBUG swiftclient [None req-0fba09c5-c7ff-4341-8c00-653ccaaa16d1 tempest-VolumesActionsTest-374285834 tempest-VolumesActionsTest-374285834-project-member] RESP STATUS: 201 Created {{(pid=101972) http_log /opt/stack/data/venv/lib/python3.12/site-packages/swiftclient/client.py:161}}
Jun 12 03:38:53.775890 np0000002711 devstack@g-api.service[101972]: DEBUG swiftclient [None req-0fba09c5-c7ff-4341-8c00-653ccaaa16d1 tempest-VolumesActionsTest-374285834 tempest-VolumesActionsTest-374285834-project-member] RESP HEADERS: {'Date': 'Fri, 12 Jun 2026 03:38:53 GMT', 'Server': 'Apache/2.4.58 (Ubuntu)', 'Content-Type': 'text/html; charset=UTF-8', 'Content-Length': '0', 'Etag': 'eda9a9889837ac4bc81d6387d92c1bec', 'Last-Modified': 'Fri, 12 Jun 2026 03:38:52 GMT', 'X-Trans-Id': 'tx1bb2dc2a8722417c838e2-006a2b7f4b', 'X-Openstack-Request-Id': 'tx1bb2dc2a8722417c838e2-006a2b7f4b', 'Connection': 'close'} {{(pid=101972) http_log /opt/stack/data/venv/lib/python3.12/site-packages/swiftclient/client.py:162}}
Jun 12 03:38:53.776030 np0000002711 devstack@g-api.service[101972]: DEBUG glance_store._drivers.swift.store [None req-0fba09c5-c7ff-4341-8c00-653ccaaa16d1 tempest-VolumesActionsTest-374285834 tempest-VolumesActionsTest-374285834-project-member] Wrote chunk a18f8ccc-914f-4993-b773-2c7c73354741-00005 (5/?) of length 204800000 to Swift returning MD5 of content: eda9a9889837ac4bc81d6387d92c1bec {{(pid=101972) add /opt/stack/data/venv/lib/python3.12/site-packages/glance_store/_drivers/swift/store.py:1059}}
Jun 12 03:38:53.827215 np0000002711 devstack@g-api.service[101974]: DEBUG glance.api.middleware.version_negotiation [None req-7628d22a-40d4-42b4-8684-e4127a27c7a4 tempest-VolumesActionsTest-374285834 tempest-VolumesActionsTest-374285834-project-member] Determining version of request: GET /v2/images/a18f8ccc-914f-4993-b773-2c7c73354741 Accept: application/json {{(pid=101974) process_request /opt/stack/glance/glance/api/middleware/version_negotiation.py:44}}
Jun 12 03:38:53.827693 np0000002711 devstack@g-api.service[101974]: DEBUG glance.api.middleware.version_negotiation [None req-7628d22a-40d4-42b4-8684-e4127a27c7a4 tempest-VolumesActionsTest-374285834 tempest-VolumesActionsTest-374285834-project-member] Using url versioning {{(pid=101974) process_request /opt/stack/glance/glance/api/middleware/version_negotiation.py:57}}
Jun 12 03:38:53.827693 np0000002711 devstack@g-api.service[101974]: DEBUG glance.api.middleware.version_negotiation [None req-7628d22a-40d4-42b4-8684-e4127a27c7a4 tempest-VolumesActionsTest-374285834 tempest-VolumesActionsTest-374285834-project-member] Matched version: v2 {{(pid=101974) process_request /opt/stack/glance/glance/api/middleware/version_negotiation.py:69}}
Jun 12 03:38:53.827693 np0000002711 devstack@g-api.service[101974]: DEBUG glance.api.middleware.version_negotiation [None req-7628d22a-40d4-42b4-8684-e4127a27c7a4 tempest-VolumesActionsTest-374285834 tempest-VolumesActionsTest-374285834-project-member] new path /v2/images/a18f8ccc-914f-4993-b773-2c7c73354741 {{(pid=101974) process_request /opt/stack/glance/glance/api/middleware/version_negotiation.py:70}}
Jun 12 03:38:53.839977 np0000002711 devstack@g-api.service[101974]: [pid: 101974|app: 0|req: 118/342] 127.0.0.1 () {40 vars in 834 bytes} [Fri Jun 12 03:38:53 2026] GET /v2/images/a18f8ccc-914f-4993-b773-2c7c73354741 => generated 650 bytes in 13 msecs (HTTP/1.1 200) 4 headers in 157 bytes (1 switches on core 0)
Jun 12 03:38:54.302950 np0000002711 devstack@g-api.service[101972]: DEBUG swiftclient [None req-0fba09c5-c7ff-4341-8c00-653ccaaa16d1 tempest-VolumesActionsTest-374285834 tempest-VolumesActionsTest-374285834-project-member] REQ: curl -i https://10.4.3.76:8080/v1/AUTH_eba86d6ffbbb44699ca3274571dfbf06/glance/a18f8ccc-914f-4993-b773-2c7c73354741-00006 -X PUT -H "X-Auth-Token: gAAAAABqK39DdOAM..." {{(pid=101972) http_log /opt/stack/data/venv/lib/python3.12/site-packages/swiftclient/client.py:160}}
Jun 12 03:38:54.303243 np0000002711 devstack@g-api.service[101972]: DEBUG swiftclient [None req-0fba09c5-c7ff-4341-8c00-653ccaaa16d1 tempest-VolumesActionsTest-374285834 tempest-VolumesActionsTest-374285834-project-member] RESP STATUS: 201 Created {{(pid=101972) http_log /opt/stack/data/venv/lib/python3.12/site-packages/swiftclient/client.py:161}}
Jun 12 03:38:54.303243 np0000002711 devstack@g-api.service[101972]: DEBUG swiftclient [None req-0fba09c5-c7ff-4341-8c00-653ccaaa16d1 tempest-VolumesActionsTest-374285834 tempest-VolumesActionsTest-374285834-project-member] RESP HEADERS: {'Date': 'Fri, 12 Jun 2026 03:38:54 GMT', 'Server': 'Apache/2.4.58 (Ubuntu)', 'Content-Type': 'text/html; charset=UTF-8', 'Content-Length': '0', 'Etag': '708761f3b8777ec77058e63da08eeeb6', 'Last-Modified': 'Fri, 12 Jun 2026 03:38:54 GMT', 'X-Trans-Id': 'tx6e6d1643d31e4173a6db5-006a2b7f4d', 'X-Openstack-Request-Id': 'tx6e6d1643d31e4173a6db5-006a2b7f4d', 'Connection': 'close'} {{(pid=101972) http_log /opt/stack/data/venv/lib/python3.12/site-packages/swiftclient/client.py:162}}
Jun 12 03:38:54.303502 np0000002711 devstack@g-api.service[101972]: DEBUG glance_store._drivers.swift.store [None req-0fba09c5-c7ff-4341-8c00-653ccaaa16d1 tempest-VolumesActionsTest-374285834 tempest-VolumesActionsTest-374285834-project-member] Wrote chunk a18f8ccc-914f-4993-b773-2c7c73354741-00006 (6/?) of length 49741824 to Swift returning MD5 of content: 708761f3b8777ec77058e63da08eeeb6 {{(pid=101972) add /opt/stack/data/venv/lib/python3.12/site-packages/glance_store/_drivers/swift/store.py:1059}}
Jun 12 03:38:54.303646 np0000002711 devstack@g-api.service[101972]: DEBUG glance_store._drivers.swift.store [None req-0fba09c5-c7ff-4341-8c00-653ccaaa16d1 tempest-VolumesActionsTest-374285834 tempest-VolumesActionsTest-374285834-project-member] Not writing zero-length chunk. {{(pid=101972) add /opt/stack/data/venv/lib/python3.12/site-packages/glance_store/_drivers/swift/store.py:1028}}
Jun 12 03:38:54.329353 np0000002711 devstack@g-api.service[101972]: DEBUG swiftclient [None req-0fba09c5-c7ff-4341-8c00-653ccaaa16d1 tempest-VolumesActionsTest-374285834 tempest-VolumesActionsTest-374285834-project-member] REQ: curl -i https://10.4.3.76:8080/v1/AUTH_eba86d6ffbbb44699ca3274571dfbf06/glance/a18f8ccc-914f-4993-b773-2c7c73354741 -X PUT -H "X-Object-Manifest: glance/a18f8ccc-914f-4993-b773-2c7c73354741-" -H "X-Auth-Token: gAAAAABqK39DdOAM..." -H "Content-Length: 0" {{(pid=101972) http_log /opt/stack/data/venv/lib/python3.12/site-packages/swiftclient/client.py:160}}
Jun 12 03:38:54.329353 np0000002711 devstack@g-api.service[101972]: DEBUG swiftclient [None req-0fba09c5-c7ff-4341-8c00-653ccaaa16d1 tempest-VolumesActionsTest-374285834 tempest-VolumesActionsTest-374285834-project-member] RESP STATUS: 201 Created {{(pid=101972) http_log /opt/stack/data/venv/lib/python3.12/site-packages/swiftclient/client.py:161}}
Jun 12 03:38:54.329353 np0000002711 devstack@g-api.service[101972]: DEBUG swiftclient [None req-0fba09c5-c7ff-4341-8c00-653ccaaa16d1 tempest-VolumesActionsTest-374285834 tempest-VolumesActionsTest-374285834-project-member] RESP HEADERS: {'Date': 'Fri, 12 Jun 2026 03:38:54 GMT', 'Server': 'Apache/2.4.58 (Ubuntu)', 'Content-Type': 'text/html; charset=UTF-8', 'Content-Length': '0', 'Etag': 'd41d8cd98f00b204e9800998ecf8427e', 'Last-Modified': 'Fri, 12 Jun 2026 03:38:55 GMT', 'X-Trans-Id': 'tx161800dfbe04440d96ab8-006a2b7f4e', 'X-Openstack-Request-Id': 'tx161800dfbe04440d96ab8-006a2b7f4e', 'Connection': 'close'} {{(pid=101972) http_log /opt/stack/data/venv/lib/python3.12/site-packages/swiftclient/client.py:162}}
Jun 12 03:38:54.329353 np0000002711 devstack@g-api.service[101972]: INFO glance.location [None req-0fba09c5-c7ff-4341-8c00-653ccaaa16d1 tempest-VolumesActionsTest-374285834 tempest-VolumesActionsTest-374285834-project-member] Image format matched and virtual size computed: 1073741824
Jun 12 03:38:54.334126 np0000002711 devstack@g-api.service[101973]: DEBUG glance.api.middleware.version_negotiation [None req-b4b3582d-588a-41bd-b5e0-cdec4789dc9f tempest-VolumesActionsTest-374285834 tempest-VolumesActionsTest-374285834-project-member] Determining version of request: GET /v2/images/d595578a-6ff1-4b12-8cb2-32ce4f42d8d1 Accept: */* {{(pid=101973) process_request /opt/stack/glance/glance/api/middleware/version_negotiation.py:44}}
Jun 12 03:38:54.334763 np0000002711 devstack@g-api.service[101973]: DEBUG glance.api.middleware.version_negotiation [None req-b4b3582d-588a-41bd-b5e0-cdec4789dc9f tempest-VolumesActionsTest-374285834 tempest-VolumesActionsTest-374285834-project-member] Using url versioning {{(pid=101973) process_request /opt/stack/glance/glance/api/middleware/version_negotiation.py:57}}
Jun 12 03:38:54.335011 np0000002711 devstack@g-api.service[101973]: DEBUG glance.api.middleware.version_negotiation [None req-b4b3582d-588a-41bd-b5e0-cdec4789dc9f tempest-VolumesActionsTest-374285834 tempest-VolumesActionsTest-374285834-project-member] Matched version: v2 {{(pid=101973) process_request /opt/stack/glance/glance/api/middleware/version_negotiation.py:69}}
Jun 12 03:38:54.335338 np0000002711 devstack@g-api.service[101973]: DEBUG glance.api.middleware.version_negotiation [None req-b4b3582d-588a-41bd-b5e0-cdec4789dc9f tempest-VolumesActionsTest-374285834 tempest-VolumesActionsTest-374285834-project-member] new path /v2/images/d595578a-6ff1-4b12-8cb2-32ce4f42d8d1 {{(pid=101973) process_request /opt/stack/glance/glance/api/middleware/version_negotiation.py:70}}
Jun 12 03:38:54.346415 np0000002711 devstack@g-api.service[101973]: [pid: 101973|app: 0|req: 121/343] 127.0.0.1 () {44 vars in 1111 bytes} [Fri Jun 12 03:38:54 2026] GET /v2/images/d595578a-6ff1-4b12-8cb2-32ce4f42d8d1 => generated 1044 bytes in 12 msecs (HTTP/1.1 200) 4 headers in 158 bytes (1 switches on core 0)
Jun 12 03:38:54.354196 np0000002711 devstack@g-api.service[101972]: DEBUG glance_store.backend [None req-0fba09c5-c7ff-4341-8c00-653ccaaa16d1 tempest-VolumesActionsTest-374285834 tempest-VolumesActionsTest-374285834-project-member] Attempting to import store swift {{(pid=101972) _load_store /opt/stack/data/venv/lib/python3.12/site-packages/glance_store/backend.py:215}}
Jun 12 03:38:54.355459 np0000002711 devstack@g-api.service[101972]: DEBUG glance_store.capabilities [None req-0fba09c5-c7ff-4341-8c00-653ccaaa16d1 tempest-VolumesActionsTest-374285834 tempest-VolumesActionsTest-374285834-project-member] Store glance_store._drivers.swift.store.SingleTenantStore doesn't support updating dynamic storage capabilities. Please overwrite 'update_capabilities' method of the store to implement updating logics if needed. {{(pid=101972) update_capabilities /opt/stack/data/venv/lib/python3.12/site-packages/glance_store/capabilities.py:91}}
Jun 12 03:38:54.355538 np0000002711 devstack@g-api.service[101972]: DEBUG glance_store.driver [None req-0fba09c5-c7ff-4341-8c00-653ccaaa16d1 tempest-VolumesActionsTest-374285834 tempest-VolumesActionsTest-374285834-project-member] Late loading location class glance_store._drivers.swift.store.StoreLocation {{(pid=101972) get_store_location_class /opt/stack/data/venv/lib/python3.12/site-packages/glance_store/driver.py:134}}
Jun 12 03:38:54.355679 np0000002711 devstack@g-api.service[101972]: DEBUG glance_store.location [None req-0fba09c5-c7ff-4341-8c00-653ccaaa16d1 tempest-VolumesActionsTest-374285834 tempest-VolumesActionsTest-374285834-project-member] Registering scheme swift+https with {'store': , 'location_class': , 'store_entry': 'swift'} {{(pid=101972) register_scheme_map /opt/stack/data/venv/lib/python3.12/site-packages/glance_store/location.py:146}}
Jun 12 03:38:54.355799 np0000002711 devstack@g-api.service[101972]: DEBUG glance_store.location [None req-0fba09c5-c7ff-4341-8c00-653ccaaa16d1 tempest-VolumesActionsTest-374285834 tempest-VolumesActionsTest-374285834-project-member] Registering scheme swift+https with {'store': , 'location_class': , 'store_entry': 'swift'} {{(pid=101972) register_scheme_map /opt/stack/data/venv/lib/python3.12/site-packages/glance_store/location.py:146}}
Jun 12 03:38:54.355882 np0000002711 devstack@g-api.service[101972]: DEBUG glance_store.location [None req-0fba09c5-c7ff-4341-8c00-653ccaaa16d1 tempest-VolumesActionsTest-374285834 tempest-VolumesActionsTest-374285834-project-member] Registering scheme swift with {'store': , 'location_class': , 'store_entry': 'swift'} {{(pid=101972) register_scheme_map /opt/stack/data/venv/lib/python3.12/site-packages/glance_store/location.py:146}}
Jun 12 03:38:54.355960 np0000002711 devstack@g-api.service[101972]: DEBUG glance_store.location [None req-0fba09c5-c7ff-4341-8c00-653ccaaa16d1 tempest-VolumesActionsTest-374285834 tempest-VolumesActionsTest-374285834-project-member] Registering scheme swift+https with {'store': , 'location_class': , 'store_entry': 'swift'} {{(pid=101972) register_scheme_map /opt/stack/data/venv/lib/python3.12/site-packages/glance_store/location.py:146}}
Jun 12 03:38:54.355960 np0000002711 devstack@g-api.service[101972]: DEBUG glance_store.location [None req-0fba09c5-c7ff-4341-8c00-653ccaaa16d1 tempest-VolumesActionsTest-374285834 tempest-VolumesActionsTest-374285834-project-member] Registering scheme swift with {'store': , 'location_class': , 'store_entry': 'swift'} {{(pid=101972) register_scheme_map /opt/stack/data/venv/lib/python3.12/site-packages/glance_store/location.py:146}}
Jun 12 03:38:54.356036 np0000002711 devstack@g-api.service[101972]: DEBUG glance_store.location [None req-0fba09c5-c7ff-4341-8c00-653ccaaa16d1 tempest-VolumesActionsTest-374285834 tempest-VolumesActionsTest-374285834-project-member] Registering scheme swift+http with {'store': , 'location_class': , 'store_entry': 'swift'} {{(pid=101972) register_scheme_map /opt/stack/data/venv/lib/python3.12/site-packages/glance_store/location.py:146}}
Jun 12 03:38:54.356108 np0000002711 devstack@g-api.service[101972]: DEBUG glance_store.location [None req-0fba09c5-c7ff-4341-8c00-653ccaaa16d1 tempest-VolumesActionsTest-374285834 tempest-VolumesActionsTest-374285834-project-member] Registering scheme swift+https with {'store': , 'location_class': , 'store_entry': 'swift'} {{(pid=101972) register_scheme_map /opt/stack/data/venv/lib/python3.12/site-packages/glance_store/location.py:146}}
Jun 12 03:38:54.356252 np0000002711 devstack@g-api.service[101972]: DEBUG glance_store.location [None req-0fba09c5-c7ff-4341-8c00-653ccaaa16d1 tempest-VolumesActionsTest-374285834 tempest-VolumesActionsTest-374285834-project-member] Registering scheme swift with {'store': , 'location_class': , 'store_entry': 'swift'} {{(pid=101972) register_scheme_map /opt/stack/data/venv/lib/python3.12/site-packages/glance_store/location.py:146}}
Jun 12 03:38:54.356252 np0000002711 devstack@g-api.service[101972]: DEBUG glance_store.location [None req-0fba09c5-c7ff-4341-8c00-653ccaaa16d1 tempest-VolumesActionsTest-374285834 tempest-VolumesActionsTest-374285834-project-member] Registering scheme swift+http with {'store': , 'location_class': , 'store_entry': 'swift'} {{(pid=101972) register_scheme_map /opt/stack/data/venv/lib/python3.12/site-packages/glance_store/location.py:146}}
Jun 12 03:38:54.356339 np0000002711 devstack@g-api.service[101972]: DEBUG glance_store.location [None req-0fba09c5-c7ff-4341-8c00-653ccaaa16d1 tempest-VolumesActionsTest-374285834 tempest-VolumesActionsTest-374285834-project-member] Registering scheme swift+config with {'store': , 'location_class': , 'store_entry': 'swift'} {{(pid=101972) register_scheme_map /opt/stack/data/venv/lib/python3.12/site-packages/glance_store/location.py:146}}
Jun 12 03:38:54.356433 np0000002711 devstack@g-api.service[101972]: DEBUG glance_store.backend [None req-0fba09c5-c7ff-4341-8c00-653ccaaa16d1 tempest-VolumesActionsTest-374285834 tempest-VolumesActionsTest-374285834-project-member] Skipping store.set_acls... not implemented. {{(pid=101972) set_acls /opt/stack/data/venv/lib/python3.12/site-packages/glance_store/backend.py:507}}
Jun 12 03:38:54.357938 np0000002711 devstack@g-api.service[101972]: [pid: 101972|app: 0|req: 105/344] 127.0.0.1 () {46 vars in 1154 bytes} [Fri Jun 12 03:38:42 2026] PUT /v2/images/a18f8ccc-914f-4993-b773-2c7c73354741/file => generated 0 bytes in 12306 msecs (HTTP/1.1 204) 4 headers in 171 bytes (1 switches on core 0)
Jun 12 03:38:54.366288 np0000002711 devstack@g-api.service[101974]: DEBUG glance.api.middleware.version_negotiation [None req-b5e56b84-69b8-4935-bee1-ff57e24d2f78 tempest-VolumesActionsTest-374285834 tempest-VolumesActionsTest-374285834-project-member] Determining version of request: GET /v2/images/a18f8ccc-914f-4993-b773-2c7c73354741 Accept: */* {{(pid=101974) process_request /opt/stack/glance/glance/api/middleware/version_negotiation.py:44}}
Jun 12 03:38:54.366601 np0000002711 devstack@g-api.service[101974]: DEBUG glance.api.middleware.version_negotiation [None req-b5e56b84-69b8-4935-bee1-ff57e24d2f78 tempest-VolumesActionsTest-374285834 tempest-VolumesActionsTest-374285834-project-member] Using url versioning {{(pid=101974) process_request /opt/stack/glance/glance/api/middleware/version_negotiation.py:57}}
Jun 12 03:38:54.366705 np0000002711 devstack@g-api.service[101974]: DEBUG glance.api.middleware.version_negotiation [None req-b5e56b84-69b8-4935-bee1-ff57e24d2f78 tempest-VolumesActionsTest-374285834 tempest-VolumesActionsTest-374285834-project-member] Matched version: v2 {{(pid=101974) process_request /opt/stack/glance/glance/api/middleware/version_negotiation.py:69}}
Jun 12 03:38:54.366818 np0000002711 devstack@g-api.service[101974]: DEBUG glance.api.middleware.version_negotiation [None req-b5e56b84-69b8-4935-bee1-ff57e24d2f78 tempest-VolumesActionsTest-374285834 tempest-VolumesActionsTest-374285834-project-member] new path /v2/images/a18f8ccc-914f-4993-b773-2c7c73354741 {{(pid=101974) process_request /opt/stack/glance/glance/api/middleware/version_negotiation.py:70}}
Jun 12 03:38:54.376572 np0000002711 devstack@g-api.service[101974]: [pid: 101974|app: 0|req: 119/345] 127.0.0.1 () {44 vars in 1111 bytes} [Fri Jun 12 03:38:54 2026] GET /v2/images/a18f8ccc-914f-4993-b773-2c7c73354741 => generated 822 bytes in 10 msecs (HTTP/1.1 200) 4 headers in 157 bytes (1 switches on core 0)
Jun 12 03:38:54.379888 np0000002711 devstack@g-api.service[101973]: DEBUG glance.api.middleware.version_negotiation [None req-4b741461-6865-4c72-b3be-7f5911ae3adc tempest-AttachVolumeNegativeTest-2133208250 tempest-AttachVolumeNegativeTest-2133208250-project-member] Determining version of request: GET /v2/schemas/image Accept: */* {{(pid=101973) process_request /opt/stack/glance/glance/api/middleware/version_negotiation.py:44}}
Jun 12 03:38:54.380038 np0000002711 devstack@g-api.service[101973]: DEBUG glance.api.middleware.version_negotiation [None req-4b741461-6865-4c72-b3be-7f5911ae3adc tempest-AttachVolumeNegativeTest-2133208250 tempest-AttachVolumeNegativeTest-2133208250-project-member] Using url versioning {{(pid=101973) process_request /opt/stack/glance/glance/api/middleware/version_negotiation.py:57}}
Jun 12 03:38:54.380185 np0000002711 devstack@g-api.service[101973]: DEBUG glance.api.middleware.version_negotiation [None req-4b741461-6865-4c72-b3be-7f5911ae3adc tempest-AttachVolumeNegativeTest-2133208250 tempest-AttachVolumeNegativeTest-2133208250-project-member] Matched version: v2 {{(pid=101973) process_request /opt/stack/glance/glance/api/middleware/version_negotiation.py:69}}
Jun 12 03:38:54.380295 np0000002711 devstack@g-api.service[101973]: DEBUG glance.api.middleware.version_negotiation [None req-4b741461-6865-4c72-b3be-7f5911ae3adc tempest-AttachVolumeNegativeTest-2133208250 tempest-AttachVolumeNegativeTest-2133208250-project-member] new path /v2/schemas/image {{(pid=101973) process_request /opt/stack/glance/glance/api/middleware/version_negotiation.py:70}}
Jun 12 03:38:54.382429 np0000002711 devstack@g-api.service[101973]: [pid: 101973|app: 0|req: 122/346] 127.0.0.1 () {44 vars in 1051 bytes} [Fri Jun 12 03:38:54 2026] GET /v2/schemas/image => generated 6083 bytes in 2 msecs (HTTP/1.1 200) 4 headers in 158 bytes (1 switches on core 0)
Jun 12 03:38:54.383881 np0000002711 devstack@g-api.service[101972]: DEBUG glance.api.middleware.version_negotiation [None req-0fba09c5-c7ff-4341-8c00-653ccaaa16d1 tempest-VolumesActionsTest-374285834 tempest-VolumesActionsTest-374285834-project-member] Determining version of request: GET /v2/schemas/image Accept: */* {{(pid=101972) process_request /opt/stack/glance/glance/api/middleware/version_negotiation.py:44}}
Jun 12 03:38:54.384039 np0000002711 devstack@g-api.service[101972]: DEBUG glance.api.middleware.version_negotiation [None req-0fba09c5-c7ff-4341-8c00-653ccaaa16d1 tempest-VolumesActionsTest-374285834 tempest-VolumesActionsTest-374285834-project-member] Using url versioning {{(pid=101972) process_request /opt/stack/glance/glance/api/middleware/version_negotiation.py:57}}
Jun 12 03:38:54.384093 np0000002711 devstack@g-api.service[101972]: DEBUG glance.api.middleware.version_negotiation [None req-0fba09c5-c7ff-4341-8c00-653ccaaa16d1 tempest-VolumesActionsTest-374285834 tempest-VolumesActionsTest-374285834-project-member] Matched version: v2 {{(pid=101972) process_request /opt/stack/glance/glance/api/middleware/version_negotiation.py:69}}
Jun 12 03:38:54.384265 np0000002711 devstack@g-api.service[101972]: DEBUG glance.api.middleware.version_negotiation [None req-0fba09c5-c7ff-4341-8c00-653ccaaa16d1 tempest-VolumesActionsTest-374285834 tempest-VolumesActionsTest-374285834-project-member] new path /v2/schemas/image {{(pid=101972) process_request /opt/stack/glance/glance/api/middleware/version_negotiation.py:70}}
Jun 12 03:38:54.386473 np0000002711 devstack@g-api.service[101972]: [pid: 101972|app: 0|req: 106/347] 127.0.0.1 () {44 vars in 1051 bytes} [Fri Jun 12 03:38:54 2026] GET /v2/schemas/image => generated 6083 bytes in 3 msecs (HTTP/1.1 200) 4 headers in 158 bytes (1 switches on core 0)
Jun 12 03:38:54.397146 np0000002711 devstack@g-api.service[101974]: DEBUG glance.api.middleware.version_negotiation [None req-0fba09c5-c7ff-4341-8c00-653ccaaa16d1 tempest-VolumesActionsTest-374285834 tempest-VolumesActionsTest-374285834-project-member] Determining version of request: GET /v2/schemas/image Accept: */* {{(pid=101974) process_request /opt/stack/glance/glance/api/middleware/version_negotiation.py:44}}
Jun 12 03:38:54.397423 np0000002711 devstack@g-api.service[101974]: DEBUG glance.api.middleware.version_negotiation [None req-0fba09c5-c7ff-4341-8c00-653ccaaa16d1 tempest-VolumesActionsTest-374285834 tempest-VolumesActionsTest-374285834-project-member] Using url versioning {{(pid=101974) process_request /opt/stack/glance/glance/api/middleware/version_negotiation.py:57}}
Jun 12 03:38:54.397622 np0000002711 devstack@g-api.service[101974]: DEBUG glance.api.middleware.version_negotiation [None req-0fba09c5-c7ff-4341-8c00-653ccaaa16d1 tempest-VolumesActionsTest-374285834 tempest-VolumesActionsTest-374285834-project-member] Matched version: v2 {{(pid=101974) process_request /opt/stack/glance/glance/api/middleware/version_negotiation.py:69}}
Jun 12 03:38:54.397789 np0000002711 devstack@g-api.service[101974]: DEBUG glance.api.middleware.version_negotiation [None req-0fba09c5-c7ff-4341-8c00-653ccaaa16d1 tempest-VolumesActionsTest-374285834 tempest-VolumesActionsTest-374285834-project-member] new path /v2/schemas/image {{(pid=101974) process_request /opt/stack/glance/glance/api/middleware/version_negotiation.py:70}}
Jun 12 03:38:54.401449 np0000002711 devstack@g-api.service[101974]: [pid: 101974|app: 0|req: 120/348] 127.0.0.1 () {44 vars in 1051 bytes} [Fri Jun 12 03:38:54 2026] GET /v2/schemas/image => generated 6083 bytes in 4 msecs (HTTP/1.1 200) 4 headers in 158 bytes (1 switches on core 0)
Jun 12 03:38:54.847997 np0000002711 devstack@g-api.service[101973]: DEBUG glance.api.middleware.version_negotiation [None req-4b741461-6865-4c72-b3be-7f5911ae3adc tempest-AttachVolumeNegativeTest-2133208250 tempest-AttachVolumeNegativeTest-2133208250-project-member] Determining version of request: GET /v2/images/a18f8ccc-914f-4993-b773-2c7c73354741 Accept: application/json {{(pid=101973) process_request /opt/stack/glance/glance/api/middleware/version_negotiation.py:44}}
Jun 12 03:38:54.848218 np0000002711 devstack@g-api.service[101973]: DEBUG glance.api.middleware.version_negotiation [None req-4b741461-6865-4c72-b3be-7f5911ae3adc tempest-AttachVolumeNegativeTest-2133208250 tempest-AttachVolumeNegativeTest-2133208250-project-member] Using url versioning {{(pid=101973) process_request /opt/stack/glance/glance/api/middleware/version_negotiation.py:57}}
Jun 12 03:38:54.848417 np0000002711 devstack@g-api.service[101973]: DEBUG glance.api.middleware.version_negotiation [None req-4b741461-6865-4c72-b3be-7f5911ae3adc tempest-AttachVolumeNegativeTest-2133208250 tempest-AttachVolumeNegativeTest-2133208250-project-member] Matched version: v2 {{(pid=101973) process_request /opt/stack/glance/glance/api/middleware/version_negotiation.py:69}}
Jun 12 03:38:54.848565 np0000002711 devstack@g-api.service[101973]: DEBUG glance.api.middleware.version_negotiation [None req-4b741461-6865-4c72-b3be-7f5911ae3adc tempest-AttachVolumeNegativeTest-2133208250 tempest-AttachVolumeNegativeTest-2133208250-project-member] new path /v2/images/a18f8ccc-914f-4993-b773-2c7c73354741 {{(pid=101973) process_request /opt/stack/glance/glance/api/middleware/version_negotiation.py:70}}
Jun 12 03:38:54.860308 np0000002711 devstack@g-api.service[101973]: [pid: 101973|app: 0|req: 123/349] 127.0.0.1 () {40 vars in 834 bytes} [Fri Jun 12 03:38:54 2026] GET /v2/images/a18f8ccc-914f-4993-b773-2c7c73354741 => generated 822 bytes in 12 msecs (HTTP/1.1 200) 4 headers in 157 bytes (1 switches on core 0)
Jun 12 03:39:03.270521 np0000002711 devstack@g-api.service[101972]: DEBUG glance.api.middleware.version_negotiation [None req-0fba09c5-c7ff-4341-8c00-653ccaaa16d1 tempest-VolumesActionsTest-374285834 tempest-VolumesActionsTest-374285834-project-member] Determining version of request: GET /v2/images/a18f8ccc-914f-4993-b773-2c7c73354741 Accept: application/json {{(pid=101972) process_request /opt/stack/glance/glance/api/middleware/version_negotiation.py:44}}
Jun 12 03:39:03.270521 np0000002711 devstack@g-api.service[101972]: DEBUG glance.api.middleware.version_negotiation [None req-0fba09c5-c7ff-4341-8c00-653ccaaa16d1 tempest-VolumesActionsTest-374285834 tempest-VolumesActionsTest-374285834-project-member] Using url versioning {{(pid=101972) process_request /opt/stack/glance/glance/api/middleware/version_negotiation.py:57}}
Jun 12 03:39:03.270521 np0000002711 devstack@g-api.service[101972]: DEBUG glance.api.middleware.version_negotiation [None req-0fba09c5-c7ff-4341-8c00-653ccaaa16d1 tempest-VolumesActionsTest-374285834 tempest-VolumesActionsTest-374285834-project-member] Matched version: v2 {{(pid=101972) process_request /opt/stack/glance/glance/api/middleware/version_negotiation.py:69}}
Jun 12 03:39:03.270521 np0000002711 devstack@g-api.service[101972]: DEBUG glance.api.middleware.version_negotiation [None req-0fba09c5-c7ff-4341-8c00-653ccaaa16d1 tempest-VolumesActionsTest-374285834 tempest-VolumesActionsTest-374285834-project-member] new path /v2/images/a18f8ccc-914f-4993-b773-2c7c73354741 {{(pid=101972) process_request /opt/stack/glance/glance/api/middleware/version_negotiation.py:70}}
Jun 12 03:39:03.283923 np0000002711 devstack@g-api.service[101972]: [pid: 101972|app: 0|req: 107/350] 127.0.0.1 () {40 vars in 834 bytes} [Fri Jun 12 03:39:03 2026] GET /v2/images/a18f8ccc-914f-4993-b773-2c7c73354741 => generated 822 bytes in 14 msecs (HTTP/1.1 200) 4 headers in 157 bytes (1 switches on core 0)
Jun 12 03:39:03.348672 np0000002711 devstack@g-api.service[101974]: DEBUG glance.api.middleware.version_negotiation [None req-0fba09c5-c7ff-4341-8c00-653ccaaa16d1 tempest-VolumesActionsTest-374285834 tempest-VolumesActionsTest-374285834-project-member] Determining version of request: GET /v2/schemas/image Accept: */* {{(pid=101974) process_request /opt/stack/glance/glance/api/middleware/version_negotiation.py:44}}
Jun 12 03:39:03.348992 np0000002711 devstack@g-api.service[101974]: DEBUG glance.api.middleware.version_negotiation [None req-0fba09c5-c7ff-4341-8c00-653ccaaa16d1 tempest-VolumesActionsTest-374285834 tempest-VolumesActionsTest-374285834-project-member] Using url versioning {{(pid=101974) process_request /opt/stack/glance/glance/api/middleware/version_negotiation.py:57}}
Jun 12 03:39:03.348992 np0000002711 devstack@g-api.service[101974]: DEBUG glance.api.middleware.version_negotiation [None req-0fba09c5-c7ff-4341-8c00-653ccaaa16d1 tempest-VolumesActionsTest-374285834 tempest-VolumesActionsTest-374285834-project-member] Matched version: v2 {{(pid=101974) process_request /opt/stack/glance/glance/api/middleware/version_negotiation.py:69}}
Jun 12 03:39:03.350023 np0000002711 devstack@g-api.service[101974]: DEBUG glance.api.middleware.version_negotiation [None req-0fba09c5-c7ff-4341-8c00-653ccaaa16d1 tempest-VolumesActionsTest-374285834 tempest-VolumesActionsTest-374285834-project-member] new path /v2/schemas/image {{(pid=101974) process_request /opt/stack/glance/glance/api/middleware/version_negotiation.py:70}}
Jun 12 03:39:03.506950 np0000002711 devstack@g-api.service[101974]: [pid: 101974|app: 0|req: 121/351] 127.0.0.1 () {44 vars in 1051 bytes} [Fri Jun 12 03:39:03 2026] GET /v2/schemas/image => generated 6083 bytes in 158 msecs (HTTP/1.1 200) 4 headers in 158 bytes (1 switches on core 0)
Jun 12 03:39:03.521783 np0000002711 devstack@g-api.service[101973]: DEBUG glance.api.middleware.version_negotiation [None req-06167f8c-8119-43f1-bea8-00f5fd2cc377 tempest-VolumesActionsTest-374285834 tempest-VolumesActionsTest-374285834-project-member] Determining version of request: POST /v2/images Accept: */* {{(pid=101973) process_request /opt/stack/glance/glance/api/middleware/version_negotiation.py:44}}
Jun 12 03:39:03.523815 np0000002711 devstack@g-api.service[101973]: DEBUG glance.api.middleware.version_negotiation [None req-06167f8c-8119-43f1-bea8-00f5fd2cc377 tempest-VolumesActionsTest-374285834 tempest-VolumesActionsTest-374285834-project-member] Using url versioning {{(pid=101973) process_request /opt/stack/glance/glance/api/middleware/version_negotiation.py:57}}
Jun 12 03:39:03.523815 np0000002711 devstack@g-api.service[101973]: DEBUG glance.api.middleware.version_negotiation [None req-06167f8c-8119-43f1-bea8-00f5fd2cc377 tempest-VolumesActionsTest-374285834 tempest-VolumesActionsTest-374285834-project-member] Matched version: v2 {{(pid=101973) process_request /opt/stack/glance/glance/api/middleware/version_negotiation.py:69}}
Jun 12 03:39:03.523815 np0000002711 devstack@g-api.service[101973]: DEBUG glance.api.middleware.version_negotiation [None req-06167f8c-8119-43f1-bea8-00f5fd2cc377 tempest-VolumesActionsTest-374285834 tempest-VolumesActionsTest-374285834-project-member] new path /v2/images {{(pid=101973) process_request /opt/stack/glance/glance/api/middleware/version_negotiation.py:70}}
Jun 12 03:39:04.243622 np0000002711 devstack@g-api.service[101973]: [pid: 101973|app: 0|req: 124/352] 127.0.0.1 () {46 vars in 1051 bytes} [Fri Jun 12 03:39:03 2026] POST /v2/images => generated 651 bytes in 722 msecs (HTTP/1.1 201) 6 headers in 315 bytes (1 switches on core 0)
Jun 12 03:39:04.264744 np0000002711 devstack@g-api.service[101972]: DEBUG glance.api.middleware.version_negotiation [None req-0246cd66-9e7e-4768-bab8-cfdaa2e175c3 tempest-VolumesActionsTest-374285834 tempest-VolumesActionsTest-374285834-project-member] Determining version of request: GET /v2/schemas/image Accept: */* {{(pid=101972) process_request /opt/stack/glance/glance/api/middleware/version_negotiation.py:44}}
Jun 12 03:39:04.264744 np0000002711 devstack@g-api.service[101972]: DEBUG glance.api.middleware.version_negotiation [None req-0246cd66-9e7e-4768-bab8-cfdaa2e175c3 tempest-VolumesActionsTest-374285834 tempest-VolumesActionsTest-374285834-project-member] Using url versioning {{(pid=101972) process_request /opt/stack/glance/glance/api/middleware/version_negotiation.py:57}}
Jun 12 03:39:04.264744 np0000002711 devstack@g-api.service[101972]: DEBUG glance.api.middleware.version_negotiation [None req-0246cd66-9e7e-4768-bab8-cfdaa2e175c3 tempest-VolumesActionsTest-374285834 tempest-VolumesActionsTest-374285834-project-member] Matched version: v2 {{(pid=101972) process_request /opt/stack/glance/glance/api/middleware/version_negotiation.py:69}}
Jun 12 03:39:04.264744 np0000002711 devstack@g-api.service[101972]: DEBUG glance.api.middleware.version_negotiation [None req-0246cd66-9e7e-4768-bab8-cfdaa2e175c3 tempest-VolumesActionsTest-374285834 tempest-VolumesActionsTest-374285834-project-member] new path /v2/schemas/image {{(pid=101972) process_request /opt/stack/glance/glance/api/middleware/version_negotiation.py:70}}
Jun 12 03:39:04.266816 np0000002711 devstack@g-api.service[101972]: [pid: 101972|app: 0|req: 108/353] 127.0.0.1 () {44 vars in 1051 bytes} [Fri Jun 12 03:39:04 2026] GET /v2/schemas/image => generated 6083 bytes in 4 msecs (HTTP/1.1 200) 4 headers in 158 bytes (1 switches on core 0)
Jun 12 03:39:04.297161 np0000002711 devstack@g-api.service[101974]: DEBUG glance.api.middleware.version_negotiation [None req-d284fdde-988f-4859-b92c-9c00ec59d3b9 tempest-VolumesActionsTest-374285834 tempest-VolumesActionsTest-374285834-project-member] Determining version of request: GET /v2/images/c897248e-cb3f-4326-816d-b1f10ec319e0 Accept: application/json {{(pid=101974) process_request /opt/stack/glance/glance/api/middleware/version_negotiation.py:44}}
Jun 12 03:39:04.297161 np0000002711 devstack@g-api.service[101974]: DEBUG glance.api.middleware.version_negotiation [None req-d284fdde-988f-4859-b92c-9c00ec59d3b9 tempest-VolumesActionsTest-374285834 tempest-VolumesActionsTest-374285834-project-member] Using url versioning {{(pid=101974) process_request /opt/stack/glance/glance/api/middleware/version_negotiation.py:57}}
Jun 12 03:39:04.297161 np0000002711 devstack@g-api.service[101974]: DEBUG glance.api.middleware.version_negotiation [None req-d284fdde-988f-4859-b92c-9c00ec59d3b9 tempest-VolumesActionsTest-374285834 tempest-VolumesActionsTest-374285834-project-member] Matched version: v2 {{(pid=101974) process_request /opt/stack/glance/glance/api/middleware/version_negotiation.py:69}}
Jun 12 03:39:04.297161 np0000002711 devstack@g-api.service[101974]: DEBUG glance.api.middleware.version_negotiation [None req-d284fdde-988f-4859-b92c-9c00ec59d3b9 tempest-VolumesActionsTest-374285834 tempest-VolumesActionsTest-374285834-project-member] new path /v2/images/c897248e-cb3f-4326-816d-b1f10ec319e0 {{(pid=101974) process_request /opt/stack/glance/glance/api/middleware/version_negotiation.py:70}}
Jun 12 03:39:04.313056 np0000002711 devstack@g-api.service[101974]: [pid: 101974|app: 0|req: 122/354] 127.0.0.1 () {40 vars in 834 bytes} [Fri Jun 12 03:39:04 2026] GET /v2/images/c897248e-cb3f-4326-816d-b1f10ec319e0 => generated 651 bytes in 18 msecs (HTTP/1.1 200) 4 headers in 157 bytes (1 switches on core 0)
Jun 12 03:39:04.634823 np0000002711 devstack@g-api.service[101973]: DEBUG glance.api.middleware.version_negotiation [None req-d284fdde-988f-4859-b92c-9c00ec59d3b9 tempest-VolumesActionsTest-374285834 tempest-VolumesActionsTest-374285834-project-member] Determining version of request: PATCH /v2/images/487b5dcb-1f65-4525-b9eb-e5328a9b1195 Accept: {{(pid=101973) process_request /opt/stack/glance/glance/api/middleware/version_negotiation.py:44}}
Jun 12 03:39:04.634823 np0000002711 devstack@g-api.service[101973]: DEBUG glance.api.middleware.version_negotiation [None req-d284fdde-988f-4859-b92c-9c00ec59d3b9 tempest-VolumesActionsTest-374285834 tempest-VolumesActionsTest-374285834-project-member] Using url versioning {{(pid=101973) process_request /opt/stack/glance/glance/api/middleware/version_negotiation.py:57}}
Jun 12 03:39:04.634823 np0000002711 devstack@g-api.service[101973]: DEBUG glance.api.middleware.version_negotiation [None req-d284fdde-988f-4859-b92c-9c00ec59d3b9 tempest-VolumesActionsTest-374285834 tempest-VolumesActionsTest-374285834-project-member] Matched version: v2 {{(pid=101973) process_request /opt/stack/glance/glance/api/middleware/version_negotiation.py:69}}
Jun 12 03:39:04.634823 np0000002711 devstack@g-api.service[101973]: DEBUG glance.api.middleware.version_negotiation [None req-d284fdde-988f-4859-b92c-9c00ec59d3b9 tempest-VolumesActionsTest-374285834 tempest-VolumesActionsTest-374285834-project-member] new path /v2/images/487b5dcb-1f65-4525-b9eb-e5328a9b1195 {{(pid=101973) process_request /opt/stack/glance/glance/api/middleware/version_negotiation.py:70}}
Jun 12 03:39:04.721471 np0000002711 devstack@g-api.service[101973]: DEBUG glance_store.backend [None req-ea09e1d3-7d1e-40be-91c4-8f26bcb3730f tempest-ServerBootFromVolumeStableRescueTest-848428578 tempest-ServerBootFromVolumeStableRescueTest-848428578-project-member] Attempting to import store swift {{(pid=101973) _load_store /opt/stack/data/venv/lib/python3.12/site-packages/glance_store/backend.py:215}}
