Jun 12 03:29:54.077647 np0000002711 devstack@g-api.service[101972]: DEBUG glance_store.location [-] Registering scheme swift+config with {'store': , 'location_class': , 'store_entry': 'swift'} {{(pid=101972) register_scheme_map /opt/stack/data/venv/lib/python3.12/site-packages/glance_store/location.py:146}}
Jun 12 03:29:54.077752 np0000002711 devstack@g-api.service[101972]: DEBUG glance_store.backend [-] Attempting to import store file {{(pid=101972) _load_store /opt/stack/data/venv/lib/python3.12/site-packages/glance_store/backend.py:215}}
Jun 12 03:29:54.078640 np0000002711 devstack@g-api.service[101972]: DEBUG glance_store.capabilities [-] Store glance_store._drivers.filesystem.Store doesn't support updating dynamic storage capabilities. Please overwrite 'update_capabilities' method of the store to implement updating logics if needed. {{(pid=101972) update_capabilities /opt/stack/data/venv/lib/python3.12/site-packages/glance_store/capabilities.py:91}}
Jun 12 03:29:54.078745 np0000002711 devstack@g-api.service[101972]: DEBUG glance_store.backend [-] Registering store file with schemes ('file', 'filesystem') {{(pid=101972) create_stores /opt/stack/data/venv/lib/python3.12/site-packages/glance_store/backend.py:261}}
Jun 12 03:29:54.078849 np0000002711 devstack@g-api.service[101972]: DEBUG glance_store.driver [-] Late loading location class glance_store._drivers.filesystem.StoreLocation {{(pid=101972) get_store_location_class /opt/stack/data/venv/lib/python3.12/site-packages/glance_store/driver.py:134}}
Jun 12 03:29:54.078978 np0000002711 devstack@g-api.service[101972]: DEBUG glance_store.location [-] Registering scheme file with {'store': , 'location_class': , 'store_entry': 'file'} {{(pid=101972) register_scheme_map /opt/stack/data/venv/lib/python3.12/site-packages/glance_store/location.py:146}}
Jun 12 03:29:54.079051 np0000002711 devstack@g-api.service[101972]: DEBUG glance_store.location [-] Registering scheme filesystem with {'store': , 'location_class': , 'store_entry': 'file'} {{(pid=101972) register_scheme_map /opt/stack/data/venv/lib/python3.12/site-packages/glance_store/location.py:146}}
Jun 12 03:29:54.079166 np0000002711 devstack@g-api.service[101972]: DEBUG glance_store.backend [-] Attempting to import store http {{(pid=101972) _load_store /opt/stack/data/venv/lib/python3.12/site-packages/glance_store/backend.py:215}}
Jun 12 03:29:54.079481 np0000002711 devstack@g-api.service[101972]: DEBUG glance_store.capabilities [-] Store glance_store._drivers.http.Store doesn't support updating dynamic storage capabilities. Please overwrite 'update_capabilities' method of the store to implement updating logics if needed. {{(pid=101972) update_capabilities /opt/stack/data/venv/lib/python3.12/site-packages/glance_store/capabilities.py:91}}
Jun 12 03:29:54.079531 np0000002711 devstack@g-api.service[101972]: DEBUG glance_store.backend [-] Registering store http with schemes ('http', 'https') {{(pid=101972) create_stores /opt/stack/data/venv/lib/python3.12/site-packages/glance_store/backend.py:261}}
Jun 12 03:29:54.079600 np0000002711 devstack@g-api.service[101972]: DEBUG glance_store.driver [-] Late loading location class glance_store._drivers.http.StoreLocation {{(pid=101972) get_store_location_class /opt/stack/data/venv/lib/python3.12/site-packages/glance_store/driver.py:134}}
Jun 12 03:29:54.079653 np0000002711 devstack@g-api.service[101972]: DEBUG glance_store.location [-] Registering scheme http with {'store': , 'location_class': , 'store_entry': 'http'} {{(pid=101972) register_scheme_map /opt/stack/data/venv/lib/python3.12/site-packages/glance_store/location.py:146}}
Jun 12 03:29:54.079705 np0000002711 devstack@g-api.service[101972]: DEBUG glance_store.location [-] Registering scheme https with {'store': , 'location_class': , 'store_entry': 'http'} {{(pid=101972) register_scheme_map /opt/stack/data/venv/lib/python3.12/site-packages/glance_store/location.py:146}}
Jun 12 03:29:54.079841 np0000002711 devstack@g-api.service[101972]: DEBUG glance_store.backend [-] Attempting to import store swift {{(pid=101972) _load_store /opt/stack/data/venv/lib/python3.12/site-packages/glance_store/backend.py:215}}
Jun 12 03:29:54.081371 np0000002711 devstack@g-api.service[101972]: DEBUG glance_store.capabilities [-] Store glance_store._drivers.swift.store.SingleTenantStore doesn't support updating dynamic storage capabilities. Please overwrite 'update_capabilities' method of the store to implement updating logics if needed. {{(pid=101972) update_capabilities /opt/stack/data/venv/lib/python3.12/site-packages/glance_store/capabilities.py:91}}
Jun 12 03:29:54.081466 np0000002711 devstack@g-api.service[101972]: DEBUG glance_store.driver [-] Late loading location class glance_store._drivers.swift.store.StoreLocation {{(pid=101972) get_store_location_class /opt/stack/data/venv/lib/python3.12/site-packages/glance_store/driver.py:134}}
Jun 12 03:29:54.081571 np0000002711 devstack@g-api.service[101972]: DEBUG glance_store.location [-] Registering scheme swift+https with {'store': , 'location_class': , 'store_entry': 'swift'} {{(pid=101972) register_scheme_map /opt/stack/data/venv/lib/python3.12/site-packages/glance_store/location.py:146}}
Jun 12 03:29:54.081670 np0000002711 devstack@g-api.service[101972]: DEBUG glance_store.location [-] Registering scheme swift+https with {'store': , 'location_class': , 'store_entry': 'swift'} {{(pid=101972) register_scheme_map /opt/stack/data/venv/lib/python3.12/site-packages/glance_store/location.py:146}}
Jun 12 03:29:54.081758 np0000002711 devstack@g-api.service[101972]: DEBUG glance_store.location [-] Registering scheme swift with {'store': , 'location_class': , 'store_entry': 'swift'} {{(pid=101972) register_scheme_map /opt/stack/data/venv/lib/python3.12/site-packages/glance_store/location.py:146}}
Jun 12 03:29:54.081838 np0000002711 devstack@g-api.service[101972]: DEBUG glance_store.location [-] Registering scheme swift+https with {'store': , 'location_class': , 'store_entry': 'swift'} {{(pid=101972) register_scheme_map /opt/stack/data/venv/lib/python3.12/site-packages/glance_store/location.py:146}}
Jun 12 03:29:54.081921 np0000002711 devstack@g-api.service[101972]: DEBUG glance_store.location [-] Registering scheme swift with {'store': , 'location_class': , 'store_entry': 'swift'} {{(pid=101972) register_scheme_map /opt/stack/data/venv/lib/python3.12/site-packages/glance_store/location.py:146}}
Jun 12 03:29:54.081998 np0000002711 devstack@g-api.service[101972]: DEBUG glance_store.location [-] Registering scheme swift+http with {'store': , 'location_class': , 'store_entry': 'swift'} {{(pid=101972) register_scheme_map /opt/stack/data/venv/lib/python3.12/site-packages/glance_store/location.py:146}}
Jun 12 03:29:54.082078 np0000002711 devstack@g-api.service[101972]: DEBUG glance_store.location [-] Registering scheme swift+https with {'store': , 'location_class': , 'store_entry': 'swift'} {{(pid=101972) register_scheme_map /opt/stack/data/venv/lib/python3.12/site-packages/glance_store/location.py:146}}
Jun 12 03:29:54.082180 np0000002711 devstack@g-api.service[101972]: DEBUG glance_store.location [-] Registering scheme swift with {'store': , 'location_class': , 'store_entry': 'swift'} {{(pid=101972) register_scheme_map /opt/stack/data/venv/lib/python3.12/site-packages/glance_store/location.py:146}}
Jun 12 03:29:54.082262 np0000002711 devstack@g-api.service[101972]: DEBUG glance_store.location [-] Registering scheme swift+http with {'store': , 'location_class': , 'store_entry': 'swift'} {{(pid=101972) register_scheme_map /opt/stack/data/venv/lib/python3.12/site-packages/glance_store/location.py:146}}
Jun 12 03:29:54.082360 np0000002711 devstack@g-api.service[101972]: DEBUG glance_store.location [-] Registering scheme swift+config with {'store': , 'location_class': , 'store_entry': 'swift'} {{(pid=101972) register_scheme_map /opt/stack/data/venv/lib/python3.12/site-packages/glance_store/location.py:146}}
Jun 12 03:29:54.082738 np0000002711 devstack@g-api.service[101972]: DEBUG glance.sqlite_migration [-] SQLite caching database not located, skipping migration {{(pid=101972) get_db_path /opt/stack/glance/glance/sqlite_migration.py:68}}
Jun 12 03:29:54.083022 np0000002711 devstack@g-api.service[101972]: WARNING glance.common.wsgi_app [-] Import methods are enabled but staging directory /tmp/staging/ does not exist; Imports will fail!
Jun 12 03:29:54.197520 np0000002711 devstack@g-api.service[101973]: DEBUG glance.common.config [None req-34bf5638-779f-429b-9a24-0b76428a61b3 None None] Loading glance-api-keystone+cachemanagement from /etc/glance/glance-api-paste.ini {{(pid=101973) load_paste_app /opt/stack/glance/glance/common/config.py:758}}
Jun 12 03:29:54.197978 np0000002711 devstack@g-api.service[101974]: DEBUG glance.common.config [None req-71e0334c-4e16-4ba1-8b2b-265e93b9aa36 None None] Loading glance-api-keystone+cachemanagement from /etc/glance/glance-api-paste.ini {{(pid=101974) load_paste_app /opt/stack/glance/glance/common/config.py:758}}
Jun 12 03:29:54.342363 np0000002711 devstack@g-api.service[101972]: DEBUG glance.common.config [None req-134e1f56-b77a-4fc5-bd13-0a9d544757f3 None None] Loading glance-api-keystone+cachemanagement from /etc/glance/glance-api-paste.ini {{(pid=101972) load_paste_app /opt/stack/glance/glance/common/config.py:758}}
Jun 12 03:29:54.840892 np0000002711 devstack@g-api.service[101973]: INFO glance.image_cache [None req-34bf5638-779f-429b-9a24-0b76428a61b3 None None] Image cache loaded driver 'centralized_db'.
Jun 12 03:29:54.868300 np0000002711 devstack@g-api.service[101974]: INFO glance.image_cache [None req-71e0334c-4e16-4ba1-8b2b-265e93b9aa36 None None] Image cache loaded driver 'centralized_db'.
Jun 12 03:29:54.871214 np0000002711 devstack@g-api.service[101972]: INFO glance.image_cache [None req-134e1f56-b77a-4fc5-bd13-0a9d544757f3 None None] Image cache loaded driver 'centralized_db'.
Jun 12 03:29:54.890370 np0000002711 devstack@g-api.service[101973]: INFO dbcounter [None req-34bf5638-779f-429b-9a24-0b76428a61b3 None None] Registered counter for database glance
Jun 12 03:29:54.916540 np0000002711 devstack@g-api.service[101974]: INFO dbcounter [None req-71e0334c-4e16-4ba1-8b2b-265e93b9aa36 None None] Registered counter for database glance
Jun 12 03:29:54.918030 np0000002711 devstack@g-api.service[101972]: INFO dbcounter [None req-134e1f56-b77a-4fc5-bd13-0a9d544757f3 None None] Registered counter for database glance
Jun 12 03:29:54.932527 np0000002711 devstack@g-api.service[101973]: DEBUG oslo_db.sqlalchemy.engines [None req-34bf5638-779f-429b-9a24-0b76428a61b3 None None] MySQL server mode set to STRICT_TRANS_TABLES,STRICT_ALL_TABLES,NO_ZERO_IN_DATE,NO_ZERO_DATE,ERROR_FOR_DIVISION_BY_ZERO,TRADITIONAL,NO_ENGINE_SUBSTITUTION {{(pid=101973) _check_effective_sql_mode /opt/stack/data/venv/lib/python3.12/site-packages/oslo_db/sqlalchemy/engines.py:325}}
Jun 12 03:29:54.952121 np0000002711 devstack@g-api.service[101973]: DEBUG dbcounter [-] [101973] Writer thread running {{(pid=101973) stat_writer /opt/stack/data/venv/lib/python3.12/site-packages/dbcounter.py:102}}
Jun 12 03:29:54.959565 np0000002711 devstack@g-api.service[101972]: DEBUG oslo_db.sqlalchemy.engines [None req-134e1f56-b77a-4fc5-bd13-0a9d544757f3 None None] MySQL server mode set to STRICT_TRANS_TABLES,STRICT_ALL_TABLES,NO_ZERO_IN_DATE,NO_ZERO_DATE,ERROR_FOR_DIVISION_BY_ZERO,TRADITIONAL,NO_ENGINE_SUBSTITUTION {{(pid=101972) _check_effective_sql_mode /opt/stack/data/venv/lib/python3.12/site-packages/oslo_db/sqlalchemy/engines.py:325}}
Jun 12 03:29:54.966347 np0000002711 devstack@g-api.service[101974]: DEBUG oslo_db.sqlalchemy.engines [None req-71e0334c-4e16-4ba1-8b2b-265e93b9aa36 None None] MySQL server mode set to STRICT_TRANS_TABLES,STRICT_ALL_TABLES,NO_ZERO_IN_DATE,NO_ZERO_DATE,ERROR_FOR_DIVISION_BY_ZERO,TRADITIONAL,NO_ENGINE_SUBSTITUTION {{(pid=101974) _check_effective_sql_mode /opt/stack/data/venv/lib/python3.12/site-packages/oslo_db/sqlalchemy/engines.py:325}}
Jun 12 03:29:54.967337 np0000002711 devstack@g-api.service[101973]: INFO glance.image_cache [None req-34bf5638-779f-429b-9a24-0b76428a61b3 None None] Image cache loaded driver 'centralized_db'.
Jun 12 03:29:54.974193 np0000002711 devstack@g-api.service[101973]: DEBUG glance.image_cache.drivers.centralized_db [None req-34bf5638-779f-429b-9a24-0b76428a61b3 None None] Node reference is already recorded, ignoring it {{(pid=101973) configure /opt/stack/glance/glance/image_cache/drivers/centralized_db.py:71}}
Jun 12 03:29:54.978485 np0000002711 devstack@g-api.service[101973]: DEBUG glance.api.v2.cached_images [None req-34bf5638-779f-429b-9a24-0b76428a61b3 None None] Started cache worker thread {{(pid=101973) __init__ /opt/stack/glance/glance/api/v2/cached_images.py:69}}
Jun 12 03:29:54.979161 np0000002711 devstack@g-api.service[101973]: INFO glance.image_cache [None req-34bf5638-779f-429b-9a24-0b76428a61b3 None None] Image cache loaded driver 'centralized_db'.
Jun 12 03:29:54.980555 np0000002711 devstack@g-api.service[101972]: DEBUG dbcounter [-] [101972] Writer thread running {{(pid=101972) stat_writer /opt/stack/data/venv/lib/python3.12/site-packages/dbcounter.py:102}}
Jun 12 03:29:54.983475 np0000002711 devstack@g-api.service[101972]: DEBUG glance.image_cache.drivers.centralized_db [None req-134e1f56-b77a-4fc5-bd13-0a9d544757f3 None None] Node reference is already recorded, ignoring it {{(pid=101972) configure /opt/stack/glance/glance/image_cache/drivers/centralized_db.py:71}}
Jun 12 03:29:54.986798 np0000002711 devstack@g-api.service[101973]: DEBUG glance.image_cache.drivers.centralized_db [None req-34bf5638-779f-429b-9a24-0b76428a61b3 None None] Node reference is already recorded, ignoring it {{(pid=101973) configure /opt/stack/glance/glance/image_cache/drivers/centralized_db.py:71}}
Jun 12 03:29:54.986888 np0000002711 devstack@g-api.service[101974]: DEBUG dbcounter [-] [101974] Writer thread running {{(pid=101974) stat_writer /opt/stack/data/venv/lib/python3.12/site-packages/dbcounter.py:102}}
Jun 12 03:29:54.988471 np0000002711 devstack@g-api.service[101972]: INFO glance.image_cache [None req-134e1f56-b77a-4fc5-bd13-0a9d544757f3 None None] Image cache loaded driver 'centralized_db'.
Jun 12 03:29:54.988955 np0000002711 devstack@g-api.service[101974]: DEBUG glance.image_cache.drivers.centralized_db [None req-71e0334c-4e16-4ba1-8b2b-265e93b9aa36 None None] Node reference is already recorded, ignoring it {{(pid=101974) configure /opt/stack/glance/glance/image_cache/drivers/centralized_db.py:71}}
Jun 12 03:29:54.993998 np0000002711 devstack@g-api.service[101974]: INFO glance.image_cache [None req-71e0334c-4e16-4ba1-8b2b-265e93b9aa36 None None] Image cache loaded driver 'centralized_db'.
Jun 12 03:29:54.996970 np0000002711 devstack@g-api.service[101972]: DEBUG glance.image_cache.drivers.centralized_db [None req-134e1f56-b77a-4fc5-bd13-0a9d544757f3 None None] Node reference is already recorded, ignoring it {{(pid=101972) configure /opt/stack/glance/glance/image_cache/drivers/centralized_db.py:71}}
Jun 12 03:29:55.000878 np0000002711 devstack@g-api.service[101974]: DEBUG glance.image_cache.drivers.centralized_db [None req-71e0334c-4e16-4ba1-8b2b-265e93b9aa36 None None] Node reference is already recorded, ignoring it {{(pid=101974) configure /opt/stack/glance/glance/image_cache/drivers/centralized_db.py:71}}
Jun 12 03:29:55.001320 np0000002711 devstack@g-api.service[101972]: DEBUG glance.api.v2.cached_images [None req-134e1f56-b77a-4fc5-bd13-0a9d544757f3 None None] Started cache worker thread {{(pid=101972) __init__ /opt/stack/glance/glance/api/v2/cached_images.py:69}}
Jun 12 03:29:55.001833 np0000002711 devstack@g-api.service[101972]: INFO glance.image_cache [None req-134e1f56-b77a-4fc5-bd13-0a9d544757f3 None None] Image cache loaded driver 'centralized_db'.
Jun 12 03:29:55.005410 np0000002711 devstack@g-api.service[101974]: DEBUG glance.api.v2.cached_images [None req-71e0334c-4e16-4ba1-8b2b-265e93b9aa36 None None] Started cache worker thread {{(pid=101974) __init__ /opt/stack/glance/glance/api/v2/cached_images.py:69}}
Jun 12 03:29:55.005987 np0000002711 devstack@g-api.service[101974]: INFO glance.image_cache [None req-71e0334c-4e16-4ba1-8b2b-265e93b9aa36 None None] Image cache loaded driver 'centralized_db'.
Jun 12 03:29:55.015941 np0000002711 devstack@g-api.service[101974]: DEBUG glance.image_cache.drivers.centralized_db [None req-71e0334c-4e16-4ba1-8b2b-265e93b9aa36 None None] Node reference is already recorded, ignoring it {{(pid=101974) configure /opt/stack/glance/glance/image_cache/drivers/centralized_db.py:71}}
Jun 12 03:29:55.088304 np0000002711 devstack@g-api.service[101973]: INFO glance.api.middleware.cache_manage [None req-34bf5638-779f-429b-9a24-0b76428a61b3 None None] Initialized image cache management middleware
Jun 12 03:29:55.088484 np0000002711 devstack@g-api.service[101973]: INFO glance.image_cache [None req-34bf5638-779f-429b-9a24-0b76428a61b3 None None] Image cache loaded driver 'centralized_db'.
Jun 12 03:29:55.094927 np0000002711 devstack@g-api.service[101973]: DEBUG glance.image_cache.drivers.centralized_db [None req-34bf5638-779f-429b-9a24-0b76428a61b3 None None] Node reference is already recorded, ignoring it {{(pid=101973) configure /opt/stack/glance/glance/image_cache/drivers/centralized_db.py:71}}
Jun 12 03:29:55.098179 np0000002711 devstack@g-api.service[101973]: INFO glance.api.middleware.cache [None req-34bf5638-779f-429b-9a24-0b76428a61b3 None None] Initialized image cache middleware
Jun 12 03:29:55.101603 np0000002711 devstack@g-api.service[101972]: DEBUG glance.image_cache.drivers.centralized_db [None req-134e1f56-b77a-4fc5-bd13-0a9d544757f3 None None] Node reference is already recorded, ignoring it {{(pid=101972) configure /opt/stack/glance/glance/image_cache/drivers/centralized_db.py:71}}
Jun 12 03:29:55.106224 np0000002711 devstack@g-api.service[101972]: INFO glance.api.middleware.cache_manage [None req-134e1f56-b77a-4fc5-bd13-0a9d544757f3 None None] Initialized image cache management middleware
Jun 12 03:29:55.106409 np0000002711 devstack@g-api.service[101972]: INFO glance.image_cache [None req-134e1f56-b77a-4fc5-bd13-0a9d544757f3 None None] Image cache loaded driver 'centralized_db'.
Jun 12 03:29:55.108026 np0000002711 devstack@g-api.service[101973]: DEBUG glance.common.config [None req-34bf5638-779f-429b-9a24-0b76428a61b3 None None] ******************************************************************************** {{(pid=101973) log_opt_values /opt/stack/data/venv/lib/python3.12/site-packages/oslo_config/cfg.py:3226}}
Jun 12 03:29:55.108115 np0000002711 devstack@g-api.service[101973]: DEBUG glance.common.config [None req-34bf5638-779f-429b-9a24-0b76428a61b3 None None] Configuration options gathered from: {{(pid=101973) log_opt_values /opt/stack/data/venv/lib/python3.12/site-packages/oslo_config/cfg.py:3227}}
Jun 12 03:29:55.108441 np0000002711 devstack@g-api.service[101973]: DEBUG glance.common.config [None req-34bf5638-779f-429b-9a24-0b76428a61b3 None None] command line args: [] {{(pid=101973) log_opt_values /opt/stack/data/venv/lib/python3.12/site-packages/oslo_config/cfg.py:3228}}
Jun 12 03:29:55.108590 np0000002711 devstack@g-api.service[101973]: DEBUG glance.common.config [None req-34bf5638-779f-429b-9a24-0b76428a61b3 None None] config files: ['/etc/glance/glance-image-import.conf', '/etc/glance/glance-api.conf'] {{(pid=101973) log_opt_values /opt/stack/data/venv/lib/python3.12/site-packages/oslo_config/cfg.py:3229}}
Jun 12 03:29:55.108677 np0000002711 devstack@g-api.service[101973]: DEBUG glance.common.config [None req-34bf5638-779f-429b-9a24-0b76428a61b3 None None] ================================================================================ {{(pid=101973) log_opt_values /opt/stack/data/venv/lib/python3.12/site-packages/oslo_config/cfg.py:3234}}
Jun 12 03:29:55.108833 np0000002711 devstack@g-api.service[101973]: DEBUG glance.common.config [None req-34bf5638-779f-429b-9a24-0b76428a61b3 None None] allow_anonymous_access = False {{(pid=101973) log_opt_values /opt/stack/data/venv/lib/python3.12/site-packages/oslo_config/cfg.py:3242}}
Jun 12 03:29:55.108967 np0000002711 devstack@g-api.service[101973]: DEBUG glance.common.config [None req-34bf5638-779f-429b-9a24-0b76428a61b3 None None] api_limit_max = 1000 {{(pid=101973) log_opt_values /opt/stack/data/venv/lib/python3.12/site-packages/oslo_config/cfg.py:3242}}
Jun 12 03:29:55.109095 np0000002711 devstack@g-api.service[101973]: DEBUG glance.common.config [None req-34bf5638-779f-429b-9a24-0b76428a61b3 None None] backlog = 4096 {{(pid=101973) log_opt_values /opt/stack/data/venv/lib/python3.12/site-packages/oslo_config/cfg.py:3242}}
Jun 12 03:29:55.109267 np0000002711 devstack@g-api.service[101973]: DEBUG glance.common.config [None req-34bf5638-779f-429b-9a24-0b76428a61b3 None None] bind_host = 0.0.0.0 {{(pid=101973) log_opt_values /opt/stack/data/venv/lib/python3.12/site-packages/oslo_config/cfg.py:3242}}
Jun 12 03:29:55.109430 np0000002711 devstack@g-api.service[101973]: DEBUG glance.common.config [None req-34bf5638-779f-429b-9a24-0b76428a61b3 None None] bind_port = 19292 {{(pid=101973) log_opt_values /opt/stack/data/venv/lib/python3.12/site-packages/oslo_config/cfg.py:3242}}
Jun 12 03:29:55.109559 np0000002711 devstack@g-api.service[101973]: DEBUG glance.common.config [None req-34bf5638-779f-429b-9a24-0b76428a61b3 None None] client_socket_timeout = 900 {{(pid=101973) log_opt_values /opt/stack/data/venv/lib/python3.12/site-packages/oslo_config/cfg.py:3242}}
Jun 12 03:29:55.109692 np0000002711 devstack@g-api.service[101973]: DEBUG glance.common.config [None req-34bf5638-779f-429b-9a24-0b76428a61b3 None None] config_dir = [] {{(pid=101973) log_opt_values /opt/stack/data/venv/lib/python3.12/site-packages/oslo_config/cfg.py:3242}}
Jun 12 03:29:55.109793 np0000002711 devstack@g-api.service[101973]: DEBUG glance.common.config [None req-34bf5638-779f-429b-9a24-0b76428a61b3 None None] config_file = ['/etc/glance/glance-image-import.conf', '/etc/glance/glance-api.conf'] {{(pid=101973) log_opt_values /opt/stack/data/venv/lib/python3.12/site-packages/oslo_config/cfg.py:3242}}
Jun 12 03:29:55.109923 np0000002711 devstack@g-api.service[101973]: DEBUG glance.common.config [None req-34bf5638-779f-429b-9a24-0b76428a61b3 None None] config_source = [] {{(pid=101973) log_opt_values /opt/stack/data/venv/lib/python3.12/site-packages/oslo_config/cfg.py:3242}}
Jun 12 03:29:55.110057 np0000002711 devstack@g-api.service[101973]: DEBUG glance.common.config [None req-34bf5638-779f-429b-9a24-0b76428a61b3 None None] control_exchange = glance {{(pid=101973) log_opt_values /opt/stack/data/venv/lib/python3.12/site-packages/oslo_config/cfg.py:3242}}
Jun 12 03:29:55.110168 np0000002711 devstack@g-api.service[101973]: DEBUG glance.common.config [None req-34bf5638-779f-429b-9a24-0b76428a61b3 None None] debug = True {{(pid=101973) log_opt_values /opt/stack/data/venv/lib/python3.12/site-packages/oslo_config/cfg.py:3242}}
Jun 12 03:29:55.110408 np0000002711 devstack@g-api.service[101973]: DEBUG glance.common.config [None req-34bf5638-779f-429b-9a24-0b76428a61b3 None None] default_log_levels = ['amqp=WARN', 'boto=WARN', 'sqlalchemy=WARN', 'suds=INFO', 'oslo.messaging=INFO', 'oslo_messaging=INFO', 'iso8601=WARN', 'requests.packages.urllib3.connectionpool=WARN', 'urllib3.connectionpool=WARN', 'websocket=WARN', 'requests.packages.urllib3.util.retry=WARN', 'urllib3.util.retry=WARN', 'keystonemiddleware=WARN', 'routes.middleware=WARN', 'stevedore=WARN', 'taskflow=WARN', 'keystoneauth=WARN', 'oslo.cache=INFO', 'oslo_policy=INFO', 'dogpile.core.dogpile=INFO'] {{(pid=101973) log_opt_values /opt/stack/data/venv/lib/python3.12/site-packages/oslo_config/cfg.py:3242}}
Jun 12 03:29:55.110534 np0000002711 devstack@g-api.service[101973]: DEBUG glance.common.config [None req-34bf5638-779f-429b-9a24-0b76428a61b3 None None] default_publisher_id = image.localhost {{(pid=101973) log_opt_values /opt/stack/data/venv/lib/python3.12/site-packages/oslo_config/cfg.py:3242}}
Jun 12 03:29:55.110653 np0000002711 devstack@g-api.service[101973]: DEBUG glance.common.config [None req-34bf5638-779f-429b-9a24-0b76428a61b3 None None] delayed_delete = False {{(pid=101973) log_opt_values /opt/stack/data/venv/lib/python3.12/site-packages/oslo_config/cfg.py:3242}}
Jun 12 03:29:55.110778 np0000002711 devstack@g-api.service[101973]: DEBUG glance.common.config [None req-34bf5638-779f-429b-9a24-0b76428a61b3 None None] digest_algorithm = sha256 {{(pid=101973) log_opt_values /opt/stack/data/venv/lib/python3.12/site-packages/oslo_config/cfg.py:3242}}
Jun 12 03:29:55.110902 np0000002711 devstack@g-api.service[101973]: DEBUG glance.common.config [None req-34bf5638-779f-429b-9a24-0b76428a61b3 None None] disabled_notifications = [] {{(pid=101973) log_opt_values /opt/stack/data/venv/lib/python3.12/site-packages/oslo_config/cfg.py:3242}}
Jun 12 03:29:55.111056 np0000002711 devstack@g-api.service[101973]: DEBUG glance.common.config [None req-34bf5638-779f-429b-9a24-0b76428a61b3 None None] do_secure_hash = True {{(pid=101973) log_opt_values /opt/stack/data/venv/lib/python3.12/site-packages/oslo_config/cfg.py:3242}}
Jun 12 03:29:55.111114 np0000002711 devstack@g-api.service[101973]: DEBUG glance.common.config [None req-34bf5638-779f-429b-9a24-0b76428a61b3 None None] enabled_backends = None {{(pid=101973) log_opt_values /opt/stack/data/venv/lib/python3.12/site-packages/oslo_config/cfg.py:3242}}
Jun 12 03:29:55.111255 np0000002711 devstack@g-api.service[101973]: DEBUG glance.common.config [None req-34bf5638-779f-429b-9a24-0b76428a61b3 None None] enabled_import_methods = ['glance-direct', 'web-download', 'copy-image'] {{(pid=101973) log_opt_values /opt/stack/data/venv/lib/python3.12/site-packages/oslo_config/cfg.py:3242}}
Jun 12 03:29:55.111393 np0000002711 devstack@g-api.service[101973]: DEBUG glance.common.config [None req-34bf5638-779f-429b-9a24-0b76428a61b3 None None] fatal_deprecations = False {{(pid=101973) log_opt_values /opt/stack/data/venv/lib/python3.12/site-packages/oslo_config/cfg.py:3242}}
Jun 12 03:29:55.111518 np0000002711 devstack@g-api.service[101973]: DEBUG glance.common.config [None req-34bf5638-779f-429b-9a24-0b76428a61b3 None None] hashing_algorithm = sha512 {{(pid=101973) log_opt_values /opt/stack/data/venv/lib/python3.12/site-packages/oslo_config/cfg.py:3242}}
Jun 12 03:29:55.111641 np0000002711 devstack@g-api.service[101973]: DEBUG glance.common.config [None req-34bf5638-779f-429b-9a24-0b76428a61b3 None None] http_keepalive = True {{(pid=101973) log_opt_values /opt/stack/data/venv/lib/python3.12/site-packages/oslo_config/cfg.py:3242}}
Jun 12 03:29:55.111728 np0000002711 devstack@g-api.service[101973]: DEBUG glance.common.config [None req-34bf5638-779f-429b-9a24-0b76428a61b3 None None] http_retries = 3 {{(pid=101973) log_opt_values /opt/stack/data/venv/lib/python3.12/site-packages/oslo_config/cfg.py:3242}}
Jun 12 03:29:55.111862 np0000002711 devstack@g-api.service[101973]: DEBUG glance.common.config [None req-34bf5638-779f-429b-9a24-0b76428a61b3 None None] image_cache_dir = /opt/stack/data/glance/cache/ {{(pid=101973) log_opt_values /opt/stack/data/venv/lib/python3.12/site-packages/oslo_config/cfg.py:3242}}
Jun 12 03:29:55.111967 np0000002711 devstack@g-api.service[101973]: DEBUG glance.common.config [None req-34bf5638-779f-429b-9a24-0b76428a61b3 None None] image_cache_driver = centralized_db {{(pid=101973) log_opt_values /opt/stack/data/venv/lib/python3.12/site-packages/oslo_config/cfg.py:3242}}
Jun 12 03:29:55.112057 np0000002711 devstack@g-api.service[101973]: DEBUG glance.common.config [None req-34bf5638-779f-429b-9a24-0b76428a61b3 None None] image_cache_max_size = 10737418240 {{(pid=101973) log_opt_values /opt/stack/data/venv/lib/python3.12/site-packages/oslo_config/cfg.py:3242}}
Jun 12 03:29:55.112157 np0000002711 devstack@g-api.service[101973]: DEBUG glance.common.config [None req-34bf5638-779f-429b-9a24-0b76428a61b3 None None] image_cache_sqlite_db = cache.db {{(pid=101973) log_opt_values /opt/stack/data/venv/lib/python3.12/site-packages/oslo_config/cfg.py:3242}}
Jun 12 03:29:55.112233 np0000002711 devstack@g-api.service[101974]: INFO glance.api.middleware.cache_manage [None req-71e0334c-4e16-4ba1-8b2b-265e93b9aa36 None None] Initialized image cache management middleware
Jun 12 03:29:55.112284 np0000002711 devstack@g-api.service[101973]: DEBUG glance.common.config [None req-34bf5638-779f-429b-9a24-0b76428a61b3 None None] image_cache_stall_time = 86400 {{(pid=101973) log_opt_values /opt/stack/data/venv/lib/python3.12/site-packages/oslo_config/cfg.py:3242}}
Jun 12 03:29:55.112351 np0000002711 devstack@g-api.service[101973]: DEBUG glance.common.config [None req-34bf5638-779f-429b-9a24-0b76428a61b3 None None] image_location_quota = 10 {{(pid=101973) log_opt_values /opt/stack/data/venv/lib/python3.12/site-packages/oslo_config/cfg.py:3242}}
Jun 12 03:29:55.112400 np0000002711 devstack@g-api.service[101974]: INFO glance.image_cache [None req-71e0334c-4e16-4ba1-8b2b-265e93b9aa36 None None] Image cache loaded driver 'centralized_db'.
Jun 12 03:29:55.112438 np0000002711 devstack@g-api.service[101973]: DEBUG glance.common.config [None req-34bf5638-779f-429b-9a24-0b76428a61b3 None None] image_member_quota = 128 {{(pid=101973) log_opt_values /opt/stack/data/venv/lib/python3.12/site-packages/oslo_config/cfg.py:3242}}
Jun 12 03:29:55.112525 np0000002711 devstack@g-api.service[101973]: DEBUG glance.common.config [None req-34bf5638-779f-429b-9a24-0b76428a61b3 None None] image_property_quota = 128 {{(pid=101973) log_opt_values /opt/stack/data/venv/lib/python3.12/site-packages/oslo_config/cfg.py:3242}}
Jun 12 03:29:55.112609 np0000002711 devstack@g-api.service[101973]: DEBUG glance.common.config [None req-34bf5638-779f-429b-9a24-0b76428a61b3 None None] image_size_cap = 1099511627776 {{(pid=101973) log_opt_values /opt/stack/data/venv/lib/python3.12/site-packages/oslo_config/cfg.py:3242}}
Jun 12 03:29:55.112647 np0000002711 devstack@g-api.service[101972]: DEBUG glance.image_cache.drivers.centralized_db [None req-134e1f56-b77a-4fc5-bd13-0a9d544757f3 None None] Node reference is already recorded, ignoring it {{(pid=101972) configure /opt/stack/glance/glance/image_cache/drivers/centralized_db.py:71}}
Jun 12 03:29:55.112687 np0000002711 devstack@g-api.service[101973]: DEBUG glance.common.config [None req-34bf5638-779f-429b-9a24-0b76428a61b3 None None] image_tag_quota = 128 {{(pid=101973) log_opt_values /opt/stack/data/venv/lib/python3.12/site-packages/oslo_config/cfg.py:3242}}
Jun 12 03:29:55.112780 np0000002711 devstack@g-api.service[101973]: DEBUG glance.common.config [None req-34bf5638-779f-429b-9a24-0b76428a61b3 None None] instance_format = [instance: %(uuid)s] {{(pid=101973) log_opt_values /opt/stack/data/venv/lib/python3.12/site-packages/oslo_config/cfg.py:3242}}
Jun 12 03:29:55.112870 np0000002711 devstack@g-api.service[101973]: DEBUG glance.common.config [None req-34bf5638-779f-429b-9a24-0b76428a61b3 None None] instance_uuid_format = [instance: %(uuid)s] {{(pid=101973) log_opt_values /opt/stack/data/venv/lib/python3.12/site-packages/oslo_config/cfg.py:3242}}
Jun 12 03:29:55.112953 np0000002711 devstack@g-api.service[101973]: DEBUG glance.common.config [None req-34bf5638-779f-429b-9a24-0b76428a61b3 None None] limit_param_default = 25 {{(pid=101973) log_opt_values /opt/stack/data/venv/lib/python3.12/site-packages/oslo_config/cfg.py:3242}}
Jun 12 03:29:55.113046 np0000002711 devstack@g-api.service[101973]: DEBUG glance.common.config [None req-34bf5638-779f-429b-9a24-0b76428a61b3 None None] log_color = False {{(pid=101973) log_opt_values /opt/stack/data/venv/lib/python3.12/site-packages/oslo_config/cfg.py:3242}}
Jun 12 03:29:55.113148 np0000002711 devstack@g-api.service[101973]: DEBUG glance.common.config [None req-34bf5638-779f-429b-9a24-0b76428a61b3 None None] log_config_append = None {{(pid=101973) log_opt_values /opt/stack/data/venv/lib/python3.12/site-packages/oslo_config/cfg.py:3242}}
Jun 12 03:29:55.113243 np0000002711 devstack@g-api.service[101973]: DEBUG glance.common.config [None req-34bf5638-779f-429b-9a24-0b76428a61b3 None None] log_date_format = %Y-%m-%d %H:%M:%S {{(pid=101973) log_opt_values /opt/stack/data/venv/lib/python3.12/site-packages/oslo_config/cfg.py:3242}}
Jun 12 03:29:55.113347 np0000002711 devstack@g-api.service[101973]: DEBUG glance.common.config [None req-34bf5638-779f-429b-9a24-0b76428a61b3 None None] log_dir = None {{(pid=101973) log_opt_values /opt/stack/data/venv/lib/python3.12/site-packages/oslo_config/cfg.py:3242}}
Jun 12 03:29:55.113439 np0000002711 devstack@g-api.service[101973]: DEBUG glance.common.config [None req-34bf5638-779f-429b-9a24-0b76428a61b3 None None] log_file = None {{(pid=101973) log_opt_values /opt/stack/data/venv/lib/python3.12/site-packages/oslo_config/cfg.py:3242}}
Jun 12 03:29:55.113528 np0000002711 devstack@g-api.service[101973]: DEBUG glance.common.config [None req-34bf5638-779f-429b-9a24-0b76428a61b3 None None] log_rotate_interval = 1 {{(pid=101973) log_opt_values /opt/stack/data/venv/lib/python3.12/site-packages/oslo_config/cfg.py:3242}}
Jun 12 03:29:55.113620 np0000002711 devstack@g-api.service[101973]: DEBUG glance.common.config [None req-34bf5638-779f-429b-9a24-0b76428a61b3 None None] log_rotate_interval_type = days {{(pid=101973) log_opt_values /opt/stack/data/venv/lib/python3.12/site-packages/oslo_config/cfg.py:3242}}
Jun 12 03:29:55.113711 np0000002711 devstack@g-api.service[101973]: DEBUG glance.common.config [None req-34bf5638-779f-429b-9a24-0b76428a61b3 None None] log_rotation_type = none {{(pid=101973) log_opt_values /opt/stack/data/venv/lib/python3.12/site-packages/oslo_config/cfg.py:3242}}
Jun 12 03:29:55.113809 np0000002711 devstack@g-api.service[101973]: DEBUG glance.common.config [None req-34bf5638-779f-429b-9a24-0b76428a61b3 None None] logging_context_format_string = %(color)s%(levelname)s %(name)s [%(global_request_id)s %(request_id)s %(project_name)s %(user_name)s%(color)s] %(instance)s%(color)s%(message)s {{(pid=101973) log_opt_values /opt/stack/data/venv/lib/python3.12/site-packages/oslo_config/cfg.py:3242}}
Jun 12 03:29:55.113878 np0000002711 devstack@g-api.service[101973]: DEBUG glance.common.config [None req-34bf5638-779f-429b-9a24-0b76428a61b3 None None] logging_debug_format_suffix = {{(pid=%(process)d) %(funcName)s %(pathname)s:%(lineno)d}} {{(pid=101973) log_opt_values /opt/stack/data/venv/lib/python3.12/site-packages/oslo_config/cfg.py:3242}}
Jun 12 03:29:55.113974 np0000002711 devstack@g-api.service[101973]: DEBUG glance.common.config [None req-34bf5638-779f-429b-9a24-0b76428a61b3 None None] logging_default_format_string = %(color)s%(levelname)s %(name)s [-%(color)s] %(instance)s%(color)s%(message)s {{(pid=101973) log_opt_values /opt/stack/data/venv/lib/python3.12/site-packages/oslo_config/cfg.py:3242}}
Jun 12 03:29:55.114063 np0000002711 devstack@g-api.service[101973]: DEBUG glance.common.config [None req-34bf5638-779f-429b-9a24-0b76428a61b3 None None] logging_exception_prefix = ERROR %(name)s %(instance)s {{(pid=101973) log_opt_values /opt/stack/data/venv/lib/python3.12/site-packages/oslo_config/cfg.py:3242}}
Jun 12 03:29:55.114128 np0000002711 devstack@g-api.service[101973]: DEBUG glance.common.config [None req-34bf5638-779f-429b-9a24-0b76428a61b3 None None] logging_user_identity_format = %(user)s %(project)s %(domain)s %(system_scope)s %(user_domain)s %(project_domain)s {{(pid=101973) log_opt_values /opt/stack/data/venv/lib/python3.12/site-packages/oslo_config/cfg.py:3242}}
Jun 12 03:29:55.114229 np0000002711 devstack@g-api.service[101973]: DEBUG glance.common.config [None req-34bf5638-779f-429b-9a24-0b76428a61b3 None None] max_header_line = 16384 {{(pid=101973) log_opt_values /opt/stack/data/venv/lib/python3.12/site-packages/oslo_config/cfg.py:3242}}
Jun 12 03:29:55.114314 np0000002711 devstack@g-api.service[101973]: DEBUG glance.common.config [None req-34bf5638-779f-429b-9a24-0b76428a61b3 None None] max_logfile_count = 30 {{(pid=101973) log_opt_values /opt/stack/data/venv/lib/python3.12/site-packages/oslo_config/cfg.py:3242}}
Jun 12 03:29:55.114417 np0000002711 devstack@g-api.service[101973]: DEBUG glance.common.config [None req-34bf5638-779f-429b-9a24-0b76428a61b3 None None] max_logfile_size_mb = 200 {{(pid=101973) log_opt_values /opt/stack/data/venv/lib/python3.12/site-packages/oslo_config/cfg.py:3242}}
Jun 12 03:29:55.114502 np0000002711 devstack@g-api.service[101973]: DEBUG glance.common.config [None req-34bf5638-779f-429b-9a24-0b76428a61b3 None None] max_request_id_length = 64 {{(pid=101973) log_opt_values /opt/stack/data/venv/lib/python3.12/site-packages/oslo_config/cfg.py:3242}}
Jun 12 03:29:55.114588 np0000002711 devstack@g-api.service[101973]: DEBUG glance.common.config [None req-34bf5638-779f-429b-9a24-0b76428a61b3 None None] metadata_encryption_key = **** {{(pid=101973) log_opt_values /opt/stack/data/venv/lib/python3.12/site-packages/oslo_config/cfg.py:3242}}
Jun 12 03:29:55.114677 np0000002711 devstack@g-api.service[101973]: DEBUG glance.common.config [None req-34bf5638-779f-429b-9a24-0b76428a61b3 None None] node_staging_uri = file:///tmp/staging/ {{(pid=101973) log_opt_values /opt/stack/data/venv/lib/python3.12/site-packages/oslo_config/cfg.py:3242}}
Jun 12 03:29:55.114760 np0000002711 devstack@g-api.service[101973]: DEBUG glance.common.config [None req-34bf5638-779f-429b-9a24-0b76428a61b3 None None] property_protection_file = None {{(pid=101973) log_opt_values /opt/stack/data/venv/lib/python3.12/site-packages/oslo_config/cfg.py:3242}}
Jun 12 03:29:55.114851 np0000002711 devstack@g-api.service[101973]: DEBUG glance.common.config [None req-34bf5638-779f-429b-9a24-0b76428a61b3 None None] property_protection_rule_format = roles {{(pid=101973) log_opt_values /opt/stack/data/venv/lib/python3.12/site-packages/oslo_config/cfg.py:3242}}
Jun 12 03:29:55.114940 np0000002711 devstack@g-api.service[101973]: DEBUG glance.common.config [None req-34bf5638-779f-429b-9a24-0b76428a61b3 None None] public_endpoint = https://10.4.3.76/image {{(pid=101973) log_opt_values /opt/stack/data/venv/lib/python3.12/site-packages/oslo_config/cfg.py:3242}}
Jun 12 03:29:55.115032 np0000002711 devstack@g-api.service[101973]: DEBUG glance.common.config [None req-34bf5638-779f-429b-9a24-0b76428a61b3 None None] publish_errors = False {{(pid=101973) log_opt_values /opt/stack/data/venv/lib/python3.12/site-packages/oslo_config/cfg.py:3242}}
Jun 12 03:29:55.115119 np0000002711 devstack@g-api.service[101973]: DEBUG glance.common.config [None req-34bf5638-779f-429b-9a24-0b76428a61b3 None None] pydev_worker_debug_host = None {{(pid=101973) log_opt_values /opt/stack/data/venv/lib/python3.12/site-packages/oslo_config/cfg.py:3242}}
Jun 12 03:29:55.115219 np0000002711 devstack@g-api.service[101973]: DEBUG glance.common.config [None req-34bf5638-779f-429b-9a24-0b76428a61b3 None None] pydev_worker_debug_port = 5678 {{(pid=101973) log_opt_values /opt/stack/data/venv/lib/python3.12/site-packages/oslo_config/cfg.py:3242}}
Jun 12 03:29:55.115305 np0000002711 devstack@g-api.service[101973]: DEBUG glance.common.config [None req-34bf5638-779f-429b-9a24-0b76428a61b3 None None] rate_limit_burst = 0 {{(pid=101973) log_opt_values /opt/stack/data/venv/lib/python3.12/site-packages/oslo_config/cfg.py:3242}}
Jun 12 03:29:55.115413 np0000002711 devstack@g-api.service[101973]: DEBUG glance.common.config [None req-34bf5638-779f-429b-9a24-0b76428a61b3 None None] rate_limit_except_level = CRITICAL {{(pid=101973) log_opt_values /opt/stack/data/venv/lib/python3.12/site-packages/oslo_config/cfg.py:3242}}
Jun 12 03:29:55.115497 np0000002711 devstack@g-api.service[101973]: DEBUG glance.common.config [None req-34bf5638-779f-429b-9a24-0b76428a61b3 None None] rate_limit_interval = 0 {{(pid=101973) log_opt_values /opt/stack/data/venv/lib/python3.12/site-packages/oslo_config/cfg.py:3242}}
Jun 12 03:29:55.115580 np0000002711 devstack@g-api.service[101973]: DEBUG glance.common.config [None req-34bf5638-779f-429b-9a24-0b76428a61b3 None None] scrub_pool_size = 1 {{(pid=101973) log_opt_values /opt/stack/data/venv/lib/python3.12/site-packages/oslo_config/cfg.py:3242}}
Jun 12 03:29:55.115664 np0000002711 devstack@g-api.service[101973]: DEBUG glance.common.config [None req-34bf5638-779f-429b-9a24-0b76428a61b3 None None] scrub_time = 0 {{(pid=101973) log_opt_values /opt/stack/data/venv/lib/python3.12/site-packages/oslo_config/cfg.py:3242}}
Jun 12 03:29:55.115758 np0000002711 devstack@g-api.service[101973]: DEBUG glance.common.config [None req-34bf5638-779f-429b-9a24-0b76428a61b3 None None] shell_completion = None {{(pid=101973) log_opt_values /opt/stack/data/venv/lib/python3.12/site-packages/oslo_config/cfg.py:3242}}
Jun 12 03:29:55.115867 np0000002711 devstack@g-api.service[101973]: DEBUG glance.common.config [None req-34bf5638-779f-429b-9a24-0b76428a61b3 None None] show_image_direct_url = False {{(pid=101973) log_opt_values /opt/stack/data/venv/lib/python3.12/site-packages/oslo_config/cfg.py:3242}}
Jun 12 03:29:55.115973 np0000002711 devstack@g-api.service[101972]: INFO glance.api.middleware.cache [None req-134e1f56-b77a-4fc5-bd13-0a9d544757f3 None None] Initialized image cache middleware
Jun 12 03:29:55.116217 np0000002711 devstack@g-api.service[101973]: WARNING oslo_config.cfg [None req-34bf5638-779f-429b-9a24-0b76428a61b3 None None] Deprecated: Option "show_multiple_locations" from group "DEFAULT" is deprecated for removal (Use of this option, deprecated since Newton, is a security risk and will be removed once we figure out a way to satisfy those use cases that currently require it. An earlier announcement that the same functionality can be achieved with greater granularity by using policies is incorrect. You cannot work around this option via policy configuration at the present time, though that is the direction we believe the fix will take. Please keep an eye on the Glance release notes to stay up to date on progress in addressing this issue.). Its value may be silently ignored in the future.
Jun 12 03:29:55.116318 np0000002711 devstack@g-api.service[101973]: DEBUG glance.common.config [None req-34bf5638-779f-429b-9a24-0b76428a61b3 None None] show_multiple_locations = False {{(pid=101973) log_opt_values /opt/stack/data/venv/lib/python3.12/site-packages/oslo_config/cfg.py:3242}}
Jun 12 03:29:55.116435 np0000002711 devstack@g-api.service[101973]: DEBUG glance.common.config [None req-34bf5638-779f-429b-9a24-0b76428a61b3 None None] syslog_log_facility = LOG_USER {{(pid=101973) log_opt_values /opt/stack/data/venv/lib/python3.12/site-packages/oslo_config/cfg.py:3242}}
Jun 12 03:29:55.116529 np0000002711 devstack@g-api.service[101973]: DEBUG glance.common.config [None req-34bf5638-779f-429b-9a24-0b76428a61b3 None None] tcp_keepidle = 600 {{(pid=101973) log_opt_values /opt/stack/data/venv/lib/python3.12/site-packages/oslo_config/cfg.py:3242}}
Jun 12 03:29:55.116654 np0000002711 devstack@g-api.service[101973]: DEBUG glance.common.config [None req-34bf5638-779f-429b-9a24-0b76428a61b3 None None] transport_url = **** {{(pid=101973) log_opt_values /opt/stack/data/venv/lib/python3.12/site-packages/oslo_config/cfg.py:3242}}
Jun 12 03:29:55.116712 np0000002711 devstack@g-api.service[101973]: DEBUG glance.common.config [None req-34bf5638-779f-429b-9a24-0b76428a61b3 None None] use_journal = False {{(pid=101973) log_opt_values /opt/stack/data/venv/lib/python3.12/site-packages/oslo_config/cfg.py:3242}}
Jun 12 03:29:55.116791 np0000002711 devstack@g-api.service[101973]: DEBUG glance.common.config [None req-34bf5638-779f-429b-9a24-0b76428a61b3 None None] use_json = False {{(pid=101973) log_opt_values /opt/stack/data/venv/lib/python3.12/site-packages/oslo_config/cfg.py:3242}}
Jun 12 03:29:55.116886 np0000002711 devstack@g-api.service[101973]: DEBUG glance.common.config [None req-34bf5638-779f-429b-9a24-0b76428a61b3 None None] use_keystone_limits = True {{(pid=101973) log_opt_values /opt/stack/data/venv/lib/python3.12/site-packages/oslo_config/cfg.py:3242}}
Jun 12 03:29:55.116972 np0000002711 devstack@g-api.service[101973]: DEBUG glance.common.config [None req-34bf5638-779f-429b-9a24-0b76428a61b3 None None] use_stderr = False {{(pid=101973) log_opt_values /opt/stack/data/venv/lib/python3.12/site-packages/oslo_config/cfg.py:3242}}
Jun 12 03:29:55.117063 np0000002711 devstack@g-api.service[101973]: DEBUG glance.common.config [None req-34bf5638-779f-429b-9a24-0b76428a61b3 None None] use_syslog = False {{(pid=101973) log_opt_values /opt/stack/data/venv/lib/python3.12/site-packages/oslo_config/cfg.py:3242}}
Jun 12 03:29:55.117168 np0000002711 devstack@g-api.service[101973]: DEBUG glance.common.config [None req-34bf5638-779f-429b-9a24-0b76428a61b3 None None] user_storage_quota = 0 {{(pid=101973) log_opt_values /opt/stack/data/venv/lib/python3.12/site-packages/oslo_config/cfg.py:3242}}
Jun 12 03:29:55.117271 np0000002711 devstack@g-api.service[101973]: DEBUG glance.common.config [None req-34bf5638-779f-429b-9a24-0b76428a61b3 None None] worker_self_reference_url = http://127.0.0.1:60999 {{(pid=101973) log_opt_values /opt/stack/data/venv/lib/python3.12/site-packages/oslo_config/cfg.py:3242}}
Jun 12 03:29:55.117400 np0000002711 devstack@g-api.service[101973]: DEBUG glance.common.config [None req-34bf5638-779f-429b-9a24-0b76428a61b3 None None] workers = None {{(pid=101973) log_opt_values /opt/stack/data/venv/lib/python3.12/site-packages/oslo_config/cfg.py:3242}}
Jun 12 03:29:55.117961 np0000002711 devstack@g-api.service[101973]: DEBUG glance.common.config [None req-34bf5638-779f-429b-9a24-0b76428a61b3 None None] oslo_concurrency.disable_process_locking = False {{(pid=101973) log_opt_values /opt/stack/data/venv/lib/python3.12/site-packages/oslo_config/cfg.py:3253}}
Jun 12 03:29:55.117961 np0000002711 devstack@g-api.service[101973]: DEBUG glance.common.config [None req-34bf5638-779f-429b-9a24-0b76428a61b3 None None] oslo_concurrency.lock_path = /opt/stack/data/glance/locks {{(pid=101973) log_opt_values /opt/stack/data/venv/lib/python3.12/site-packages/oslo_config/cfg.py:3253}}
Jun 12 03:29:55.117961 np0000002711 devstack@g-api.service[101973]: DEBUG glance.common.config [None req-34bf5638-779f-429b-9a24-0b76428a61b3 None None] oslo_middleware.enable_proxy_headers_parsing = False {{(pid=101973) log_opt_values /opt/stack/data/venv/lib/python3.12/site-packages/oslo_config/cfg.py:3253}}
Jun 12 03:29:55.117961 np0000002711 devstack@g-api.service[101973]: DEBUG glance.common.config [None req-34bf5638-779f-429b-9a24-0b76428a61b3 None None] oslo_middleware.http_basic_auth_user_file = /etc/htpasswd {{(pid=101973) log_opt_values /opt/stack/data/venv/lib/python3.12/site-packages/oslo_config/cfg.py:3253}}
Jun 12 03:29:55.117961 np0000002711 devstack@g-api.service[101973]: DEBUG glance.common.config [None req-34bf5638-779f-429b-9a24-0b76428a61b3 None None] paste_deploy.config_file = None {{(pid=101973) log_opt_values /opt/stack/data/venv/lib/python3.12/site-packages/oslo_config/cfg.py:3253}}
Jun 12 03:29:55.118183 np0000002711 devstack@g-api.service[101973]: DEBUG glance.common.config [None req-34bf5638-779f-429b-9a24-0b76428a61b3 None None] paste_deploy.flavor = keystone+cachemanagement {{(pid=101973) log_opt_values /opt/stack/data/venv/lib/python3.12/site-packages/oslo_config/cfg.py:3253}}
Jun 12 03:29:55.118183 np0000002711 devstack@g-api.service[101973]: DEBUG glance.common.config [None req-34bf5638-779f-429b-9a24-0b76428a61b3 None None] image_format.container_formats = ['ami', 'ari', 'aki', 'bare', 'ovf', 'ova', 'docker', 'compressed'] {{(pid=101973) log_opt_values /opt/stack/data/venv/lib/python3.12/site-packages/oslo_config/cfg.py:3253}}
Jun 12 03:29:55.118295 np0000002711 devstack@g-api.service[101973]: DEBUG glance.common.config [None req-34bf5638-779f-429b-9a24-0b76428a61b3 None None] image_format.disk_formats = ['ami', 'ari', 'aki', 'vhd', 'vhdx', 'vmdk', 'raw', 'qcow2', 'vdi', 'iso', 'ploop'] {{(pid=101973) log_opt_values /opt/stack/data/venv/lib/python3.12/site-packages/oslo_config/cfg.py:3253}}
Jun 12 03:29:55.118416 np0000002711 devstack@g-api.service[101973]: DEBUG glance.common.config [None req-34bf5638-779f-429b-9a24-0b76428a61b3 None None] image_format.gpt_safety_checks_nonfatal = [] {{(pid=101973) log_opt_values /opt/stack/data/venv/lib/python3.12/site-packages/oslo_config/cfg.py:3253}}
Jun 12 03:29:55.118536 np0000002711 devstack@g-api.service[101973]: DEBUG glance.common.config [None req-34bf5638-779f-429b-9a24-0b76428a61b3 None None] image_format.require_image_format_match = True {{(pid=101973) log_opt_values /opt/stack/data/venv/lib/python3.12/site-packages/oslo_config/cfg.py:3253}}
Jun 12 03:29:55.118637 np0000002711 devstack@g-api.service[101973]: DEBUG glance.common.config [None req-34bf5638-779f-429b-9a24-0b76428a61b3 None None] image_format.vmdk_allowed_types = ['streamOptimized', 'monolithicSparse'] {{(pid=101973) log_opt_values /opt/stack/data/venv/lib/python3.12/site-packages/oslo_config/cfg.py:3253}}
Jun 12 03:29:55.118735 np0000002711 devstack@g-api.service[101973]: DEBUG glance.common.config [None req-34bf5638-779f-429b-9a24-0b76428a61b3 None None] task.task_executor = taskflow {{(pid=101973) log_opt_values /opt/stack/data/venv/lib/python3.12/site-packages/oslo_config/cfg.py:3253}}
Jun 12 03:29:55.118853 np0000002711 devstack@g-api.service[101973]: DEBUG glance.common.config [None req-34bf5638-779f-429b-9a24-0b76428a61b3 None None] task.task_time_to_live = 48 {{(pid=101973) log_opt_values /opt/stack/data/venv/lib/python3.12/site-packages/oslo_config/cfg.py:3253}}
Jun 12 03:29:55.118938 np0000002711 devstack@g-api.service[101973]: DEBUG glance.common.config [None req-34bf5638-779f-429b-9a24-0b76428a61b3 None None] task.work_dir = None {{(pid=101973) log_opt_values /opt/stack/data/venv/lib/python3.12/site-packages/oslo_config/cfg.py:3253}}
