Jun 12 03:29:30.258914 np0000002711 nova-scheduler[95669]: DEBUG cotyledon.oslo_config_glue [-] oslo_limit.connect_retries = None {{(pid=95669) log_opt_values /opt/stack/data/venv/lib/python3.12/site-packages/oslo_config/cfg.py:3253}}
Jun 12 03:29:30.258914 np0000002711 nova-scheduler[95669]: DEBUG cotyledon.oslo_config_glue [-] oslo_limit.connect_retry_delay = None {{(pid=95669) log_opt_values /opt/stack/data/venv/lib/python3.12/site-packages/oslo_config/cfg.py:3253}}
Jun 12 03:29:30.258914 np0000002711 nova-scheduler[95669]: DEBUG cotyledon.oslo_config_glue [-] oslo_limit.endpoint_id = None {{(pid=95669) log_opt_values /opt/stack/data/venv/lib/python3.12/site-packages/oslo_config/cfg.py:3253}}
Jun 12 03:29:30.259155 np0000002711 nova-scheduler[95669]: DEBUG cotyledon.oslo_config_glue [-] oslo_limit.endpoint_interface = public {{(pid=95669) log_opt_values /opt/stack/data/venv/lib/python3.12/site-packages/oslo_config/cfg.py:3253}}
Jun 12 03:29:30.259155 np0000002711 nova-scheduler[95669]: DEBUG cotyledon.oslo_config_glue [-] oslo_limit.endpoint_override = None {{(pid=95669) log_opt_values /opt/stack/data/venv/lib/python3.12/site-packages/oslo_config/cfg.py:3253}}
Jun 12 03:29:30.259155 np0000002711 nova-scheduler[95669]: DEBUG cotyledon.oslo_config_glue [-] oslo_limit.endpoint_region_name = None {{(pid=95669) log_opt_values /opt/stack/data/venv/lib/python3.12/site-packages/oslo_config/cfg.py:3253}}
Jun 12 03:29:30.259155 np0000002711 nova-scheduler[95669]: DEBUG cotyledon.oslo_config_glue [-] oslo_limit.endpoint_service_name = None {{(pid=95669) log_opt_values /opt/stack/data/venv/lib/python3.12/site-packages/oslo_config/cfg.py:3253}}
Jun 12 03:29:30.259155 np0000002711 nova-scheduler[95669]: DEBUG cotyledon.oslo_config_glue [-] oslo_limit.endpoint_service_type = None {{(pid=95669) log_opt_values /opt/stack/data/venv/lib/python3.12/site-packages/oslo_config/cfg.py:3253}}
Jun 12 03:29:30.259155 np0000002711 nova-scheduler[95669]: DEBUG cotyledon.oslo_config_glue [-] oslo_limit.insecure = False {{(pid=95669) log_opt_values /opt/stack/data/venv/lib/python3.12/site-packages/oslo_config/cfg.py:3253}}
Jun 12 03:29:30.259155 np0000002711 nova-scheduler[95669]: DEBUG cotyledon.oslo_config_glue [-] oslo_limit.keyfile = None {{(pid=95669) log_opt_values /opt/stack/data/venv/lib/python3.12/site-packages/oslo_config/cfg.py:3253}}
Jun 12 03:29:30.259155 np0000002711 nova-scheduler[95669]: DEBUG cotyledon.oslo_config_glue [-] oslo_limit.max_version = None {{(pid=95669) log_opt_values /opt/stack/data/venv/lib/python3.12/site-packages/oslo_config/cfg.py:3253}}
Jun 12 03:29:30.259155 np0000002711 nova-scheduler[95669]: DEBUG cotyledon.oslo_config_glue [-] oslo_limit.min_version = None {{(pid=95669) log_opt_values /opt/stack/data/venv/lib/python3.12/site-packages/oslo_config/cfg.py:3253}}
Jun 12 03:29:30.259454 np0000002711 nova-scheduler[95669]: DEBUG cotyledon.oslo_config_glue [-] oslo_limit.region_name = None {{(pid=95669) log_opt_values /opt/stack/data/venv/lib/python3.12/site-packages/oslo_config/cfg.py:3253}}
Jun 12 03:29:30.259454 np0000002711 nova-scheduler[95669]: DEBUG cotyledon.oslo_config_glue [-] oslo_limit.retriable_status_codes = None {{(pid=95669) log_opt_values /opt/stack/data/venv/lib/python3.12/site-packages/oslo_config/cfg.py:3253}}
Jun 12 03:29:30.259454 np0000002711 nova-scheduler[95669]: DEBUG cotyledon.oslo_config_glue [-] oslo_limit.service_name = None {{(pid=95669) log_opt_values /opt/stack/data/venv/lib/python3.12/site-packages/oslo_config/cfg.py:3253}}
Jun 12 03:29:30.259454 np0000002711 nova-scheduler[95669]: DEBUG cotyledon.oslo_config_glue [-] oslo_limit.service_type = None {{(pid=95669) log_opt_values /opt/stack/data/venv/lib/python3.12/site-packages/oslo_config/cfg.py:3253}}
Jun 12 03:29:30.259454 np0000002711 nova-scheduler[95669]: DEBUG cotyledon.oslo_config_glue [-] oslo_limit.split_loggers = False {{(pid=95669) log_opt_values /opt/stack/data/venv/lib/python3.12/site-packages/oslo_config/cfg.py:3253}}
Jun 12 03:29:30.259454 np0000002711 nova-scheduler[95669]: DEBUG cotyledon.oslo_config_glue [-] oslo_limit.status_code_retries = None {{(pid=95669) log_opt_values /opt/stack/data/venv/lib/python3.12/site-packages/oslo_config/cfg.py:3253}}
Jun 12 03:29:30.259454 np0000002711 nova-scheduler[95669]: DEBUG cotyledon.oslo_config_glue [-] oslo_limit.status_code_retry_delay = None {{(pid=95669) log_opt_values /opt/stack/data/venv/lib/python3.12/site-packages/oslo_config/cfg.py:3253}}
Jun 12 03:29:30.259454 np0000002711 nova-scheduler[95669]: DEBUG cotyledon.oslo_config_glue [-] oslo_limit.timeout = None {{(pid=95669) log_opt_values /opt/stack/data/venv/lib/python3.12/site-packages/oslo_config/cfg.py:3253}}
Jun 12 03:29:30.259454 np0000002711 nova-scheduler[95669]: DEBUG cotyledon.oslo_config_glue [-] oslo_limit.valid_interfaces = None {{(pid=95669) log_opt_values /opt/stack/data/venv/lib/python3.12/site-packages/oslo_config/cfg.py:3253}}
Jun 12 03:29:30.259756 np0000002711 nova-scheduler[95669]: DEBUG cotyledon.oslo_config_glue [-] oslo_limit.version = None {{(pid=95669) log_opt_values /opt/stack/data/venv/lib/python3.12/site-packages/oslo_config/cfg.py:3253}}
Jun 12 03:29:30.259756 np0000002711 nova-scheduler[95669]: DEBUG cotyledon.oslo_config_glue [-] oslo_reports.file_event_handler = None {{(pid=95669) log_opt_values /opt/stack/data/venv/lib/python3.12/site-packages/oslo_config/cfg.py:3253}}
Jun 12 03:29:30.259756 np0000002711 nova-scheduler[95669]: DEBUG cotyledon.oslo_config_glue [-] oslo_reports.file_event_handler_interval = 1 {{(pid=95669) log_opt_values /opt/stack/data/venv/lib/python3.12/site-packages/oslo_config/cfg.py:3253}}
Jun 12 03:29:30.259756 np0000002711 nova-scheduler[95669]: DEBUG cotyledon.oslo_config_glue [-] oslo_reports.log_dir = None {{(pid=95669) log_opt_values /opt/stack/data/venv/lib/python3.12/site-packages/oslo_config/cfg.py:3253}}
Jun 12 03:29:30.259756 np0000002711 nova-scheduler[95669]: DEBUG cotyledon.oslo_config_glue [-] ******************************************************************************** {{(pid=95669) log_opt_values /opt/stack/data/venv/lib/python3.12/site-packages/oslo_config/cfg.py:3260}}
Jun 12 03:29:30.259756 np0000002711 nova-scheduler[95669]: DEBUG cotyledon._service_worker [-] Run service ServiceWrapper(2) [95669] {{(pid=95669) wait_forever /opt/stack/data/venv/lib/python3.12/site-packages/cotyledon/_service_worker.py:218}}
Jun 12 03:29:30.259756 np0000002711 nova-scheduler[95669]: INFO nova.service [-] Starting scheduler node (version 33.1.0)
Jun 12 03:29:30.259756 np0000002711 nova-scheduler[95669]: INFO dbcounter [None req-21561d8a-6cbf-4b97-aaba-357676b3fe89 None None] Registered counter for database nova_cell0
Jun 12 03:29:30.275261 np0000002711 nova-scheduler[95662]: DEBUG oslo_db.sqlalchemy.engines [None req-c9bd989b-0c86-412d-9fdd-e2dd67fc859b None None] MySQL server mode set to STRICT_TRANS_TABLES,STRICT_ALL_TABLES,NO_ZERO_IN_DATE,NO_ZERO_DATE,ERROR_FOR_DIVISION_BY_ZERO,TRADITIONAL,NO_ENGINE_SUBSTITUTION {{(pid=95662) _check_effective_sql_mode /opt/stack/data/venv/lib/python3.12/site-packages/oslo_db/sqlalchemy/engines.py:325}}
Jun 12 03:29:30.278078 np0000002711 nova-scheduler[95664]: DEBUG oslo_db.sqlalchemy.engines [None req-7b6f8533-6f5a-462e-b606-1beba435e759 None None] MySQL server mode set to STRICT_TRANS_TABLES,STRICT_ALL_TABLES,NO_ZERO_IN_DATE,NO_ZERO_DATE,ERROR_FOR_DIVISION_BY_ZERO,TRADITIONAL,NO_ENGINE_SUBSTITUTION {{(pid=95664) _check_effective_sql_mode /opt/stack/data/venv/lib/python3.12/site-packages/oslo_db/sqlalchemy/engines.py:325}}
Jun 12 03:29:30.288557 np0000002711 nova-scheduler[95664]: DEBUG dbcounter [-] [95664] Writer thread running {{(pid=95664) stat_writer /opt/stack/data/venv/lib/python3.12/site-packages/dbcounter.py:102}}
Jun 12 03:29:30.290714 np0000002711 nova-scheduler[95662]: DEBUG dbcounter [-] [95662] Writer thread running {{(pid=95662) stat_writer /opt/stack/data/venv/lib/python3.12/site-packages/dbcounter.py:102}}
Jun 12 03:29:30.309559 np0000002711 nova-scheduler[95664]: DEBUG nova.service [None req-7b6f8533-6f5a-462e-b606-1beba435e759 None None] Creating RPC server for service: nova-scheduler on topic: scheduler {{(pid=95664) start /opt/stack/nova/nova/service.py:196}}
Jun 12 03:29:30.310084 np0000002711 nova-scheduler[95669]: DEBUG oslo_db.sqlalchemy.engines [None req-21561d8a-6cbf-4b97-aaba-357676b3fe89 None None] MySQL server mode set to STRICT_TRANS_TABLES,STRICT_ALL_TABLES,NO_ZERO_IN_DATE,NO_ZERO_DATE,ERROR_FOR_DIVISION_BY_ZERO,TRADITIONAL,NO_ENGINE_SUBSTITUTION {{(pid=95669) _check_effective_sql_mode /opt/stack/data/venv/lib/python3.12/site-packages/oslo_db/sqlalchemy/engines.py:325}}
Jun 12 03:29:30.316746 np0000002711 nova-scheduler[95662]: DEBUG nova.service [None req-c9bd989b-0c86-412d-9fdd-e2dd67fc859b None None] Creating RPC server for service: nova-scheduler on topic: scheduler {{(pid=95662) start /opt/stack/nova/nova/service.py:196}}
Jun 12 03:29:30.319652 np0000002711 nova-scheduler[95669]: DEBUG dbcounter [-] [95669] Writer thread running {{(pid=95669) stat_writer /opt/stack/data/venv/lib/python3.12/site-packages/dbcounter.py:102}}
Jun 12 03:29:30.322687 np0000002711 nova-scheduler[95669]: DEBUG nova.service [None req-21561d8a-6cbf-4b97-aaba-357676b3fe89 None None] Creating RPC server for service: nova-scheduler on topic: scheduler {{(pid=95669) start /opt/stack/nova/nova/service.py:196}}
Jun 12 03:29:30.338798 np0000002711 nova-scheduler[95664]: DEBUG nova.service [None req-7b6f8533-6f5a-462e-b606-1beba435e759 None None] Join ServiceGroup membership for this service scheduler {{(pid=95664) start /opt/stack/nova/nova/service.py:222}}
Jun 12 03:29:30.339042 np0000002711 nova-scheduler[95664]: DEBUG nova.servicegroup.drivers.db [None req-7b6f8533-6f5a-462e-b606-1beba435e759 None None] DB_Driver: join new ServiceGroup member np0000002711 to the scheduler group, service = {{(pid=95664) join /opt/stack/nova/nova/servicegroup/drivers/db.py:44}}
Jun 12 03:29:30.339421 np0000002711 nova-scheduler[95662]: DEBUG nova.service [None req-c9bd989b-0c86-412d-9fdd-e2dd67fc859b None None] Join ServiceGroup membership for this service scheduler {{(pid=95662) start /opt/stack/nova/nova/service.py:222}}
Jun 12 03:29:30.339679 np0000002711 nova-scheduler[95662]: DEBUG nova.servicegroup.drivers.db [None req-c9bd989b-0c86-412d-9fdd-e2dd67fc859b None None] DB_Driver: join new ServiceGroup member np0000002711 to the scheduler group, service = {{(pid=95662) join /opt/stack/nova/nova/servicegroup/drivers/db.py:44}}
Jun 12 03:29:30.339733 np0000002711 nova-scheduler[95669]: DEBUG nova.service [None req-21561d8a-6cbf-4b97-aaba-357676b3fe89 None None] Join ServiceGroup membership for this service scheduler {{(pid=95669) start /opt/stack/nova/nova/service.py:222}}
Jun 12 03:29:30.339915 np0000002711 nova-scheduler[95669]: DEBUG nova.servicegroup.drivers.db [None req-21561d8a-6cbf-4b97-aaba-357676b3fe89 None None] DB_Driver: join new ServiceGroup member np0000002711 to the scheduler group, service = {{(pid=95669) join /opt/stack/nova/nova/servicegroup/drivers/db.py:44}}
Jun 12 03:29:30.342856 np0000002711 nova-scheduler[95669]: DEBUG oslo.service.backend._threading.loopingcall [None req-e7f57bf4-e420-46fc-b41c-54d048fc412f None None] Dynamic interval looping call 'nova.service.Service.periodic_tasks' sleeping for 60.00 seconds {{(pid=95669) _run_loop /opt/stack/data/venv/lib/python3.12/site-packages/oslo_service/backend/_threading/loopingcall.py:125}}
Jun 12 03:29:35.354986 np0000002711 nova-scheduler[95662]: DEBUG oslo.service.backend._threading.loopingcall [-] Fixed interval looping call 'nova.servicegroup.drivers.db.DbDriver._report_state' sleeping for 119.99 seconds {{(pid=95662) _run_loop /opt/stack/data/venv/lib/python3.12/site-packages/oslo_service/backend/_threading/loopingcall.py:125}}
Jun 12 03:29:35.358977 np0000002711 nova-scheduler[95669]: DEBUG oslo.service.backend._threading.loopingcall [-] Fixed interval looping call 'nova.servicegroup.drivers.db.DbDriver._report_state' sleeping for 119.98 seconds {{(pid=95669) _run_loop /opt/stack/data/venv/lib/python3.12/site-packages/oslo_service/backend/_threading/loopingcall.py:125}}
Jun 12 03:29:35.359530 np0000002711 nova-scheduler[95664]: DEBUG oslo.service.backend._threading.loopingcall [-] Fixed interval looping call 'nova.servicegroup.drivers.db.DbDriver._report_state' sleeping for 119.98 seconds {{(pid=95664) _run_loop /opt/stack/data/venv/lib/python3.12/site-packages/oslo_service/backend/_threading/loopingcall.py:125}}
Jun 12 03:29:38.855491 np0000002711 nova-scheduler[94471]: DEBUG dbcounter [-] [94471] Writing DB stats nova_api:SELECT=3 {{(pid=94471) stat_writer /opt/stack/data/venv/lib/python3.12/site-packages/dbcounter.py:115}}
Jun 12 03:29:38.997501 np0000002711 nova-scheduler[94471]: DEBUG dbcounter [-] [94471] Writing DB stats nova_cell1:SELECT=1 {{(pid=94471) stat_writer /opt/stack/data/venv/lib/python3.12/site-packages/dbcounter.py:115}}
Jun 12 03:29:39.003486 np0000002711 nova-scheduler[94471]: DEBUG dbcounter [-] [94471] Writing DB stats nova_cell0:SELECT=1 {{(pid=94471) stat_writer /opt/stack/data/venv/lib/python3.12/site-packages/dbcounter.py:115}}
Jun 12 03:29:45.350604 np0000002711 nova-scheduler[95662]: DEBUG dbcounter [-] [95662] Writing DB stats nova_cell0:SELECT=5,nova_cell0:INSERT=1,nova_cell0:UPDATE=1 {{(pid=95662) stat_writer /opt/stack/data/venv/lib/python3.12/site-packages/dbcounter.py:115}}
Jun 12 03:29:45.353150 np0000002711 nova-scheduler[95664]: DEBUG dbcounter [-] [95664] Writing DB stats nova_cell0:SELECT=4,nova_cell0:INSERT=1,nova_cell0:UPDATE=1 {{(pid=95664) stat_writer /opt/stack/data/venv/lib/python3.12/site-packages/dbcounter.py:115}}
Jun 12 03:29:45.356546 np0000002711 nova-scheduler[95669]: DEBUG dbcounter [-] [95669] Writing DB stats nova_cell0:SELECT=3 {{(pid=95669) stat_writer /opt/stack/data/venv/lib/python3.12/site-packages/dbcounter.py:115}}
Jun 12 03:30:18.342275 np0000002711 nova-scheduler[95662]: DEBUG oslo.service.backend._threading.loopingcall [None req-365caf23-8e48-4207-a4e2-b644b07ada8b None None] Dynamic interval looping call 'nova.service.Service.periodic_tasks' sleeping for 60.00 seconds {{(pid=95662) _run_loop /opt/stack/data/venv/lib/python3.12/site-packages/oslo_service/backend/_threading/loopingcall.py:125}}
Jun 12 03:30:23.341455 np0000002711 nova-scheduler[95664]: DEBUG oslo.service.backend._threading.loopingcall [None req-e4c688cf-64be-4ba5-9116-dd4d152fd737 None None] Dynamic interval looping call 'nova.service.Service.periodic_tasks' sleeping for 60.00 seconds {{(pid=95664) _run_loop /opt/stack/data/venv/lib/python3.12/site-packages/oslo_service/backend/_threading/loopingcall.py:125}}
Jun 12 03:30:30.343504 np0000002711 nova-scheduler[95669]: DEBUG oslo.service.backend._threading.loopingcall [None req-e7f57bf4-e420-46fc-b41c-54d048fc412f None None] Dynamic interval looping call 'nova.service.Service.periodic_tasks' sleeping for 60.00 seconds {{(pid=95669) _run_loop /opt/stack/data/venv/lib/python3.12/site-packages/oslo_service/backend/_threading/loopingcall.py:125}}
Jun 12 03:31:18.342783 np0000002711 nova-scheduler[95662]: DEBUG oslo.service.backend._threading.loopingcall [None req-365caf23-8e48-4207-a4e2-b644b07ada8b None None] Dynamic interval looping call 'nova.service.Service.periodic_tasks' sleeping for 60.00 seconds {{(pid=95662) _run_loop /opt/stack/data/venv/lib/python3.12/site-packages/oslo_service/backend/_threading/loopingcall.py:125}}
Jun 12 03:31:23.342053 np0000002711 nova-scheduler[95664]: DEBUG oslo.service.backend._threading.loopingcall [None req-e4c688cf-64be-4ba5-9116-dd4d152fd737 None None] Dynamic interval looping call 'nova.service.Service.periodic_tasks' sleeping for 60.00 seconds {{(pid=95664) _run_loop /opt/stack/data/venv/lib/python3.12/site-packages/oslo_service/backend/_threading/loopingcall.py:125}}
Jun 12 03:31:30.343949 np0000002711 nova-scheduler[95669]: DEBUG oslo.service.backend._threading.loopingcall [None req-e7f57bf4-e420-46fc-b41c-54d048fc412f None None] Dynamic interval looping call 'nova.service.Service.periodic_tasks' sleeping for 60.00 seconds {{(pid=95669) _run_loop /opt/stack/data/venv/lib/python3.12/site-packages/oslo_service/backend/_threading/loopingcall.py:125}}
Jun 12 03:31:35.348346 np0000002711 nova-scheduler[95664]: DEBUG oslo.service.backend._threading.loopingcall [-] Fixed interval looping call 'nova.servicegroup.drivers.db.DbDriver._report_state' sleeping for 119.99 seconds {{(pid=95664) _run_loop /opt/stack/data/venv/lib/python3.12/site-packages/oslo_service/backend/_threading/loopingcall.py:125}}
Jun 12 03:31:35.348780 np0000002711 nova-scheduler[95669]: DEBUG oslo.service.backend._threading.loopingcall [-] Fixed interval looping call 'nova.servicegroup.drivers.db.DbDriver._report_state' sleeping for 119.99 seconds {{(pid=95669) _run_loop /opt/stack/data/venv/lib/python3.12/site-packages/oslo_service/backend/_threading/loopingcall.py:125}}
Jun 12 03:31:35.349651 np0000002711 nova-scheduler[95662]: DEBUG oslo.service.backend._threading.loopingcall [-] Fixed interval looping call 'nova.servicegroup.drivers.db.DbDriver._report_state' sleeping for 120.00 seconds {{(pid=95662) _run_loop /opt/stack/data/venv/lib/python3.12/site-packages/oslo_service/backend/_threading/loopingcall.py:125}}
Jun 12 03:31:45.344076 np0000002711 nova-scheduler[95664]: DEBUG dbcounter [-] [95664] Writing DB stats nova_cell0:SELECT=1,nova_cell0:UPDATE=1 {{(pid=95664) stat_writer /opt/stack/data/venv/lib/python3.12/site-packages/dbcounter.py:115}}
Jun 12 03:31:45.345194 np0000002711 nova-scheduler[95669]: DEBUG dbcounter [-] [95669] Writing DB stats nova_cell0:SELECT=1,nova_cell0:UPDATE=1 {{(pid=95669) stat_writer /opt/stack/data/venv/lib/python3.12/site-packages/dbcounter.py:115}}
Jun 12 03:31:45.348597 np0000002711 nova-scheduler[95662]: DEBUG dbcounter [-] [95662] Writing DB stats nova_cell0:SELECT=1,nova_cell0:UPDATE=1 {{(pid=95662) stat_writer /opt/stack/data/venv/lib/python3.12/site-packages/dbcounter.py:115}}
Jun 12 03:32:18.344089 np0000002711 nova-scheduler[95662]: DEBUG oslo.service.backend._threading.loopingcall [None req-365caf23-8e48-4207-a4e2-b644b07ada8b None None] Dynamic interval looping call 'nova.service.Service.periodic_tasks' sleeping for 60.00 seconds {{(pid=95662) _run_loop /opt/stack/data/venv/lib/python3.12/site-packages/oslo_service/backend/_threading/loopingcall.py:125}}
Jun 12 03:32:23.342552 np0000002711 nova-scheduler[95664]: DEBUG oslo.service.backend._threading.loopingcall [None req-e4c688cf-64be-4ba5-9116-dd4d152fd737 None None] Dynamic interval looping call 'nova.service.Service.periodic_tasks' sleeping for 60.00 seconds {{(pid=95664) _run_loop /opt/stack/data/venv/lib/python3.12/site-packages/oslo_service/backend/_threading/loopingcall.py:125}}
Jun 12 03:32:30.345211 np0000002711 nova-scheduler[95669]: DEBUG oslo.service.backend._threading.loopingcall [None req-e7f57bf4-e420-46fc-b41c-54d048fc412f None None] Dynamic interval looping call 'nova.service.Service.periodic_tasks' sleeping for 60.00 seconds {{(pid=95669) _run_loop /opt/stack/data/venv/lib/python3.12/site-packages/oslo_service/backend/_threading/loopingcall.py:125}}
Jun 12 03:32:31.582662 np0000002711 nova-scheduler[95664]: DEBUG nova.scheduler.manager [None req-f5e36e50-2156-4eae-b068-51498202aa08 tempest-DeleteServersTestJSON-460285546 tempest-DeleteServersTestJSON-460285546-project-member] Starting to schedule for instances: ['6910076b-52ff-4e3e-b791-e64f329a3aeb'] {{(pid=95664) select_destinations /opt/stack/nova/nova/scheduler/manager.py:210}}
Jun 12 03:32:31.583776 np0000002711 nova-scheduler[95664]: DEBUG nova.scheduler.request_filter [None req-f5e36e50-2156-4eae-b068-51498202aa08 tempest-DeleteServersTestJSON-460285546 tempest-DeleteServersTestJSON-460285546-project-member] compute_status_filter request filter added forbidden trait COMPUTE_STATUS_DISABLED {{(pid=95664) compute_status_filter /opt/stack/nova/nova/scheduler/request_filter.py:253}}
Jun 12 03:32:31.583776 np0000002711 nova-scheduler[95664]: DEBUG nova.scheduler.request_filter [None req-f5e36e50-2156-4eae-b068-51498202aa08 tempest-DeleteServersTestJSON-460285546 tempest-DeleteServersTestJSON-460285546-project-member] Request filter 'compute_status_filter' took 0.0 seconds {{(pid=95664) wrapper /opt/stack/nova/nova/scheduler/request_filter.py:46}}
Jun 12 03:32:31.583937 np0000002711 nova-scheduler[95664]: DEBUG nova.scheduler.request_filter [None req-f5e36e50-2156-4eae-b068-51498202aa08 tempest-DeleteServersTestJSON-460285546 tempest-DeleteServersTestJSON-460285546-project-member] Request filter 'accelerators_filter' took 0.0 seconds {{(pid=95664) wrapper /opt/stack/nova/nova/scheduler/request_filter.py:46}}
Jun 12 03:32:31.584132 np0000002711 nova-scheduler[95664]: DEBUG nova.scheduler.request_filter [None req-f5e36e50-2156-4eae-b068-51498202aa08 tempest-DeleteServersTestJSON-460285546 tempest-DeleteServersTestJSON-460285546-project-member] Request filter 'packed_virtqueue_filter' took 0.0 seconds {{(pid=95664) wrapper /opt/stack/nova/nova/scheduler/request_filter.py:46}}
Jun 12 03:32:31.584583 np0000002711 nova-scheduler[95664]: DEBUG nova.scheduler.request_filter [None req-f5e36e50-2156-4eae-b068-51498202aa08 tempest-DeleteServersTestJSON-460285546 tempest-DeleteServersTestJSON-460285546-project-member] Request filter 'remote_managed_ports_filter' took 0.0 seconds {{(pid=95664) wrapper /opt/stack/nova/nova/scheduler/request_filter.py:46}}
Jun 12 03:32:31.584727 np0000002711 nova-scheduler[95664]: DEBUG nova.scheduler.request_filter [None req-f5e36e50-2156-4eae-b068-51498202aa08 tempest-DeleteServersTestJSON-460285546 tempest-DeleteServersTestJSON-460285546-project-member] ephemeral_encryption_filter skipped {{(pid=95664) ephemeral_encryption_filter /opt/stack/nova/nova/scheduler/request_filter.py:426}}
Jun 12 03:32:31.584924 np0000002711 nova-scheduler[95664]: DEBUG nova.scheduler.request_filter [None req-f5e36e50-2156-4eae-b068-51498202aa08 tempest-DeleteServersTestJSON-460285546 tempest-DeleteServersTestJSON-460285546-project-member] virtio_sound_filter skipped {{(pid=95664) virtio_sound_filter /opt/stack/nova/nova/scheduler/request_filter.py:460}}
Jun 12 03:32:31.585257 np0000002711 nova-scheduler[95664]: DEBUG nova.scheduler.request_filter [None req-f5e36e50-2156-4eae-b068-51498202aa08 tempest-DeleteServersTestJSON-460285546 tempest-DeleteServersTestJSON-460285546-project-member] tpm_secret_security_filter skipped {{(pid=95664) tpm_secret_security_filter /opt/stack/nova/nova/scheduler/request_filter.py:477}}
Jun 12 03:32:32.554288 np0000002711 nova-scheduler[95664]: INFO nova.utils [None req-f5e36e50-2156-4eae-b068-51498202aa08 tempest-DeleteServersTestJSON-460285546 tempest-DeleteServersTestJSON-460285546-project-member] The cell worker thread pool ForkProcess-2.cell_worker is initialized
Jun 12 03:32:32.554288 np0000002711 nova-scheduler[95664]: DEBUG oslo_concurrency.lockutils [None req-f5e36e50-2156-4eae-b068-51498202aa08 tempest-DeleteServersTestJSON-460285546 tempest-DeleteServersTestJSON-460285546-project-member] Acquiring lock "ae8bb3d3-daaf-40d4-962f-cf35bcb7ec27" by "nova.context.set_target_cell..get_or_set_cached_cell_and_set_connections" {{(pid=95664) inner /opt/stack/data/venv/lib/python3.12/site-packages/oslo_concurrency/lockutils.py:511}}
Jun 12 03:32:32.554288 np0000002711 nova-scheduler[95664]: DEBUG oslo_concurrency.lockutils [None req-f5e36e50-2156-4eae-b068-51498202aa08 tempest-DeleteServersTestJSON-460285546 tempest-DeleteServersTestJSON-460285546-project-member] Lock "ae8bb3d3-daaf-40d4-962f-cf35bcb7ec27" acquired by "nova.context.set_target_cell..get_or_set_cached_cell_and_set_connections" :: waited 0.000s {{(pid=95664) inner /opt/stack/data/venv/lib/python3.12/site-packages/oslo_concurrency/lockutils.py:524}}
Jun 12 03:32:32.555370 np0000002711 nova-scheduler[95664]: DEBUG oslo_concurrency.lockutils [None req-f5e36e50-2156-4eae-b068-51498202aa08 tempest-DeleteServersTestJSON-460285546 tempest-DeleteServersTestJSON-460285546-project-member] Lock "ae8bb3d3-daaf-40d4-962f-cf35bcb7ec27" "released" by "nova.context.set_target_cell..get_or_set_cached_cell_and_set_connections" :: held 0.001s {{(pid=95664) inner /opt/stack/data/venv/lib/python3.12/site-packages/oslo_concurrency/lockutils.py:543}}
Jun 12 03:32:32.556749 np0000002711 nova-scheduler[95664]: INFO dbcounter [None req-f5e36e50-2156-4eae-b068-51498202aa08 tempest-DeleteServersTestJSON-460285546 tempest-DeleteServersTestJSON-460285546-project-member] Registered counter for database nova_cell1
Jun 12 03:32:32.596505 np0000002711 nova-scheduler[95664]: DEBUG oslo_db.sqlalchemy.engines [None req-f5e36e50-2156-4eae-b068-51498202aa08 tempest-DeleteServersTestJSON-460285546 tempest-DeleteServersTestJSON-460285546-project-member] MySQL server mode set to STRICT_TRANS_TABLES,STRICT_ALL_TABLES,NO_ZERO_IN_DATE,NO_ZERO_DATE,ERROR_FOR_DIVISION_BY_ZERO,TRADITIONAL,NO_ENGINE_SUBSTITUTION {{(pid=95664) _check_effective_sql_mode /opt/stack/data/venv/lib/python3.12/site-packages/oslo_db/sqlalchemy/engines.py:325}}
Jun 12 03:32:32.603955 np0000002711 nova-scheduler[95664]: DEBUG dbcounter [-] [95664] Writer thread running {{(pid=95664) stat_writer /opt/stack/data/venv/lib/python3.12/site-packages/dbcounter.py:102}}
Jun 12 03:32:32.625127 np0000002711 nova-scheduler[95664]: DEBUG oslo_db.sqlalchemy.engines [None req-f5e36e50-2156-4eae-b068-51498202aa08 tempest-DeleteServersTestJSON-460285546 tempest-DeleteServersTestJSON-460285546-project-member] Parent process 94471 forked (95664) with an open database connection, which is being discarded and recreated. {{(pid=95664) checkout /opt/stack/data/venv/lib/python3.12/site-packages/oslo_db/sqlalchemy/engines.py:402}}
Jun 12 03:32:32.667278 np0000002711 nova-scheduler[95664]: DEBUG dbcounter [-] [95664] Writer thread running {{(pid=95664) stat_writer /opt/stack/data/venv/lib/python3.12/site-packages/dbcounter.py:102}}
Jun 12 03:32:32.671345 np0000002711 nova-scheduler[95664]: DEBUG oslo_concurrency.lockutils [None req-f5e36e50-2156-4eae-b068-51498202aa08 tempest-DeleteServersTestJSON-460285546 tempest-DeleteServersTestJSON-460285546-project-member] Acquiring lock "ae8bb3d3-daaf-40d4-962f-cf35bcb7ec27" by "nova.context.set_target_cell..get_or_set_cached_cell_and_set_connections" {{(pid=95664) inner /opt/stack/data/venv/lib/python3.12/site-packages/oslo_concurrency/lockutils.py:511}}
Jun 12 03:32:32.671548 np0000002711 nova-scheduler[95664]: DEBUG oslo_concurrency.lockutils [None req-f5e36e50-2156-4eae-b068-51498202aa08 tempest-DeleteServersTestJSON-460285546 tempest-DeleteServersTestJSON-460285546-project-member] Lock "ae8bb3d3-daaf-40d4-962f-cf35bcb7ec27" acquired by "nova.context.set_target_cell..get_or_set_cached_cell_and_set_connections" :: waited 0.000s {{(pid=95664) inner /opt/stack/data/venv/lib/python3.12/site-packages/oslo_concurrency/lockutils.py:524}}
Jun 12 03:32:32.671667 np0000002711 nova-scheduler[95664]: DEBUG oslo_concurrency.lockutils [None req-f5e36e50-2156-4eae-b068-51498202aa08 tempest-DeleteServersTestJSON-460285546 tempest-DeleteServersTestJSON-460285546-project-member] Lock "ae8bb3d3-daaf-40d4-962f-cf35bcb7ec27" "released" by "nova.context.set_target_cell..get_or_set_cached_cell_and_set_connections" :: held 0.000s {{(pid=95664) inner /opt/stack/data/venv/lib/python3.12/site-packages/oslo_concurrency/lockutils.py:543}}
Jun 12 03:32:32.674944 np0000002711 nova-scheduler[95664]: DEBUG oslo_concurrency.lockutils [None req-f5e36e50-2156-4eae-b068-51498202aa08 tempest-DeleteServersTestJSON-460285546 tempest-DeleteServersTestJSON-460285546-project-member] Acquiring lock "('np0000002711', 'np0000002711')" by "nova.scheduler.host_manager.HostState.update.._locked_update" {{(pid=95664) inner /opt/stack/data/venv/lib/python3.12/site-packages/oslo_concurrency/lockutils.py:511}}
Jun 12 03:32:32.675120 np0000002711 nova-scheduler[95664]: DEBUG oslo_concurrency.lockutils [None req-f5e36e50-2156-4eae-b068-51498202aa08 tempest-DeleteServersTestJSON-460285546 tempest-DeleteServersTestJSON-460285546-project-member] Lock "('np0000002711', 'np0000002711')" acquired by "nova.scheduler.host_manager.HostState.update.._locked_update" :: waited 0.000s {{(pid=95664) inner /opt/stack/data/venv/lib/python3.12/site-packages/oslo_concurrency/lockutils.py:524}}
Jun 12 03:32:32.676031 np0000002711 nova-scheduler[95664]: DEBUG nova.scheduler.host_manager [None req-f5e36e50-2156-4eae-b068-51498202aa08 tempest-DeleteServersTestJSON-460285546 tempest-DeleteServersTestJSON-460285546-project-member] Update host state from compute node: ComputeNode(cpu_allocation_ratio=4.0,cpu_info='{"arch": "x86_64", "model": "EPYC-Milan", "vendor": "AMD", "topology": {"cells": 1, "sockets": 12, "cores": 1, "threads": 1}, "maxphysaddr": {"mode": "emulate", "bits": 40}, "features": ["flushbyasid", "hypervisor", "fxsr_opt", "svm", "virt-ssbd", "sse", "stibp-always-on", "clflushopt", "umip", "lahf_lm", "wbnoinvd", "nx", "stibp", "clwb", "rdpid", "mce", "syscall", "skip-l1dfl-vmentry", "amd-ssbd", "clflush", "cr8legacy", "invpcid", "popcnt", "tsc_adjust", "mmxext", "xsaveopt", "fma", "bmi2", "cx8", "sep", "no-nested-data-bp", "abm", "apic", "bmi1", "pku", "xgetbv1", "f16c", "fsrm", "mmx", "pdpe1gb", "lm", "pni", "rdctl-no", "vme", "ssse3", "ibpb", "vgif", "xsavec", "clzero", "amd-stibp", "misalignsse", "ibrs", "pause-filter", "msr", "lbrv", "adx", "amd-psfd", "gds-no", "pse36", "svme-addr-chk", "avx", "npt", "tsc-scale", "rdrand", "smep", "pschange-mc-no", "aes", "pclmuldq", "rdseed", "xsaveerptr", "fpu", "smap", "tsc", "arch-capabilities", "fsgsbase", "sse4.2", "vmcb-clean", "erms", "pfthreshold", "pse", "x2apic", "cx16", "vpclmulqdq", "3dnowprefetch", "null-sel-clr-base", "de", "pge", "pae", "cmp_legacy", "perfctr_core", "tsc-deadline", "spec-ctrl", "mca", "sse4a", "pat", "pcid", "v-vmsave-vmload", "osvw", "fxsr", "topoext", "ssbd", "vaes", "mds-no", "mtrr", "sse4.1", "avx2", "arat", "sha-ni", "xsave", "sse2", "lfence-always-serializing", "movbe", "cmov", "nrip-save", "rdtscp", "xsaves"]}',created_at=2026-06-12T03:29:56Z,current_workload=0,deleted=False,deleted_at=None,disk_allocation_ratio=1.0,disk_available_least=74,free_disk_gb=95,free_ram_mb=23518,host='np0000002711',host_ip=10.4.3.76,hypervisor_hostname='np0000002711',hypervisor_type='QEMU',hypervisor_version=8002002,id=1,local_gb=95,local_gb_used=0,mapped=1,memory_mb=24030,memory_mb_used=512,metrics='[]',numa_topology='{"nova_object.name": "NUMATopology", "nova_object.namespace": "nova", "nova_object.version": "1.2", "nova_object.data": {"cells": [{"nova_object.name": "NUMACell", "nova_object.namespace": "nova", "nova_object.version": "1.5", "nova_object.data": {"id": 0, "cpuset": [0, 1, 2, 3, 4, 5, 6, 7, 8, 9, 10, 11], "pcpuset": [0, 1, 2, 3, 4, 5, 6, 7, 8, 9, 10, 11], "memory": 24030, "cpu_usage": 0, "memory_usage": 0, "pinned_cpus": [], "siblings": [[6], [2], [5], [11], [8], [4], [1], [7], [10], [0], [3], [9]], "mempages": [{"nova_object.name": "NUMAPagesTopology", "nova_object.namespace": "nova", "nova_object.version": "1.1", "nova_object.data": {"size_kb": 4, "total": 6151798, "used": 0, "reserved": 0}, "nova_object.changes": ["total", "size_kb", "reserved", "used"]}, {"nova_object.name": "NUMAPagesTopology", "nova_object.namespace": "nova", "nova_object.version": "1.1", "nova_object.data": {"size_kb": 2048, "total": 0, "used": 0, "reserved": 0}, "nova_object.changes": ["total", "size_kb", "reserved", "used"]}, {"nova_object.name": "NUMAPagesTopology", "nova_object.namespace": "nova", "nova_object.version": "1.1", "nova_object.data": {"size_kb": 1048576, "total": 0, "used": 0, "reserved": 0}, "nova_object.changes": ["total", "size_kb", "reserved", "used"]}], "network_metadata": {"nova_object.name": "NetworkMetadata", "nova_object.namespace": "nova", "nova_object.version": "1.0", "nova_object.data": {"physnets": [], "tunneled": false}, "nova_object.changes": ["tunneled", "physnets"]}, "socket": null}, "nova_object.changes": ["socket", "memory", "cpu_usage", "memory_usage", "pcpuset", "cpuset", "pinned_cpus", "id", "network_metadata", "siblings", "mempages"]}]}, "nova_object.changes": ["cells"]}',pci_device_pools=PciDevicePoolList,ram_allocation_ratio=1.0,running_vms=0,service_id=2,stats={failed_builds='0',uptime=' 03:31:42 up 25 min, 2 users, load average: 1.17, 1.52, 0.92
Jun 12 03:32:32.676031 np0000002711 nova-scheduler[95664]: '},supported_hv_specs=[HVSpec,HVSpec,HVSpec,HVSpec,HVSpec,HVSpec,HVSpec,HVSpec,HVSpec,HVSpec,HVSpec,HVSpec,HVSpec,HVSpec,HVSpec,HVSpec,HVSpec,HVSpec,HVSpec,HVSpec,HVSpec,HVSpec,HVSpec,HVSpec,HVSpec],updated_at=2026-06-12T03:31:44Z,uuid=d0547842-e854-45e1-a4d1-1748b27ff65d,vcpus=12,vcpus_used=0) {{(pid=95664) _locked_update /opt/stack/nova/nova/scheduler/host_manager.py:168}}
Jun 12 03:32:32.676907 np0000002711 nova-scheduler[95664]: DEBUG nova.scheduler.host_manager [None req-f5e36e50-2156-4eae-b068-51498202aa08 tempest-DeleteServersTestJSON-460285546 tempest-DeleteServersTestJSON-460285546-project-member] Update host state with aggregates: [] {{(pid=95664) _locked_update /opt/stack/nova/nova/scheduler/host_manager.py:171}}
Jun 12 03:32:32.677013 np0000002711 nova-scheduler[95664]: DEBUG nova.scheduler.host_manager [None req-f5e36e50-2156-4eae-b068-51498202aa08 tempest-DeleteServersTestJSON-460285546 tempest-DeleteServersTestJSON-460285546-project-member] Update host state with service dict: {'id': 2, 'uuid': '63d9c356-5718-41dc-b8ea-bf9ca7e1633d', 'host': 'np0000002711', 'binary': 'nova-compute', 'topic': 'compute', 'report_count': 2, 'disabled': False, 'disabled_reason': None, 'last_seen_up': datetime.datetime(2026, 6, 12, 3, 32, 4, tzinfo=datetime.timezone.utc), 'forced_down': False, 'version': 72, 'created_at': datetime.datetime(2026, 6, 12, 3, 29, 54, tzinfo=datetime.timezone.utc), 'updated_at': datetime.datetime(2026, 6, 12, 3, 32, 4, tzinfo=datetime.timezone.utc), 'deleted_at': None, 'deleted': False} {{(pid=95664) _locked_update /opt/stack/nova/nova/scheduler/host_manager.py:174}}
Jun 12 03:32:32.677144 np0000002711 nova-scheduler[95664]: DEBUG nova.scheduler.host_manager [None req-f5e36e50-2156-4eae-b068-51498202aa08 tempest-DeleteServersTestJSON-460285546 tempest-DeleteServersTestJSON-460285546-project-member] Update host state with instances: [] {{(pid=95664) _locked_update /opt/stack/nova/nova/scheduler/host_manager.py:177}}
Jun 12 03:32:32.677251 np0000002711 nova-scheduler[95664]: DEBUG oslo_concurrency.lockutils [None req-f5e36e50-2156-4eae-b068-51498202aa08 tempest-DeleteServersTestJSON-460285546 tempest-DeleteServersTestJSON-460285546-project-member] Lock "('np0000002711', 'np0000002711')" "released" by "nova.scheduler.host_manager.HostState.update.._locked_update" :: held 0.002s {{(pid=95664) inner /opt/stack/data/venv/lib/python3.12/site-packages/oslo_concurrency/lockutils.py:543}}
Jun 12 03:32:32.677700 np0000002711 nova-scheduler[95664]: DEBUG nova.filters [None req-f5e36e50-2156-4eae-b068-51498202aa08 tempest-DeleteServersTestJSON-460285546 tempest-DeleteServersTestJSON-460285546-project-member] Starting with 1 host(s) {{(pid=95664) get_filtered_objects /opt/stack/nova/nova/filters.py:70}}
Jun 12 03:32:32.677885 np0000002711 nova-scheduler[95664]: DEBUG nova.filters [None req-f5e36e50-2156-4eae-b068-51498202aa08 tempest-DeleteServersTestJSON-460285546 tempest-DeleteServersTestJSON-460285546-project-member] Filter ComputeFilter returned 1 host(s) {{(pid=95664) get_filtered_objects /opt/stack/nova/nova/filters.py:102}}
Jun 12 03:32:32.678024 np0000002711 nova-scheduler[95664]: DEBUG nova.filters [None req-f5e36e50-2156-4eae-b068-51498202aa08 tempest-DeleteServersTestJSON-460285546 tempest-DeleteServersTestJSON-460285546-project-member] Filter ComputeCapabilitiesFilter returned 1 host(s) {{(pid=95664) get_filtered_objects /opt/stack/nova/nova/filters.py:102}}
Jun 12 03:32:32.678235 np0000002711 nova-scheduler[95664]: DEBUG nova.filters [None req-f5e36e50-2156-4eae-b068-51498202aa08 tempest-DeleteServersTestJSON-460285546 tempest-DeleteServersTestJSON-460285546-project-member] Filter ImagePropertiesFilter returned 1 host(s) {{(pid=95664) get_filtered_objects /opt/stack/nova/nova/filters.py:102}}
Jun 12 03:32:32.678382 np0000002711 nova-scheduler[95664]: DEBUG nova.filters [None req-f5e36e50-2156-4eae-b068-51498202aa08 tempest-DeleteServersTestJSON-460285546 tempest-DeleteServersTestJSON-460285546-project-member] Filter ServerGroupAntiAffinityFilter returned 1 host(s) {{(pid=95664) get_filtered_objects /opt/stack/nova/nova/filters.py:102}}
Jun 12 03:32:32.678493 np0000002711 nova-scheduler[95664]: DEBUG nova.filters [None req-f5e36e50-2156-4eae-b068-51498202aa08 tempest-DeleteServersTestJSON-460285546 tempest-DeleteServersTestJSON-460285546-project-member] Filter ServerGroupAffinityFilter returned 1 host(s) {{(pid=95664) get_filtered_objects /opt/stack/nova/nova/filters.py:102}}
Jun 12 03:32:32.678650 np0000002711 nova-scheduler[95664]: DEBUG nova.filters [None req-f5e36e50-2156-4eae-b068-51498202aa08 tempest-DeleteServersTestJSON-460285546 tempest-DeleteServersTestJSON-460285546-project-member] Filter SameHostFilter returned 1 host(s) {{(pid=95664) get_filtered_objects /opt/stack/nova/nova/filters.py:102}}
Jun 12 03:32:32.678755 np0000002711 nova-scheduler[95664]: DEBUG nova.filters [None req-f5e36e50-2156-4eae-b068-51498202aa08 tempest-DeleteServersTestJSON-460285546 tempest-DeleteServersTestJSON-460285546-project-member] Filter DifferentHostFilter returned 1 host(s) {{(pid=95664) get_filtered_objects /opt/stack/nova/nova/filters.py:102}}
Jun 12 03:32:32.678872 np0000002711 nova-scheduler[95664]: DEBUG nova.scheduler.manager [None req-f5e36e50-2156-4eae-b068-51498202aa08 tempest-DeleteServersTestJSON-460285546 tempest-DeleteServersTestJSON-460285546-project-member] Filtered [(np0000002711, np0000002711) ram: 23518MB disk: 75776MB io_ops: 0 instances: 0, allocation_candidates: 1] {{(pid=95664) _get_sorted_hosts /opt/stack/nova/nova/scheduler/manager.py:743}}
Jun 12 03:32:32.679043 np0000002711 nova-scheduler[95664]: DEBUG nova.scheduler.manager [None req-f5e36e50-2156-4eae-b068-51498202aa08 tempest-DeleteServersTestJSON-460285546 tempest-DeleteServersTestJSON-460285546-project-member] Weighed [WeighedHost [host: (np0000002711, np0000002711) ram: 23518MB disk: 75776MB io_ops: 0 instances: 0, allocation_candidates: 1, weight: 0.0]] {{(pid=95664) _get_sorted_hosts /opt/stack/nova/nova/scheduler/manager.py:765}}
Jun 12 03:32:32.679215 np0000002711 nova-scheduler[95664]: DEBUG nova.scheduler.utils [None req-f5e36e50-2156-4eae-b068-51498202aa08 tempest-DeleteServersTestJSON-460285546 tempest-DeleteServersTestJSON-460285546-project-member] Attempting to claim resources in the placement API for instance 6910076b-52ff-4e3e-b791-e64f329a3aeb {{(pid=95664) claim_resources /opt/stack/nova/nova/scheduler/utils.py:1345}}
Jun 12 03:32:32.846351 np0000002711 nova-scheduler[95664]: DEBUG nova.scheduler.manager [None req-f5e36e50-2156-4eae-b068-51498202aa08 tempest-DeleteServersTestJSON-460285546 tempest-DeleteServersTestJSON-460285546-project-member] [instance: 6910076b-52ff-4e3e-b791-e64f329a3aeb] Selected host: (np0000002711, np0000002711) ram: 23518MB disk: 75776MB io_ops: 0 instances: 0, allocation_candidates: 1 {{(pid=95664) _consume_selected_host /opt/stack/nova/nova/scheduler/manager.py:625}}
Jun 12 03:32:32.846601 np0000002711 nova-scheduler[95664]: DEBUG oslo_concurrency.lockutils [None req-f5e36e50-2156-4eae-b068-51498202aa08 tempest-DeleteServersTestJSON-460285546 tempest-DeleteServersTestJSON-460285546-project-member] Acquiring lock "('np0000002711', 'np0000002711')" by "nova.scheduler.host_manager.HostState.consume_from_request.._locked" {{(pid=95664) inner /opt/stack/data/venv/lib/python3.12/site-packages/oslo_concurrency/lockutils.py:511}}
Jun 12 03:32:32.846824 np0000002711 nova-scheduler[95664]: DEBUG oslo_concurrency.lockutils [None req-f5e36e50-2156-4eae-b068-51498202aa08 tempest-DeleteServersTestJSON-460285546 tempest-DeleteServersTestJSON-460285546-project-member] Lock "('np0000002711', 'np0000002711')" acquired by "nova.scheduler.host_manager.HostState.consume_from_request.._locked" :: waited 0.000s {{(pid=95664) inner /opt/stack/data/venv/lib/python3.12/site-packages/oslo_concurrency/lockutils.py:524}}
Jun 12 03:32:32.846984 np0000002711 nova-scheduler[95664]: DEBUG oslo_concurrency.lockutils [None req-f5e36e50-2156-4eae-b068-51498202aa08 tempest-DeleteServersTestJSON-460285546 tempest-DeleteServersTestJSON-460285546-project-member] Lock "('np0000002711', 'np0000002711')" "released" by "nova.scheduler.host_manager.HostState.consume_from_request.._locked" :: held 0.000s {{(pid=95664) inner /opt/stack/data/venv/lib/python3.12/site-packages/oslo_concurrency/lockutils.py:543}}
Jun 12 03:32:34.852896 np0000002711 nova-scheduler[95662]: DEBUG nova.scheduler.manager [None req-8969a36e-bae6-475e-84a1-feb7a056f4f8 tempest-ServerActionsTestOtherB-97772315 tempest-ServerActionsTestOtherB-97772315-project-member] Starting to schedule for instances: ['95c37ca9-1d67-4343-8bb4-f1720cd9121b'] {{(pid=95662) select_destinations /opt/stack/nova/nova/scheduler/manager.py:210}}
Jun 12 03:32:34.853372 np0000002711 nova-scheduler[95662]: DEBUG nova.scheduler.request_filter [None req-8969a36e-bae6-475e-84a1-feb7a056f4f8 tempest-ServerActionsTestOtherB-97772315 tempest-ServerActionsTestOtherB-97772315-project-member] compute_status_filter request filter added forbidden trait COMPUTE_STATUS_DISABLED {{(pid=95662) compute_status_filter /opt/stack/nova/nova/scheduler/request_filter.py:253}}
Jun 12 03:32:34.853435 np0000002711 nova-scheduler[95662]: DEBUG nova.scheduler.request_filter [None req-8969a36e-bae6-475e-84a1-feb7a056f4f8 tempest-ServerActionsTestOtherB-97772315 tempest-ServerActionsTestOtherB-97772315-project-member] Request filter 'compute_status_filter' took 0.0 seconds {{(pid=95662) wrapper /opt/stack/nova/nova/scheduler/request_filter.py:46}}
Jun 12 03:32:34.853893 np0000002711 nova-scheduler[95662]: DEBUG nova.scheduler.request_filter [None req-8969a36e-bae6-475e-84a1-feb7a056f4f8 tempest-ServerActionsTestOtherB-97772315 tempest-ServerActionsTestOtherB-97772315-project-member] Request filter 'accelerators_filter' took 0.0 seconds {{(pid=95662) wrapper /opt/stack/nova/nova/scheduler/request_filter.py:46}}
Jun 12 03:32:34.853958 np0000002711 nova-scheduler[95662]: DEBUG nova.scheduler.request_filter [None req-8969a36e-bae6-475e-84a1-feb7a056f4f8 tempest-ServerActionsTestOtherB-97772315 tempest-ServerActionsTestOtherB-97772315-project-member] Request filter 'packed_virtqueue_filter' took 0.0 seconds {{(pid=95662) wrapper /opt/stack/nova/nova/scheduler/request_filter.py:46}}
Jun 12 03:32:34.854230 np0000002711 nova-scheduler[95662]: DEBUG nova.scheduler.request_filter [None req-8969a36e-bae6-475e-84a1-feb7a056f4f8 tempest-ServerActionsTestOtherB-97772315 tempest-ServerActionsTestOtherB-97772315-project-member] Request filter 'remote_managed_ports_filter' took 0.0 seconds {{(pid=95662) wrapper /opt/stack/nova/nova/scheduler/request_filter.py:46}}
Jun 12 03:32:34.854405 np0000002711 nova-scheduler[95662]: DEBUG nova.scheduler.request_filter [None req-8969a36e-bae6-475e-84a1-feb7a056f4f8 tempest-ServerActionsTestOtherB-97772315 tempest-ServerActionsTestOtherB-97772315-project-member] ephemeral_encryption_filter skipped {{(pid=95662) ephemeral_encryption_filter /opt/stack/nova/nova/scheduler/request_filter.py:426}}
Jun 12 03:32:34.854714 np0000002711 nova-scheduler[95662]: DEBUG nova.scheduler.request_filter [None req-8969a36e-bae6-475e-84a1-feb7a056f4f8 tempest-ServerActionsTestOtherB-97772315 tempest-ServerActionsTestOtherB-97772315-project-member] virtio_sound_filter skipped {{(pid=95662) virtio_sound_filter /opt/stack/nova/nova/scheduler/request_filter.py:460}}
Jun 12 03:32:34.854761 np0000002711 nova-scheduler[95662]: DEBUG nova.scheduler.request_filter [None req-8969a36e-bae6-475e-84a1-feb7a056f4f8 tempest-ServerActionsTestOtherB-97772315 tempest-ServerActionsTestOtherB-97772315-project-member] tpm_secret_security_filter skipped {{(pid=95662) tpm_secret_security_filter /opt/stack/nova/nova/scheduler/request_filter.py:477}}
Jun 12 03:32:34.998456 np0000002711 nova-scheduler[95662]: INFO nova.utils [None req-8969a36e-bae6-475e-84a1-feb7a056f4f8 tempest-ServerActionsTestOtherB-97772315 tempest-ServerActionsTestOtherB-97772315-project-member] The cell worker thread pool ForkProcess-1.cell_worker is initialized
Jun 12 03:32:34.998900 np0000002711 nova-scheduler[95662]: DEBUG oslo_concurrency.lockutils [None req-8969a36e-bae6-475e-84a1-feb7a056f4f8 tempest-ServerActionsTestOtherB-97772315 tempest-ServerActionsTestOtherB-97772315-project-member] Acquiring lock "ae8bb3d3-daaf-40d4-962f-cf35bcb7ec27" by "nova.context.set_target_cell..get_or_set_cached_cell_and_set_connections" {{(pid=95662) inner /opt/stack/data/venv/lib/python3.12/site-packages/oslo_concurrency/lockutils.py:511}}
Jun 12 03:32:34.999151 np0000002711 nova-scheduler[95662]: DEBUG oslo_concurrency.lockutils [None req-8969a36e-bae6-475e-84a1-feb7a056f4f8 tempest-ServerActionsTestOtherB-97772315 tempest-ServerActionsTestOtherB-97772315-project-member] Lock "ae8bb3d3-daaf-40d4-962f-cf35bcb7ec27" acquired by "nova.context.set_target_cell..get_or_set_cached_cell_and_set_connections" :: waited 0.000s {{(pid=95662) inner /opt/stack/data/venv/lib/python3.12/site-packages/oslo_concurrency/lockutils.py:524}}
Jun 12 03:32:35.001131 np0000002711 nova-scheduler[95662]: DEBUG oslo_concurrency.lockutils [None req-8969a36e-bae6-475e-84a1-feb7a056f4f8 tempest-ServerActionsTestOtherB-97772315 tempest-ServerActionsTestOtherB-97772315-project-member] Lock "ae8bb3d3-daaf-40d4-962f-cf35bcb7ec27" "released" by "nova.context.set_target_cell..get_or_set_cached_cell_and_set_connections" :: held 0.002s {{(pid=95662) inner /opt/stack/data/venv/lib/python3.12/site-packages/oslo_concurrency/lockutils.py:543}}
Jun 12 03:32:35.003615 np0000002711 nova-scheduler[95662]: INFO dbcounter [None req-8969a36e-bae6-475e-84a1-feb7a056f4f8 tempest-ServerActionsTestOtherB-97772315 tempest-ServerActionsTestOtherB-97772315-project-member] Registered counter for database nova_cell1
Jun 12 03:32:35.053813 np0000002711 nova-scheduler[95662]: DEBUG oslo_db.sqlalchemy.engines [None req-8969a36e-bae6-475e-84a1-feb7a056f4f8 tempest-ServerActionsTestOtherB-97772315 tempest-ServerActionsTestOtherB-97772315-project-member] MySQL server mode set to STRICT_TRANS_TABLES,STRICT_ALL_TABLES,NO_ZERO_IN_DATE,NO_ZERO_DATE,ERROR_FOR_DIVISION_BY_ZERO,TRADITIONAL,NO_ENGINE_SUBSTITUTION {{(pid=95662) _check_effective_sql_mode /opt/stack/data/venv/lib/python3.12/site-packages/oslo_db/sqlalchemy/engines.py:325}}
Jun 12 03:32:35.059867 np0000002711 nova-scheduler[95662]: DEBUG dbcounter [-] [95662] Writer thread running {{(pid=95662) stat_writer /opt/stack/data/venv/lib/python3.12/site-packages/dbcounter.py:102}}
Jun 12 03:32:35.119571 np0000002711 nova-scheduler[95662]: DEBUG dbcounter [-] [95662] Writer thread running {{(pid=95662) stat_writer /opt/stack/data/venv/lib/python3.12/site-packages/dbcounter.py:102}}
Jun 12 03:32:35.123092 np0000002711 nova-scheduler[95662]: DEBUG oslo_concurrency.lockutils [None req-8969a36e-bae6-475e-84a1-feb7a056f4f8 tempest-ServerActionsTestOtherB-97772315 tempest-ServerActionsTestOtherB-97772315-project-member] Acquiring lock "ae8bb3d3-daaf-40d4-962f-cf35bcb7ec27" by "nova.context.set_target_cell..get_or_set_cached_cell_and_set_connections" {{(pid=95662) inner /opt/stack/data/venv/lib/python3.12/site-packages/oslo_concurrency/lockutils.py:511}}
Jun 12 03:32:35.123339 np0000002711 nova-scheduler[95662]: DEBUG oslo_concurrency.lockutils [None req-8969a36e-bae6-475e-84a1-feb7a056f4f8 tempest-ServerActionsTestOtherB-97772315 tempest-ServerActionsTestOtherB-97772315-project-member] Lock "ae8bb3d3-daaf-40d4-962f-cf35bcb7ec27" acquired by "nova.context.set_target_cell..get_or_set_cached_cell_and_set_connections" :: waited 0.000s {{(pid=95662) inner /opt/stack/data/venv/lib/python3.12/site-packages/oslo_concurrency/lockutils.py:524}}
Jun 12 03:32:35.123599 np0000002711 nova-scheduler[95662]: DEBUG oslo_concurrency.lockutils [None req-8969a36e-bae6-475e-84a1-feb7a056f4f8 tempest-ServerActionsTestOtherB-97772315 tempest-ServerActionsTestOtherB-97772315-project-member] Lock "ae8bb3d3-daaf-40d4-962f-cf35bcb7ec27" "released" by "nova.context.set_target_cell..get_or_set_cached_cell_and_set_connections" :: held 0.000s {{(pid=95662) inner /opt/stack/data/venv/lib/python3.12/site-packages/oslo_concurrency/lockutils.py:543}}
Jun 12 03:32:35.127754 np0000002711 nova-scheduler[95662]: DEBUG oslo_concurrency.lockutils [None req-8969a36e-bae6-475e-84a1-feb7a056f4f8 tempest-ServerActionsTestOtherB-97772315 tempest-ServerActionsTestOtherB-97772315-project-member] Acquiring lock "('np0000002711', 'np0000002711')" by "nova.scheduler.host_manager.HostState.update.._locked_update" {{(pid=95662) inner /opt/stack/data/venv/lib/python3.12/site-packages/oslo_concurrency/lockutils.py:511}}
Jun 12 03:32:35.127965 np0000002711 nova-scheduler[95662]: DEBUG oslo_concurrency.lockutils [None req-8969a36e-bae6-475e-84a1-feb7a056f4f8 tempest-ServerActionsTestOtherB-97772315 tempest-ServerActionsTestOtherB-97772315-project-member] Lock "('np0000002711', 'np0000002711')" acquired by "nova.scheduler.host_manager.HostState.update.._locked_update" :: waited 0.000s {{(pid=95662) inner /opt/stack/data/venv/lib/python3.12/site-packages/oslo_concurrency/lockutils.py:524}}
