May 12 21:50:10.461989 np0000000648 neutron-periodic-workers[88739]: DEBUG cotyledon.oslo_config_glue [-] ovn.broadcast_arps_to_all_routers = True {{(pid=88739) log_opt_values /opt/stack/data/venv/lib/python3.12/site-packages/oslo_config/cfg.py:3006}}
May 12 21:50:10.462067 np0000000648 neutron-periodic-workers[88739]: DEBUG cotyledon.oslo_config_glue [-] ovn.dhcp_default_lease_time = 43200 {{(pid=88739) log_opt_values /opt/stack/data/venv/lib/python3.12/site-packages/oslo_config/cfg.py:3006}}
May 12 21:50:10.462133 np0000000648 neutron-periodic-workers[88739]: DEBUG cotyledon.oslo_config_glue [-] ovn.disable_ovn_dhcp_for_baremetal_ports = False {{(pid=88739) log_opt_values /opt/stack/data/venv/lib/python3.12/site-packages/oslo_config/cfg.py:3006}}
May 12 21:50:10.462195 np0000000648 neutron-periodic-workers[88739]: DEBUG cotyledon.oslo_config_glue [-] ovn.dns_records_ovn_owned = False {{(pid=88739) log_opt_values /opt/stack/data/venv/lib/python3.12/site-packages/oslo_config/cfg.py:3006}}
May 12 21:50:10.462366 np0000000648 neutron-periodic-workers[88739]: DEBUG cotyledon.oslo_config_glue [-] ovn.dns_servers = [] {{(pid=88739) log_opt_values /opt/stack/data/venv/lib/python3.12/site-packages/oslo_config/cfg.py:3006}}
May 12 21:50:10.462428 np0000000648 neutron-periodic-workers[88739]: DEBUG cotyledon.oslo_config_glue [-] ovn.enable_distributed_floating_ip = False {{(pid=88739) log_opt_values /opt/stack/data/venv/lib/python3.12/site-packages/oslo_config/cfg.py:3006}}
May 12 21:50:10.462495 np0000000648 neutron-periodic-workers[88739]: DEBUG cotyledon.oslo_config_glue [-] ovn.fdb_age_threshold = 300 {{(pid=88739) log_opt_values /opt/stack/data/venv/lib/python3.12/site-packages/oslo_config/cfg.py:3006}}
May 12 21:50:10.462558 np0000000648 neutron-periodic-workers[88739]: DEBUG cotyledon.oslo_config_glue [-] ovn.ha_failover_strategy = normal {{(pid=88739) log_opt_values /opt/stack/data/venv/lib/python3.12/site-packages/oslo_config/cfg.py:3006}}
May 12 21:50:10.462638 np0000000648 neutron-periodic-workers[88739]: DEBUG cotyledon.oslo_config_glue [-] ovn.live_migration_activation_strategy = rarp {{(pid=88739) log_opt_values /opt/stack/data/venv/lib/python3.12/site-packages/oslo_config/cfg.py:3006}}
May 12 21:50:10.462684 np0000000648 neutron-periodic-workers[88739]: DEBUG cotyledon.oslo_config_glue [-] ovn.localnet_learn_fdb = False {{(pid=88739) log_opt_values /opt/stack/data/venv/lib/python3.12/site-packages/oslo_config/cfg.py:3006}}
May 12 21:50:10.462769 np0000000648 neutron-periodic-workers[88739]: DEBUG cotyledon.oslo_config_glue [-] ovn.mac_binding_age_threshold = 300 {{(pid=88739) log_opt_values /opt/stack/data/venv/lib/python3.12/site-packages/oslo_config/cfg.py:3006}}
May 12 21:50:10.462844 np0000000648 neutron-periodic-workers[88739]: DEBUG cotyledon.oslo_config_glue [-] ovn.neutron_sync_mode = log {{(pid=88739) log_opt_values /opt/stack/data/venv/lib/python3.12/site-packages/oslo_config/cfg.py:3006}}
May 12 21:50:10.462940 np0000000648 neutron-periodic-workers[88739]: DEBUG cotyledon.oslo_config_glue [-] ovn.ovn_dhcp4_global_options = {} {{(pid=88739) log_opt_values /opt/stack/data/venv/lib/python3.12/site-packages/oslo_config/cfg.py:3006}}
May 12 21:50:10.462987 np0000000648 neutron-periodic-workers[88739]: DEBUG cotyledon.oslo_config_glue [-] ovn.ovn_dhcp6_global_options = {} {{(pid=88739) log_opt_values /opt/stack/data/venv/lib/python3.12/site-packages/oslo_config/cfg.py:3006}}
May 12 21:50:10.463069 np0000000648 neutron-periodic-workers[88739]: DEBUG cotyledon.oslo_config_glue [-] ovn.ovn_l3_scheduler = leastloaded {{(pid=88739) log_opt_values /opt/stack/data/venv/lib/python3.12/site-packages/oslo_config/cfg.py:3006}}
May 12 21:50:10.463118 np0000000648 neutron-periodic-workers[88739]: DEBUG cotyledon.oslo_config_glue [-] ovn.ovn_metadata_enabled = True {{(pid=88739) log_opt_values /opt/stack/data/venv/lib/python3.12/site-packages/oslo_config/cfg.py:3006}}
May 12 21:50:10.463311 np0000000648 neutron-periodic-workers[88739]: DEBUG cotyledon.oslo_config_glue [-] ovn.ovn_nb_ca_cert = /opt/stack/data/CA/int-ca/ca-chain.pem {{(pid=88739) log_opt_values /opt/stack/data/venv/lib/python3.12/site-packages/oslo_config/cfg.py:3006}}
May 12 21:50:10.463377 np0000000648 neutron-periodic-workers[88739]: DEBUG cotyledon.oslo_config_glue [-] ovn.ovn_nb_certificate = /opt/stack/data/CA/int-ca/devstack-cert.crt {{(pid=88739) log_opt_values /opt/stack/data/venv/lib/python3.12/site-packages/oslo_config/cfg.py:3006}}
May 12 21:50:10.463467 np0000000648 neutron-periodic-workers[88739]: DEBUG cotyledon.oslo_config_glue [-] ovn.ovn_nb_connection = ['ssl:10.4.3.47:6641'] {{(pid=88739) log_opt_values /opt/stack/data/venv/lib/python3.12/site-packages/oslo_config/cfg.py:3006}}
May 12 21:50:10.463521 np0000000648 neutron-periodic-workers[88739]: DEBUG cotyledon.oslo_config_glue [-] ovn.ovn_nb_private_key = /opt/stack/data/CA/int-ca/private/devstack-cert.key {{(pid=88739) log_opt_values /opt/stack/data/venv/lib/python3.12/site-packages/oslo_config/cfg.py:3006}}
May 12 21:50:10.463598 np0000000648 neutron-periodic-workers[88739]: DEBUG cotyledon.oslo_config_glue [-] ovn.ovn_router_indirect_snat = False {{(pid=88739) log_opt_values /opt/stack/data/venv/lib/python3.12/site-packages/oslo_config/cfg.py:3006}}
May 12 21:50:10.463664 np0000000648 neutron-periodic-workers[88739]: DEBUG cotyledon.oslo_config_glue [-] ovn.ovn_sb_ca_cert = /opt/stack/data/CA/int-ca/ca-chain.pem {{(pid=88739) log_opt_values /opt/stack/data/venv/lib/python3.12/site-packages/oslo_config/cfg.py:3006}}
May 12 21:50:10.463747 np0000000648 neutron-periodic-workers[88739]: DEBUG cotyledon.oslo_config_glue [-] ovn.ovn_sb_certificate = /opt/stack/data/CA/int-ca/devstack-cert.crt {{(pid=88739) log_opt_values /opt/stack/data/venv/lib/python3.12/site-packages/oslo_config/cfg.py:3006}}
May 12 21:50:10.463814 np0000000648 neutron-periodic-workers[88739]: DEBUG cotyledon.oslo_config_glue [-] ovn.ovn_sb_connection = ['ssl:10.4.3.47:6642'] {{(pid=88739) log_opt_values /opt/stack/data/venv/lib/python3.12/site-packages/oslo_config/cfg.py:3006}}
May 12 21:50:10.463885 np0000000648 neutron-periodic-workers[88739]: DEBUG cotyledon.oslo_config_glue [-] ovn.ovn_sb_private_key = /opt/stack/data/CA/int-ca/private/devstack-cert.key {{(pid=88739) log_opt_values /opt/stack/data/venv/lib/python3.12/site-packages/oslo_config/cfg.py:3006}}
May 12 21:50:10.463970 np0000000648 neutron-periodic-workers[88739]: DEBUG cotyledon.oslo_config_glue [-] ovn.ovs_create_tap = False {{(pid=88739) log_opt_values /opt/stack/data/venv/lib/python3.12/site-packages/oslo_config/cfg.py:3006}}
May 12 21:50:10.464020 np0000000648 neutron-periodic-workers[88739]: DEBUG cotyledon.oslo_config_glue [-] ovn.ovsdb_connection_timeout = 180 {{(pid=88739) log_opt_values /opt/stack/data/venv/lib/python3.12/site-packages/oslo_config/cfg.py:3006}}
May 12 21:50:10.464095 np0000000648 neutron-periodic-workers[88739]: DEBUG cotyledon.oslo_config_glue [-] ovn.ovsdb_log_level = INFO {{(pid=88739) log_opt_values /opt/stack/data/venv/lib/python3.12/site-packages/oslo_config/cfg.py:3006}}
May 12 21:50:10.464158 np0000000648 neutron-periodic-workers[88739]: DEBUG cotyledon.oslo_config_glue [-] ovn.ovsdb_probe_interval = 60000 {{(pid=88739) log_opt_values /opt/stack/data/venv/lib/python3.12/site-packages/oslo_config/cfg.py:3006}}
May 12 21:50:10.464220 np0000000648 neutron-periodic-workers[88739]: DEBUG cotyledon.oslo_config_glue [-] ovn.ovsdb_retry_max_interval = 180 {{(pid=88739) log_opt_values /opt/stack/data/venv/lib/python3.12/site-packages/oslo_config/cfg.py:3006}}
May 12 21:50:10.464287 np0000000648 neutron-periodic-workers[88739]: DEBUG cotyledon.oslo_config_glue [-] ovn.stateless_nat_enabled = False {{(pid=88739) log_opt_values /opt/stack/data/venv/lib/python3.12/site-packages/oslo_config/cfg.py:3006}}
May 12 21:50:10.464364 np0000000648 neutron-periodic-workers[88739]: DEBUG cotyledon.oslo_config_glue [-] ovn.vhost_sock_dir = /var/run/openvswitch {{(pid=88739) log_opt_values /opt/stack/data/venv/lib/python3.12/site-packages/oslo_config/cfg.py:3006}}
May 12 21:50:10.464482 np0000000648 neutron-periodic-workers[88739]: DEBUG cotyledon.oslo_config_glue [-] OVS.bridge_mac_table_size = 50000 {{(pid=88739) log_opt_values /opt/stack/data/venv/lib/python3.12/site-packages/oslo_config/cfg.py:3006}}
May 12 21:50:10.464556 np0000000648 neutron-periodic-workers[88739]: DEBUG cotyledon.oslo_config_glue [-] OVS.igmp_flood = False {{(pid=88739) log_opt_values /opt/stack/data/venv/lib/python3.12/site-packages/oslo_config/cfg.py:3006}}
May 12 21:50:10.464618 np0000000648 neutron-periodic-workers[88739]: DEBUG cotyledon.oslo_config_glue [-] OVS.igmp_flood_reports = True {{(pid=88739) log_opt_values /opt/stack/data/venv/lib/python3.12/site-packages/oslo_config/cfg.py:3006}}
May 12 21:50:10.464746 np0000000648 neutron-periodic-workers[88739]: DEBUG cotyledon.oslo_config_glue [-] OVS.igmp_flood_unregistered = False {{(pid=88739) log_opt_values /opt/stack/data/venv/lib/python3.12/site-packages/oslo_config/cfg.py:3006}}
May 12 21:50:10.464793 np0000000648 neutron-periodic-workers[88739]: DEBUG cotyledon.oslo_config_glue [-] OVS.igmp_snooping_enable = False {{(pid=88739) log_opt_values /opt/stack/data/venv/lib/python3.12/site-packages/oslo_config/cfg.py:3006}}
May 12 21:50:10.464845 np0000000648 neutron-periodic-workers[88739]: DEBUG cotyledon.oslo_config_glue [-] OVS.ovsdb_timeout = 10 {{(pid=88739) log_opt_values /opt/stack/data/venv/lib/python3.12/site-packages/oslo_config/cfg.py:3006}}
May 12 21:50:10.464933 np0000000648 neutron-periodic-workers[88739]: DEBUG cotyledon.oslo_config_glue [-] ovn_nb_global.fdb_removal_limit = 0 {{(pid=88739) log_opt_values /opt/stack/data/venv/lib/python3.12/site-packages/oslo_config/cfg.py:3006}}
May 12 21:50:10.465011 np0000000648 neutron-periodic-workers[88739]: DEBUG cotyledon.oslo_config_glue [-] ovn_nb_global.ignore_lsp_down = False {{(pid=88739) log_opt_values /opt/stack/data/venv/lib/python3.12/site-packages/oslo_config/cfg.py:3006}}
May 12 21:50:10.465087 np0000000648 neutron-periodic-workers[88739]: DEBUG cotyledon.oslo_config_glue [-] ovn_nb_global.mac_binding_removal_limit = 0 {{(pid=88739) log_opt_values /opt/stack/data/venv/lib/python3.12/site-packages/oslo_config/cfg.py:3006}}
May 12 21:50:10.465150 np0000000648 neutron-periodic-workers[88739]: DEBUG cotyledon.oslo_config_glue [-] ******************************************************************************** {{(pid=88739) log_opt_values /opt/stack/data/venv/lib/python3.12/site-packages/oslo_config/cfg.py:3013}}
May 12 21:50:10.465353 np0000000648 neutron-periodic-workers[88739]: DEBUG cotyledon._service_worker [-] Run service ServiceWrapper(0) [88739] {{(pid=88739) wait_forever /opt/stack/data/venv/lib/python3.12/site-packages/cotyledon/_service_worker.py:218}}
May 12 21:50:20.068673 np0000000648 neutron-periodic-workers[87837]: DEBUG dbcounter [-] [87837] Writing DB stats neutron:SELECT=4 {{(pid=87837) stat_writer /opt/stack/data/venv/lib/python3.12/site-packages/dbcounter.py:115}}
May 12 21:50:59.419245 np0000000648 neutron-periodic-workers[88717]: DEBUG oslo_db.sqlalchemy.engines [None req-d637efbd-147e-49d1-997c-bbc794508b01 None None] Parent process 87837 forked (88717) with an open database connection, which is being discarded and recreated. {{(pid=88717) checkout /opt/stack/data/venv/lib/python3.12/site-packages/oslo_db/sqlalchemy/engines.py:402}}
May 12 21:50:59.426297 np0000000648 neutron-periodic-workers[88717]: DEBUG dbcounter [-] [88717] Writer thread running {{(pid=88717) stat_writer /opt/stack/data/venv/lib/python3.12/site-packages/dbcounter.py:102}}
May 12 21:50:59.434796 np0000000648 neutron-periodic-workers[88717]: DEBUG oslo.service.backend._threading.loopingcall [None req-d637efbd-147e-49d1-997c-bbc794508b01 None None] Fixed interval looping call 'neutron.plugins.ml2.plugin.DhcpAgentSchedulerDbMixin.remove_networks_from_down_agents' sleeping for 36.98 seconds {{(pid=88717) _run_loop /opt/stack/data/venv/lib/python3.12/site-packages/oslo_service/backend/_threading/loopingcall.py:125}}
May 12 21:51:09.433871 np0000000648 neutron-periodic-workers[88717]: DEBUG dbcounter [-] [88717] Writing DB stats neutron:SELECT=3 {{(pid=88717) stat_writer /opt/stack/data/venv/lib/python3.12/site-packages/dbcounter.py:115}}
May 12 21:51:16.459263 np0000000648 neutron-periodic-workers[88730]: DEBUG dbcounter [-] [88730] Writer thread running {{(pid=88730) stat_writer /opt/stack/data/venv/lib/python3.12/site-packages/dbcounter.py:102}}
May 12 21:51:16.462548 np0000000648 neutron-periodic-workers[88730]: DEBUG neutron.db.agents_db [None req-1d9bcf1d-d7a1-4242-a116-32a94fda8f11 None None] Agent healthcheck: found 0 active agents {{(pid=88730) agent_health_check /opt/stack/neutron/neutron/db/agents_db.py:322}}
May 12 21:51:16.462684 np0000000648 neutron-periodic-workers[88730]: DEBUG oslo.service.backend._threading.loopingcall [None req-1d9bcf1d-d7a1-4242-a116-32a94fda8f11 None None] Fixed interval looping call 'neutron.plugins.ml2.plugin.AgentDbMixin.agent_health_check' sleeping for 36.98 seconds {{(pid=88730) _run_loop /opt/stack/data/venv/lib/python3.12/site-packages/oslo_service/backend/_threading/loopingcall.py:125}}
May 12 21:51:26.459997 np0000000648 neutron-periodic-workers[88730]: DEBUG dbcounter [-] [88730] Writing DB stats neutron:SELECT=1 {{(pid=88730) stat_writer /opt/stack/data/venv/lib/python3.12/site-packages/dbcounter.py:115}}
May 12 21:51:36.421655 np0000000648 neutron-periodic-workers[88717]: DEBUG oslo.service.backend._threading.loopingcall [None req-d637efbd-147e-49d1-997c-bbc794508b01 None None] Fixed interval looping call 'neutron.plugins.ml2.plugin.DhcpAgentSchedulerDbMixin.remove_networks_from_down_agents' sleeping for 36.99 seconds {{(pid=88717) _run_loop /opt/stack/data/venv/lib/python3.12/site-packages/oslo_service/backend/_threading/loopingcall.py:125}}
May 12 21:51:46.420958 np0000000648 neutron-periodic-workers[88717]: DEBUG dbcounter [-] [88717] Writing DB stats neutron:SELECT=3 {{(pid=88717) stat_writer /opt/stack/data/venv/lib/python3.12/site-packages/dbcounter.py:115}}
May 12 21:51:53.445867 np0000000648 neutron-periodic-workers[88730]: DEBUG neutron.db.agents_db [None req-1d9bcf1d-d7a1-4242-a116-32a94fda8f11 None None] Agent healthcheck: found 0 active agents {{(pid=88730) agent_health_check /opt/stack/neutron/neutron/db/agents_db.py:322}}
May 12 21:51:53.446291 np0000000648 neutron-periodic-workers[88730]: DEBUG oslo.service.backend._threading.loopingcall [None req-1d9bcf1d-d7a1-4242-a116-32a94fda8f11 None None] Fixed interval looping call 'neutron.plugins.ml2.plugin.AgentDbMixin.agent_health_check' sleeping for 37.00 seconds {{(pid=88730) _run_loop /opt/stack/data/venv/lib/python3.12/site-packages/oslo_service/backend/_threading/loopingcall.py:125}}
May 12 21:52:03.444942 np0000000648 neutron-periodic-workers[88730]: DEBUG dbcounter [-] [88730] Writing DB stats neutron:SELECT=1 {{(pid=88730) stat_writer /opt/stack/data/venv/lib/python3.12/site-packages/dbcounter.py:115}}
May 12 21:52:10.476928 np0000000648 neutron-periodic-workers[88739]: DEBUG dbcounter [-] [88739] Writer thread running {{(pid=88739) stat_writer /opt/stack/data/venv/lib/python3.12/site-packages/dbcounter.py:102}}
May 12 21:52:10.478557 np0000000648 neutron-periodic-workers[88739]: DEBUG oslo.service.backend._threading.loopingcall [None req-f397b0c0-bfb6-45b3-84c7-4cec32fd1375 None None] Fixed interval looping call 'neutron.db.quota.driver_nolock.DbQuotaNoLockDriver._remove_expired_reservations' sleeping for 119.99 seconds {{(pid=88739) _run_loop /opt/stack/data/venv/lib/python3.12/site-packages/oslo_service/backend/_threading/loopingcall.py:125}}
May 12 21:52:13.417801 np0000000648 neutron-periodic-workers[88717]: DEBUG oslo.service.backend._threading.loopingcall [None req-d637efbd-147e-49d1-997c-bbc794508b01 None None] Fixed interval looping call 'neutron.plugins.ml2.plugin.DhcpAgentSchedulerDbMixin.remove_networks_from_down_agents' sleeping for 36.99 seconds {{(pid=88717) _run_loop /opt/stack/data/venv/lib/python3.12/site-packages/oslo_service/backend/_threading/loopingcall.py:125}}
May 12 21:52:20.477396 np0000000648 neutron-periodic-workers[88739]: DEBUG dbcounter [-] [88739] Writing DB stats neutron:DELETE=1 {{(pid=88739) stat_writer /opt/stack/data/venv/lib/python3.12/site-packages/dbcounter.py:115}}
May 12 21:52:23.417559 np0000000648 neutron-periodic-workers[88717]: DEBUG dbcounter [-] [88717] Writing DB stats neutron:SELECT=3 {{(pid=88717) stat_writer /opt/stack/data/venv/lib/python3.12/site-packages/dbcounter.py:115}}
May 12 21:52:28.451137 np0000000648 neutron-periodic-workers[88711]: DEBUG dbcounter [-] [88711] Writer thread running {{(pid=88711) stat_writer /opt/stack/data/venv/lib/python3.12/site-packages/dbcounter.py:102}}
May 12 21:52:28.460537 np0000000648 neutron-periodic-workers[88711]: DEBUG oslo.service.backend._threading.loopingcall [None req-e08cdd5e-66cb-4a9d-b1d9-17bda31796a3 None None] Fixed interval looping call 'neutron.services.ovn_l3.plugin.L3_NAT_dbonly_mixin._clean_garbage' sleeping for 299.97 seconds {{(pid=88711) _run_loop /opt/stack/data/venv/lib/python3.12/site-packages/oslo_service/backend/_threading/loopingcall.py:125}}
May 12 21:52:30.449385 np0000000648 neutron-periodic-workers[88730]: DEBUG neutron.db.agents_db [None req-1d9bcf1d-d7a1-4242-a116-32a94fda8f11 None None] Agent healthcheck: found 0 active agents {{(pid=88730) agent_health_check /opt/stack/neutron/neutron/db/agents_db.py:322}}
May 12 21:52:30.449929 np0000000648 neutron-periodic-workers[88730]: DEBUG oslo.service.backend._threading.loopingcall [None req-1d9bcf1d-d7a1-4242-a116-32a94fda8f11 None None] Fixed interval looping call 'neutron.plugins.ml2.plugin.AgentDbMixin.agent_health_check' sleeping for 37.00 seconds {{(pid=88730) _run_loop /opt/stack/data/venv/lib/python3.12/site-packages/oslo_service/backend/_threading/loopingcall.py:125}}
May 12 21:52:38.451547 np0000000648 neutron-periodic-workers[88711]: DEBUG dbcounter [-] [88711] Writing DB stats neutron:SELECT=1 {{(pid=88711) stat_writer /opt/stack/data/venv/lib/python3.12/site-packages/dbcounter.py:115}}
May 12 21:52:40.448301 np0000000648 neutron-periodic-workers[88730]: DEBUG dbcounter [-] [88730] Writing DB stats neutron:SELECT=1 {{(pid=88730) stat_writer /opt/stack/data/venv/lib/python3.12/site-packages/dbcounter.py:115}}
May 12 21:52:50.412786 np0000000648 neutron-periodic-workers[88717]: DEBUG oslo.service.backend._threading.loopingcall [None req-d637efbd-147e-49d1-997c-bbc794508b01 None None] Fixed interval looping call 'neutron.plugins.ml2.plugin.DhcpAgentSchedulerDbMixin.remove_networks_from_down_agents' sleeping for 37.00 seconds {{(pid=88717) _run_loop /opt/stack/data/venv/lib/python3.12/site-packages/oslo_service/backend/_threading/loopingcall.py:125}}
May 12 21:53:00.412671 np0000000648 neutron-periodic-workers[88717]: DEBUG dbcounter [-] [88717] Writing DB stats neutron:SELECT=3 {{(pid=88717) stat_writer /opt/stack/data/venv/lib/python3.12/site-packages/dbcounter.py:115}}
May 12 21:53:07.453040 np0000000648 neutron-periodic-workers[88730]: DEBUG neutron.db.agents_db [None req-1d9bcf1d-d7a1-4242-a116-32a94fda8f11 None None] Agent healthcheck: found 0 active agents {{(pid=88730) agent_health_check /opt/stack/neutron/neutron/db/agents_db.py:322}}
May 12 21:53:07.453040 np0000000648 neutron-periodic-workers[88730]: DEBUG oslo.service.backend._threading.loopingcall [None req-1d9bcf1d-d7a1-4242-a116-32a94fda8f11 None None] Fixed interval looping call 'neutron.plugins.ml2.plugin.AgentDbMixin.agent_health_check' sleeping for 37.00 seconds {{(pid=88730) _run_loop /opt/stack/data/venv/lib/python3.12/site-packages/oslo_service/backend/_threading/loopingcall.py:125}}
May 12 21:53:17.452061 np0000000648 neutron-periodic-workers[88730]: DEBUG dbcounter [-] [88730] Writing DB stats neutron:SELECT=1 {{(pid=88730) stat_writer /opt/stack/data/venv/lib/python3.12/site-packages/dbcounter.py:115}}
May 12 21:53:27.423748 np0000000648 neutron-periodic-workers[88717]: DEBUG oslo.service.backend._threading.loopingcall [None req-d637efbd-147e-49d1-997c-bbc794508b01 None None] Fixed interval looping call 'neutron.plugins.ml2.plugin.DhcpAgentSchedulerDbMixin.remove_networks_from_down_agents' sleeping for 36.99 seconds {{(pid=88717) _run_loop /opt/stack/data/venv/lib/python3.12/site-packages/oslo_service/backend/_threading/loopingcall.py:125}}
May 12 21:53:37.422940 np0000000648 neutron-periodic-workers[88717]: DEBUG dbcounter [-] [88717] Writing DB stats neutron:SELECT=3 {{(pid=88717) stat_writer /opt/stack/data/venv/lib/python3.12/site-packages/dbcounter.py:115}}
May 12 21:53:44.459866 np0000000648 neutron-periodic-workers[88730]: DEBUG neutron.db.agents_db [None req-1d9bcf1d-d7a1-4242-a116-32a94fda8f11 None None] Agent healthcheck: found 0 active agents {{(pid=88730) agent_health_check /opt/stack/neutron/neutron/db/agents_db.py:322}}
May 12 21:53:44.460260 np0000000648 neutron-periodic-workers[88730]: DEBUG oslo.service.backend._threading.loopingcall [None req-1d9bcf1d-d7a1-4242-a116-32a94fda8f11 None None] Fixed interval looping call 'neutron.plugins.ml2.plugin.AgentDbMixin.agent_health_check' sleeping for 36.99 seconds {{(pid=88730) _run_loop /opt/stack/data/venv/lib/python3.12/site-packages/oslo_service/backend/_threading/loopingcall.py:125}}
May 12 21:53:54.458872 np0000000648 neutron-periodic-workers[88730]: DEBUG dbcounter [-] [88730] Writing DB stats neutron:SELECT=1 {{(pid=88730) stat_writer /opt/stack/data/venv/lib/python3.12/site-packages/dbcounter.py:115}}
May 12 21:54:04.423899 np0000000648 neutron-periodic-workers[88717]: DEBUG oslo.service.backend._threading.loopingcall [None req-d637efbd-147e-49d1-997c-bbc794508b01 None None] Fixed interval looping call 'neutron.plugins.ml2.plugin.DhcpAgentSchedulerDbMixin.remove_networks_from_down_agents' sleeping for 36.99 seconds {{(pid=88717) _run_loop /opt/stack/data/venv/lib/python3.12/site-packages/oslo_service/backend/_threading/loopingcall.py:125}}
May 12 21:54:10.474798 np0000000648 neutron-periodic-workers[88739]: DEBUG oslo.service.backend._threading.loopingcall [None req-f397b0c0-bfb6-45b3-84c7-4cec32fd1375 None None] Fixed interval looping call 'neutron.db.quota.driver_nolock.DbQuotaNoLockDriver._remove_expired_reservations' sleeping for 119.99 seconds {{(pid=88739) _run_loop /opt/stack/data/venv/lib/python3.12/site-packages/oslo_service/backend/_threading/loopingcall.py:125}}
May 12 21:54:14.423041 np0000000648 neutron-periodic-workers[88717]: DEBUG dbcounter [-] [88717] Writing DB stats neutron:SELECT=3 {{(pid=88717) stat_writer /opt/stack/data/venv/lib/python3.12/site-packages/dbcounter.py:115}}
May 12 21:54:20.472439 np0000000648 neutron-periodic-workers[88739]: DEBUG dbcounter [-] [88739] Writing DB stats neutron:DELETE=1 {{(pid=88739) stat_writer /opt/stack/data/venv/lib/python3.12/site-packages/dbcounter.py:115}}
May 12 21:54:21.453777 np0000000648 neutron-periodic-workers[88730]: DEBUG neutron.db.agents_db [None req-1d9bcf1d-d7a1-4242-a116-32a94fda8f11 None None] Agent healthcheck: found 0 active agents {{(pid=88730) agent_health_check /opt/stack/neutron/neutron/db/agents_db.py:322}}
May 12 21:54:21.454198 np0000000648 neutron-periodic-workers[88730]: DEBUG oslo.service.backend._threading.loopingcall [None req-1d9bcf1d-d7a1-4242-a116-32a94fda8f11 None None] Fixed interval looping call 'neutron.plugins.ml2.plugin.AgentDbMixin.agent_health_check' sleeping for 37.00 seconds {{(pid=88730) _run_loop /opt/stack/data/venv/lib/python3.12/site-packages/oslo_service/backend/_threading/loopingcall.py:125}}
May 12 21:54:31.453521 np0000000648 neutron-periodic-workers[88730]: DEBUG dbcounter [-] [88730] Writing DB stats neutron:SELECT=1 {{(pid=88730) stat_writer /opt/stack/data/venv/lib/python3.12/site-packages/dbcounter.py:115}}
May 12 21:54:41.431350 np0000000648 neutron-periodic-workers[88717]: DEBUG oslo.service.backend._threading.loopingcall [None req-d637efbd-147e-49d1-997c-bbc794508b01 None None] Fixed interval looping call 'neutron.plugins.ml2.plugin.DhcpAgentSchedulerDbMixin.remove_networks_from_down_agents' sleeping for 36.98 seconds {{(pid=88717) _run_loop /opt/stack/data/venv/lib/python3.12/site-packages/oslo_service/backend/_threading/loopingcall.py:125}}
May 12 21:54:51.432250 np0000000648 neutron-periodic-workers[88717]: DEBUG dbcounter [-] [88717] Writing DB stats neutron:SELECT=3 {{(pid=88717) stat_writer /opt/stack/data/venv/lib/python3.12/site-packages/dbcounter.py:115}}
May 12 21:54:58.459572 np0000000648 neutron-periodic-workers[88730]: DEBUG neutron.db.agents_db [None req-1d9bcf1d-d7a1-4242-a116-32a94fda8f11 None None] Agent healthcheck: found 0 active agents {{(pid=88730) agent_health_check /opt/stack/neutron/neutron/db/agents_db.py:322}}
May 12 21:54:58.459572 np0000000648 neutron-periodic-workers[88730]: DEBUG oslo.service.backend._threading.loopingcall [None req-1d9bcf1d-d7a1-4242-a116-32a94fda8f11 None None] Fixed interval looping call 'neutron.plugins.ml2.plugin.AgentDbMixin.agent_health_check' sleeping for 37.00 seconds {{(pid=88730) _run_loop /opt/stack/data/venv/lib/python3.12/site-packages/oslo_service/backend/_threading/loopingcall.py:125}}
May 12 21:55:08.458334 np0000000648 neutron-periodic-workers[88730]: DEBUG dbcounter [-] [88730] Writing DB stats neutron:SELECT=1 {{(pid=88730) stat_writer /opt/stack/data/venv/lib/python3.12/site-packages/dbcounter.py:115}}
May 12 21:55:18.427825 np0000000648 neutron-periodic-workers[88717]: DEBUG oslo.service.backend._threading.loopingcall [None req-d637efbd-147e-49d1-997c-bbc794508b01 None None] Fixed interval looping call 'neutron.plugins.ml2.plugin.DhcpAgentSchedulerDbMixin.remove_networks_from_down_agents' sleeping for 36.98 seconds {{(pid=88717) _run_loop /opt/stack/data/venv/lib/python3.12/site-packages/oslo_service/backend/_threading/loopingcall.py:125}}
May 12 21:55:28.426210 np0000000648 neutron-periodic-workers[88717]: DEBUG dbcounter [-] [88717] Writing DB stats neutron:SELECT=3 {{(pid=88717) stat_writer /opt/stack/data/venv/lib/python3.12/site-packages/dbcounter.py:115}}
May 12 21:55:35.464384 np0000000648 neutron-periodic-workers[88730]: DEBUG neutron.db.agents_db [None req-1d9bcf1d-d7a1-4242-a116-32a94fda8f11 None None] Agent healthcheck: found 0 active agents {{(pid=88730) agent_health_check /opt/stack/neutron/neutron/db/agents_db.py:322}}
May 12 21:55:35.465813 np0000000648 neutron-periodic-workers[88730]: DEBUG oslo.service.backend._threading.loopingcall [None req-1d9bcf1d-d7a1-4242-a116-32a94fda8f11 None None] Fixed interval looping call 'neutron.plugins.ml2.plugin.AgentDbMixin.agent_health_check' sleeping for 36.99 seconds {{(pid=88730) _run_loop /opt/stack/data/venv/lib/python3.12/site-packages/oslo_service/backend/_threading/loopingcall.py:125}}
May 12 21:55:45.463639 np0000000648 neutron-periodic-workers[88730]: DEBUG dbcounter [-] [88730] Writing DB stats neutron:SELECT=1 {{(pid=88730) stat_writer /opt/stack/data/venv/lib/python3.12/site-packages/dbcounter.py:115}}
May 12 21:55:55.413722 np0000000648 neutron-periodic-workers[88717]: DEBUG oslo.service.backend._threading.loopingcall [None req-d637efbd-147e-49d1-997c-bbc794508b01 None None] Fixed interval looping call 'neutron.plugins.ml2.plugin.DhcpAgentSchedulerDbMixin.remove_networks_from_down_agents' sleeping for 36.99 seconds {{(pid=88717) _run_loop /opt/stack/data/venv/lib/python3.12/site-packages/oslo_service/backend/_threading/loopingcall.py:125}}
May 12 21:56:05.414352 np0000000648 neutron-periodic-workers[88717]: DEBUG dbcounter [-] [88717] Writing DB stats neutron:SELECT=3 {{(pid=88717) stat_writer /opt/stack/data/venv/lib/python3.12/site-packages/dbcounter.py:115}}
May 12 21:56:10.469863 np0000000648 neutron-periodic-workers[88739]: DEBUG oslo.service.backend._threading.loopingcall [None req-f397b0c0-bfb6-45b3-84c7-4cec32fd1375 None None] Fixed interval looping call 'neutron.db.quota.driver_nolock.DbQuotaNoLockDriver._remove_expired_reservations' sleeping for 120.00 seconds {{(pid=88739) _run_loop /opt/stack/data/venv/lib/python3.12/site-packages/oslo_service/backend/_threading/loopingcall.py:125}}
May 12 21:56:12.459284 np0000000648 neutron-periodic-workers[88730]: DEBUG neutron.db.agents_db [None req-1d9bcf1d-d7a1-4242-a116-32a94fda8f11 None None] Agent healthcheck: found 0 active agents {{(pid=88730) agent_health_check /opt/stack/neutron/neutron/db/agents_db.py:322}}
May 12 21:56:12.459726 np0000000648 neutron-periodic-workers[88730]: DEBUG oslo.service.backend._threading.loopingcall [None req-1d9bcf1d-d7a1-4242-a116-32a94fda8f11 None None] Fixed interval looping call 'neutron.plugins.ml2.plugin.AgentDbMixin.agent_health_check' sleeping for 37.00 seconds {{(pid=88730) _run_loop /opt/stack/data/venv/lib/python3.12/site-packages/oslo_service/backend/_threading/loopingcall.py:125}}
May 12 21:56:20.469613 np0000000648 neutron-periodic-workers[88739]: DEBUG dbcounter [-] [88739] Writing DB stats neutron:DELETE=1 {{(pid=88739) stat_writer /opt/stack/data/venv/lib/python3.12/site-packages/dbcounter.py:115}}
May 12 21:56:22.459384 np0000000648 neutron-periodic-workers[88730]: DEBUG dbcounter [-] [88730] Writing DB stats neutron:SELECT=1 {{(pid=88730) stat_writer /opt/stack/data/venv/lib/python3.12/site-packages/dbcounter.py:115}}
May 12 21:56:32.411566 np0000000648 neutron-periodic-workers[88717]: DEBUG oslo.service.backend._threading.loopingcall [None req-d637efbd-147e-49d1-997c-bbc794508b01 None None] Fixed interval looping call 'neutron.plugins.ml2.plugin.DhcpAgentSchedulerDbMixin.remove_networks_from_down_agents' sleeping for 36.99 seconds {{(pid=88717) _run_loop /opt/stack/data/venv/lib/python3.12/site-packages/oslo_service/backend/_threading/loopingcall.py:125}}
May 12 21:56:42.410989 np0000000648 neutron-periodic-workers[88717]: DEBUG dbcounter [-] [88717] Writing DB stats neutron:SELECT=3 {{(pid=88717) stat_writer /opt/stack/data/venv/lib/python3.12/site-packages/dbcounter.py:115}}
May 12 21:56:49.465131 np0000000648 neutron-periodic-workers[88730]: DEBUG neutron.db.agents_db [None req-1d9bcf1d-d7a1-4242-a116-32a94fda8f11 None None] Agent healthcheck: found 0 active agents {{(pid=88730) agent_health_check /opt/stack/neutron/neutron/db/agents_db.py:322}}
May 12 21:56:49.465659 np0000000648 neutron-periodic-workers[88730]: DEBUG oslo.service.backend._threading.loopingcall [None req-1d9bcf1d-d7a1-4242-a116-32a94fda8f11 None None] Fixed interval looping call 'neutron.plugins.ml2.plugin.AgentDbMixin.agent_health_check' sleeping for 37.00 seconds {{(pid=88730) _run_loop /opt/stack/data/venv/lib/python3.12/site-packages/oslo_service/backend/_threading/loopingcall.py:125}}
May 12 21:56:59.465476 np0000000648 neutron-periodic-workers[88730]: DEBUG dbcounter [-] [88730] Writing DB stats neutron:SELECT=1 {{(pid=88730) stat_writer /opt/stack/data/venv/lib/python3.12/site-packages/dbcounter.py:115}}
May 12 21:57:09.413336 np0000000648 neutron-periodic-workers[88717]: DEBUG oslo.service.backend._threading.loopingcall [None req-d637efbd-147e-49d1-997c-bbc794508b01 None None] Fixed interval looping call 'neutron.plugins.ml2.plugin.DhcpAgentSchedulerDbMixin.remove_networks_from_down_agents' sleeping for 36.99 seconds {{(pid=88717) _run_loop /opt/stack/data/venv/lib/python3.12/site-packages/oslo_service/backend/_threading/loopingcall.py:125}}
May 12 21:57:19.412413 np0000000648 neutron-periodic-workers[88717]: DEBUG dbcounter [-] [88717] Writing DB stats neutron:SELECT=3 {{(pid=88717) stat_writer /opt/stack/data/venv/lib/python3.12/site-packages/dbcounter.py:115}}
May 12 21:57:26.469792 np0000000648 neutron-periodic-workers[88730]: DEBUG neutron.db.agents_db [None req-1d9bcf1d-d7a1-4242-a116-32a94fda8f11 None None] Agent healthcheck: found 0 active agents {{(pid=88730) agent_health_check /opt/stack/neutron/neutron/db/agents_db.py:322}}
May 12 21:57:26.471024 np0000000648 neutron-periodic-workers[88730]: DEBUG oslo.service.backend._threading.loopingcall [None req-1d9bcf1d-d7a1-4242-a116-32a94fda8f11 None None] Fixed interval looping call 'neutron.plugins.ml2.plugin.AgentDbMixin.agent_health_check' sleeping for 37.00 seconds {{(pid=88730) _run_loop /opt/stack/data/venv/lib/python3.12/site-packages/oslo_service/backend/_threading/loopingcall.py:125}}
May 12 21:57:28.438996 np0000000648 neutron-periodic-workers[88711]: DEBUG oslo.service.backend._threading.loopingcall [None req-e08cdd5e-66cb-4a9d-b1d9-17bda31796a3 None None] Fixed interval looping call 'neutron.services.ovn_l3.plugin.L3_NAT_dbonly_mixin._clean_garbage' sleeping for 299.99 seconds {{(pid=88711) _run_loop /opt/stack/data/venv/lib/python3.12/site-packages/oslo_service/backend/_threading/loopingcall.py:125}}
May 12 21:57:36.467646 np0000000648 neutron-periodic-workers[88730]: DEBUG dbcounter [-] [88730] Writing DB stats neutron:SELECT=1 {{(pid=88730) stat_writer /opt/stack/data/venv/lib/python3.12/site-packages/dbcounter.py:115}}
May 12 21:57:38.433383 np0000000648 neutron-periodic-workers[88711]: DEBUG dbcounter [-] [88711] Writing DB stats neutron:SELECT=1 {{(pid=88711) stat_writer /opt/stack/data/venv/lib/python3.12/site-packages/dbcounter.py:115}}
May 12 21:57:46.410385 np0000000648 neutron-periodic-workers[88717]: DEBUG oslo.service.backend._threading.loopingcall [None req-d637efbd-147e-49d1-997c-bbc794508b01 None None] Fixed interval looping call 'neutron.plugins.ml2.plugin.DhcpAgentSchedulerDbMixin.remove_networks_from_down_agents' sleeping for 36.99 seconds {{(pid=88717) _run_loop /opt/stack/data/venv/lib/python3.12/site-packages/oslo_service/backend/_threading/loopingcall.py:125}}
May 12 21:57:56.410043 np0000000648 neutron-periodic-workers[88717]: DEBUG dbcounter [-] [88717] Writing DB stats neutron:SELECT=3 {{(pid=88717) stat_writer /opt/stack/data/venv/lib/python3.12/site-packages/dbcounter.py:115}}
May 12 21:58:03.473054 np0000000648 neutron-periodic-workers[88730]: DEBUG neutron.db.agents_db [None req-1d9bcf1d-d7a1-4242-a116-32a94fda8f11 None None] Agent healthcheck: found 0 active agents {{(pid=88730) agent_health_check /opt/stack/neutron/neutron/db/agents_db.py:322}}
May 12 21:58:03.473447 np0000000648 neutron-periodic-workers[88730]: DEBUG oslo.service.backend._threading.loopingcall [None req-1d9bcf1d-d7a1-4242-a116-32a94fda8f11 None None] Fixed interval looping call 'neutron.plugins.ml2.plugin.AgentDbMixin.agent_health_check' sleeping for 37.00 seconds {{(pid=88730) _run_loop /opt/stack/data/venv/lib/python3.12/site-packages/oslo_service/backend/_threading/loopingcall.py:125}}
May 12 21:58:10.477259 np0000000648 neutron-periodic-workers[88739]: DEBUG oslo.service.backend._threading.loopingcall [None req-f397b0c0-bfb6-45b3-84c7-4cec32fd1375 None None] Fixed interval looping call 'neutron.db.quota.driver_nolock.DbQuotaNoLockDriver._remove_expired_reservations' sleeping for 119.99 seconds {{(pid=88739) _run_loop /opt/stack/data/venv/lib/python3.12/site-packages/oslo_service/backend/_threading/loopingcall.py:125}}
May 12 21:58:13.472075 np0000000648 neutron-periodic-workers[88730]: DEBUG dbcounter [-] [88730] Writing DB stats neutron:SELECT=1 {{(pid=88730) stat_writer /opt/stack/data/venv/lib/python3.12/site-packages/dbcounter.py:115}}
May 12 21:58:20.471935 np0000000648 neutron-periodic-workers[88739]: DEBUG dbcounter [-] [88739] Writing DB stats neutron:DELETE=1 {{(pid=88739) stat_writer /opt/stack/data/venv/lib/python3.12/site-packages/dbcounter.py:115}}
May 12 21:58:23.406881 np0000000648 neutron-periodic-workers[88717]: DEBUG oslo.service.backend._threading.loopingcall [None req-d637efbd-147e-49d1-997c-bbc794508b01 None None] Fixed interval looping call 'neutron.plugins.ml2.plugin.DhcpAgentSchedulerDbMixin.remove_networks_from_down_agents' sleeping for 36.99 seconds {{(pid=88717) _run_loop /opt/stack/data/venv/lib/python3.12/site-packages/oslo_service/backend/_threading/loopingcall.py:125}}
May 12 21:58:33.406199 np0000000648 neutron-periodic-workers[88717]: DEBUG dbcounter [-] [88717] Writing DB stats neutron:SELECT=3 {{(pid=88717) stat_writer /opt/stack/data/venv/lib/python3.12/site-packages/dbcounter.py:115}}
May 12 21:58:40.476097 np0000000648 neutron-periodic-workers[88730]: DEBUG neutron.db.agents_db [None req-1d9bcf1d-d7a1-4242-a116-32a94fda8f11 None None] Agent healthcheck: found 0 active agents {{(pid=88730) agent_health_check /opt/stack/neutron/neutron/db/agents_db.py:322}}
May 12 21:58:40.476431 np0000000648 neutron-periodic-workers[88730]: DEBUG oslo.service.backend._threading.loopingcall [None req-1d9bcf1d-d7a1-4242-a116-32a94fda8f11 None None] Fixed interval looping call 'neutron.plugins.ml2.plugin.AgentDbMixin.agent_health_check' sleeping for 37.00 seconds {{(pid=88730) _run_loop /opt/stack/data/venv/lib/python3.12/site-packages/oslo_service/backend/_threading/loopingcall.py:125}}
May 12 21:58:50.475133 np0000000648 neutron-periodic-workers[88730]: DEBUG dbcounter [-] [88730] Writing DB stats neutron:SELECT=1 {{(pid=88730) stat_writer /opt/stack/data/venv/lib/python3.12/site-packages/dbcounter.py:115}}
May 12 21:59:00.411555 np0000000648 neutron-periodic-workers[88717]: DEBUG oslo.service.backend._threading.loopingcall [None req-d637efbd-147e-49d1-997c-bbc794508b01 None None] Fixed interval looping call 'neutron.plugins.ml2.plugin.DhcpAgentSchedulerDbMixin.remove_networks_from_down_agents' sleeping for 36.99 seconds {{(pid=88717) _run_loop /opt/stack/data/venv/lib/python3.12/site-packages/oslo_service/backend/_threading/loopingcall.py:125}}
May 12 21:59:10.410715 np0000000648 neutron-periodic-workers[88717]: DEBUG dbcounter [-] [88717] Writing DB stats neutron:SELECT=3 {{(pid=88717) stat_writer /opt/stack/data/venv/lib/python3.12/site-packages/dbcounter.py:115}}
May 12 21:59:17.480022 np0000000648 neutron-periodic-workers[88730]: DEBUG neutron.db.agents_db [None req-1d9bcf1d-d7a1-4242-a116-32a94fda8f11 None None] Agent healthcheck: found 0 active agents {{(pid=88730) agent_health_check /opt/stack/neutron/neutron/db/agents_db.py:322}}
May 12 21:59:17.480380 np0000000648 neutron-periodic-workers[88730]: DEBUG oslo.service.backend._threading.loopingcall [None req-1d9bcf1d-d7a1-4242-a116-32a94fda8f11 None None] Fixed interval looping call 'neutron.plugins.ml2.plugin.AgentDbMixin.agent_health_check' sleeping for 37.00 seconds {{(pid=88730) _run_loop /opt/stack/data/venv/lib/python3.12/site-packages/oslo_service/backend/_threading/loopingcall.py:125}}
May 12 21:59:27.478816 np0000000648 neutron-periodic-workers[88730]: DEBUG dbcounter [-] [88730] Writing DB stats neutron:SELECT=1 {{(pid=88730) stat_writer /opt/stack/data/venv/lib/python3.12/site-packages/dbcounter.py:115}}
May 12 21:59:37.407310 np0000000648 neutron-periodic-workers[88717]: DEBUG oslo.service.backend._threading.loopingcall [None req-d637efbd-147e-49d1-997c-bbc794508b01 None None] Fixed interval looping call 'neutron.plugins.ml2.plugin.DhcpAgentSchedulerDbMixin.remove_networks_from_down_agents' sleeping for 36.99 seconds {{(pid=88717) _run_loop /opt/stack/data/venv/lib/python3.12/site-packages/oslo_service/backend/_threading/loopingcall.py:125}}
May 12 21:59:47.406472 np0000000648 neutron-periodic-workers[88717]: DEBUG dbcounter [-] [88717] Writing DB stats neutron:SELECT=3 {{(pid=88717) stat_writer /opt/stack/data/venv/lib/python3.12/site-packages/dbcounter.py:115}}
May 12 21:59:54.483377 np0000000648 neutron-periodic-workers[88730]: DEBUG neutron.db.agents_db [None req-1d9bcf1d-d7a1-4242-a116-32a94fda8f11 None None] Agent healthcheck: found 0 active agents {{(pid=88730) agent_health_check /opt/stack/neutron/neutron/db/agents_db.py:322}}
May 12 21:59:54.483377 np0000000648 neutron-periodic-workers[88730]: DEBUG oslo.service.backend._threading.loopingcall [None req-1d9bcf1d-d7a1-4242-a116-32a94fda8f11 None None] Fixed interval looping call 'neutron.plugins.ml2.plugin.AgentDbMixin.agent_health_check' sleeping for 37.00 seconds {{(pid=88730) _run_loop /opt/stack/data/venv/lib/python3.12/site-packages/oslo_service/backend/_threading/loopingcall.py:125}}
May 12 22:00:04.482338 np0000000648 neutron-periodic-workers[88730]: DEBUG dbcounter [-] [88730] Writing DB stats neutron:SELECT=1 {{(pid=88730) stat_writer /opt/stack/data/venv/lib/python3.12/site-packages/dbcounter.py:115}}
May 12 22:00:10.473346 np0000000648 neutron-periodic-workers[88739]: DEBUG oslo.service.backend._threading.loopingcall [None req-f397b0c0-bfb6-45b3-84c7-4cec32fd1375 None None] Fixed interval looping call 'neutron.db.quota.driver_nolock.DbQuotaNoLockDriver._remove_expired_reservations' sleeping for 119.99 seconds {{(pid=88739) _run_loop /opt/stack/data/venv/lib/python3.12/site-packages/oslo_service/backend/_threading/loopingcall.py:125}}
May 12 22:00:14.402880 np0000000648 neutron-periodic-workers[88717]: DEBUG oslo.service.backend._threading.loopingcall [None req-d637efbd-147e-49d1-997c-bbc794508b01 None None] Fixed interval looping call 'neutron.plugins.ml2.plugin.DhcpAgentSchedulerDbMixin.remove_networks_from_down_agents' sleeping for 36.99 seconds {{(pid=88717) _run_loop /opt/stack/data/venv/lib/python3.12/site-packages/oslo_service/backend/_threading/loopingcall.py:125}}
May 12 22:00:20.472237 np0000000648 neutron-periodic-workers[88739]: DEBUG dbcounter [-] [88739] Writing DB stats neutron:DELETE=1 {{(pid=88739) stat_writer /opt/stack/data/venv/lib/python3.12/site-packages/dbcounter.py:115}}
May 12 22:00:24.402154 np0000000648 neutron-periodic-workers[88717]: DEBUG dbcounter [-] [88717] Writing DB stats neutron:SELECT=3 {{(pid=88717) stat_writer /opt/stack/data/venv/lib/python3.12/site-packages/dbcounter.py:115}}
May 12 22:00:31.486192 np0000000648 neutron-periodic-workers[88730]: DEBUG neutron.db.agents_db [None req-1d9bcf1d-d7a1-4242-a116-32a94fda8f11 None None] Agent healthcheck: found 0 active agents {{(pid=88730) agent_health_check /opt/stack/neutron/neutron/db/agents_db.py:322}}
May 12 22:00:31.486772 np0000000648 neutron-periodic-workers[88730]: DEBUG oslo.service.backend._threading.loopingcall [None req-1d9bcf1d-d7a1-4242-a116-32a94fda8f11 None None] Fixed interval looping call 'neutron.plugins.ml2.plugin.AgentDbMixin.agent_health_check' sleeping for 37.00 seconds {{(pid=88730) _run_loop /opt/stack/data/venv/lib/python3.12/site-packages/oslo_service/backend/_threading/loopingcall.py:125}}
May 12 22:00:41.488262 np0000000648 neutron-periodic-workers[88730]: DEBUG dbcounter [-] [88730] Writing DB stats neutron:SELECT=1 {{(pid=88730) stat_writer /opt/stack/data/venv/lib/python3.12/site-packages/dbcounter.py:115}}
May 12 22:00:51.399064 np0000000648 neutron-periodic-workers[88717]: DEBUG oslo.service.backend._threading.loopingcall [None req-d637efbd-147e-49d1-997c-bbc794508b01 None None] Fixed interval looping call 'neutron.plugins.ml2.plugin.DhcpAgentSchedulerDbMixin.remove_networks_from_down_agents' sleeping for 36.99 seconds {{(pid=88717) _run_loop /opt/stack/data/venv/lib/python3.12/site-packages/oslo_service/backend/_threading/loopingcall.py:125}}
May 12 22:01:01.398883 np0000000648 neutron-periodic-workers[88717]: DEBUG dbcounter [-] [88717] Writing DB stats neutron:SELECT=3 {{(pid=88717) stat_writer /opt/stack/data/venv/lib/python3.12/site-packages/dbcounter.py:115}}
May 12 22:01:08.489418 np0000000648 neutron-periodic-workers[88730]: DEBUG neutron.db.agents_db [None req-1d9bcf1d-d7a1-4242-a116-32a94fda8f11 None None] Agent healthcheck: found 0 active agents {{(pid=88730) agent_health_check /opt/stack/neutron/neutron/db/agents_db.py:322}}
May 12 22:01:08.489418 np0000000648 neutron-periodic-workers[88730]: DEBUG oslo.service.backend._threading.loopingcall [None req-1d9bcf1d-d7a1-4242-a116-32a94fda8f11 None None] Fixed interval looping call 'neutron.plugins.ml2.plugin.AgentDbMixin.agent_health_check' sleeping for 37.00 seconds {{(pid=88730) _run_loop /opt/stack/data/venv/lib/python3.12/site-packages/oslo_service/backend/_threading/loopingcall.py:125}}
May 12 22:01:18.488487 np0000000648 neutron-periodic-workers[88730]: DEBUG dbcounter [-] [88730] Writing DB stats neutron:SELECT=1 {{(pid=88730) stat_writer /opt/stack/data/venv/lib/python3.12/site-packages/dbcounter.py:115}}
May 12 22:01:28.395506 np0000000648 neutron-periodic-workers[88717]: DEBUG oslo.service.backend._threading.loopingcall [None req-d637efbd-147e-49d1-997c-bbc794508b01 None None] Fixed interval looping call 'neutron.plugins.ml2.plugin.DhcpAgentSchedulerDbMixin.remove_networks_from_down_agents' sleeping for 36.99 seconds {{(pid=88717) _run_loop /opt/stack/data/venv/lib/python3.12/site-packages/oslo_service/backend/_threading/loopingcall.py:125}}
May 12 22:01:38.394527 np0000000648 neutron-periodic-workers[88717]: DEBUG dbcounter [-] [88717] Writing DB stats neutron:SELECT=3 {{(pid=88717) stat_writer /opt/stack/data/venv/lib/python3.12/site-packages/dbcounter.py:115}}
May 12 22:01:45.492447 np0000000648 neutron-periodic-workers[88730]: DEBUG neutron.db.agents_db [None req-1d9bcf1d-d7a1-4242-a116-32a94fda8f11 None None] Agent healthcheck: found 0 active agents {{(pid=88730) agent_health_check /opt/stack/neutron/neutron/db/agents_db.py:322}}
May 12 22:01:45.492819 np0000000648 neutron-periodic-workers[88730]: DEBUG oslo.service.backend._threading.loopingcall [None req-1d9bcf1d-d7a1-4242-a116-32a94fda8f11 None None] Fixed interval looping call 'neutron.plugins.ml2.plugin.AgentDbMixin.agent_health_check' sleeping for 37.00 seconds {{(pid=88730) _run_loop /opt/stack/data/venv/lib/python3.12/site-packages/oslo_service/backend/_threading/loopingcall.py:125}}
May 12 22:01:55.491787 np0000000648 neutron-periodic-workers[88730]: DEBUG dbcounter [-] [88730] Writing DB stats neutron:SELECT=1 {{(pid=88730) stat_writer /opt/stack/data/venv/lib/python3.12/site-packages/dbcounter.py:115}}
May 12 22:02:05.391668 np0000000648 neutron-periodic-workers[88717]: DEBUG oslo.service.backend._threading.loopingcall [None req-d637efbd-147e-49d1-997c-bbc794508b01 None None] Fixed interval looping call 'neutron.plugins.ml2.plugin.DhcpAgentSchedulerDbMixin.remove_networks_from_down_agents' sleeping for 36.99 seconds {{(pid=88717) _run_loop /opt/stack/data/venv/lib/python3.12/site-packages/oslo_service/backend/_threading/loopingcall.py:125}}
May 12 22:02:10.468348 np0000000648 neutron-periodic-workers[88739]: DEBUG oslo.service.backend._threading.loopingcall [None req-f397b0c0-bfb6-45b3-84c7-4cec32fd1375 None None] Fixed interval looping call 'neutron.db.quota.driver_nolock.DbQuotaNoLockDriver._remove_expired_reservations' sleeping for 120.00 seconds {{(pid=88739) _run_loop /opt/stack/data/venv/lib/python3.12/site-packages/oslo_service/backend/_threading/loopingcall.py:125}}
May 12 22:02:15.390773 np0000000648 neutron-periodic-workers[88717]: DEBUG dbcounter [-] [88717] Writing DB stats neutron:SELECT=3 {{(pid=88717) stat_writer /opt/stack/data/venv/lib/python3.12/site-packages/dbcounter.py:115}}
May 12 22:02:20.465395 np0000000648 neutron-periodic-workers[88739]: DEBUG dbcounter [-] [88739] Writing DB stats neutron:DELETE=1 {{(pid=88739) stat_writer /opt/stack/data/venv/lib/python3.12/site-packages/dbcounter.py:115}}
May 12 22:02:22.495447 np0000000648 neutron-periodic-workers[88730]: DEBUG neutron.db.agents_db [None req-1d9bcf1d-d7a1-4242-a116-32a94fda8f11 None None] Agent healthcheck: found 0 active agents {{(pid=88730) agent_health_check /opt/stack/neutron/neutron/db/agents_db.py:322}}
May 12 22:02:22.495879 np0000000648 neutron-periodic-workers[88730]: DEBUG oslo.service.backend._threading.loopingcall [None req-1d9bcf1d-d7a1-4242-a116-32a94fda8f11 None None] Fixed interval looping call 'neutron.plugins.ml2.plugin.AgentDbMixin.agent_health_check' sleeping for 37.00 seconds {{(pid=88730) _run_loop /opt/stack/data/venv/lib/python3.12/site-packages/oslo_service/backend/_threading/loopingcall.py:125}}
May 12 22:02:28.436001 np0000000648 neutron-periodic-workers[88711]: DEBUG oslo.service.backend._threading.loopingcall [None req-e08cdd5e-66cb-4a9d-b1d9-17bda31796a3 None None] Fixed interval looping call 'neutron.services.ovn_l3.plugin.L3_NAT_dbonly_mixin._clean_garbage' sleeping for 299.99 seconds {{(pid=88711) _run_loop /opt/stack/data/venv/lib/python3.12/site-packages/oslo_service/backend/_threading/loopingcall.py:125}}
May 12 22:02:32.495608 np0000000648 neutron-periodic-workers[88730]: DEBUG dbcounter [-] [88730] Writing DB stats neutron:SELECT=1 {{(pid=88730) stat_writer /opt/stack/data/venv/lib/python3.12/site-packages/dbcounter.py:115}}
May 12 22:02:38.430926 np0000000648 neutron-periodic-workers[88711]: DEBUG dbcounter [-] [88711] Writing DB stats neutron:SELECT=1 {{(pid=88711) stat_writer /opt/stack/data/venv/lib/python3.12/site-packages/dbcounter.py:115}}
May 12 22:02:42.387105 np0000000648 neutron-periodic-workers[88717]: DEBUG oslo.service.backend._threading.loopingcall [None req-d637efbd-147e-49d1-997c-bbc794508b01 None None] Fixed interval looping call 'neutron.plugins.ml2.plugin.DhcpAgentSchedulerDbMixin.remove_networks_from_down_agents' sleeping for 36.99 seconds {{(pid=88717) _run_loop /opt/stack/data/venv/lib/python3.12/site-packages/oslo_service/backend/_threading/loopingcall.py:125}}
May 12 22:02:52.386335 np0000000648 neutron-periodic-workers[88717]: DEBUG dbcounter [-] [88717] Writing DB stats neutron:SELECT=3 {{(pid=88717) stat_writer /opt/stack/data/venv/lib/python3.12/site-packages/dbcounter.py:115}}
May 12 22:02:59.500024 np0000000648 neutron-periodic-workers[88730]: DEBUG neutron.db.agents_db [None req-1d9bcf1d-d7a1-4242-a116-32a94fda8f11 None None] Agent healthcheck: found 0 active agents {{(pid=88730) agent_health_check /opt/stack/neutron/neutron/db/agents_db.py:322}}
May 12 22:02:59.500424 np0000000648 neutron-periodic-workers[88730]: DEBUG oslo.service.backend._threading.loopingcall [None req-1d9bcf1d-d7a1-4242-a116-32a94fda8f11 None None] Fixed interval looping call 'neutron.plugins.ml2.plugin.AgentDbMixin.agent_health_check' sleeping for 37.00 seconds {{(pid=88730) _run_loop /opt/stack/data/venv/lib/python3.12/site-packages/oslo_service/backend/_threading/loopingcall.py:125}}
