Jun 19 13:48:21.081387 np0000003290 devstack@neutron-api.service[90119]: DEBUG neutron_lib.callbacks.manager [None req-92184da5-1926-4f8a-a6fd-5b1c911e9de5 admin admin] Publish callbacks ['neutron.services.ovn_l3.service_providers.driver_controller.DriverController._check_router_request-25266'] for router (9f3e9050-7aba-4e3e-8f01-6b6d9f77918d), before_create {{(pid=90119) _notify_loop /opt/stack/data/venv/lib/python3.12/site-packages/neutron_lib/callbacks/manager.py:184}}
Jun 19 13:48:21.082143 np0000003290 devstack@neutron-api.service[90119]: DEBUG neutron_lib.callbacks.manager [None req-92184da5-1926-4f8a-a6fd-5b1c911e9de5 admin admin] Publish callbacks ['neutron.services.ovn_l3.service_providers.ovn.OVN_L3_HA_db_mixin._precommit_router_create-1996275', 'neutron.services.ovn_l3.plugin.RouterAvailabilityZoneMixin._process_az_request-1096499', 'neutron.services.ovn_l3.plugin.ExtraGatewaysDbOnlyMixin._process_bfd_ecmp_create-18917', 'neutron.services.ovn_l3.service_providers.ovn.OvnDriver._process_router_create_precommit-1996223', 'neutron.services.ovn_l3.service_providers.driver_controller.DriverController._set_router_provider-25276'] for router (9f3e9050-7aba-4e3e-8f01-6b6d9f77918d), precommit_create {{(pid=90119) _notify_loop /opt/stack/data/venv/lib/python3.12/site-packages/neutron_lib/callbacks/manager.py:184}}
Jun 19 13:48:21.095245 np0000003290 devstack@neutron-api.service[90119]: DEBUG neutron.db.ovn_revision_numbers_db [None req-92184da5-1926-4f8a-a6fd-5b1c911e9de5 admin admin] create_initial_revision uuid=9f3e9050-7aba-4e3e-8f01-6b6d9f77918d, type=routers, rev=-1 {{(pid=90119) create_initial_revision /opt/stack/neutron/neutron/db/ovn_revision_numbers_db.py:98}}
Jun 19 13:48:21.185052 np0000003290 devstack@neutron-api.service[90119]: DEBUG neutron_lib.callbacks.manager [None req-92184da5-1926-4f8a-a6fd-5b1c911e9de5 admin admin] Publish callbacks [] for router_controller (9f3e9050-7aba-4e3e-8f01-6b6d9f77918d), precommit_add_association {{(pid=90119) _notify_loop /opt/stack/data/venv/lib/python3.12/site-packages/neutron_lib/callbacks/manager.py:184}}
Jun 19 13:48:21.188754 np0000003290 devstack@neutron-api.service[90119]: DEBUG neutron_lib.callbacks.manager [None req-92184da5-1926-4f8a-a6fd-5b1c911e9de5 admin admin] Publish callbacks ['neutron.services.ovn_l3.service_providers.ovn.OvnDriver._process_router_create-1996271'] for router (9f3e9050-7aba-4e3e-8f01-6b6d9f77918d), after_create {{(pid=90119) _notify_loop /opt/stack/data/venv/lib/python3.12/site-packages/neutron_lib/callbacks/manager.py:184}}
Jun 19 13:48:21.188932 np0000003290 devstack@neutron-api.service[90119]: INFO neutron.plugins.ml2.drivers.ovn.mech_driver.ovsdb.extensions.qos [None req-92184da5-1926-4f8a-a6fd-5b1c911e9de5 admin admin] Starting OVNClientQosExtension
Jun 19 13:48:21.189735 np0000003290 devstack@neutron-api.service[90119]: DEBUG neutron.plugins.ml2.drivers.ovn.mech_driver.ovsdb.extensions.qos [None req-92184da5-1926-4f8a-a6fd-5b1c911e9de5 admin admin] Router 9f3e9050-7aba-4e3e-8f01-6b6d9f77918d does not have ID or gateway assigned {{(pid=90119) update_router /opt/stack/neutron/neutron/plugins/ml2/drivers/ovn/mech_driver/ovsdb/extensions/qos.py:527}}
Jun 19 13:48:21.189735 np0000003290 devstack@neutron-api.service[90119]: DEBUG ovsdbapp.backend.ovs_idl.transaction [-] Running txn n=1 command(idx=0): LrAddCommand(_result=None, router=neutron-9f3e9050-7aba-4e3e-8f01-6b6d9f77918d, may_exist=True, columns={'external_ids': {'neutron:router_name': 'router1', 'neutron:revision_number': '1', 'neutron:availability_zone_hints': ''}, 'enabled': True, 'options': {'always_learn_from_arp_request': 'false', 'dynamic_neigh_routers': 'true', 'mac_binding_age_threshold': '300'}}) {{(pid=90119) do_commit /opt/stack/data/venv/lib/python3.12/site-packages/ovsdbapp/backend/ovs_idl/transaction.py:89}}
Jun 19 13:48:21.192970 np0000003290 devstack@neutron-api.service[90119]: DEBUG neutron.plugins.ml2.drivers.ovn.mech_driver.ovsdb.ovsdb_monitor [-] Hash Ring: Node 25e02a01678159cfa1c10f8edd88ee03 (host: np0000003290) handling event "create" for row ba691a95-ed54-4d78-88c4-4d35d0094a12 (table: Logical_Router) {{(pid=90119) notify /opt/stack/neutron/neutron/plugins/ml2/drivers/ovn/mech_driver/ovsdb/ovsdb_monitor.py:1015}}
Jun 19 13:48:21.193672 np0000003290 devstack@neutron-api.service[90118]: DEBUG neutron.plugins.ml2.drivers.ovn.mech_driver.ovsdb.ovsdb_monitor [-] Hash Ring: Node 27a812b2778c5df6821cd182b207f79c (host: np0000003290) handling event "create" for row ba691a95-ed54-4d78-88c4-4d35d0094a12 (table: Logical_Router) {{(pid=90118) notify /opt/stack/neutron/neutron/plugins/ml2/drivers/ovn/mech_driver/ovsdb/ovsdb_monitor.py:1015}}
Jun 19 13:48:21.198701 np0000003290 devstack@neutron-api.service[90118]: DEBUG neutron.plugins.ml2.drivers.ovn.mech_driver.ovsdb.ovsdb_monitor [-] Hash Ring: Node 27a812b2778c5df6821cd182b207f79c (host: np0000003290) handling event "create" for row 08bd6b72-891e-4ba5-b233-034523215d62 (table: Datapath_Binding) {{(pid=90118) notify /opt/stack/neutron/neutron/plugins/ml2/drivers/ovn/mech_driver/ovsdb/ovsdb_monitor.py:1015}}
Jun 19 13:48:21.218704 np0000003290 devstack@neutron-api.service[90119]: DEBUG neutron.plugins.ml2.drivers.ovn.mech_driver.ovsdb.ovsdb_monitor [-] Hash Ring: Node 25e02a01678159cfa1c10f8edd88ee03 (host: np0000003290) handling event "create" for row 08bd6b72-891e-4ba5-b233-034523215d62 (table: Datapath_Binding) {{(pid=90119) notify /opt/stack/neutron/neutron/plugins/ml2/drivers/ovn/mech_driver/ovsdb/ovsdb_monitor.py:1015}}
Jun 19 13:48:21.285208 np0000003290 devstack@neutron-api.service[90119]: INFO neutron.db.ovn_revision_numbers_db [None req-92184da5-1926-4f8a-a6fd-5b1c911e9de5 admin admin] Successfully bumped revision number for resource 9f3e9050-7aba-4e3e-8f01-6b6d9f77918d (type: routers) to 1
Jun 19 13:48:21.295958 np0000003290 devstack@neutron-api.service[90119]: DEBUG neutron_lib.callbacks.manager [None req-92184da5-1926-4f8a-a6fd-5b1c911e9de5 admin admin] Publish callbacks [] for router (None), before_response {{(pid=90119) _notify_loop /opt/stack/data/venv/lib/python3.12/site-packages/neutron_lib/callbacks/manager.py:184}}
Jun 19 13:48:21.296530 np0000003290 devstack@neutron-api.service[90119]: [pid: 90119|app: 0|req: 6/14] 10.4.3.61 () {68 vars in 1316 bytes} [Fri Jun 19 13:48:21 2026] POST /networking/v2.0/routers => generated 599 bytes in 233 msecs (HTTP/1.1 201) 4 headers in 162 bytes (1 switches on core 0)
Jun 19 13:48:21.539125 np0000003290 devstack@neutron-api.service[90118]: DEBUG neutron.api.wsgi [None req-ed076cca-de29-404e-a3e3-dfdb3e2c427b admin admin] Missing Content-Type {{(pid=90118) get_content_type /opt/stack/neutron/neutron/api/wsgi.py:80}}
Jun 19 13:48:21.539581 np0000003290 devstack@neutron-api.service[90118]: DEBUG neutron.api.wsgi [None req-ed076cca-de29-404e-a3e3-dfdb3e2c427b admin admin] https://10.4.3.61/networking/v2.0/extensions returned with HTTP 200 {{(pid=90118) __call__ /opt/stack/neutron/neutron/api/wsgi.py:540}}
Jun 19 13:48:21.539906 np0000003290 devstack@neutron-api.service[90118]: [pid: 90118|app: 0|req: 5/15] 10.4.3.61 () {64 vars in 1285 bytes} [Fri Jun 19 13:48:21 2026] GET /networking/v2.0/extensions => generated 16171 bytes in 3 msecs (HTTP/1.1 200) 4 headers in 159 bytes (1 switches on core 0)
Jun 19 13:48:21.805628 np0000003290 devstack@neutron-api.service[90117]: DEBUG neutron.api.v2.base [None req-e80ed723-2070-472b-811e-f5f6e49a9334 admin admin] Request body: {'network': {'admin_state_up': True, 'provider:physical_network': 'public', 'router:external': True, 'provider:network_type': 'flat', 'is_default': True, 'name': 'public'}} {{(pid=90117) prepare_request_body /opt/stack/neutron/neutron/api/v2/base.py:727}}
Jun 19 13:48:21.820515 np0000003290 devstack@neutron-api.service[90117]: DEBUG neutron.pecan_wsgi.hooks.quota_enforcement [None req-e80ed723-2070-472b-811e-f5f6e49a9334 admin admin] Made reservation on behalf of 3b4be5380e364c96ace65f67bf4d08e1 for: {'network': 1} {{(pid=90117) before /opt/stack/neutron/neutron/pecan_wsgi/hooks/quota_enforcement.py:66}}
Jun 19 13:48:21.823757 np0000003290 devstack@neutron-api.service[90117]: DEBUG neutron_lib.callbacks.manager [None req-e80ed723-2070-472b-811e-f5f6e49a9334 admin admin] Publish callbacks ['neutron.plugins.ml2.plugin.SecurityGroupDbMixin._ensure_default_security_group_handler-1150951'] for network (None), before_create {{(pid=90117) _notify_loop /opt/stack/data/venv/lib/python3.12/site-packages/neutron_lib/callbacks/manager.py:184}}
Jun 19 13:48:21.854917 np0000003290 devstack@neutron-api.service[90117]: DEBUG neutron.plugins.ml2.drivers.type_flat [None req-e80ed723-2070-472b-811e-f5f6e49a9334 admin admin] Reserving flat network on physical network public {{(pid=90117) reserve_provider_segment /opt/stack/neutron/neutron/plugins/ml2/drivers/type_flat.py:100}}
Jun 19 13:48:21.865519 np0000003290 devstack@neutron-api.service[90117]: DEBUG neutron_lib.callbacks.manager [None req-e80ed723-2070-472b-811e-f5f6e49a9334 admin admin] Publish callbacks ['neutron.services.segments.db._add_segment_host_mapping_for_segment-8288598957046', 'neutron.plugins.ml2.plugin.Ml2Plugin._handle_segment_change-32194869'] for segment (3caaf998-3f05-4cf6-a9d1-40772093d052), precommit_create {{(pid=90117) _notify_loop /opt/stack/data/venv/lib/python3.12/site-packages/neutron_lib/callbacks/manager.py:184}}
Jun 19 13:48:21.865719 np0000003290 devstack@neutron-api.service[90117]: DEBUG neutron_lib.callbacks.manager [None req-e80ed723-2070-472b-811e-f5f6e49a9334 admin admin] Unsubscribe: segment precommit_create {{(pid=90117) unsubscribe /opt/stack/data/venv/lib/python3.12/site-packages/neutron_lib/callbacks/manager.py:90}}
Jun 19 13:48:21.865927 np0000003290 devstack@neutron-api.service[90117]: INFO neutron.db.segments_db [None req-e80ed723-2070-472b-811e-f5f6e49a9334 admin admin] Added segment 3caaf998-3f05-4cf6-a9d1-40772093d052 of type flat for network 41e6c49f-ee3f-457b-9502-b8a623d4a56f
Jun 19 13:48:21.905065 np0000003290 devstack@neutron-api.service[90117]: DEBUG neutron_lib.callbacks.manager [None req-e80ed723-2070-472b-811e-f5f6e49a9334 admin admin] Publish callbacks ['neutron.services.auto_allocate.db._ensure_external_network_default_value_callback-8288597796544'] for network (41e6c49f-ee3f-457b-9502-b8a623d4a56f), precommit_create {{(pid=90117) _notify_loop /opt/stack/data/venv/lib/python3.12/site-packages/neutron_lib/callbacks/manager.py:184}}
Jun 19 13:48:21.922523 np0000003290 devstack@neutron-api.service[90117]: DEBUG neutron.plugins.ml2.drivers.ovn.mech_driver.mech_driver [None req-e80ed723-2070-472b-811e-f5f6e49a9334 admin admin] Validating network segment with type flat, segmentation ID None, physical network public {{(pid=90117) _validate_network_segments /opt/stack/neutron/neutron/plugins/ml2/drivers/ovn/mech_driver/mech_driver.py:646}}
Jun 19 13:48:21.922662 np0000003290 devstack@neutron-api.service[90117]: DEBUG neutron.db.ovn_revision_numbers_db [None req-e80ed723-2070-472b-811e-f5f6e49a9334 admin admin] create_initial_revision uuid=41e6c49f-ee3f-457b-9502-b8a623d4a56f, type=networks, rev=-1 {{(pid=90117) create_initial_revision /opt/stack/neutron/neutron/db/ovn_revision_numbers_db.py:98}}
Jun 19 13:48:21.938247 np0000003290 devstack@neutron-api.service[90117]: DEBUG neutron_lib.callbacks.manager [None req-e80ed723-2070-472b-811e-f5f6e49a9334 admin admin] Publish callbacks ['neutron.plugins.ml2.ovo_rpc._ObjectChangeHandler.handle_event-2013246'] for network (41e6c49f-ee3f-457b-9502-b8a623d4a56f), after_create {{(pid=90117) _notify_loop /opt/stack/data/venv/lib/python3.12/site-packages/neutron_lib/callbacks/manager.py:184}}
Jun 19 13:48:22.165280 np0000003290 devstack@neutron-api.service[90117]: DEBUG neutron.api.rpc.handlers.resources_rpc [None req-e80ed723-2070-472b-811e-f5f6e49a9334 admin admin] Pushing event updated for resources: {'Network': ['ID=41e6c49f-ee3f-457b-9502-b8a623d4a56f,revision_number=1']} {{(pid=90117) push /opt/stack/neutron/neutron/api/rpc/handlers/resources_rpc.py:237}}
Jun 19 13:48:22.170177 np0000003290 devstack@neutron-api.service[90117]: DEBUG neutron.api.rpc.callbacks.version_manager [None req-e80ed723-2070-472b-811e-f5f6e49a9334 admin admin] Tracked resource versions report:
Jun 19 13:48:22.170177 np0000003290 devstack@neutron-api.service[90117]: pushed versions:
Jun 19 13:48:22.170177 np0000003290 devstack@neutron-api.service[90117]: { 'AddressGroup': {'1.2'},
Jun 19 13:48:22.170177 np0000003290 devstack@neutron-api.service[90117]: 'Agent': {'1.1'},
Jun 19 13:48:22.170177 np0000003290 devstack@neutron-api.service[90117]: 'ConntrackHelper': {'1.0'},
Jun 19 13:48:22.170177 np0000003290 devstack@neutron-api.service[90117]: 'LocalIPAssociation': {'1.0'},
Jun 19 13:48:22.170177 np0000003290 devstack@neutron-api.service[90117]: 'Log': {'1.0'},
Jun 19 13:48:22.170177 np0000003290 devstack@neutron-api.service[90117]: 'NDPProxy': {'1.0'},
Jun 19 13:48:22.170177 np0000003290 devstack@neutron-api.service[90117]: 'Network': {'1.3'},
Jun 19 13:48:22.170177 np0000003290 devstack@neutron-api.service[90117]: 'Port': {'1.11'},
Jun 19 13:48:22.170177 np0000003290 devstack@neutron-api.service[90117]: 'PortForwarding': {'1.3'},
Jun 19 13:48:22.170177 np0000003290 devstack@neutron-api.service[90117]: 'QosPolicy': {'1.10'},
Jun 19 13:48:22.170177 np0000003290 devstack@neutron-api.service[90117]: 'SecurityGroup': {'1.6'},
Jun 19 13:48:22.170177 np0000003290 devstack@neutron-api.service[90117]: 'SecurityGroupRule': {'1.3'},
Jun 19 13:48:22.170177 np0000003290 devstack@neutron-api.service[90117]: 'SubPort': {'1.0'},
Jun 19 13:48:22.170177 np0000003290 devstack@neutron-api.service[90117]: 'Subnet': {'1.2'},
Jun 19 13:48:22.170177 np0000003290 devstack@neutron-api.service[90117]: 'Trunk': {'1.1'}}
Jun 19 13:48:22.170177 np0000003290 devstack@neutron-api.service[90117]: consumer versions:
Jun 19 13:48:22.170177 np0000003290 devstack@neutron-api.service[90117]: { OVN Controller Gateway agent@np0000003290: {},
Jun 19 13:48:22.170177 np0000003290 devstack@neutron-api.service[90117]: OVN Neutron agent@np0000003290: {}}
Jun 19 13:48:22.170177 np0000003290 devstack@neutron-api.service[90117]: {{(pid=90117) report /opt/stack/neutron/neutron/api/rpc/callbacks/version_manager.py:183}}
Jun 19 13:48:22.187343 np0000003290 devstack@neutron-api.service[90117]: DEBUG ovsdbapp.backend.ovs_idl.transaction [-] Running txn n=1 command(idx=0): AddNetworkCommand(_result=None, network_uuid=41e6c49f-ee3f-457b-9502-b8a623d4a56f, may_exist=True, columns={'external_ids': {'neutron:network_name': 'public', 'neutron:mtu': '1430', 'neutron:revision_number': '1', 'neutron:availability_zone_hints': '', 'neutron:provnet-network-type': 'flat', 'neutron:provnet-physical-network': 'public'}, 'other_config': {'mcast_snoop': 'false', 'mcast_flood_unregistered': 'false', 'vlan-passthru': 'false', 'fdb_age_threshold': '300', 'broadcast-arps-to-all-routers': 'true'}}) {{(pid=90117) do_commit /opt/stack/data/venv/lib/python3.12/site-packages/ovsdbapp/backend/ovs_idl/transaction.py:89}}
Jun 19 13:48:22.187712 np0000003290 devstack@neutron-api.service[90117]: DEBUG neutron.common.ovn.utils [-] OVS persist_uuid supported=True {{(pid=90117) ovs_persist_uuid_supported /opt/stack/neutron/neutron/common/ovn/utils.py:1544}}
Jun 19 13:48:22.188000 np0000003290 devstack@neutron-api.service[90117]: DEBUG ovsdbapp.backend.ovs_idl.transaction [-] Running txn n=1 command(idx=1): AddLSwitchPortCommand(_result=None, lport=provnet-3caaf998-3f05-4cf6-a9d1-40772093d052, lswitch=neutron-41e6c49f-ee3f-457b-9502-b8a623d4a56f, may_exist=True, network_uuid=41e6c49f-ee3f-457b-9502-b8a623d4a56f, columns={'addresses': ['unknown'], 'external_ids': {'neutron:provnet-physical-network': 'public'}, 'type': 'localnet', 'tag_request': [], 'options': {'network_name': 'public', 'mcast_flood_reports': 'true', 'mcast_flood': 'false', 'localnet_learn_fdb': 'false'}}) {{(pid=90117) do_commit /opt/stack/data/venv/lib/python3.12/site-packages/ovsdbapp/backend/ovs_idl/transaction.py:89}}
Jun 19 13:48:22.191292 np0000003290 devstack@neutron-api.service[90119]: DEBUG neutron.plugins.ml2.drivers.ovn.mech_driver.ovsdb.ovsdb_monitor [-] Hash Ring: Node 25e02a01678159cfa1c10f8edd88ee03 (host: np0000003290) handling event "create" for row 41e6c49f-ee3f-457b-9502-b8a623d4a56f (table: Logical_Switch) {{(pid=90119) notify /opt/stack/neutron/neutron/plugins/ml2/drivers/ovn/mech_driver/ovsdb/ovsdb_monitor.py:1015}}
Jun 19 13:48:22.191727 np0000003290 devstack@neutron-api.service[90119]: DEBUG neutron.plugins.ml2.drivers.ovn.mech_driver.ovsdb.ovsdb_monitor [-] Hash Ring: Node 25e02a01678159cfa1c10f8edd88ee03 (host: np0000003290) handling event "create" for row 0ad3bb90-fd97-4244-93d9-b6b930474e5d (table: Logical_Switch_Port) {{(pid=90119) notify /opt/stack/neutron/neutron/plugins/ml2/drivers/ovn/mech_driver/ovsdb/ovsdb_monitor.py:1015}}
Jun 19 13:48:22.193705 np0000003290 devstack@neutron-api.service[90117]: DEBUG neutron.plugins.ml2.drivers.ovn.mech_driver.ovsdb.ovsdb_monitor [-] Hash Ring: Node 4dab16721cc85fbcb2c5678f75a13d24 (host: np0000003290) handling event "create" for row 41e6c49f-ee3f-457b-9502-b8a623d4a56f (table: Logical_Switch) {{(pid=90117) notify /opt/stack/neutron/neutron/plugins/ml2/drivers/ovn/mech_driver/ovsdb/ovsdb_monitor.py:1015}}
Jun 19 13:48:22.193879 np0000003290 devstack@neutron-api.service[90119]: DEBUG neutron.plugins.ml2.drivers.ovn.mech_driver.ovsdb.ovsdb_monitor [-] Hash Ring: Node 25e02a01678159cfa1c10f8edd88ee03 (host: np0000003290) handling event "update" for row 0ad3bb90-fd97-4244-93d9-b6b930474e5d (table: Logical_Switch_Port) {{(pid=90119) notify /opt/stack/neutron/neutron/plugins/ml2/drivers/ovn/mech_driver/ovsdb/ovsdb_monitor.py:1015}}
Jun 19 13:48:22.197730 np0000003290 devstack@neutron-api.service[90119]: DEBUG neutron.plugins.ml2.drivers.ovn.mech_driver.ovsdb.ovsdb_monitor [-] Hash Ring: Node 25e02a01678159cfa1c10f8edd88ee03 (host: np0000003290) handling event "create" for row d984deb0-6e55-4bde-b657-daf0ac3c907b (table: Datapath_Binding) {{(pid=90119) notify /opt/stack/neutron/neutron/plugins/ml2/drivers/ovn/mech_driver/ovsdb/ovsdb_monitor.py:1015}}
Jun 19 13:48:22.197730 np0000003290 devstack@neutron-api.service[90119]: DEBUG neutron.plugins.ml2.drivers.ovn.mech_driver.ovsdb.ovsdb_monitor [-] Hash Ring: Node 25e02a01678159cfa1c10f8edd88ee03 (host: np0000003290) handling event "create" for row 4a73f10b-f9be-42fc-93ef-40952717d992 (table: Port_Binding) {{(pid=90119) notify /opt/stack/neutron/neutron/plugins/ml2/drivers/ovn/mech_driver/ovsdb/ovsdb_monitor.py:1015}}
Jun 19 13:48:22.201560 np0000003290 devstack@neutron-api.service[90118]: DEBUG neutron.plugins.ml2.drivers.ovn.mech_driver.ovsdb.ovsdb_monitor [-] Hash Ring: Node 27a812b2778c5df6821cd182b207f79c (host: np0000003290) handling event "create" for row d984deb0-6e55-4bde-b657-daf0ac3c907b (table: Datapath_Binding) {{(pid=90118) notify /opt/stack/neutron/neutron/plugins/ml2/drivers/ovn/mech_driver/ovsdb/ovsdb_monitor.py:1015}}
Jun 19 13:48:22.209209 np0000003290 devstack@neutron-api.service[90117]: DEBUG neutron.plugins.ml2.drivers.ovn.mech_driver.ovsdb.ovsdb_monitor [-] Hash Ring: Node 4dab16721cc85fbcb2c5678f75a13d24 (host: np0000003290) handling event "create" for row 4a73f10b-f9be-42fc-93ef-40952717d992 (table: Port_Binding) {{(pid=90117) notify /opt/stack/neutron/neutron/plugins/ml2/drivers/ovn/mech_driver/ovsdb/ovsdb_monitor.py:1015}}
Jun 19 13:48:22.229475 np0000003290 devstack@neutron-api.service[90117]: INFO neutron.db.ovn_revision_numbers_db [None req-e80ed723-2070-472b-811e-f5f6e49a9334 admin admin] Successfully bumped revision number for resource 41e6c49f-ee3f-457b-9502-b8a623d4a56f (type: networks) to 1
Jun 19 13:48:22.278100 np0000003290 devstack@neutron-api.service[90117]: DEBUG neutron_lib.callbacks.manager [None req-e80ed723-2070-472b-811e-f5f6e49a9334 admin admin] Publish callbacks ['neutron.plugins.ml2.plugin.SecurityGroupDbMixin._ensure_default_security_group_handler-1150951'] for port (None), before_create {{(pid=90117) _notify_loop /opt/stack/data/venv/lib/python3.12/site-packages/neutron_lib/callbacks/manager.py:184}}
Jun 19 13:48:22.379275 np0000003290 devstack@neutron-api.service[90117]: DEBUG neutron_lib.callbacks.manager [None req-e80ed723-2070-472b-811e-f5f6e49a9334 admin admin] Publish callbacks ['neutron.plugins.ml2.drivers.ovn.mech_driver.mech_driver.OVNMechanismDriver._validate_allowed_address_pairs-755298'] for allowed_address_pair (1b7a7481-6ebf-48c3-bdab-92e41da75455), before_create {{(pid=90117) _notify_loop /opt/stack/data/venv/lib/python3.12/site-packages/neutron_lib/callbacks/manager.py:184}}
Jun 19 13:48:22.379796 np0000003290 devstack@neutron-api.service[90117]: DEBUG neutron_lib.callbacks.manager [None req-e80ed723-2070-472b-811e-f5f6e49a9334 admin admin] Publish callbacks [] for port (1b7a7481-6ebf-48c3-bdab-92e41da75455), precommit_create {{(pid=90117) _notify_loop /opt/stack/data/venv/lib/python3.12/site-packages/neutron_lib/callbacks/manager.py:184}}
Jun 19 13:48:22.379964 np0000003290 devstack@neutron-api.service[90117]: DEBUG neutron.plugins.ml2.drivers.ovn.mech_driver.mech_driver [None req-e80ed723-2070-472b-811e-f5f6e49a9334 admin admin] No provisioning block for port 1b7a7481-6ebf-48c3-bdab-92e41da75455 since it does not have a host {{(pid=90117) _is_port_provisioning_required /opt/stack/neutron/neutron/plugins/ml2/drivers/ovn/mech_driver/mech_driver.py:899}}
Jun 19 13:48:22.380070 np0000003290 devstack@neutron-api.service[90117]: DEBUG neutron.db.ovn_revision_numbers_db [None req-e80ed723-2070-472b-811e-f5f6e49a9334 admin admin] create_initial_revision uuid=1b7a7481-6ebf-48c3-bdab-92e41da75455, type=ports, rev=-1 {{(pid=90117) create_initial_revision /opt/stack/neutron/neutron/db/ovn_revision_numbers_db.py:98}}
Jun 19 13:48:22.422219 np0000003290 devstack@neutron-api.service[90117]: DEBUG neutron_lib.callbacks.manager [None req-e80ed723-2070-472b-811e-f5f6e49a9334 admin admin] Publish callbacks ['neutron.plugins.ml2.ovo_rpc._ObjectChangeHandler.handle_event-307798'] for port (1b7a7481-6ebf-48c3-bdab-92e41da75455), after_create {{(pid=90117) _notify_loop /opt/stack/data/venv/lib/python3.12/site-packages/neutron_lib/callbacks/manager.py:184}}
Jun 19 13:48:22.467407 np0000003290 devstack@neutron-api.service[90117]: DEBUG neutron.api.rpc.handlers.resources_rpc [None req-e80ed723-2070-472b-811e-f5f6e49a9334 admin admin] Pushing event updated for resources: {'Port': ['ID=1b7a7481-6ebf-48c3-bdab-92e41da75455,revision_number=1']} {{(pid=90117) push /opt/stack/neutron/neutron/api/rpc/handlers/resources_rpc.py:237}}
Jun 19 13:48:22.496022 np0000003290 devstack@neutron-api.service[90117]: DEBUG neutron.plugins.ml2.drivers.ovn.mech_driver.ovsdb.commands [None req-e80ed723-2070-472b-811e-f5f6e49a9334 admin admin] Converting tag [] to a tag_request {{(pid=90117) _tag_column_to_tag_request /opt/stack/neutron/neutron/plugins/ml2/drivers/ovn/mech_driver/ovsdb/commands.py:205}}
Jun 19 13:48:22.496587 np0000003290 devstack@neutron-api.service[90117]: DEBUG ovsdbapp.backend.ovs_idl.transaction [-] Running txn n=1 command(idx=0): AddLSwitchPortCommand(_result=None, lport=1b7a7481-6ebf-48c3-bdab-92e41da75455, lswitch=neutron-41e6c49f-ee3f-457b-9502-b8a623d4a56f, may_exist=True, network_uuid=41e6c49f-ee3f-457b-9502-b8a623d4a56f, columns={'addresses': ['fa:16:3e:65:7b:32'], 'external_ids': {'neutron:port_name': '', 'neutron:device_id': 'ovnmeta-41e6c49f-ee3f-457b-9502-b8a623d4a56f', 'neutron:project_id': '3b4be5380e364c96ace65f67bf4d08e1', 'neutron:cidrs': '', 'neutron:device_owner': 'network:distributed', 'neutron:subnet_pool_addr_scope4': '', 'neutron:subnet_pool_addr_scope6': '', 'neutron:network_name': 'neutron-41e6c49f-ee3f-457b-9502-b8a623d4a56f', 'neutron:security_group_ids': '', 'neutron:revision_number': '1', 'neutron:vnic_type': 'normal', 'neutron:port_capabilities': '', 'neutron:mtu': '1430'}, 'parent_name': [], 'enabled': True, 'options': {}, 'type': 'localport', 'port_security': [], 'dhcpv4_options': [], 'dhcpv6_options': [], 'tag_request': []}) {{(pid=90117) do_commit /opt/stack/data/venv/lib/python3.12/site-packages/ovsdbapp/backend/ovs_idl/transaction.py:89}}
Jun 19 13:48:22.496945 np0000003290 devstack@neutron-api.service[90117]: DEBUG ovsdbapp.backend.ovs_idl.transaction [-] Running txn n=1 command(idx=1): QoSDelCommand(_result=None, switch=neutron-41e6c49f-ee3f-457b-9502-b8a623d4a56f, conditions=[('direction', '=', 'to-lport'), ('priority', '=', 2002), ('match', '=', 'outport == "1b7a7481-6ebf-48c3-bdab-92e41da75455"')], if_exists=True) {{(pid=90117) do_commit /opt/stack/data/venv/lib/python3.12/site-packages/ovsdbapp/backend/ovs_idl/transaction.py:89}}
Jun 19 13:48:22.497114 np0000003290 devstack@neutron-api.service[90117]: DEBUG ovsdbapp.backend.ovs_idl.transaction [-] Running txn n=1 command(idx=2): QoSDelCommand(_result=None, switch=neutron-41e6c49f-ee3f-457b-9502-b8a623d4a56f, conditions=[('direction', '=', 'from-lport'), ('priority', '=', 2002), ('match', '=', 'inport == "1b7a7481-6ebf-48c3-bdab-92e41da75455"')], if_exists=True) {{(pid=90117) do_commit /opt/stack/data/venv/lib/python3.12/site-packages/ovsdbapp/backend/ovs_idl/transaction.py:89}}
Jun 19 13:48:22.497251 np0000003290 devstack@neutron-api.service[90117]: DEBUG ovsdbapp.backend.ovs_idl.transaction [-] Running txn n=1 command(idx=3): UpdateLSwitchPortQosOptionsCommand(_result=None, lport=AddLSwitchPortCommand(_result=20f05825-8ec2-4a7d-8b39-d70e83bd6d5e, lport=1b7a7481-6ebf-48c3-bdab-92e41da75455, lswitch=neutron-41e6c49f-ee3f-457b-9502-b8a623d4a56f, may_exist=True, network_uuid=41e6c49f-ee3f-457b-9502-b8a623d4a56f, columns={'addresses': ['fa:16:3e:65:7b:32'], 'external_ids': {'neutron:port_name': '', 'neutron:device_id': 'ovnmeta-41e6c49f-ee3f-457b-9502-b8a623d4a56f', 'neutron:project_id': '3b4be5380e364c96ace65f67bf4d08e1', 'neutron:cidrs': '', 'neutron:device_owner': 'network:distributed', 'neutron:subnet_pool_addr_scope4': '', 'neutron:subnet_pool_addr_scope6': '', 'neutron:network_name': 'neutron-41e6c49f-ee3f-457b-9502-b8a623d4a56f', 'neutron:security_group_ids': '', 'neutron:revision_number': '1', 'neutron:vnic_type': 'normal', 'neutron:port_capabilities': '', 'neutron:mtu': '1430'}, 'parent_name': [], 'enabled': True, 'options': {}, 'type': 'localport', 'port_security': [], 'tag_request': []}), if_exists=True, qos={'qos_max_rate': None, 'qos_burst': None, 'qos_min_rate': None}) {{(pid=90117) do_commit /opt/stack/data/venv/lib/python3.12/site-packages/ovsdbapp/backend/ovs_idl/transaction.py:89}}
Jun 19 13:48:22.500222 np0000003290 devstack@neutron-api.service[90117]: DEBUG neutron.plugins.ml2.drivers.ovn.mech_driver.ovsdb.ovsdb_monitor [-] Hash Ring: Node 4dab16721cc85fbcb2c5678f75a13d24 (host: np0000003290) handling event "update" for row 41e6c49f-ee3f-457b-9502-b8a623d4a56f (table: Logical_Switch) {{(pid=90117) notify /opt/stack/neutron/neutron/plugins/ml2/drivers/ovn/mech_driver/ovsdb/ovsdb_monitor.py:1015}}
Jun 19 13:48:22.500409 np0000003290 devstack@neutron-api.service[90117]: DEBUG neutron.plugins.ml2.drivers.ovn.mech_driver.ovsdb.ovsdb_monitor [-] Hash Ring: Node 4dab16721cc85fbcb2c5678f75a13d24 (host: np0000003290) handling event "create" for row a4e7ef9a-64dd-493d-bf81-e92fc1658125 (table: Logical_Switch_Port) {{(pid=90117) notify /opt/stack/neutron/neutron/plugins/ml2/drivers/ovn/mech_driver/ovsdb/ovsdb_monitor.py:1015}}
Jun 19 13:48:22.500487 np0000003290 devstack@neutron-api.service[90119]: DEBUG neutron.plugins.ml2.drivers.ovn.mech_driver.ovsdb.ovsdb_monitor [-] Hash Ring: Node 25e02a01678159cfa1c10f8edd88ee03 (host: np0000003290) handling event "update" for row 41e6c49f-ee3f-457b-9502-b8a623d4a56f (table: Logical_Switch) {{(pid=90119) notify /opt/stack/neutron/neutron/plugins/ml2/drivers/ovn/mech_driver/ovsdb/ovsdb_monitor.py:1015}}
Jun 19 13:48:22.500658 np0000003290 devstack@neutron-api.service[90119]: DEBUG neutron.plugins.ml2.drivers.ovn.mech_driver.ovsdb.ovsdb_monitor [-] Hash Ring: Node 25e02a01678159cfa1c10f8edd88ee03 (host: np0000003290) handling event "create" for row a4e7ef9a-64dd-493d-bf81-e92fc1658125 (table: Logical_Switch_Port) {{(pid=90119) notify /opt/stack/neutron/neutron/plugins/ml2/drivers/ovn/mech_driver/ovsdb/ovsdb_monitor.py:1015}}
Jun 19 13:48:22.501260 np0000003290 devstack@neutron-api.service[90118]: DEBUG neutron.plugins.ml2.drivers.ovn.mech_driver.ovsdb.ovsdb_monitor [-] Hash Ring: Node 27a812b2778c5df6821cd182b207f79c (host: np0000003290) handling event "create" for row a4e7ef9a-64dd-493d-bf81-e92fc1658125 (table: Logical_Switch_Port) {{(pid=90118) notify /opt/stack/neutron/neutron/plugins/ml2/drivers/ovn/mech_driver/ovsdb/ovsdb_monitor.py:1015}}
Jun 19 13:48:22.501628 np0000003290 devstack@neutron-api.service[90117]: DEBUG ovsdbapp.backend.ovs_idl.event [-] Matched CREATE: LogicalSwitchPortCreateEvent(events=('create',), table='Logical_Switch_Port', conditions=[], old_conditions=None), priority=20 to row=Logical_Switch_Port(uuid=a4e7ef9a-64dd-493d-bf81-e92fc1658125, addresses=['fa:16:3e:65:7b:32'], dhcpv4_options=[], dhcpv6_options=[], dynamic_addresses=[], enabled=True, external_ids={'neutron:cidrs': '', 'neutron:device_id': 'ovnmeta-41e6c49f-ee3f-457b-9502-b8a623d4a56f', 'neutron:device_owner': 'network:distributed', 'neutron:mtu': '1430', 'neutron:network_name': 'neutron-41e6c49f-ee3f-457b-9502-b8a623d4a56f', 'neutron:port_capabilities': '', 'neutron:port_name': '', 'neutron:project_id': '3b4be5380e364c96ace65f67bf4d08e1', 'neutron:revision_number': '1', 'neutron:security_group_ids': '', 'neutron:subnet_pool_addr_scope4': '', 'neutron:subnet_pool_addr_scope6': '', 'neutron:vnic_type': 'normal'}, ha_chassis_group=[], mirror_rules=[], name='1b7a7481-6ebf-48c3-bdab-92e41da75455', options={}, parent_name=[], port_security=[], tag=[], tag_request=[], type='localport', up=[]) old= {{(pid=90117) matches /opt/stack/data/venv/lib/python3.12/site-packages/ovsdbapp/backend/ovs_idl/event.py:55}}
Jun 19 13:48:22.501821 np0000003290 devstack@neutron-api.service[90119]: DEBUG ovsdbapp.backend.ovs_idl.event [-] Matched CREATE: LogicalSwitchPortCreateEvent(events=('create',), table='Logical_Switch_Port', conditions=[], old_conditions=None), priority=20 to row=Logical_Switch_Port(uuid=a4e7ef9a-64dd-493d-bf81-e92fc1658125, addresses=['fa:16:3e:65:7b:32'], dhcpv4_options=[], dhcpv6_options=[], dynamic_addresses=[], enabled=True, external_ids={'neutron:cidrs': '', 'neutron:device_id': 'ovnmeta-41e6c49f-ee3f-457b-9502-b8a623d4a56f', 'neutron:device_owner': 'network:distributed', 'neutron:mtu': '1430', 'neutron:network_name': 'neutron-41e6c49f-ee3f-457b-9502-b8a623d4a56f', 'neutron:port_capabilities': '', 'neutron:port_name': '', 'neutron:project_id': '3b4be5380e364c96ace65f67bf4d08e1', 'neutron:revision_number': '1', 'neutron:security_group_ids': '', 'neutron:subnet_pool_addr_scope4': '', 'neutron:subnet_pool_addr_scope6': '', 'neutron:vnic_type': 'normal'}, ha_chassis_group=[], mirror_rules=[], name='1b7a7481-6ebf-48c3-bdab-92e41da75455', options={}, parent_name=[], port_security=[], tag=[], tag_request=[], type='localport', up=[]) old= {{(pid=90119) matches /opt/stack/data/venv/lib/python3.12/site-packages/ovsdbapp/backend/ovs_idl/event.py:55}}
Jun 19 13:48:22.502302 np0000003290 devstack@neutron-api.service[90118]: DEBUG ovsdbapp.backend.ovs_idl.event [-] Matched CREATE: LogicalSwitchPortCreateEvent(events=('create',), table='Logical_Switch_Port', conditions=[], old_conditions=None), priority=20 to row=Logical_Switch_Port(uuid=a4e7ef9a-64dd-493d-bf81-e92fc1658125, addresses=['fa:16:3e:65:7b:32'], dhcpv4_options=[], dhcpv6_options=[], dynamic_addresses=[], enabled=True, external_ids={'neutron:cidrs': '', 'neutron:device_id': 'ovnmeta-41e6c49f-ee3f-457b-9502-b8a623d4a56f', 'neutron:device_owner': 'network:distributed', 'neutron:mtu': '1430', 'neutron:network_name': 'neutron-41e6c49f-ee3f-457b-9502-b8a623d4a56f', 'neutron:port_capabilities': '', 'neutron:port_name': '', 'neutron:project_id': '3b4be5380e364c96ace65f67bf4d08e1', 'neutron:revision_number': '1', 'neutron:security_group_ids': '', 'neutron:subnet_pool_addr_scope4': '', 'neutron:subnet_pool_addr_scope6': '', 'neutron:vnic_type': 'normal'}, ha_chassis_group=[], mirror_rules=[], name='1b7a7481-6ebf-48c3-bdab-92e41da75455', options={}, parent_name=[], port_security=[], tag=[], tag_request=[], type='localport', up=[]) old= {{(pid=90118) matches /opt/stack/data/venv/lib/python3.12/site-packages/ovsdbapp/backend/ovs_idl/event.py:55}}
Jun 19 13:48:22.502721 np0000003290 devstack@neutron-api.service[90119]: INFO neutron.plugins.ml2.drivers.ovn.mech_driver.mech_driver [None req-ef17064c-f4db-428e-ad89-f4eb6fccc476 None None] OVN reports status down for port: 1b7a7481-6ebf-48c3-bdab-92e41da75455
Jun 19 13:48:22.504007 np0000003290 devstack@neutron-api.service[90118]: INFO neutron.plugins.ml2.drivers.ovn.mech_driver.mech_driver [None req-d2fe7abf-bdc3-4d85-9c75-0df4cbc38678 None None] OVN reports status down for port: 1b7a7481-6ebf-48c3-bdab-92e41da75455
Jun 19 13:48:22.504202 np0000003290 devstack@neutron-api.service[90117]: DEBUG neutron.plugins.ml2.drivers.ovn.mech_driver.ovsdb.ovsdb_monitor [-] Hash Ring: Node 4dab16721cc85fbcb2c5678f75a13d24 (host: np0000003290) handling event "update" for row a4e7ef9a-64dd-493d-bf81-e92fc1658125 (table: Logical_Switch_Port) {{(pid=90117) notify /opt/stack/neutron/neutron/plugins/ml2/drivers/ovn/mech_driver/ovsdb/ovsdb_monitor.py:1015}}
Jun 19 13:48:22.504376 np0000003290 devstack@neutron-api.service[90119]: DEBUG neutron.plugins.ml2.drivers.ovn.mech_driver.ovsdb.ovsdb_monitor [-] Hash Ring: Node 25e02a01678159cfa1c10f8edd88ee03 (host: np0000003290) handling event "update" for row a4e7ef9a-64dd-493d-bf81-e92fc1658125 (table: Logical_Switch_Port) {{(pid=90119) notify /opt/stack/neutron/neutron/plugins/ml2/drivers/ovn/mech_driver/ovsdb/ovsdb_monitor.py:1015}}
Jun 19 13:48:22.504828 np0000003290 devstack@neutron-api.service[90118]: DEBUG neutron.plugins.ml2.drivers.ovn.mech_driver.ovsdb.ovsdb_monitor [-] Hash Ring: Node 27a812b2778c5df6821cd182b207f79c (host: np0000003290) handling event "update" for row a4e7ef9a-64dd-493d-bf81-e92fc1658125 (table: Logical_Switch_Port) {{(pid=90118) notify /opt/stack/neutron/neutron/plugins/ml2/drivers/ovn/mech_driver/ovsdb/ovsdb_monitor.py:1015}}
Jun 19 13:48:22.505328 np0000003290 devstack@neutron-api.service[90117]: INFO neutron.plugins.ml2.drivers.ovn.mech_driver.mech_driver [None req-622e3a6b-6acd-470f-b861-0b9e2df52134 None None] OVN reports status down for port: 1b7a7481-6ebf-48c3-bdab-92e41da75455
Jun 19 13:48:22.505813 np0000003290 devstack@neutron-api.service[90119]: DEBUG neutron.plugins.ml2.drivers.ovn.mech_driver.ovsdb.ovsdb_monitor [-] Hash Ring: Node 25e02a01678159cfa1c10f8edd88ee03 (host: np0000003290) handling event "create" for row 6f0e3e41-3132-4f9d-bbaa-172ccca7f51a (table: Port_Binding) {{(pid=90119) notify /opt/stack/neutron/neutron/plugins/ml2/drivers/ovn/mech_driver/ovsdb/ovsdb_monitor.py:1015}}
Jun 19 13:48:22.506997 np0000003290 devstack@neutron-api.service[90117]: DEBUG neutron.plugins.ml2.drivers.ovn.mech_driver.ovsdb.ovsdb_monitor [-] Hash Ring: Node 4dab16721cc85fbcb2c5678f75a13d24 (host: np0000003290) handling event "create" for row 6f0e3e41-3132-4f9d-bbaa-172ccca7f51a (table: Port_Binding) {{(pid=90117) notify /opt/stack/neutron/neutron/plugins/ml2/drivers/ovn/mech_driver/ovsdb/ovsdb_monitor.py:1015}}
Jun 19 13:48:22.524064 np0000003290 devstack@neutron-api.service[90118]: DEBUG neutron.db.provisioning_blocks [None req-d2fe7abf-bdc3-4d85-9c75-0df4cbc38678 None None] Transition to ACTIVE for port object 1b7a7481-6ebf-48c3-bdab-92e41da75455 will not be triggered until provisioned by entity L2. {{(pid=90118) add_provisioning_component /opt/stack/neutron/neutron/db/provisioning_blocks.py:74}}
Jun 19 13:48:22.529319 np0000003290 devstack@neutron-api.service[90119]: DEBUG neutron_lib.db.api [None req-ef17064c-f4db-428e-ad89-f4eb6fccc476 None None] Retry wrapper got retriable exception: Failed to create a duplicate ProvisioningBlock: for attribute(s) ['provisioningblocks.PRIMARY'] with value(s) 20-L2 {{(pid=90119) wrapped /opt/stack/data/venv/lib/python3.12/site-packages/neutron_lib/db/api.py:185}}
Jun 19 13:48:22.529319 np0000003290 devstack@neutron-api.service[90119]: DEBUG oslo_db.api [None req-ef17064c-f4db-428e-ad89-f4eb6fccc476 None None] Performing DB retry for function neutron.db.provisioning_blocks.add_provisioning_component {{(pid=90119) wrapper /opt/stack/data/venv/lib/python3.12/site-packages/oslo_db/api.py:155}}
Jun 19 13:48:22.542849 np0000003290 devstack@neutron-api.service[90118]: DEBUG neutron.plugins.ml2.plugin [None req-d2fe7abf-bdc3-4d85-9c75-0df4cbc38678 None None] Current status of the port 1b7a7481-6ebf-48c3-bdab-92e41da75455 is: DOWN; New status is: DOWN {{(pid=90118) _update_individual_port_db_status /opt/stack/neutron/neutron/plugins/ml2/plugin.py:2473}}
Jun 19 13:48:22.543775 np0000003290 devstack@neutron-api.service[90118]: DEBUG ovsdbapp.backend.ovs_idl.transaction [-] Running txn n=1 command(idx=0): DbRemoveCommand(_result=None, table=Logical_Switch_Port, record=1b7a7481-6ebf-48c3-bdab-92e41da75455, column=external_ids, values=('neutron:host_id',), keyvalues={}, if_exists=True) {{(pid=90118) do_commit /opt/stack/data/venv/lib/python3.12/site-packages/ovsdbapp/backend/ovs_idl/transaction.py:89}}
Jun 19 13:48:22.550756 np0000003290 devstack@neutron-api.service[90117]: INFO neutron.db.ovn_revision_numbers_db [None req-e80ed723-2070-472b-811e-f5f6e49a9334 admin admin] Successfully bumped revision number for resource 1b7a7481-6ebf-48c3-bdab-92e41da75455 (type: ports) to 1
Jun 19 13:48:22.571137 np0000003290 devstack@neutron-api.service[90117]: DEBUG neutron.pecan_wsgi.hooks.policy_enforcement [None req-e80ed723-2070-472b-811e-f5f6e49a9334 admin admin] Attributes excluded by policy engine: ['standard_attr_id'] {{(pid=90117) _exclude_attributes_by_policy /opt/stack/neutron/neutron/pecan_wsgi/hooks/policy_enforcement.py:259}}
Jun 19 13:48:22.571476 np0000003290 devstack@neutron-api.service[90117]: DEBUG neutron_lib.callbacks.manager [None req-e80ed723-2070-472b-811e-f5f6e49a9334 admin admin] Publish callbacks [] for network (None), before_response {{(pid=90117) _notify_loop /opt/stack/data/venv/lib/python3.12/site-packages/neutron_lib/callbacks/manager.py:184}}
Jun 19 13:48:22.582897 np0000003290 devstack@neutron-api.service[90117]: DEBUG neutron.db.provisioning_blocks [None req-622e3a6b-6acd-470f-b861-0b9e2df52134 None None] Ignored duplicate provisioning block setup for port 1b7a7481-6ebf-48c3-bdab-92e41da75455 by entity L2. {{(pid=90117) add_provisioning_component /opt/stack/neutron/neutron/db/provisioning_blocks.py:69}}
Jun 19 13:48:22.585314 np0000003290 devstack@neutron-api.service[90117]: [pid: 90117|app: 0|req: 5/16] 10.4.3.61 () {68 vars in 1320 bytes} [Fri Jun 19 13:48:21 2026] POST /networking/v2.0/networks => generated 679 bytes in 782 msecs (HTTP/1.1 201) 4 headers in 162 bytes (1 switches on core 0)
Jun 19 13:48:22.600152 np0000003290 devstack@neutron-api.service[90117]: DEBUG neutron.plugins.ml2.plugin [None req-622e3a6b-6acd-470f-b861-0b9e2df52134 None None] Current status of the port 1b7a7481-6ebf-48c3-bdab-92e41da75455 is: DOWN; New status is: DOWN {{(pid=90117) _update_individual_port_db_status /opt/stack/neutron/neutron/plugins/ml2/plugin.py:2473}}
Jun 19 13:48:22.601037 np0000003290 devstack@neutron-api.service[90117]: DEBUG ovsdbapp.backend.ovs_idl.transaction [-] Running txn n=1 command(idx=0): DbRemoveCommand(_result=None, table=Logical_Switch_Port, record=1b7a7481-6ebf-48c3-bdab-92e41da75455, column=external_ids, values=('neutron:host_id',), keyvalues={}, if_exists=True) {{(pid=90117) do_commit /opt/stack/data/venv/lib/python3.12/site-packages/ovsdbapp/backend/ovs_idl/transaction.py:89}}
Jun 19 13:48:22.809377 np0000003290 devstack@neutron-api.service[90119]: DEBUG neutron.pecan_wsgi.hooks.policy_enforcement [None req-3f49f222-43cc-4677-a108-92149e4baacd admin admin] Attributes excluded by policy engine: ['standard_attr_id', 'shared'] {{(pid=90119) _exclude_attributes_by_policy /opt/stack/neutron/neutron/pecan_wsgi/hooks/policy_enforcement.py:259}}
Jun 19 13:48:22.809832 np0000003290 devstack@neutron-api.service[90119]: [pid: 90119|app: 0|req: 7/17] 10.4.3.61 () {64 vars in 1374 bytes} [Fri Jun 19 13:48:22 2026] GET /networking/v2.0/subnets/e0ad8d63-49a4-41e6-ba8f-268064a26908 => generated 666 bytes in 20 msecs (HTTP/1.1 200) 4 headers in 157 bytes (1 switches on core 0)
Jun 19 13:48:22.819325 np0000003290 devstack@neutron-api.service[90118]: DEBUG neutron.api.wsgi [None req-b8dff7ac-144b-4c7a-ae6f-e059ce88da26 admin admin] Missing Content-Type {{(pid=90118) get_content_type /opt/stack/neutron/neutron/api/wsgi.py:80}}
Jun 19 13:48:23.033063 np0000003290 devstack@neutron-api.service[90119]: DEBUG neutron.db.provisioning_blocks [None req-ef17064c-f4db-428e-ad89-f4eb6fccc476 None None] Ignored duplicate provisioning block setup for port 1b7a7481-6ebf-48c3-bdab-92e41da75455 by entity L2. {{(pid=90119) add_provisioning_component /opt/stack/neutron/neutron/db/provisioning_blocks.py:69}}
Jun 19 13:48:23.048298 np0000003290 devstack@neutron-api.service[90119]: DEBUG neutron.plugins.ml2.plugin [None req-ef17064c-f4db-428e-ad89-f4eb6fccc476 None None] Current status of the port 1b7a7481-6ebf-48c3-bdab-92e41da75455 is: DOWN; New status is: DOWN {{(pid=90119) _update_individual_port_db_status /opt/stack/neutron/neutron/plugins/ml2/plugin.py:2473}}
Jun 19 13:48:23.049101 np0000003290 devstack@neutron-api.service[90119]: DEBUG ovsdbapp.backend.ovs_idl.transaction [-] Running txn n=1 command(idx=0): DbRemoveCommand(_result=None, table=Logical_Switch_Port, record=1b7a7481-6ebf-48c3-bdab-92e41da75455, column=external_ids, values=('neutron:host_id',), keyvalues={}, if_exists=True) {{(pid=90119) do_commit /opt/stack/data/venv/lib/python3.12/site-packages/ovsdbapp/backend/ovs_idl/transaction.py:89}}
Jun 19 13:48:23.065725 np0000003290 devstack@neutron-api.service[90118]: [pid: 90118|app: 0|req: 6/18] 10.4.3.61 () {64 vars in 1374 bytes} [Fri Jun 19 13:48:22 2026] GET /networking/v2.0/routers/9f3e9050-7aba-4e3e-8f01-6b6d9f77918d => generated 599 bytes in 248 msecs (HTTP/1.1 200) 4 headers in 157 bytes (1 switches on core 0)
Jun 19 13:48:23.213220 np0000003290 devstack@neutron-api.service[90117]: DEBUG neutron_lib.callbacks.manager [None req-0fbca821-70dc-45c0-99ea-d29f10161cd4 admin admin] Publish callbacks ['neutron.plugins.ml2.plugin.SecurityGroupDbMixin._ensure_default_security_group_handler-1150951'] for port (None), before_create {{(pid=90117) _notify_loop /opt/stack/data/venv/lib/python3.12/site-packages/neutron_lib/callbacks/manager.py:184}}
Jun 19 13:48:23.318297 np0000003290 devstack@neutron-api.service[90117]: DEBUG neutron.db.db_base_plugin_common [None req-0fbca821-70dc-45c0-99ea-d29f10161cd4 admin admin] Allocated IP 10.1.0.1 (c8828000-fc37-480d-969b-4ecb86d53196/e0ad8d63-49a4-41e6-ba8f-268064a26908/cc9f6df7-f84a-4d86-83a6-195ea4e47f4d) {{(pid=90117) _store_ip_allocation /opt/stack/neutron/neutron/db/db_base_plugin_common.py:131}}
Jun 19 13:48:23.378991 np0000003290 devstack@neutron-api.service[90117]: DEBUG neutron_lib.callbacks.manager [None req-0fbca821-70dc-45c0-99ea-d29f10161cd4 admin admin] Publish callbacks ['neutron.plugins.ml2.drivers.ovn.mech_driver.mech_driver.OVNMechanismDriver._validate_allowed_address_pairs-755298'] for allowed_address_pair (cc9f6df7-f84a-4d86-83a6-195ea4e47f4d), before_create {{(pid=90117) _notify_loop /opt/stack/data/venv/lib/python3.12/site-packages/neutron_lib/callbacks/manager.py:184}}
Jun 19 13:48:23.379498 np0000003290 devstack@neutron-api.service[90117]: DEBUG neutron_lib.callbacks.manager [None req-0fbca821-70dc-45c0-99ea-d29f10161cd4 admin admin] Publish callbacks [] for port (cc9f6df7-f84a-4d86-83a6-195ea4e47f4d), precommit_create {{(pid=90117) _notify_loop /opt/stack/data/venv/lib/python3.12/site-packages/neutron_lib/callbacks/manager.py:184}}
Jun 19 13:48:23.379655 np0000003290 devstack@neutron-api.service[90117]: DEBUG neutron.plugins.ml2.drivers.ovn.mech_driver.mech_driver [None req-0fbca821-70dc-45c0-99ea-d29f10161cd4 admin admin] No provisioning block for port cc9f6df7-f84a-4d86-83a6-195ea4e47f4d since it does not have a host {{(pid=90117) _is_port_provisioning_required /opt/stack/neutron/neutron/plugins/ml2/drivers/ovn/mech_driver/mech_driver.py:899}}
Jun 19 13:48:23.379761 np0000003290 devstack@neutron-api.service[90117]: DEBUG neutron.db.ovn_revision_numbers_db [None req-0fbca821-70dc-45c0-99ea-d29f10161cd4 admin admin] create_initial_revision uuid=cc9f6df7-f84a-4d86-83a6-195ea4e47f4d, type=ports, rev=-1 {{(pid=90117) create_initial_revision /opt/stack/neutron/neutron/db/ovn_revision_numbers_db.py:98}}
Jun 19 13:48:23.440917 np0000003290 devstack@neutron-api.service[90117]: DEBUG neutron.db.ovn_revision_numbers_db [None req-0fbca821-70dc-45c0-99ea-d29f10161cd4 admin admin] create_initial_revision uuid=cc9f6df7-f84a-4d86-83a6-195ea4e47f4d, type=router_ports, rev=-1 {{(pid=90117) create_initial_revision /opt/stack/neutron/neutron/db/ovn_revision_numbers_db.py:98}}
Jun 19 13:48:23.463941 np0000003290 devstack@neutron-api.service[90117]: DEBUG neutron_lib.callbacks.manager [None req-0fbca821-70dc-45c0-99ea-d29f10161cd4 admin admin] Publish callbacks ['neutron.plugins.ml2.ovo_rpc._ObjectChangeHandler.handle_event-307798'] for port (cc9f6df7-f84a-4d86-83a6-195ea4e47f4d), after_create {{(pid=90117) _notify_loop /opt/stack/data/venv/lib/python3.12/site-packages/neutron_lib/callbacks/manager.py:184}}
Jun 19 13:48:23.485822 np0000003290 devstack@neutron-api.service[90117]: DEBUG neutron.api.rpc.handlers.resources_rpc [None req-0fbca821-70dc-45c0-99ea-d29f10161cd4 admin admin] Pushing event updated for resources: {'Port': ['ID=cc9f6df7-f84a-4d86-83a6-195ea4e47f4d,revision_number=1']} {{(pid=90117) push /opt/stack/neutron/neutron/api/rpc/handlers/resources_rpc.py:237}}
Jun 19 13:48:23.541461 np0000003290 devstack@neutron-api.service[90117]: DEBUG neutron.plugins.ml2.drivers.ovn.mech_driver.ovsdb.commands [None req-0fbca821-70dc-45c0-99ea-d29f10161cd4 admin admin] Converting tag [] to a tag_request {{(pid=90117) _tag_column_to_tag_request /opt/stack/neutron/neutron/plugins/ml2/drivers/ovn/mech_driver/ovsdb/commands.py:205}}
Jun 19 13:48:23.541948 np0000003290 devstack@neutron-api.service[90117]: DEBUG ovsdbapp.backend.ovs_idl.transaction [-] Running txn n=1 command(idx=0): AddLSwitchPortCommand(_result=None, lport=cc9f6df7-f84a-4d86-83a6-195ea4e47f4d, lswitch=neutron-c8828000-fc37-480d-969b-4ecb86d53196, may_exist=True, network_uuid=c8828000-fc37-480d-969b-4ecb86d53196, columns={'addresses': ['unknown'], 'external_ids': {'neutron:port_name': '', 'neutron:device_id': '9f3e9050-7aba-4e3e-8f01-6b6d9f77918d', 'neutron:project_id': '3b4be5380e364c96ace65f67bf4d08e1', 'neutron:cidrs': '10.1.0.1/26', 'neutron:device_owner': 'network:router_interface', 'neutron:subnet_pool_addr_scope4': '', 'neutron:subnet_pool_addr_scope6': '', 'neutron:network_name': 'neutron-c8828000-fc37-480d-969b-4ecb86d53196', 'neutron:security_group_ids': '', 'neutron:revision_number': '1', 'neutron:vnic_type': 'normal', 'neutron:port_capabilities': '', 'neutron:mtu': ''}, 'parent_name': [], 'enabled': True, 'options': {}, 'type': '', 'port_security': [], 'dhcpv4_options': [], 'dhcpv6_options': [], 'tag_request': []}) {{(pid=90117) do_commit /opt/stack/data/venv/lib/python3.12/site-packages/ovsdbapp/backend/ovs_idl/transaction.py:89}}
Jun 19 13:48:23.542371 np0000003290 devstack@neutron-api.service[90117]: DEBUG ovsdbapp.backend.ovs_idl.transaction [-] Running txn n=1 command(idx=1): QoSDelCommand(_result=None, switch=neutron-c8828000-fc37-480d-969b-4ecb86d53196, conditions=[('direction', '=', 'to-lport'), ('priority', '=', 2002), ('match', '=', 'outport == "cc9f6df7-f84a-4d86-83a6-195ea4e47f4d"')], if_exists=True) {{(pid=90117) do_commit /opt/stack/data/venv/lib/python3.12/site-packages/ovsdbapp/backend/ovs_idl/transaction.py:89}}
Jun 19 13:48:23.542527 np0000003290 devstack@neutron-api.service[90117]: DEBUG ovsdbapp.backend.ovs_idl.transaction [-] Running txn n=1 command(idx=2): QoSDelCommand(_result=None, switch=neutron-c8828000-fc37-480d-969b-4ecb86d53196, conditions=[('direction', '=', 'from-lport'), ('priority', '=', 2002), ('match', '=', 'inport == "cc9f6df7-f84a-4d86-83a6-195ea4e47f4d"')], if_exists=True) {{(pid=90117) do_commit /opt/stack/data/venv/lib/python3.12/site-packages/ovsdbapp/backend/ovs_idl/transaction.py:89}}
Jun 19 13:48:23.547230 np0000003290 devstack@neutron-api.service[90119]: DEBUG neutron.plugins.ml2.drivers.ovn.mech_driver.ovsdb.ovsdb_monitor [-] Hash Ring: Node 25e02a01678159cfa1c10f8edd88ee03 (host: np0000003290) handling event "update" for row c8828000-fc37-480d-969b-4ecb86d53196 (table: Logical_Switch) {{(pid=90119) notify /opt/stack/neutron/neutron/plugins/ml2/drivers/ovn/mech_driver/ovsdb/ovsdb_monitor.py:1015}}
Jun 19 13:48:23.547230 np0000003290 devstack@neutron-api.service[90119]: DEBUG neutron.plugins.ml2.drivers.ovn.mech_driver.ovsdb.ovsdb_monitor [-] Hash Ring: Node 25e02a01678159cfa1c10f8edd88ee03 (host: np0000003290) handling event "create" for row c98374a8-9b7e-4ec3-a9e5-0e11d1c6833c (table: Logical_Switch_Port) {{(pid=90119) notify /opt/stack/neutron/neutron/plugins/ml2/drivers/ovn/mech_driver/ovsdb/ovsdb_monitor.py:1015}}
