Jul 24 01:42:23.644755 np0000005798 devstack@g-api.service[103025]: DEBUG glance.common.config [None req-668df7b9-2e31-4988-8ff4-a17804568027 None None] database.asyncio_connection = **** {{(pid=103025) log_opt_values /opt/stack/data/venv/lib/python3.12/site-packages/oslo_config/cfg.py:3253}}
Jul 24 01:42:23.644838 np0000005798 devstack@g-api.service[103024]: DEBUG glance.common.config [None req-efbe744b-c4cd-4991-8a6b-481ee647133d None None] database.retry_interval = 10 {{(pid=103024) log_opt_values /opt/stack/data/venv/lib/python3.12/site-packages/oslo_config/cfg.py:3253}}
Jul 24 01:42:23.644875 np0000005798 devstack@g-api.service[103025]: DEBUG glance.common.config [None req-668df7b9-2e31-4988-8ff4-a17804568027 None None] database.asyncio_slave_connection = **** {{(pid=103025) log_opt_values /opt/stack/data/venv/lib/python3.12/site-packages/oslo_config/cfg.py:3253}}
Jul 24 01:42:23.644914 np0000005798 devstack@g-api.service[103024]: DEBUG glance.common.config [None req-efbe744b-c4cd-4991-8a6b-481ee647133d None None] database.slave_connection = **** {{(pid=103024) log_opt_values /opt/stack/data/venv/lib/python3.12/site-packages/oslo_config/cfg.py:3253}}
Jul 24 01:42:23.644951 np0000005798 devstack@g-api.service[103025]: DEBUG glance.common.config [None req-668df7b9-2e31-4988-8ff4-a17804568027 None None] database.backend = sqlalchemy {{(pid=103025) log_opt_values /opt/stack/data/venv/lib/python3.12/site-packages/oslo_config/cfg.py:3253}}
Jul 24 01:42:23.644997 np0000005798 devstack@g-api.service[103024]: DEBUG glance.common.config [None req-efbe744b-c4cd-4991-8a6b-481ee647133d None None] database.sqlite_synchronous = True {{(pid=103024) log_opt_values /opt/stack/data/venv/lib/python3.12/site-packages/oslo_config/cfg.py:3253}}
Jul 24 01:42:23.645040 np0000005798 devstack@g-api.service[103025]: DEBUG glance.common.config [None req-668df7b9-2e31-4988-8ff4-a17804568027 None None] database.connection = **** {{(pid=103025) log_opt_values /opt/stack/data/venv/lib/python3.12/site-packages/oslo_config/cfg.py:3253}}
Jul 24 01:42:23.645040 np0000005798 devstack@g-api.service[103025]: DEBUG glance.common.config [None req-668df7b9-2e31-4988-8ff4-a17804568027 None None] database.connection_debug = 0 {{(pid=103025) log_opt_values /opt/stack/data/venv/lib/python3.12/site-packages/oslo_config/cfg.py:3253}}
Jul 24 01:42:23.645114 np0000005798 devstack@g-api.service[103024]: DEBUG glance.common.config [None req-efbe744b-c4cd-4991-8a6b-481ee647133d None None] database.synchronous_reader = True {{(pid=103024) log_opt_values /opt/stack/data/venv/lib/python3.12/site-packages/oslo_config/cfg.py:3253}}
Jul 24 01:42:23.645168 np0000005798 devstack@g-api.service[103025]: DEBUG glance.common.config [None req-668df7b9-2e31-4988-8ff4-a17804568027 None None] database.connection_parameters = {{(pid=103025) log_opt_values /opt/stack/data/venv/lib/python3.12/site-packages/oslo_config/cfg.py:3253}}
Jul 24 01:42:23.645208 np0000005798 devstack@g-api.service[103024]: DEBUG glance.common.config [None req-efbe744b-c4cd-4991-8a6b-481ee647133d None None] database.use_db_reconnect = False {{(pid=103024) log_opt_values /opt/stack/data/venv/lib/python3.12/site-packages/oslo_config/cfg.py:3253}}
Jul 24 01:42:23.645245 np0000005798 devstack@g-api.service[103025]: DEBUG glance.common.config [None req-668df7b9-2e31-4988-8ff4-a17804568027 None None] database.connection_recycle_time = 3600 {{(pid=103025) log_opt_values /opt/stack/data/venv/lib/python3.12/site-packages/oslo_config/cfg.py:3253}}
Jul 24 01:42:23.645245 np0000005798 devstack@g-api.service[103025]: DEBUG glance.common.config [None req-668df7b9-2e31-4988-8ff4-a17804568027 None None] database.connection_trace = False {{(pid=103025) log_opt_values /opt/stack/data/venv/lib/python3.12/site-packages/oslo_config/cfg.py:3253}}
Jul 24 01:42:23.645389 np0000005798 devstack@g-api.service[103024]: DEBUG glance.common.config [None req-efbe744b-c4cd-4991-8a6b-481ee647133d None None] healthcheck.allowed_source_ranges = [] {{(pid=103024) log_opt_values /opt/stack/data/venv/lib/python3.12/site-packages/oslo_config/cfg.py:3253}}
Jul 24 01:42:23.645431 np0000005798 devstack@g-api.service[103025]: DEBUG glance.common.config [None req-668df7b9-2e31-4988-8ff4-a17804568027 None None] database.db_inc_retry_interval = True {{(pid=103025) log_opt_values /opt/stack/data/venv/lib/python3.12/site-packages/oslo_config/cfg.py:3253}}
Jul 24 01:42:23.645431 np0000005798 devstack@g-api.service[103025]: DEBUG glance.common.config [None req-668df7b9-2e31-4988-8ff4-a17804568027 None None] database.db_max_retries = 20 {{(pid=103025) log_opt_values /opt/stack/data/venv/lib/python3.12/site-packages/oslo_config/cfg.py:3253}}
Jul 24 01:42:23.645499 np0000005798 devstack@g-api.service[103024]: DEBUG glance.common.config [None req-efbe744b-c4cd-4991-8a6b-481ee647133d None None] healthcheck.backends = ['disable_by_file'] {{(pid=103024) log_opt_values /opt/stack/data/venv/lib/python3.12/site-packages/oslo_config/cfg.py:3253}}
Jul 24 01:42:23.645541 np0000005798 devstack@g-api.service[103025]: DEBUG glance.common.config [None req-668df7b9-2e31-4988-8ff4-a17804568027 None None] database.db_max_retry_interval = 10 {{(pid=103025) log_opt_values /opt/stack/data/venv/lib/python3.12/site-packages/oslo_config/cfg.py:3253}}
Jul 24 01:42:23.645579 np0000005798 devstack@g-api.service[103024]: DEBUG glance.common.config [None req-efbe744b-c4cd-4991-8a6b-481ee647133d None None] healthcheck.detailed = False {{(pid=103024) log_opt_values /opt/stack/data/venv/lib/python3.12/site-packages/oslo_config/cfg.py:3253}}
Jul 24 01:42:23.645649 np0000005798 devstack@g-api.service[103025]: DEBUG glance.common.config [None req-668df7b9-2e31-4988-8ff4-a17804568027 None None] database.db_retry_interval = 1 {{(pid=103025) log_opt_values /opt/stack/data/venv/lib/python3.12/site-packages/oslo_config/cfg.py:3253}}
Jul 24 01:42:23.645690 np0000005798 devstack@g-api.service[103024]: DEBUG glance.common.config [None req-efbe744b-c4cd-4991-8a6b-481ee647133d None None] healthcheck.disable_by_file_path = None {{(pid=103024) log_opt_values /opt/stack/data/venv/lib/python3.12/site-packages/oslo_config/cfg.py:3253}}
Jul 24 01:42:23.645741 np0000005798 devstack@g-api.service[103025]: DEBUG glance.common.config [None req-668df7b9-2e31-4988-8ff4-a17804568027 None None] database.max_overflow = 50 {{(pid=103025) log_opt_values /opt/stack/data/venv/lib/python3.12/site-packages/oslo_config/cfg.py:3253}}
Jul 24 01:42:23.645741 np0000005798 devstack@g-api.service[103025]: DEBUG glance.common.config [None req-668df7b9-2e31-4988-8ff4-a17804568027 None None] database.max_pool_size = 5 {{(pid=103025) log_opt_values /opt/stack/data/venv/lib/python3.12/site-packages/oslo_config/cfg.py:3253}}
Jul 24 01:42:23.645818 np0000005798 devstack@g-api.service[103024]: DEBUG glance.common.config [None req-efbe744b-c4cd-4991-8a6b-481ee647133d None None] healthcheck.ignore_proxied_requests = False {{(pid=103024) log_opt_values /opt/stack/data/venv/lib/python3.12/site-packages/oslo_config/cfg.py:3253}}
Jul 24 01:42:23.645852 np0000005798 devstack@g-api.service[103025]: DEBUG glance.common.config [None req-668df7b9-2e31-4988-8ff4-a17804568027 None None] database.max_retries = 10 {{(pid=103025) log_opt_values /opt/stack/data/venv/lib/python3.12/site-packages/oslo_config/cfg.py:3253}}
Jul 24 01:42:23.645887 np0000005798 devstack@g-api.service[103024]: DEBUG glance.common.config [None req-efbe744b-c4cd-4991-8a6b-481ee647133d None None] ******************************************************************************** {{(pid=103024) log_opt_values /opt/stack/data/venv/lib/python3.12/site-packages/oslo_config/cfg.py:3260}}
Jul 24 01:42:23.645921 np0000005798 devstack@g-api.service[103025]: DEBUG glance.common.config [None req-668df7b9-2e31-4988-8ff4-a17804568027 None None] database.mysql_sql_mode = TRADITIONAL {{(pid=103025) log_opt_values /opt/stack/data/venv/lib/python3.12/site-packages/oslo_config/cfg.py:3253}}
Jul 24 01:42:23.645921 np0000005798 devstack@g-api.service[103025]: DEBUG glance.common.config [None req-668df7b9-2e31-4988-8ff4-a17804568027 None None] database.mysql_wsrep_sync_wait = None {{(pid=103025) log_opt_values /opt/stack/data/venv/lib/python3.12/site-packages/oslo_config/cfg.py:3253}}
Jul 24 01:42:23.646000 np0000005798 devstack@g-api.service[103024]: WSGI app 0 (mountpoint='') ready in 2 seconds on interpreter 0x77dc386a4668 pid: 103024 (default app)
Jul 24 01:42:23.646049 np0000005798 devstack@g-api.service[103025]: DEBUG glance.common.config [None req-668df7b9-2e31-4988-8ff4-a17804568027 None None] database.pool_timeout = None {{(pid=103025) log_opt_values /opt/stack/data/venv/lib/python3.12/site-packages/oslo_config/cfg.py:3253}}
Jul 24 01:42:23.646049 np0000005798 devstack@g-api.service[103025]: DEBUG glance.common.config [None req-668df7b9-2e31-4988-8ff4-a17804568027 None None] database.retry_interval = 10 {{(pid=103025) log_opt_values /opt/stack/data/venv/lib/python3.12/site-packages/oslo_config/cfg.py:3253}}
Jul 24 01:42:23.646049 np0000005798 devstack@g-api.service[103025]: DEBUG glance.common.config [None req-668df7b9-2e31-4988-8ff4-a17804568027 None None] database.slave_connection = **** {{(pid=103025) log_opt_values /opt/stack/data/venv/lib/python3.12/site-packages/oslo_config/cfg.py:3253}}
Jul 24 01:42:23.646049 np0000005798 devstack@g-api.service[103025]: DEBUG glance.common.config [None req-668df7b9-2e31-4988-8ff4-a17804568027 None None] database.sqlite_synchronous = True {{(pid=103025) log_opt_values /opt/stack/data/venv/lib/python3.12/site-packages/oslo_config/cfg.py:3253}}
Jul 24 01:42:23.646049 np0000005798 devstack@g-api.service[103025]: DEBUG glance.common.config [None req-668df7b9-2e31-4988-8ff4-a17804568027 None None] database.synchronous_reader = True {{(pid=103025) log_opt_values /opt/stack/data/venv/lib/python3.12/site-packages/oslo_config/cfg.py:3253}}
Jul 24 01:42:23.646049 np0000005798 devstack@g-api.service[103025]: DEBUG glance.common.config [None req-668df7b9-2e31-4988-8ff4-a17804568027 None None] database.use_db_reconnect = False {{(pid=103025) log_opt_values /opt/stack/data/venv/lib/python3.12/site-packages/oslo_config/cfg.py:3253}}
Jul 24 01:42:23.646049 np0000005798 devstack@g-api.service[103025]: DEBUG glance.common.config [None req-668df7b9-2e31-4988-8ff4-a17804568027 None None] healthcheck.allowed_source_ranges = [] {{(pid=103025) log_opt_values /opt/stack/data/venv/lib/python3.12/site-packages/oslo_config/cfg.py:3253}}
Jul 24 01:42:23.646280 np0000005798 devstack@g-api.service[103025]: DEBUG glance.common.config [None req-668df7b9-2e31-4988-8ff4-a17804568027 None None] healthcheck.backends = ['disable_by_file'] {{(pid=103025) log_opt_values /opt/stack/data/venv/lib/python3.12/site-packages/oslo_config/cfg.py:3253}}
Jul 24 01:42:23.646280 np0000005798 devstack@g-api.service[103025]: DEBUG glance.common.config [None req-668df7b9-2e31-4988-8ff4-a17804568027 None None] healthcheck.detailed = False {{(pid=103025) log_opt_values /opt/stack/data/venv/lib/python3.12/site-packages/oslo_config/cfg.py:3253}}
Jul 24 01:42:23.646280 np0000005798 devstack@g-api.service[103025]: DEBUG glance.common.config [None req-668df7b9-2e31-4988-8ff4-a17804568027 None None] healthcheck.disable_by_file_path = None {{(pid=103025) log_opt_values /opt/stack/data/venv/lib/python3.12/site-packages/oslo_config/cfg.py:3253}}
Jul 24 01:42:23.646280 np0000005798 devstack@g-api.service[103025]: DEBUG glance.common.config [None req-668df7b9-2e31-4988-8ff4-a17804568027 None None] healthcheck.ignore_proxied_requests = False {{(pid=103025) log_opt_values /opt/stack/data/venv/lib/python3.12/site-packages/oslo_config/cfg.py:3253}}
Jul 24 01:42:23.646280 np0000005798 devstack@g-api.service[103025]: DEBUG glance.common.config [None req-668df7b9-2e31-4988-8ff4-a17804568027 None None] ******************************************************************************** {{(pid=103025) log_opt_values /opt/stack/data/venv/lib/python3.12/site-packages/oslo_config/cfg.py:3260}}
Jul 24 01:42:23.646280 np0000005798 devstack@g-api.service[103025]: WSGI app 0 (mountpoint='') ready in 2 seconds on interpreter 0x77dc386a4668 pid: 103025 (default app)
Jul 24 01:42:25.440000 np0000005798 devstack@g-api.service[103022]: DEBUG glance.api.middleware.version_negotiation [None req-ace553de-5543-4635-8b0e-c9c98cd86071 None None] Determining version of request: GET / Accept: application/json {{(pid=103022) process_request /opt/stack/glance/glance/api/middleware/version_negotiation.py:44}}
Jul 24 01:42:25.440703 np0000005798 devstack@g-api.service[103022]: DEBUG glance.api.middleware.version_negotiation [None req-ace553de-5543-4635-8b0e-c9c98cd86071 None None] Using url versioning {{(pid=103022) process_request /opt/stack/glance/glance/api/middleware/version_negotiation.py:57}}
Jul 24 01:42:25.440703 np0000005798 devstack@g-api.service[103022]: DEBUG glance.api.middleware.version_negotiation [None req-ace553de-5543-4635-8b0e-c9c98cd86071 None None] Unknown version. Returning version choices. {{(pid=103022) process_request /opt/stack/glance/glance/api/middleware/version_negotiation.py:64}}
Jul 24 01:42:25.441093 np0000005798 devstack@g-api.service[103022]: [pid: 103022|app: 0|req: 2/2] 127.0.0.1 () {36 vars in 569 bytes} [Fri Jul 24 01:42:25 2026] GET / => generated 1501 bytes in 1 msecs (HTTP/1.1 300) 3 headers in 106 bytes (1 switches on core 0)
Jul 24 01:42:25.455146 np0000005798 devstack@g-api.service[103023]: DEBUG glance.api.middleware.version_negotiation [None req-e34a2228-3d48-4bd4-a0a8-96a7fc220558 None None] Determining version of request: POST /v2/images Accept: */* {{(pid=103023) process_request /opt/stack/glance/glance/api/middleware/version_negotiation.py:44}}
Jul 24 01:42:25.455669 np0000005798 devstack@g-api.service[103023]: DEBUG glance.api.middleware.version_negotiation [None req-e34a2228-3d48-4bd4-a0a8-96a7fc220558 None None] Using url versioning {{(pid=103023) process_request /opt/stack/glance/glance/api/middleware/version_negotiation.py:57}}
Jul 24 01:42:25.456050 np0000005798 devstack@g-api.service[103023]: DEBUG glance.api.middleware.version_negotiation [None req-e34a2228-3d48-4bd4-a0a8-96a7fc220558 None None] Matched version: v2 {{(pid=103023) process_request /opt/stack/glance/glance/api/middleware/version_negotiation.py:69}}
Jul 24 01:42:25.456190 np0000005798 devstack@g-api.service[103023]: DEBUG glance.api.middleware.version_negotiation [None req-e34a2228-3d48-4bd4-a0a8-96a7fc220558 None None] new path /v2/images {{(pid=103023) process_request /opt/stack/glance/glance/api/middleware/version_negotiation.py:70}}
Jul 24 01:42:26.514224 np0000005798 devstack@g-api.service[103023]: [pid: 103023|app: 0|req: 1/3] 127.0.0.1 () {42 vars in 832 bytes} [Fri Jul 24 01:42:25 2026] POST /v2/images => generated 807 bytes in 1059 msecs (HTTP/1.1 201) 6 headers in 315 bytes (1 switches on core 0)
Jul 24 01:42:26.524087 np0000005798 devstack@g-api.service[103024]: DEBUG glance.api.middleware.version_negotiation [None req-efbe744b-c4cd-4991-8a6b-481ee647133d None None] Determining version of request: PUT /v2/images/a78f4a76-cc58-48aa-8a54-1e4a904bdaae/stage Accept: {{(pid=103024) process_request /opt/stack/glance/glance/api/middleware/version_negotiation.py:44}}
Jul 24 01:42:26.524556 np0000005798 devstack@g-api.service[103024]: DEBUG glance.api.middleware.version_negotiation [None req-efbe744b-c4cd-4991-8a6b-481ee647133d None None] Using url versioning {{(pid=103024) process_request /opt/stack/glance/glance/api/middleware/version_negotiation.py:57}}
Jul 24 01:42:26.524899 np0000005798 devstack@g-api.service[103024]: DEBUG glance.api.middleware.version_negotiation [None req-efbe744b-c4cd-4991-8a6b-481ee647133d None None] Matched version: v2 {{(pid=103024) process_request /opt/stack/glance/glance/api/middleware/version_negotiation.py:69}}
Jul 24 01:42:26.525078 np0000005798 devstack@g-api.service[103024]: DEBUG glance.api.middleware.version_negotiation [None req-efbe744b-c4cd-4991-8a6b-481ee647133d None None] new path /v2/images/a78f4a76-cc58-48aa-8a54-1e4a904bdaae/stage {{(pid=103024) process_request /opt/stack/glance/glance/api/middleware/version_negotiation.py:70}}
Jul 24 01:42:27.205788 np0000005798 devstack@g-api.service[103024]: DEBUG glance_store.backend [None req-33a56721-cd9e-439a-934e-27b36b4b3c56 admin admin] Attempting to import store cinder {{(pid=103024) _load_store /opt/stack/data/venv/lib/python3.12/site-packages/glance_store/backend.py:215}}
Jul 24 01:42:27.205976 np0000005798 devstack@g-api.service[103024]: DEBUG glance_store.backend [None req-33a56721-cd9e-439a-934e-27b36b4b3c56 admin admin] Attempting to import store file {{(pid=103024) _load_store /opt/stack/data/venv/lib/python3.12/site-packages/glance_store/backend.py:215}}
Jul 24 01:42:27.205976 np0000005798 devstack@g-api.service[103024]: DEBUG glance_store.backend [None req-33a56721-cd9e-439a-934e-27b36b4b3c56 admin admin] Attempting to import store glance.store.cinder.Store {{(pid=103024) _load_store /opt/stack/data/venv/lib/python3.12/site-packages/glance_store/backend.py:215}}
Jul 24 01:42:27.206083 np0000005798 devstack@g-api.service[103024]: DEBUG glance_store.backend [None req-33a56721-cd9e-439a-934e-27b36b4b3c56 admin admin] Attempting to import store glance.store.filesystem.Store {{(pid=103024) _load_store /opt/stack/data/venv/lib/python3.12/site-packages/glance_store/backend.py:215}}
Jul 24 01:42:27.206144 np0000005798 devstack@g-api.service[103024]: DEBUG glance_store.backend [None req-33a56721-cd9e-439a-934e-27b36b4b3c56 admin admin] Attempting to import store glance.store.http.Store {{(pid=103024) _load_store /opt/stack/data/venv/lib/python3.12/site-packages/glance_store/backend.py:215}}
Jul 24 01:42:27.206260 np0000005798 devstack@g-api.service[103024]: DEBUG glance_store.backend [None req-33a56721-cd9e-439a-934e-27b36b4b3c56 admin admin] Attempting to import store glance.store.rbd.Store {{(pid=103024) _load_store /opt/stack/data/venv/lib/python3.12/site-packages/glance_store/backend.py:215}}
Jul 24 01:42:27.206392 np0000005798 devstack@g-api.service[103024]: DEBUG glance_store.backend [None req-33a56721-cd9e-439a-934e-27b36b4b3c56 admin admin] Attempting to import store glance.store.s3.Store {{(pid=103024) _load_store /opt/stack/data/venv/lib/python3.12/site-packages/glance_store/backend.py:215}}
Jul 24 01:42:27.206549 np0000005798 devstack@g-api.service[103024]: DEBUG glance_store.backend [None req-33a56721-cd9e-439a-934e-27b36b4b3c56 admin admin] Attempting to import store glance.store.swift.Store {{(pid=103024) _load_store /opt/stack/data/venv/lib/python3.12/site-packages/glance_store/backend.py:215}}
Jul 24 01:42:27.206731 np0000005798 devstack@g-api.service[103024]: DEBUG glance_store.backend [None req-33a56721-cd9e-439a-934e-27b36b4b3c56 admin admin] Attempting to import store glance.store.vmware_datastore.Store {{(pid=103024) _load_store /opt/stack/data/venv/lib/python3.12/site-packages/glance_store/backend.py:215}}
Jul 24 01:42:27.206892 np0000005798 devstack@g-api.service[103024]: DEBUG glance_store.backend [None req-33a56721-cd9e-439a-934e-27b36b4b3c56 admin admin] Attempting to import store http {{(pid=103024) _load_store /opt/stack/data/venv/lib/python3.12/site-packages/glance_store/backend.py:215}}
Jul 24 01:42:27.207050 np0000005798 devstack@g-api.service[103024]: DEBUG glance_store.backend [None req-33a56721-cd9e-439a-934e-27b36b4b3c56 admin admin] Attempting to import store no_conf {{(pid=103024) _load_store /opt/stack/data/venv/lib/python3.12/site-packages/glance_store/backend.py:215}}
Jul 24 01:42:27.207230 np0000005798 devstack@g-api.service[103024]: DEBUG glance_store.backend [None req-33a56721-cd9e-439a-934e-27b36b4b3c56 admin admin] Attempting to import store rbd {{(pid=103024) _load_store /opt/stack/data/venv/lib/python3.12/site-packages/glance_store/backend.py:215}}
Jul 24 01:42:27.207384 np0000005798 devstack@g-api.service[103024]: DEBUG glance_store.backend [None req-33a56721-cd9e-439a-934e-27b36b4b3c56 admin admin] Attempting to import store s3 {{(pid=103024) _load_store /opt/stack/data/venv/lib/python3.12/site-packages/glance_store/backend.py:215}}
Jul 24 01:42:27.207515 np0000005798 devstack@g-api.service[103024]: DEBUG glance_store.backend [None req-33a56721-cd9e-439a-934e-27b36b4b3c56 admin admin] Attempting to import store swift {{(pid=103024) _load_store /opt/stack/data/venv/lib/python3.12/site-packages/glance_store/backend.py:215}}
Jul 24 01:42:27.207675 np0000005798 devstack@g-api.service[103024]: DEBUG glance_store.backend [None req-33a56721-cd9e-439a-934e-27b36b4b3c56 admin admin] Attempting to import store vmware {{(pid=103024) _load_store /opt/stack/data/venv/lib/python3.12/site-packages/glance_store/backend.py:215}}
Jul 24 01:42:27.207837 np0000005798 devstack@g-api.service[103024]: DEBUG glance_store.backend [None req-33a56721-cd9e-439a-934e-27b36b4b3c56 admin admin] Registering options for group glance_store {{(pid=103024) register_opts /opt/stack/data/venv/lib/python3.12/site-packages/glance_store/backend.py:144}}
Jul 24 01:42:27.208009 np0000005798 devstack@g-api.service[103024]: DEBUG glance_store.backend [None req-33a56721-cd9e-439a-934e-27b36b4b3c56 admin admin] Registering options for group glance_store {{(pid=103024) register_opts /opt/stack/data/venv/lib/python3.12/site-packages/glance_store/backend.py:144}}
Jul 24 01:42:27.208583 np0000005798 devstack@g-api.service[103024]: DEBUG glance_store.backend [None req-33a56721-cd9e-439a-934e-27b36b4b3c56 admin admin] Attempting to import store file {{(pid=103024) _load_store /opt/stack/data/venv/lib/python3.12/site-packages/glance_store/backend.py:215}}
Jul 24 01:42:27.209131 np0000005798 devstack@g-api.service[103024]: INFO glance_store._drivers.filesystem [None req-33a56721-cd9e-439a-934e-27b36b4b3c56 admin admin] Directory to write image files does not exist (/tmp/staging/). Creating.
Jul 24 01:42:27.209461 np0000005798 devstack@g-api.service[103024]: DEBUG glance_store.capabilities [None req-33a56721-cd9e-439a-934e-27b36b4b3c56 admin admin] Store glance_store._drivers.filesystem.Store doesn't support updating dynamic storage capabilities. Please overwrite 'update_capabilities' method of the store to implement updating logics if needed. {{(pid=103024) update_capabilities /opt/stack/data/venv/lib/python3.12/site-packages/glance_store/capabilities.py:91}}
Jul 24 01:42:27.859896 np0000005798 devstack@g-api.service[103024]: DEBUG glance_store._drivers.filesystem [None req-33a56721-cd9e-439a-934e-27b36b4b3c56 admin admin] Wrote 21430272 bytes to /tmp/staging/a78f4a76-cc58-48aa-8a54-1e4a904bdaae with checksum c8fc807773e5354afe61636071771906 and multihash c8fc807773e5354afe61636071771906 {{(pid=103024) add /opt/stack/data/venv/lib/python3.12/site-packages/glance_store/_drivers/filesystem.py:899}}
Jul 24 01:42:27.879183 np0000005798 devstack@g-api.service[103024]: [pid: 103024|app: 0|req: 1/4] 127.0.0.1 () {42 vars in 927 bytes} [Fri Jul 24 01:42:26 2026] PUT /v2/images/a78f4a76-cc58-48aa-8a54-1e4a904bdaae/stage => generated 0 bytes in 1355 msecs (HTTP/1.1 204) 4 headers in 171 bytes (1 switches on core 0)
Jul 24 01:42:27.888428 np0000005798 devstack@g-api.service[103025]: DEBUG glance.api.middleware.version_negotiation [None req-668df7b9-2e31-4988-8ff4-a17804568027 None None] Determining version of request: POST /v2/images/a78f4a76-cc58-48aa-8a54-1e4a904bdaae/import Accept: */* {{(pid=103025) process_request /opt/stack/glance/glance/api/middleware/version_negotiation.py:44}}
Jul 24 01:42:27.888815 np0000005798 devstack@g-api.service[103025]: DEBUG glance.api.middleware.version_negotiation [None req-668df7b9-2e31-4988-8ff4-a17804568027 None None] Using url versioning {{(pid=103025) process_request /opt/stack/glance/glance/api/middleware/version_negotiation.py:57}}
Jul 24 01:42:27.889028 np0000005798 devstack@g-api.service[103025]: DEBUG glance.api.middleware.version_negotiation [None req-668df7b9-2e31-4988-8ff4-a17804568027 None None] Matched version: v2 {{(pid=103025) process_request /opt/stack/glance/glance/api/middleware/version_negotiation.py:69}}
Jul 24 01:42:27.889144 np0000005798 devstack@g-api.service[103025]: DEBUG glance.api.middleware.version_negotiation [None req-668df7b9-2e31-4988-8ff4-a17804568027 None None] new path /v2/images/a78f4a76-cc58-48aa-8a54-1e4a904bdaae/import {{(pid=103025) process_request /opt/stack/glance/glance/api/middleware/version_negotiation.py:70}}
Jul 24 01:42:28.563791 np0000005798 devstack@g-api.service[103025]: DEBUG glance.domain [None req-c3611ac3-372a-4db8-92d9-032b2afeeb69 admin admin] Loading taskflow executor {{(pid=103025) new_task_executor /opt/stack/glance/glance/domain/__init__.py:515}}
Jul 24 01:42:28.766170 np0000005798 devstack@g-api.service[103025]: DEBUG oslo_concurrency.lockutils [None req-c3611ac3-372a-4db8-92d9-032b2afeeb69 admin admin] Acquiring lock "tasks_pool" by "glance.api.common.memoize..memoizer_wrapper..memoizer" {{(pid=103025) inner /opt/stack/data/venv/lib/python3.12/site-packages/oslo_concurrency/lockutils.py:512}}
Jul 24 01:42:28.766355 np0000005798 devstack@g-api.service[103025]: DEBUG oslo_concurrency.lockutils [None req-c3611ac3-372a-4db8-92d9-032b2afeeb69 admin admin] Lock "tasks_pool" acquired by "glance.api.common.memoize..memoizer_wrapper..memoizer" :: waited 0.000s {{(pid=103025) inner /opt/stack/data/venv/lib/python3.12/site-packages/oslo_concurrency/lockutils.py:525}}
Jul 24 01:42:28.766757 np0000005798 devstack@g-api.service[103025]: DEBUG glance.api.common [None req-c3611ac3-372a-4db8-92d9-032b2afeeb69 admin admin] Initializing named threadpool 'tasks_pool' {{(pid=103025) _get_thread_pool /opt/stack/glance/glance/api/common.py:242}}
Jul 24 01:42:28.767184 np0000005798 devstack@g-api.service[103025]: DEBUG glance.async_ [None req-c3611ac3-372a-4db8-92d9-032b2afeeb69 admin admin] Creating threadpool model 'ThreadPoolExecutor' with size 16 {{(pid=103025) __init__ /opt/stack/glance/glance/async_/__init__.py:100}}
Jul 24 01:42:28.767322 np0000005798 devstack@g-api.service[103025]: DEBUG oslo_concurrency.lockutils [None req-c3611ac3-372a-4db8-92d9-032b2afeeb69 admin admin] Lock "tasks_pool" "released" by "glance.api.common.memoize..memoizer_wrapper..memoizer" :: held 0.001s {{(pid=103025) inner /opt/stack/data/venv/lib/python3.12/site-packages/oslo_concurrency/lockutils.py:544}}
Jul 24 01:42:28.767451 np0000005798 devstack@g-api.service[103025]: DEBUG glance.async_ [None req-c3611ac3-372a-4db8-92d9-032b2afeeb69 admin admin] Spawning with ThreadPoolExecutor: >((,), {}) {{(pid=103025) spawn /opt/stack/glance/glance/async_/__init__.py:106}}
Jul 24 01:42:28.769411 np0000005798 devstack@g-api.service[103025]: [pid: 103025|app: 0|req: 1/5] 127.0.0.1 () {42 vars in 919 bytes} [Fri Jul 24 01:42:27 2026] POST /v2/images/a78f4a76-cc58-48aa-8a54-1e4a904bdaae/import => generated 0 bytes in 881 msecs (HTTP/1.1 202) 4 headers in 169 bytes (1 switches on core 0)
Jul 24 01:42:28.772135 np0000005798 devstack@g-api.service[103025]: INFO glance.domain [-] Task [dad225ac-f073-4eb6-a604-b927f4d407e1] status changing from pending to processing
Jul 24 01:42:28.777911 np0000005798 devstack@g-api.service[103022]: DEBUG glance.api.middleware.version_negotiation [None req-ace553de-5543-4635-8b0e-c9c98cd86071 None None] Determining version of request: GET /v2/images/a78f4a76-cc58-48aa-8a54-1e4a904bdaae Accept: */* {{(pid=103022) process_request /opt/stack/glance/glance/api/middleware/version_negotiation.py:44}}
Jul 24 01:42:28.778347 np0000005798 devstack@g-api.service[103022]: DEBUG glance.api.middleware.version_negotiation [None req-ace553de-5543-4635-8b0e-c9c98cd86071 None None] Using url versioning {{(pid=103022) process_request /opt/stack/glance/glance/api/middleware/version_negotiation.py:57}}
Jul 24 01:42:28.778473 np0000005798 devstack@g-api.service[103022]: DEBUG glance.api.middleware.version_negotiation [None req-ace553de-5543-4635-8b0e-c9c98cd86071 None None] Matched version: v2 {{(pid=103022) process_request /opt/stack/glance/glance/api/middleware/version_negotiation.py:69}}
Jul 24 01:42:28.778572 np0000005798 devstack@g-api.service[103022]: DEBUG glance.api.middleware.version_negotiation [None req-ace553de-5543-4635-8b0e-c9c98cd86071 None None] new path /v2/images/a78f4a76-cc58-48aa-8a54-1e4a904bdaae {{(pid=103022) process_request /opt/stack/glance/glance/api/middleware/version_negotiation.py:70}}
Jul 24 01:42:28.783819 np0000005798 devstack@g-api.service[103025]: DEBUG glance.async_.taskflow_executor [-] Taskflow executor picked up the execution of task ID dad225ac-f073-4eb6-a604-b927f4d407e1 of task type api_image_import {{(pid=103025) _run /opt/stack/glance/glance/async_/taskflow_executor.py:175}}
Jul 24 01:42:28.803196 np0000005798 devstack@g-api.service[103025]: DEBUG glance_store.backend [-] Attempting to import store cinder {{(pid=103025) _load_store /opt/stack/data/venv/lib/python3.12/site-packages/glance_store/backend.py:215}}
Jul 24 01:42:28.803358 np0000005798 devstack@g-api.service[103025]: DEBUG glance_store.backend [-] Attempting to import store file {{(pid=103025) _load_store /opt/stack/data/venv/lib/python3.12/site-packages/glance_store/backend.py:215}}
Jul 24 01:42:28.803358 np0000005798 devstack@g-api.service[103025]: DEBUG glance_store.backend [-] Attempting to import store glance.store.cinder.Store {{(pid=103025) _load_store /opt/stack/data/venv/lib/python3.12/site-packages/glance_store/backend.py:215}}
Jul 24 01:42:28.803439 np0000005798 devstack@g-api.service[103025]: DEBUG glance_store.backend [-] Attempting to import store glance.store.filesystem.Store {{(pid=103025) _load_store /opt/stack/data/venv/lib/python3.12/site-packages/glance_store/backend.py:215}}
Jul 24 01:42:28.803505 np0000005798 devstack@g-api.service[103025]: DEBUG glance_store.backend [-] Attempting to import store glance.store.http.Store {{(pid=103025) _load_store /opt/stack/data/venv/lib/python3.12/site-packages/glance_store/backend.py:215}}
Jul 24 01:42:28.803585 np0000005798 devstack@g-api.service[103025]: DEBUG glance_store.backend [-] Attempting to import store glance.store.rbd.Store {{(pid=103025) _load_store /opt/stack/data/venv/lib/python3.12/site-packages/glance_store/backend.py:215}}
Jul 24 01:42:28.803669 np0000005798 devstack@g-api.service[103025]: DEBUG glance_store.backend [-] Attempting to import store glance.store.s3.Store {{(pid=103025) _load_store /opt/stack/data/venv/lib/python3.12/site-packages/glance_store/backend.py:215}}
Jul 24 01:42:28.803742 np0000005798 devstack@g-api.service[103025]: DEBUG glance_store.backend [-] Attempting to import store glance.store.swift.Store {{(pid=103025) _load_store /opt/stack/data/venv/lib/python3.12/site-packages/glance_store/backend.py:215}}
Jul 24 01:42:28.803820 np0000005798 devstack@g-api.service[103025]: DEBUG glance_store.backend [-] Attempting to import store glance.store.vmware_datastore.Store {{(pid=103025) _load_store /opt/stack/data/venv/lib/python3.12/site-packages/glance_store/backend.py:215}}
Jul 24 01:42:28.803913 np0000005798 devstack@g-api.service[103025]: DEBUG glance_store.backend [-] Attempting to import store http {{(pid=103025) _load_store /opt/stack/data/venv/lib/python3.12/site-packages/glance_store/backend.py:215}}
Jul 24 01:42:28.803986 np0000005798 devstack@g-api.service[103025]: DEBUG glance_store.backend [-] Attempting to import store no_conf {{(pid=103025) _load_store /opt/stack/data/venv/lib/python3.12/site-packages/glance_store/backend.py:215}}
Jul 24 01:42:28.804055 np0000005798 devstack@g-api.service[103025]: DEBUG glance_store.backend [-] Attempting to import store rbd {{(pid=103025) _load_store /opt/stack/data/venv/lib/python3.12/site-packages/glance_store/backend.py:215}}
Jul 24 01:42:28.804136 np0000005798 devstack@g-api.service[103025]: DEBUG glance_store.backend [-] Attempting to import store s3 {{(pid=103025) _load_store /opt/stack/data/venv/lib/python3.12/site-packages/glance_store/backend.py:215}}
Jul 24 01:42:28.804223 np0000005798 devstack@g-api.service[103025]: DEBUG glance_store.backend [-] Attempting to import store swift {{(pid=103025) _load_store /opt/stack/data/venv/lib/python3.12/site-packages/glance_store/backend.py:215}}
Jul 24 01:42:28.804282 np0000005798 devstack@g-api.service[103025]: DEBUG glance_store.backend [-] Attempting to import store vmware {{(pid=103025) _load_store /opt/stack/data/venv/lib/python3.12/site-packages/glance_store/backend.py:215}}
Jul 24 01:42:28.804353 np0000005798 devstack@g-api.service[103025]: DEBUG glance_store.backend [-] Registering options for group glance_store {{(pid=103025) register_opts /opt/stack/data/venv/lib/python3.12/site-packages/glance_store/backend.py:144}}
Jul 24 01:42:28.804424 np0000005798 devstack@g-api.service[103025]: DEBUG glance_store.backend [-] Registering options for group glance_store {{(pid=103025) register_opts /opt/stack/data/venv/lib/python3.12/site-packages/glance_store/backend.py:144}}
Jul 24 01:42:28.804718 np0000005798 devstack@g-api.service[103025]: DEBUG glance_store.backend [-] Attempting to import store file {{(pid=103025) _load_store /opt/stack/data/venv/lib/python3.12/site-packages/glance_store/backend.py:215}}
Jul 24 01:42:28.805053 np0000005798 devstack@g-api.service[103025]: DEBUG glance_store.capabilities [-] Store glance_store._drivers.filesystem.Store doesn't support updating dynamic storage capabilities. Please overwrite 'update_capabilities' method of the store to implement updating logics if needed. {{(pid=103025) update_capabilities /opt/stack/data/venv/lib/python3.12/site-packages/glance_store/capabilities.py:91}}
Jul 24 01:42:28.812016 np0000005798 devstack@g-api.service[103025]: DEBUG glance.async_.flows.api_image_import [-] Image a78f4a76-cc58-48aa-8a54-1e4a904bdaae os_glance_importing_to_stores= {{(pid=103025) merge_store_list /opt/stack/glance/glance/async_/flows/api_image_import.py:297}}
Jul 24 01:42:28.812161 np0000005798 devstack@g-api.service[103025]: DEBUG glance.async_.flows.api_image_import [-] Image a78f4a76-cc58-48aa-8a54-1e4a904bdaae os_glance_failed_import= {{(pid=103025) merge_store_list /opt/stack/glance/glance/async_/flows/api_image_import.py:297}}
Jul 24 01:42:28.816064 np0000005798 devstack@g-api.service[103025]: DEBUG glance.async_.flows.api_image_import [-] Image a78f4a76-cc58-48aa-8a54-1e4a904bdaae status changing from uploading to importing {{(pid=103025) __exit__ /opt/stack/glance/glance/async_/flows/api_image_import.py:184}}
Jul 24 01:42:28.817433 np0000005798 devstack@g-api.service[103022]: [pid: 103022|app: 0|req: 3/6] 127.0.0.1 () {38 vars in 852 bytes} [Fri Jul 24 01:42:28 2026] GET /v2/images/a78f4a76-cc58-48aa-8a54-1e4a904bdaae => generated 879 bytes in 39 msecs (HTTP/1.1 200) 4 headers in 157 bytes (1 switches on core 0)
Jul 24 01:42:29.367801 np0000005798 devstack@g-api.service[103025]: DEBUG glance.async_ [-] Creating threadpool model 'ThreadPoolExecutor' with size 10 {{(pid=103025) __init__ /opt/stack/glance/glance/async_/__init__.py:100}}
Jul 24 01:42:29.381864 np0000005798 devstack@g-api.service[103025]: DEBUG glance.async_.taskflow_executor [-] Flow 'api_image_import' (d77e2f88-36b2-4b08-957a-cf0eb6e8d294) transitioned into state 'RUNNING' from state 'PENDING' {{(pid=103025) _flow_receiver /opt/stack/data/venv/lib/python3.12/site-packages/taskflow/listeners/logging.py:160}}
Jul 24 01:42:29.383700 np0000005798 devstack@g-api.service[103025]: DEBUG glance.async_.taskflow_executor [-] Task 'api_image_import-ImageLock-dad225ac-f073-4eb6-a604-b927f4d407e1' (acfe87da-b788-4ffc-b437-10d57af94444) transitioned into state 'RUNNING' from state 'PENDING' {{(pid=103025) _task_receiver /opt/stack/data/venv/lib/python3.12/site-packages/taskflow/listeners/logging.py:242}}
Jul 24 01:42:29.390822 np0000005798 devstack@g-api.service[103025]: DEBUG glance.async_.flows.api_image_import [-] Image a78f4a76-cc58-48aa-8a54-1e4a904bdaae import task dad225ac-f073-4eb6-a604-b927f4d407e1 lock confirmed {{(pid=103025) execute /opt/stack/glance/glance/async_/flows/api_image_import.py:497}}
Jul 24 01:42:29.391540 np0000005798 devstack@g-api.service[103025]: DEBUG glance.async_.taskflow_executor [-] Task 'api_image_import-ImageLock-dad225ac-f073-4eb6-a604-b927f4d407e1' (acfe87da-b788-4ffc-b437-10d57af94444) transitioned into state 'SUCCESS' from state 'RUNNING' with result 'None' {{(pid=103025) _task_receiver /opt/stack/data/venv/lib/python3.12/site-packages/taskflow/listeners/logging.py:218}}
Jul 24 01:42:29.392298 np0000005798 devstack@g-api.service[103025]: DEBUG glance.async_.taskflow_executor [-] Task 'api_image_import-ConfigureStaging-dad225ac-f073-4eb6-a604-b927f4d407e1' (e02ac816-ae70-4c99-a5fc-959c50e2da23) transitioned into state 'RUNNING' from state 'PENDING' {{(pid=103025) _task_receiver /opt/stack/data/venv/lib/python3.12/site-packages/taskflow/listeners/logging.py:242}}
Jul 24 01:42:29.393010 np0000005798 devstack@g-api.service[103025]: DEBUG glance.async_.taskflow_executor [-] Task 'api_image_import-ConfigureStaging-dad225ac-f073-4eb6-a604-b927f4d407e1' (e02ac816-ae70-4c99-a5fc-959c50e2da23) transitioned into state 'SUCCESS' from state 'RUNNING' with result 'file:///tmp/staging/a78f4a76-cc58-48aa-8a54-1e4a904bdaae' {{(pid=103025) _task_receiver /opt/stack/data/venv/lib/python3.12/site-packages/taskflow/listeners/logging.py:218}}
Jul 24 01:42:29.393761 np0000005798 devstack@g-api.service[103025]: DEBUG glance.async_.taskflow_executor [-] Task 'api_image_import--ImportToStore-dad225ac-f073-4eb6-a604-b927f4d407e1' (d1c85a9c-0271-4b9a-85e7-dfef479a412d) transitioned into state 'RUNNING' from state 'PENDING' {{(pid=103025) _task_receiver /opt/stack/data/venv/lib/python3.12/site-packages/taskflow/listeners/logging.py:242}}
Jul 24 01:42:29.399116 np0000005798 devstack@g-api.service[103025]: INFO glance.common.scripts.image_import.main [-] Task dad225ac-f073-4eb6-a604-b927f4d407e1: Got image data uri file:///tmp/staging/a78f4a76-cc58-48aa-8a54-1e4a904bdaae to be imported
Jul 24 01:42:29.400489 np0000005798 devstack@g-api.service[103025]: DEBUG glance.location [-] Enabling in-flight format inspection for qcow2 {{(pid=103025) set_data /opt/stack/glance/glance/location.py:596}}
Jul 24 01:42:29.400840 np0000005798 devstack@g-api.service[103025]: DEBUG glance_store.backend [-] Attempting to import store swift {{(pid=103025) _load_store /opt/stack/data/venv/lib/python3.12/site-packages/glance_store/backend.py:215}}
Jul 24 01:42:29.402014 np0000005798 devstack@g-api.service[103025]: DEBUG glance_store.capabilities [-] Store glance_store._drivers.swift.store.SingleTenantStore doesn't support updating dynamic storage capabilities. Please overwrite 'update_capabilities' method of the store to implement updating logics if needed. {{(pid=103025) update_capabilities /opt/stack/data/venv/lib/python3.12/site-packages/glance_store/capabilities.py:91}}
Jul 24 01:42:29.402111 np0000005798 devstack@g-api.service[103025]: DEBUG glance_store.driver [-] Late loading location class glance_store._drivers.swift.store.StoreLocation {{(pid=103025) get_store_location_class /opt/stack/data/venv/lib/python3.12/site-packages/glance_store/driver.py:134}}
Jul 24 01:42:29.402183 np0000005798 devstack@g-api.service[103025]: DEBUG glance_store.location [-] Registering scheme swift+https with {'store': , 'location_class': , 'store_entry': 'swift'} {{(pid=103025) register_scheme_map /opt/stack/data/venv/lib/python3.12/site-packages/glance_store/location.py:146}}
Jul 24 01:42:29.402256 np0000005798 devstack@g-api.service[103025]: DEBUG glance_store.location [-] Registering scheme swift+https with {'store': , 'location_class': , 'store_entry': 'swift'} {{(pid=103025) register_scheme_map /opt/stack/data/venv/lib/python3.12/site-packages/glance_store/location.py:146}}
Jul 24 01:42:29.402311 np0000005798 devstack@g-api.service[103025]: DEBUG glance_store.location [-] Registering scheme swift with {'store': , 'location_class': , 'store_entry': 'swift'} {{(pid=103025) register_scheme_map /opt/stack/data/venv/lib/python3.12/site-packages/glance_store/location.py:146}}
Jul 24 01:42:29.402380 np0000005798 devstack@g-api.service[103025]: DEBUG glance_store.location [-] Registering scheme swift+https with {'store': , 'location_class': , 'store_entry': 'swift'} {{(pid=103025) register_scheme_map /opt/stack/data/venv/lib/python3.12/site-packages/glance_store/location.py:146}}
Jul 24 01:42:29.402429 np0000005798 devstack@g-api.service[103025]: DEBUG glance_store.location [-] Registering scheme swift with {'store': , 'location_class': , 'store_entry': 'swift'} {{(pid=103025) register_scheme_map /opt/stack/data/venv/lib/python3.12/site-packages/glance_store/location.py:146}}
Jul 24 01:42:29.402485 np0000005798 devstack@g-api.service[103025]: DEBUG glance_store.location [-] Registering scheme swift+http with {'store': , 'location_class': , 'store_entry': 'swift'} {{(pid=103025) register_scheme_map /opt/stack/data/venv/lib/python3.12/site-packages/glance_store/location.py:146}}
Jul 24 01:42:29.402526 np0000005798 devstack@g-api.service[103025]: DEBUG glance_store.location [-] Registering scheme swift+https with {'store': , 'location_class': , 'store_entry': 'swift'} {{(pid=103025) register_scheme_map /opt/stack/data/venv/lib/python3.12/site-packages/glance_store/location.py:146}}
Jul 24 01:42:29.402573 np0000005798 devstack@g-api.service[103025]: DEBUG glance_store.location [-] Registering scheme swift with {'store': , 'location_class': , 'store_entry': 'swift'} {{(pid=103025) register_scheme_map /opt/stack/data/venv/lib/python3.12/site-packages/glance_store/location.py:146}}
Jul 24 01:42:29.402678 np0000005798 devstack@g-api.service[103025]: DEBUG glance_store.location [-] Registering scheme swift+http with {'store': , 'location_class': , 'store_entry': 'swift'} {{(pid=103025) register_scheme_map /opt/stack/data/venv/lib/python3.12/site-packages/glance_store/location.py:146}}
Jul 24 01:42:29.402723 np0000005798 devstack@g-api.service[103025]: DEBUG glance_store.location [-] Registering scheme swift+config with {'store': , 'location_class': , 'store_entry': 'swift'} {{(pid=103025) register_scheme_map /opt/stack/data/venv/lib/python3.12/site-packages/glance_store/location.py:146}}
Jul 24 01:42:29.892480 np0000005798 devstack@g-api.service[103025]: INFO swiftclient [-] REQ: curl -i https://10.4.3.51:8080/v1/AUTH_cfaec877c58a43e79ac00737afee70bf/glance -I -H "X-Auth-Token: gAAAAABqYsMFrG_L..."
Jul 24 01:42:29.892560 np0000005798 devstack@g-api.service[103025]: INFO swiftclient [-] RESP STATUS: 404 Not Found
Jul 24 01:42:29.892684 np0000005798 devstack@g-api.service[103025]: INFO swiftclient [-] RESP HEADERS: {'Date': 'Fri, 24 Jul 2026 01:42:29 GMT', 'Server': 'Apache/2.4.58 (Ubuntu)', 'Content-Type': 'text/html; charset=UTF-8', 'X-Trans-Id': 'txc7fc3d8434f6411db67ea-006a62c305', 'X-Openstack-Request-Id': 'txc7fc3d8434f6411db67ea-006a62c305', 'Connection': 'close'}
Jul 24 01:42:29.892906 np0000005798 devstack@g-api.service[103025]: INFO glance_store._drivers.swift.store [-] Creating swift container glance
Jul 24 01:42:29.947490 np0000005798 devstack@g-api.service[103025]: DEBUG swiftclient [-] REQ: curl -i https://10.4.3.51:8080/v1/AUTH_cfaec877c58a43e79ac00737afee70bf/glance -X PUT -H "X-Auth-Token: gAAAAABqYsMFrG_L..." -H "Content-Length: 0" {{(pid=103025) http_log /opt/stack/data/venv/lib/python3.12/site-packages/swiftclient/client.py:160}}
Jul 24 01:42:29.947555 np0000005798 devstack@g-api.service[103025]: DEBUG swiftclient [-] RESP STATUS: 201 Created {{(pid=103025) http_log /opt/stack/data/venv/lib/python3.12/site-packages/swiftclient/client.py:161}}
Jul 24 01:42:29.947684 np0000005798 devstack@g-api.service[103025]: DEBUG swiftclient [-] RESP HEADERS: {'Date': 'Fri, 24 Jul 2026 01:42:29 GMT', 'Server': 'Apache/2.4.58 (Ubuntu)', 'Content-Type': 'text/html; charset=UTF-8', 'Content-Length': '0', 'X-Trans-Id': 'tx72b7e5ad75014558951f3-006a62c305', 'X-Openstack-Request-Id': 'tx72b7e5ad75014558951f3-006a62c305', 'Connection': 'close'} {{(pid=103025) http_log /opt/stack/data/venv/lib/python3.12/site-packages/swiftclient/client.py:162}}
Jul 24 01:42:29.947806 np0000005798 devstack@g-api.service[103025]: DEBUG glance_store._drivers.swift.store [-] Adding image object 'a78f4a76-cc58-48aa-8a54-1e4a904bdaae' to Swift {{(pid=103025) add /opt/stack/data/venv/lib/python3.12/site-packages/glance_store/_drivers/swift/store.py:970}}
Jul 24 01:42:29.953297 np0000005798 devstack@g-api.service[103025]: DEBUG oslo_utils.imageutils.format_inspector [-] Format inspector for vmdk does not match, excluding from consideration (Signature KDMV not found: b'QFI\xfb') {{(pid=103025) _process_chunk /opt/stack/data/venv/lib/python3.12/site-packages/oslo_utils/imageutils/format_inspector.py:1758}}
Jul 24 01:42:29.957266 np0000005798 devstack@g-api.service[103025]: DEBUG oslo_utils.imageutils.format_inspector [-] Format inspector for vhdx does not match, excluding from consideration (Region signature not found at 30000) {{(pid=103025) _process_chunk /opt/stack/data/venv/lib/python3.12/site-packages/oslo_utils/imageutils/format_inspector.py:1758}}
Jul 24 01:42:30.299303 np0000005798 devstack@g-api.service[103025]: DEBUG swiftclient [-] REQ: curl -i https://10.4.3.51:8080/v1/AUTH_cfaec877c58a43e79ac00737afee70bf/glance/a78f4a76-cc58-48aa-8a54-1e4a904bdaae -X PUT -H "X-Auth-Token: gAAAAABqYsMFrG_L..." -H "Content-Length: 21430272" {{(pid=103025) http_log /opt/stack/data/venv/lib/python3.12/site-packages/swiftclient/client.py:160}}
Jul 24 01:42:30.299394 np0000005798 devstack@g-api.service[103025]: DEBUG swiftclient [-] RESP STATUS: 201 Created {{(pid=103025) http_log /opt/stack/data/venv/lib/python3.12/site-packages/swiftclient/client.py:161}}
Jul 24 01:42:30.299486 np0000005798 devstack@g-api.service[103025]: DEBUG swiftclient [-] RESP HEADERS: {'Date': 'Fri, 24 Jul 2026 01:42:30 GMT', 'Server': 'Apache/2.4.58 (Ubuntu)', 'Content-Type': 'text/html; charset=UTF-8', 'Content-Length': '0', 'Etag': 'c8fc807773e5354afe61636071771906', 'Last-Modified': 'Fri, 24 Jul 2026 01:42:30 GMT', 'X-Trans-Id': 'tx93705bd47ac94b4ba8ca8-006a62c305', 'X-Openstack-Request-Id': 'tx93705bd47ac94b4ba8ca8-006a62c305', 'Connection': 'close'} {{(pid=103025) http_log /opt/stack/data/venv/lib/python3.12/site-packages/swiftclient/client.py:162}}
Jul 24 01:42:30.313521 np0000005798 devstack@g-api.service[103025]: INFO glance.location [-] Image format matched and virtual size computed: 117440512
Jul 24 01:42:30.320325 np0000005798 devstack@g-api.service[103025]: DEBUG glance.async_.flows.api_image_import [-] Image a78f4a76-cc58-48aa-8a54-1e4a904bdaae status changing from importing to active {{(pid=103025) __exit__ /opt/stack/glance/glance/async_/flows/api_image_import.py:184}}
Jul 24 01:42:30.344365 np0000005798 devstack@g-api.service[103025]: DEBUG glance_store.backend [-] Attempting to import store swift {{(pid=103025) _load_store /opt/stack/data/venv/lib/python3.12/site-packages/glance_store/backend.py:215}}
Jul 24 01:42:30.346002 np0000005798 devstack@g-api.service[103025]: DEBUG glance_store.capabilities [-] Store glance_store._drivers.swift.store.SingleTenantStore doesn't support updating dynamic storage capabilities. Please overwrite 'update_capabilities' method of the store to implement updating logics if needed. {{(pid=103025) update_capabilities /opt/stack/data/venv/lib/python3.12/site-packages/glance_store/capabilities.py:91}}
Jul 24 01:42:30.346126 np0000005798 devstack@g-api.service[103025]: DEBUG glance_store.driver [-] Late loading location class glance_store._drivers.swift.store.StoreLocation {{(pid=103025) get_store_location_class /opt/stack/data/venv/lib/python3.12/site-packages/glance_store/driver.py:134}}
Jul 24 01:42:30.346184 np0000005798 devstack@g-api.service[103025]: DEBUG glance_store.location [-] Registering scheme swift+https with {'store': , 'location_class': , 'store_entry': 'swift'} {{(pid=103025) register_scheme_map /opt/stack/data/venv/lib/python3.12/site-packages/glance_store/location.py:146}}
Jul 24 01:42:30.346265 np0000005798 devstack@g-api.service[103025]: DEBUG glance_store.location [-] Registering scheme swift+https with {'store': , 'location_class': , 'store_entry': 'swift'} {{(pid=103025) register_scheme_map /opt/stack/data/venv/lib/python3.12/site-packages/glance_store/location.py:146}}
Jul 24 01:42:30.346304 np0000005798 devstack@g-api.service[103025]: DEBUG glance_store.location [-] Registering scheme swift with {'store': , 'location_class': , 'store_entry': 'swift'} {{(pid=103025) register_scheme_map /opt/stack/data/venv/lib/python3.12/site-packages/glance_store/location.py:146}}
Jul 24 01:42:30.346380 np0000005798 devstack@g-api.service[103025]: DEBUG glance_store.location [-] Registering scheme swift+https with {'store': , 'location_class': , 'store_entry': 'swift'} {{(pid=103025) register_scheme_map /opt/stack/data/venv/lib/python3.12/site-packages/glance_store/location.py:146}}
Jul 24 01:42:30.346444 np0000005798 devstack@g-api.service[103025]: DEBUG glance_store.location [-] Registering scheme swift with {'store': , 'location_class': , 'store_entry': 'swift'} {{(pid=103025) register_scheme_map /opt/stack/data/venv/lib/python3.12/site-packages/glance_store/location.py:146}}
Jul 24 01:42:30.346509 np0000005798 devstack@g-api.service[103025]: DEBUG glance_store.location [-] Registering scheme swift+http with {'store': , 'location_class': , 'store_entry': 'swift'} {{(pid=103025) register_scheme_map /opt/stack/data/venv/lib/python3.12/site-packages/glance_store/location.py:146}}
Jul 24 01:42:30.346572 np0000005798 devstack@g-api.service[103025]: DEBUG glance_store.location [-] Registering scheme swift+https with {'store': , 'location_class': , 'store_entry': 'swift'} {{(pid=103025) register_scheme_map /opt/stack/data/venv/lib/python3.12/site-packages/glance_store/location.py:146}}
