Jul 24 01:41:29.795398 np0000005798 devstack@neutron-api.service[90803]: INFO neutron.plugins.ml2.drivers.ovn.mech_driver.ovsdb.extensions.placement [-] Starting OVNClientPlacementExtension
Jul 24 01:41:29.825849 np0000005798 devstack@neutron-api.service[90803]: DEBUG oslo_concurrency.processutils [None req-5f35f4fd-badc-41dc-976a-99415bf5a0bc None None] CMD "ovsdb-client transact ssl:10.4.3.51:6641 --timeout 180 -p /opt/stack/data/CA/int-ca/private/devstack-cert.key -c /opt/stack/data/CA/int-ca/devstack-cert.crt -C /opt/stack/data/CA/int-ca/ca-chain.pem ["OVN_Northbound", {"op": "wait", "timeout": 0, "table": "Port_Group", "where": [["name", "==", "pvlan_pg_drop"]], "until": "==", "rows": []}, {"op": "insert", "table": "ACL", "row": {"action": "drop", "direction": "to-lport", "match": "outport == @pvlan_pg_drop && ip", "priority": 1010}, "uuid-name": "pvlandroptoport"}, {"op": "insert", "table": "ACL", "row": {"action": "drop", "direction": "from-lport", "match": "inport == @pvlan_pg_drop && ip", "priority": 1010}, "uuid-name": "pvlandropfromport"}, {"op": "insert", "table": "Port_Group", "row": {"name": "pvlan_pg_drop", "acls": ["set", [["named-uuid", "pvlandroptoport"], ["named-uuid", "pvlandropfromport"]]]}}]" returned: 0 in 0.031s {{(pid=90803) execute /opt/stack/data/venv/lib/python3.12/site-packages/oslo_concurrency/processutils.py:468}}
Jul 24 01:41:29.828461 np0000005798 devstack@neutron-api.service[90803]: WSGI app 0 (mountpoint='') ready in 7 seconds on interpreter 0x7577bbaa4668 pid: 90803 (default app)
Jul 24 01:41:31.967915 np0000005798 devstack@neutron-api.service[90802]: DEBUG neutron.common.ovn.hash_ring_manager [-] Allow caching, nodes 4>=4 {{(pid=90802) _wait_startup_before_caching /opt/stack/neutron/neutron/common/ovn/hash_ring_manager.py:71}}
Jul 24 01:41:31.967915 np0000005798 devstack@neutron-api.service[90802]: DEBUG neutron.plugins.ml2.drivers.ovn.mech_driver.ovsdb.ovsdb_monitor [-] Hash Ring: Node 6ceed6641edc5b30abcb27c098933717 (host: np0000005798) handling event "update" for row b73360c4-3c8d-4da2-aa01-3bc506d41b42 (table: Connection) {{(pid=90802) notify /opt/stack/neutron/neutron/plugins/ml2/drivers/ovn/mech_driver/ovsdb/ovsdb_monitor.py:1013}}
Jul 24 01:41:33.813152 np0000005798 devstack@neutron-api.service[90802]: DEBUG neutron.api.wsgi [None req-c343ebb5-c02b-448c-ab9f-738f4375efe7 admin admin] Missing Content-Type {{(pid=90802) get_content_type /opt/stack/neutron/neutron/api/wsgi.py:80}}
Jul 24 01:41:33.813544 np0000005798 devstack@neutron-api.service[90802]: DEBUG neutron.api.wsgi [None req-c343ebb5-c02b-448c-ab9f-738f4375efe7 admin admin] https://10.4.3.51/networking/v2.0/extensions returned with HTTP 200 {{(pid=90802) __call__ /opt/stack/neutron/neutron/api/wsgi.py:540}}
Jul 24 01:41:33.813891 np0000005798 devstack@neutron-api.service[90802]: [pid: 90802|app: 0|req: 2/2] 10.4.3.51 () {64 vars in 1285 bytes} [Fri Jul 24 01:41:33 2026] GET /networking/v2.0/extensions => generated 16171 bytes in 648 msecs (HTTP/1.1 200) 4 headers in 159 bytes (1 switches on core 0)
Jul 24 01:41:34.218627 np0000005798 devstack@neutron-api.service[90805]: DEBUG neutron.api.v2.base [None req-af4bdb33-ff5d-4fc6-be04-cd2cc6f0d9e4 admin admin] Request body: {'subnetpool': {'default_prefixlen': 26, 'shared': True, 'name': 'shared-default-subnetpool-v4', 'is_default': True, 'prefixes': ['10.1.0.0/20']}} {{(pid=90805) prepare_request_body /opt/stack/neutron/neutron/api/v2/base.py:727}}
Jul 24 01:41:34.431159 np0000005798 devstack@neutron-api.service[90805]: DEBUG neutron.policy [None req-af4bdb33-ff5d-4fc6-be04-cd2cc6f0d9e4 admin admin] Loaded default policies from ['neutron'] under neutron.policies entry points {{(pid=90805) register_rules /opt/stack/neutron/neutron/policy.py:65}}
Jul 24 01:41:34.571126 np0000005798 devstack@neutron-api.service[90805]: DEBUG neutron_lib.callbacks.manager [None req-af4bdb33-ff5d-4fc6-be04-cd2cc6f0d9e4 admin admin] Publish callbacks ['neutron.objects.securitygroup.RbacNeutronDbObjectMixin.validate_rbac_policy_change-3140586451567', 'neutron.objects.address_group.RbacNeutronDbObjectMixin.validate_rbac_policy_change-3140586494630', 'neutron.objects.network.RbacNeutronDbObjectMixin.validate_rbac_policy_change-3140586478706', 'neutron.objects.qos.policy.RbacNeutronDbObjectMixin.validate_rbac_policy_change-3140586475657', 'neutron.objects.subnetpool.RbacNeutronDbObjectMixin.validate_rbac_policy_change-3140586516557', 'neutron.objects.address_scope.RbacNeutronDbObjectMixin.validate_rbac_policy_change-3140586505453', 'neutron.plugins.ml2.plugin.External_net_db_mixin._process_ext_policy_create-1203202', 'neutron.plugins.ml2.plugin.NeutronDbPluginV2.validate_network_rbac_policy_change-1226606'] for rbac-policy (None), before_create {{(pid=90805) _notify_loop /opt/stack/data/venv/lib/python3.12/site-packages/neutron_lib/callbacks/manager.py:184}}
Jul 24 01:41:34.614107 np0000005798 devstack@neutron-api.service[90805]: DEBUG neutron_lib.callbacks.manager [None req-af4bdb33-ff5d-4fc6-be04-cd2cc6f0d9e4 admin admin] Publish callbacks [] for subnetpool (None), before_response {{(pid=90805) _notify_loop /opt/stack/data/venv/lib/python3.12/site-packages/neutron_lib/callbacks/manager.py:184}}
Jul 24 01:41:34.614617 np0000005798 devstack@neutron-api.service[90805]: [pid: 90805|app: 0|req: 1/3] 10.4.3.51 () {68 vars in 1329 bytes} [Fri Jul 24 01:41:34 2026] POST /networking/v2.0/subnetpools => generated 533 bytes in 492 msecs (HTTP/1.1 201) 4 headers in 162 bytes (1 switches on core 0)
Jul 24 01:41:34.945414 np0000005798 devstack@neutron-api.service[90804]: DEBUG neutron.api.v2.base [None req-80dd387b-452e-456f-b05b-01b8d1174ed4 admin admin] Request body: {'subnetpool': {'default_prefixlen': 64, 'shared': True, 'name': 'shared-default-subnetpool-v6', 'is_default': True, 'prefixes': ['fd83:83a2:eeb3::/56']}} {{(pid=90804) prepare_request_body /opt/stack/neutron/neutron/api/v2/base.py:727}}
Jul 24 01:41:35.128576 np0000005798 devstack@neutron-api.service[90804]: DEBUG neutron.policy [None req-80dd387b-452e-456f-b05b-01b8d1174ed4 admin admin] Loaded default policies from ['neutron'] under neutron.policies entry points {{(pid=90804) register_rules /opt/stack/neutron/neutron/policy.py:65}}
Jul 24 01:41:35.274993 np0000005798 devstack@neutron-api.service[90804]: DEBUG neutron_lib.callbacks.manager [None req-80dd387b-452e-456f-b05b-01b8d1174ed4 admin admin] Publish callbacks ['neutron.objects.securitygroup.RbacNeutronDbObjectMixin.validate_rbac_policy_change-3140587195601', 'neutron.objects.address_group.RbacNeutronDbObjectMixin.validate_rbac_policy_change-3140587214273', 'neutron.objects.network.RbacNeutronDbObjectMixin.validate_rbac_policy_change-3140586449480', 'neutron.objects.qos.policy.RbacNeutronDbObjectMixin.validate_rbac_policy_change-3140586453151', 'neutron.objects.subnetpool.RbacNeutronDbObjectMixin.validate_rbac_policy_change-3140586462973', 'neutron.objects.address_scope.RbacNeutronDbObjectMixin.validate_rbac_policy_change-3140586459741', 'neutron.plugins.ml2.plugin.External_net_db_mixin._process_ext_policy_create-45892', 'neutron.plugins.ml2.plugin.NeutronDbPluginV2.validate_network_rbac_policy_change-106596'] for rbac-policy (None), before_create {{(pid=90804) _notify_loop /opt/stack/data/venv/lib/python3.12/site-packages/neutron_lib/callbacks/manager.py:184}}
Jul 24 01:41:35.321379 np0000005798 devstack@neutron-api.service[90804]: DEBUG neutron_lib.callbacks.manager [None req-80dd387b-452e-456f-b05b-01b8d1174ed4 admin admin] Publish callbacks [] for subnetpool (None), before_response {{(pid=90804) _notify_loop /opt/stack/data/venv/lib/python3.12/site-packages/neutron_lib/callbacks/manager.py:184}}
Jul 24 01:41:35.322115 np0000005798 devstack@neutron-api.service[90804]: [pid: 90804|app: 0|req: 1/4] 10.4.3.51 () {68 vars in 1329 bytes} [Fri Jul 24 01:41:34 2026] POST /networking/v2.0/subnetpools => generated 543 bytes in 481 msecs (HTTP/1.1 201) 4 headers in 162 bytes (1 switches on core 0)
Jul 24 01:41:35.661714 np0000005798 devstack@neutron-api.service[90803]: DEBUG neutron.api.v2.base [None req-a3ddecd8-76c1-4295-aaa7-a533654d4cd1 admin admin] Request body: {'network': {'admin_state_up': True, 'name': 'private'}} {{(pid=90803) prepare_request_body /opt/stack/neutron/neutron/api/v2/base.py:727}}
Jul 24 01:41:35.692010 np0000005798 devstack@neutron-api.service[90803]: DEBUG neutron.pecan_wsgi.hooks.quota_enforcement [None req-a3ddecd8-76c1-4295-aaa7-a533654d4cd1 admin admin] Made reservation on behalf of 505287cca48c4b6292dcea863a6eaa7f for: {'network': 1} {{(pid=90803) before /opt/stack/neutron/neutron/pecan_wsgi/hooks/quota_enforcement.py:66}}
Jul 24 01:41:35.909985 np0000005798 devstack@neutron-api.service[90803]: DEBUG neutron.policy [None req-a3ddecd8-76c1-4295-aaa7-a533654d4cd1 admin admin] Loaded default policies from ['neutron'] under neutron.policies entry points {{(pid=90803) register_rules /opt/stack/neutron/neutron/policy.py:65}}
Jul 24 01:41:35.998811 np0000005798 devstack@neutron-api.service[90803]: DEBUG neutron_lib.callbacks.manager [None req-a3ddecd8-76c1-4295-aaa7-a533654d4cd1 admin admin] Publish callbacks ['neutron.plugins.ml2.plugin.SecurityGroupDbMixin._ensure_default_security_group_handler-60678'] for network (None), before_create {{(pid=90803) _notify_loop /opt/stack/data/venv/lib/python3.12/site-packages/neutron_lib/callbacks/manager.py:184}}
Jul 24 01:41:36.021259 np0000005798 devstack@neutron-api.service[90803]: DEBUG neutron_lib.callbacks.manager [None req-a3ddecd8-76c1-4295-aaa7-a533654d4cd1 admin admin] Publish callbacks [] for security_group (None), before_create {{(pid=90803) _notify_loop /opt/stack/data/venv/lib/python3.12/site-packages/neutron_lib/callbacks/manager.py:184}}
Jul 24 01:41:36.121275 np0000005798 devstack@neutron-api.service[90803]: DEBUG neutron_lib.callbacks.manager [None req-a3ddecd8-76c1-4295-aaa7-a533654d4cd1 admin admin] Publish callbacks ['neutron.plugins.ml2.drivers.ovn.mech_driver.mech_driver.OVNMechanismDriver._create_security_group_precommit-950203'] for security_group (e298b923-cc58-46e8-ba6e-30a30ce5517b), precommit_create {{(pid=90803) _notify_loop /opt/stack/data/venv/lib/python3.12/site-packages/neutron_lib/callbacks/manager.py:184}}
Jul 24 01:41:36.121660 np0000005798 devstack@neutron-api.service[90803]: DEBUG neutron.db.ovn_revision_numbers_db [None req-a3ddecd8-76c1-4295-aaa7-a533654d4cd1 admin admin] create_initial_revision uuid=e298b923-cc58-46e8-ba6e-30a30ce5517b, type=security_groups, rev=-1 {{(pid=90803) create_initial_revision /opt/stack/neutron/neutron/db/ovn_revision_numbers_db.py:98}}
Jul 24 01:41:36.124416 np0000005798 devstack@neutron-api.service[90803]: DEBUG neutron.db.ovn_revision_numbers_db [None req-a3ddecd8-76c1-4295-aaa7-a533654d4cd1 admin admin] create_initial_revision uuid=24682657-435c-413c-ab26-0d94791ccea4, type=security_group_rules, rev=-1 {{(pid=90803) create_initial_revision /opt/stack/neutron/neutron/db/ovn_revision_numbers_db.py:98}}
Jul 24 01:41:36.125591 np0000005798 devstack@neutron-api.service[90803]: DEBUG neutron.db.ovn_revision_numbers_db [None req-a3ddecd8-76c1-4295-aaa7-a533654d4cd1 admin admin] create_initial_revision uuid=9f92baf0-194d-40ed-8889-058aaa38f5f4, type=security_group_rules, rev=-1 {{(pid=90803) create_initial_revision /opt/stack/neutron/neutron/db/ovn_revision_numbers_db.py:98}}
Jul 24 01:41:36.126658 np0000005798 devstack@neutron-api.service[90803]: DEBUG neutron.db.ovn_revision_numbers_db [None req-a3ddecd8-76c1-4295-aaa7-a533654d4cd1 admin admin] create_initial_revision uuid=db7b24c3-4589-4a93-a780-4524a608f12f, type=security_group_rules, rev=-1 {{(pid=90803) create_initial_revision /opt/stack/neutron/neutron/db/ovn_revision_numbers_db.py:98}}
Jul 24 01:41:36.127685 np0000005798 devstack@neutron-api.service[90803]: DEBUG neutron.db.ovn_revision_numbers_db [None req-a3ddecd8-76c1-4295-aaa7-a533654d4cd1 admin admin] create_initial_revision uuid=e2b6223d-239c-4dd5-a1f7-22891351fa4d, type=security_group_rules, rev=-1 {{(pid=90803) create_initial_revision /opt/stack/neutron/neutron/db/ovn_revision_numbers_db.py:98}}
Jul 24 01:41:36.131461 np0000005798 devstack@neutron-api.service[90803]: DEBUG neutron_lib.callbacks.manager [None req-a3ddecd8-76c1-4295-aaa7-a533654d4cd1 admin admin] Publish callbacks ['neutron.plugins.ml2.drivers.ovn.mech_driver.mech_driver.OVNMechanismDriver._create_security_group-950189', 'neutron.plugins.ml2.ovo_rpc._ObjectChangeHandler.handle_event-8003672'] for security_group (e298b923-cc58-46e8-ba6e-30a30ce5517b), after_create {{(pid=90803) _notify_loop /opt/stack/data/venv/lib/python3.12/site-packages/neutron_lib/callbacks/manager.py:184}}
Jul 24 01:41:36.132746 np0000005798 devstack@neutron-api.service[90803]: DEBUG ovsdbapp.backend.ovs_idl.transaction [-] Running txn n=1 command(idx=0): PgAddCommand(_result=None, name=pg_e298b923_cc58_46e8_ba6e_30a30ce5517b, may_exist=False, columns={'acls': [], 'external_ids': {'neutron:security_group_id': 'e298b923-cc58-46e8-ba6e-30a30ce5517b'}}) {{(pid=90803) do_commit /opt/stack/data/venv/lib/python3.12/site-packages/ovsdbapp/backend/ovs_idl/transaction.py:89}}
Jul 24 01:41:36.133960 np0000005798 devstack@neutron-api.service[90803]: DEBUG ovsdbapp.backend.ovs_idl.transaction [-] Running txn n=1 command(idx=1): PgAclAddCommand(_result=None, entity=pg_e298b923_cc58_46e8_ba6e_30a30ce5517b, direction=from-lport, priority=1002, match=inport == @pg_e298b923_cc58_46e8_ba6e_30a30ce5517b && ip6, action=allow-related, log=False, may_exist=True, severity=[], name=[], meter=[], external_ids={'neutron:security_group_rule_id': '24682657-435c-413c-ab26-0d94791ccea4'}) {{(pid=90803) do_commit /opt/stack/data/venv/lib/python3.12/site-packages/ovsdbapp/backend/ovs_idl/transaction.py:89}}
Jul 24 01:41:36.134327 np0000005798 devstack@neutron-api.service[90803]: DEBUG ovsdbapp.backend.ovs_idl.transaction [-] Running txn n=1 command(idx=2): PgAclAddCommand(_result=None, entity=pg_e298b923_cc58_46e8_ba6e_30a30ce5517b, direction=to-lport, priority=1002, match=outport == @pg_e298b923_cc58_46e8_ba6e_30a30ce5517b && ip6 && ip6.src == $pg_e298b923_cc58_46e8_ba6e_30a30ce5517b_ip6, action=allow-related, log=False, may_exist=True, severity=[], name=[], meter=[], external_ids={'neutron:security_group_rule_id': '9f92baf0-194d-40ed-8889-058aaa38f5f4'}) {{(pid=90803) do_commit /opt/stack/data/venv/lib/python3.12/site-packages/ovsdbapp/backend/ovs_idl/transaction.py:89}}
Jul 24 01:41:36.134556 np0000005798 devstack@neutron-api.service[90803]: DEBUG ovsdbapp.backend.ovs_idl.transaction [-] Running txn n=1 command(idx=3): PgAclAddCommand(_result=None, entity=pg_e298b923_cc58_46e8_ba6e_30a30ce5517b, direction=from-lport, priority=1002, match=inport == @pg_e298b923_cc58_46e8_ba6e_30a30ce5517b && ip4, action=allow-related, log=False, may_exist=True, severity=[], name=[], meter=[], external_ids={'neutron:security_group_rule_id': 'db7b24c3-4589-4a93-a780-4524a608f12f'}) {{(pid=90803) do_commit /opt/stack/data/venv/lib/python3.12/site-packages/ovsdbapp/backend/ovs_idl/transaction.py:89}}
Jul 24 01:41:36.134762 np0000005798 devstack@neutron-api.service[90803]: DEBUG ovsdbapp.backend.ovs_idl.transaction [-] Running txn n=1 command(idx=4): PgAclAddCommand(_result=None, entity=pg_e298b923_cc58_46e8_ba6e_30a30ce5517b, direction=to-lport, priority=1002, match=outport == @pg_e298b923_cc58_46e8_ba6e_30a30ce5517b && ip4 && ip4.src == $pg_e298b923_cc58_46e8_ba6e_30a30ce5517b_ip4, action=allow-related, log=False, may_exist=True, severity=[], name=[], meter=[], external_ids={'neutron:security_group_rule_id': 'e2b6223d-239c-4dd5-a1f7-22891351fa4d'}) {{(pid=90803) do_commit /opt/stack/data/venv/lib/python3.12/site-packages/ovsdbapp/backend/ovs_idl/transaction.py:89}}
Jul 24 01:41:36.146287 np0000005798 devstack@neutron-api.service[90802]: DEBUG neutron.plugins.ml2.drivers.ovn.mech_driver.ovsdb.ovsdb_monitor [-] Hash Ring: Node 6ceed6641edc5b30abcb27c098933717 (host: np0000005798) handling event "create" for row ef4d77cc-183d-4b28-84bb-03573e56d665 (table: ACL) {{(pid=90802) notify /opt/stack/neutron/neutron/plugins/ml2/drivers/ovn/mech_driver/ovsdb/ovsdb_monitor.py:1013}}
Jul 24 01:41:36.147023 np0000005798 devstack@neutron-api.service[90803]: DEBUG neutron.plugins.ml2.drivers.ovn.mech_driver.ovsdb.ovsdb_monitor [-] Hash Ring: Node 0932a40336965e848393c253d9d9801b (host: np0000005798) handling event "create" for row 22f3a770-b77f-489c-af7c-ff28f3ee5c5b (table: ACL) {{(pid=90803) notify /opt/stack/neutron/neutron/plugins/ml2/drivers/ovn/mech_driver/ovsdb/ovsdb_monitor.py:1013}}
Jul 24 01:41:36.147370 np0000005798 devstack@neutron-api.service[90803]: DEBUG neutron.plugins.ml2.drivers.ovn.mech_driver.ovsdb.ovsdb_monitor [-] Hash Ring: Node 0932a40336965e848393c253d9d9801b (host: np0000005798) handling event "create" for row 7455459f-7b56-4c83-87e2-aa16d1c58897 (table: ACL) {{(pid=90803) notify /opt/stack/neutron/neutron/plugins/ml2/drivers/ovn/mech_driver/ovsdb/ovsdb_monitor.py:1013}}
Jul 24 01:41:36.147535 np0000005798 devstack@neutron-api.service[90804]: DEBUG neutron.plugins.ml2.drivers.ovn.mech_driver.ovsdb.ovsdb_monitor [-] Hash Ring: Node 3a100131561d5338975bd2060fd280f0 (host: np0000005798) handling event "create" for row 63d387f4-47d6-44d6-9efb-99952655eee7 (table: ACL) {{(pid=90804) notify /opt/stack/neutron/neutron/plugins/ml2/drivers/ovn/mech_driver/ovsdb/ovsdb_monitor.py:1013}}
Jul 24 01:41:36.148130 np0000005798 devstack@neutron-api.service[90805]: DEBUG neutron.plugins.ml2.drivers.ovn.mech_driver.ovsdb.ovsdb_monitor [-] Hash Ring: Node 44ce393b76545c2e90bd13cb927f5508 (host: np0000005798) handling event "create" for row 1be7de92-d3fc-4b76-a2fd-bf4baf2e2d1f (table: Port_Group) {{(pid=90805) notify /opt/stack/neutron/neutron/plugins/ml2/drivers/ovn/mech_driver/ovsdb/ovsdb_monitor.py:1013}}
Jul 24 01:41:36.172772 np0000005798 devstack@neutron-api.service[90803]: INFO neutron.db.ovn_revision_numbers_db [None req-a3ddecd8-76c1-4295-aaa7-a533654d4cd1 admin admin] Successfully bumped revision number for resource e298b923-cc58-46e8-ba6e-30a30ce5517b (type: security_groups) to 1
Jul 24 01:41:36.186893 np0000005798 devstack@neutron-api.service[90803]: INFO neutron.db.ovn_revision_numbers_db [None req-a3ddecd8-76c1-4295-aaa7-a533654d4cd1 admin admin] Successfully bumped revision number for resource 24682657-435c-413c-ab26-0d94791ccea4 (type: security_group_rules) to 0
Jul 24 01:41:36.198557 np0000005798 devstack@neutron-api.service[90803]: INFO neutron.db.ovn_revision_numbers_db [None req-a3ddecd8-76c1-4295-aaa7-a533654d4cd1 admin admin] Successfully bumped revision number for resource 9f92baf0-194d-40ed-8889-058aaa38f5f4 (type: security_group_rules) to 0
Jul 24 01:41:36.210292 np0000005798 devstack@neutron-api.service[90803]: INFO neutron.db.ovn_revision_numbers_db [None req-a3ddecd8-76c1-4295-aaa7-a533654d4cd1 admin admin] Successfully bumped revision number for resource db7b24c3-4589-4a93-a780-4524a608f12f (type: security_group_rules) to 0
Jul 24 01:41:36.219714 np0000005798 devstack@neutron-api.service[90803]: INFO neutron.db.ovn_revision_numbers_db [None req-a3ddecd8-76c1-4295-aaa7-a533654d4cd1 admin admin] Successfully bumped revision number for resource e2b6223d-239c-4dd5-a1f7-22891351fa4d (type: security_group_rules) to 0
Jul 24 01:41:36.242856 np0000005798 devstack@neutron-api.service[90803]: DEBUG neutron.api.rpc.handlers.resources_rpc [None req-a3ddecd8-76c1-4295-aaa7-a533654d4cd1 admin admin] Pushing event updated for resources: {'SecurityGroup': ['ID=e298b923-cc58-46e8-ba6e-30a30ce5517b,revision_number=1']} {{(pid=90803) push /opt/stack/neutron/neutron/api/rpc/handlers/resources_rpc.py:237}}
Jul 24 01:41:36.249790 np0000005798 devstack@neutron-api.service[90803]: DEBUG ovsdbapp.backend.ovs_idl.transaction [-] Running txn n=1 command(idx=0): CheckLivenessCommand(_result=None) {{(pid=90803) do_commit /opt/stack/data/venv/lib/python3.12/site-packages/ovsdbapp/backend/ovs_idl/transaction.py:89}}
Jul 24 01:41:36.251508 np0000005798 devstack@neutron-api.service[90803]: DEBUG neutron.plugins.ml2.drivers.ovn.mech_driver.ovsdb.ovsdb_monitor [-] Hash Ring: Node 0932a40336965e848393c253d9d9801b (host: np0000005798) handling event "update" for row 875e1dce-be6b-424d-8939-8050d0c1da47 (table: NB_Global) {{(pid=90803) notify /opt/stack/neutron/neutron/plugins/ml2/drivers/ovn/mech_driver/ovsdb/ovsdb_monitor.py:1013}}
Jul 24 01:41:36.252258 np0000005798 devstack@neutron-api.service[90802]: DEBUG neutron.plugins.ml2.drivers.ovn.mech_driver.ovsdb.ovsdb_monitor [-] Hash Ring: Node 6ceed6641edc5b30abcb27c098933717 (host: np0000005798) handling event "update" for row 875e1dce-be6b-424d-8939-8050d0c1da47 (table: NB_Global) {{(pid=90802) notify /opt/stack/neutron/neutron/plugins/ml2/drivers/ovn/mech_driver/ovsdb/ovsdb_monitor.py:1013}}
Jul 24 01:41:36.252998 np0000005798 devstack@neutron-api.service[90802]: DEBUG neutron.plugins.ml2.drivers.ovn.mech_driver.ovsdb.ovsdb_monitor [-] Hash Ring: Node 6ceed6641edc5b30abcb27c098933717 (host: np0000005798) handling event "update" for row 875e1dce-be6b-424d-8939-8050d0c1da47 (table: NB_Global) {{(pid=90802) notify /opt/stack/neutron/neutron/plugins/ml2/drivers/ovn/mech_driver/ovsdb/ovsdb_monitor.py:1013}}
Jul 24 01:41:36.253477 np0000005798 devstack@neutron-api.service[90802]: DEBUG neutron.plugins.ml2.drivers.ovn.mech_driver.ovsdb.ovsdb_monitor [-] Hash Ring: Node 6ceed6641edc5b30abcb27c098933717 (host: np0000005798) handling event "update" for row 875e1dce-be6b-424d-8939-8050d0c1da47 (table: NB_Global) {{(pid=90802) notify /opt/stack/neutron/neutron/plugins/ml2/drivers/ovn/mech_driver/ovsdb/ovsdb_monitor.py:1013}}
Jul 24 01:41:36.256353 np0000005798 devstack@neutron-api.service[90803]: DEBUG neutron.api.rpc.callbacks.version_manager [None req-a3ddecd8-76c1-4295-aaa7-a533654d4cd1 admin admin] Tracked resource versions report:
Jul 24 01:41:36.256353 np0000005798 devstack@neutron-api.service[90803]: pushed versions:
Jul 24 01:41:36.256353 np0000005798 devstack@neutron-api.service[90803]: { 'AddressGroup': {'1.2'},
Jul 24 01:41:36.256353 np0000005798 devstack@neutron-api.service[90803]: 'Agent': {'1.1'},
Jul 24 01:41:36.256353 np0000005798 devstack@neutron-api.service[90803]: 'ConntrackHelper': {'1.0'},
Jul 24 01:41:36.256353 np0000005798 devstack@neutron-api.service[90803]: 'LocalIPAssociation': {'1.0'},
Jul 24 01:41:36.256353 np0000005798 devstack@neutron-api.service[90803]: 'Log': {'1.0'},
Jul 24 01:41:36.256353 np0000005798 devstack@neutron-api.service[90803]: 'NDPProxy': {'1.0'},
Jul 24 01:41:36.256353 np0000005798 devstack@neutron-api.service[90803]: 'Network': {'1.3'},
Jul 24 01:41:36.256353 np0000005798 devstack@neutron-api.service[90803]: 'Port': {'1.11'},
Jul 24 01:41:36.256353 np0000005798 devstack@neutron-api.service[90803]: 'PortForwarding': {'1.3'},
Jul 24 01:41:36.256353 np0000005798 devstack@neutron-api.service[90803]: 'QosPolicy': {'1.10'},
Jul 24 01:41:36.256353 np0000005798 devstack@neutron-api.service[90803]: 'SecurityGroup': {'1.6'},
Jul 24 01:41:36.256353 np0000005798 devstack@neutron-api.service[90803]: 'SecurityGroupRule': {'1.3'},
Jul 24 01:41:36.256353 np0000005798 devstack@neutron-api.service[90803]: 'SubPort': {'1.0'},
Jul 24 01:41:36.256353 np0000005798 devstack@neutron-api.service[90803]: 'Subnet': {'1.2'},
Jul 24 01:41:36.256353 np0000005798 devstack@neutron-api.service[90803]: 'Trunk': {'1.1'}}
Jul 24 01:41:36.256353 np0000005798 devstack@neutron-api.service[90803]: consumer versions:
Jul 24 01:41:36.256353 np0000005798 devstack@neutron-api.service[90803]: {}
Jul 24 01:41:36.256353 np0000005798 devstack@neutron-api.service[90803]: {{(pid=90803) report /opt/stack/neutron/neutron/api/rpc/callbacks/version_manager.py:183}}
Jul 24 01:41:36.257161 np0000005798 devstack@neutron-api.service[90802]: DEBUG ovsdbapp.backend.ovs_idl.event [-] Matched UPDATE: ChassisAgentWriteEvent(events=('create', 'update'), table='Chassis_Private', conditions=None, old_conditions=None), priority=20 to row=Chassis_Private(uuid=0832ba51-854c-4ada-8256-aecda5c70b4d, chassis=6814d610-5c31-4d2b-85a0-fa6bf5b1599a, external_ids={'neutron:ovn-bridge': 'br-int', 'neutron:ovn-neutron-agent-id': '488fbdf8-2a5d-5e31-852d-4a2862a69fed', 'neutron:ovn-neutron-agent-sb-cfg': '0'}, name='dd25391f-ab38-492f-b664-a5256ce9184d', nb_cfg=1, nb_cfg_timestamp=1784857296251) old=Chassis_Private(uuid=0832ba51-854c-4ada-8256-aecda5c70b4d, nb_cfg=0, nb_cfg_timestamp=0) {{(pid=90802) matches /opt/stack/data/venv/lib/python3.12/site-packages/ovsdbapp/backend/ovs_idl/event.py:55}}
Jul 24 01:41:36.258111 np0000005798 devstack@neutron-api.service[90804]: DEBUG ovsdbapp.backend.ovs_idl.event [-] Matched UPDATE: ChassisAgentWriteEvent(events=('create', 'update'), table='Chassis_Private', conditions=None, old_conditions=None), priority=20 to row=Chassis_Private(uuid=0832ba51-854c-4ada-8256-aecda5c70b4d, chassis=6814d610-5c31-4d2b-85a0-fa6bf5b1599a, external_ids={'neutron:ovn-bridge': 'br-int', 'neutron:ovn-neutron-agent-id': '488fbdf8-2a5d-5e31-852d-4a2862a69fed', 'neutron:ovn-neutron-agent-sb-cfg': '0'}, name='dd25391f-ab38-492f-b664-a5256ce9184d', nb_cfg=1, nb_cfg_timestamp=1784857296251) old=Chassis_Private(uuid=0832ba51-854c-4ada-8256-aecda5c70b4d, nb_cfg=0, nb_cfg_timestamp=0) {{(pid=90804) matches /opt/stack/data/venv/lib/python3.12/site-packages/ovsdbapp/backend/ovs_idl/event.py:55}}
Jul 24 01:41:36.258362 np0000005798 devstack@neutron-api.service[90805]: DEBUG ovsdbapp.backend.ovs_idl.event [-] Matched UPDATE: ChassisAgentWriteEvent(events=('create', 'update'), table='Chassis_Private', conditions=None, old_conditions=None), priority=20 to row=Chassis_Private(uuid=0832ba51-854c-4ada-8256-aecda5c70b4d, chassis=6814d610-5c31-4d2b-85a0-fa6bf5b1599a, external_ids={'neutron:ovn-bridge': 'br-int', 'neutron:ovn-neutron-agent-id': '488fbdf8-2a5d-5e31-852d-4a2862a69fed', 'neutron:ovn-neutron-agent-sb-cfg': '0'}, name='dd25391f-ab38-492f-b664-a5256ce9184d', nb_cfg=1, nb_cfg_timestamp=1784857296251) old=Chassis_Private(uuid=0832ba51-854c-4ada-8256-aecda5c70b4d, nb_cfg=0, nb_cfg_timestamp=0) {{(pid=90805) matches /opt/stack/data/venv/lib/python3.12/site-packages/ovsdbapp/backend/ovs_idl/event.py:55}}
Jul 24 01:41:36.258472 np0000005798 devstack@neutron-api.service[90804]: DEBUG neutron.plugins.ml2.drivers.ovn.mech_driver.ovsdb.ovsdb_monitor [-] Hash Ring: Node 3a100131561d5338975bd2060fd280f0 (host: np0000005798) handling event "update" for row 0832ba51-854c-4ada-8256-aecda5c70b4d (table: Chassis_Private) {{(pid=90804) notify /opt/stack/neutron/neutron/plugins/ml2/drivers/ovn/mech_driver/ovsdb/ovsdb_monitor.py:1013}}
Jul 24 01:41:36.260595 np0000005798 devstack@neutron-api.service[90803]: DEBUG neutron.plugins.ml2.drivers.ovn.mech_driver.ovsdb.ovsdb_monitor [-] Hash Ring: Node 0932a40336965e848393c253d9d9801b (host: np0000005798) handling event "update" for row 875e1dce-be6b-424d-8939-8050d0c1da47 (table: NB_Global) {{(pid=90803) notify /opt/stack/neutron/neutron/plugins/ml2/drivers/ovn/mech_driver/ovsdb/ovsdb_monitor.py:1013}}
Jul 24 01:41:36.261564 np0000005798 devstack@neutron-api.service[90804]: DEBUG ovsdbapp.backend.ovs_idl.event [-] Matched UPDATE: ChassisOVNAgentWriteEvent(events=('create', 'update'), table='Chassis_Private', conditions=None, old_conditions=None), priority=20 to row=Chassis_Private(uuid=0832ba51-854c-4ada-8256-aecda5c70b4d, chassis=6814d610-5c31-4d2b-85a0-fa6bf5b1599a, external_ids={'neutron:ovn-bridge': 'br-int', 'neutron:ovn-neutron-agent-id': '488fbdf8-2a5d-5e31-852d-4a2862a69fed', 'neutron:ovn-neutron-agent-sb-cfg': '1'}, name='dd25391f-ab38-492f-b664-a5256ce9184d', nb_cfg=1, nb_cfg_timestamp=1784857296251) old=Chassis_Private(uuid=0832ba51-854c-4ada-8256-aecda5c70b4d, external_ids={'neutron:ovn-bridge': 'br-int', 'neutron:ovn-neutron-agent-id': '488fbdf8-2a5d-5e31-852d-4a2862a69fed', 'neutron:ovn-neutron-agent-sb-cfg': '0'}) {{(pid=90804) matches /opt/stack/data/venv/lib/python3.12/site-packages/ovsdbapp/backend/ovs_idl/event.py:55}}
Jul 24 01:41:36.261740 np0000005798 devstack@neutron-api.service[90803]: DEBUG neutron.plugins.ml2.drivers.ovn.mech_driver.ovsdb.ovsdb_monitor [-] Hash Ring: Node 0932a40336965e848393c253d9d9801b (host: np0000005798) handling event "update" for row 875e1dce-be6b-424d-8939-8050d0c1da47 (table: NB_Global) {{(pid=90803) notify /opt/stack/neutron/neutron/plugins/ml2/drivers/ovn/mech_driver/ovsdb/ovsdb_monitor.py:1013}}
Jul 24 01:41:36.261874 np0000005798 devstack@neutron-api.service[90804]: DEBUG neutron.plugins.ml2.drivers.ovn.mech_driver.ovsdb.ovsdb_monitor [-] Hash Ring: Node 3a100131561d5338975bd2060fd280f0 (host: np0000005798) handling event "update" for row 0832ba51-854c-4ada-8256-aecda5c70b4d (table: Chassis_Private) {{(pid=90804) notify /opt/stack/neutron/neutron/plugins/ml2/drivers/ovn/mech_driver/ovsdb/ovsdb_monitor.py:1013}}
Jul 24 01:41:36.262068 np0000005798 devstack@neutron-api.service[90805]: DEBUG ovsdbapp.backend.ovs_idl.event [-] Matched UPDATE: ChassisOVNAgentWriteEvent(events=('create', 'update'), table='Chassis_Private', conditions=None, old_conditions=None), priority=20 to row=Chassis_Private(uuid=0832ba51-854c-4ada-8256-aecda5c70b4d, chassis=6814d610-5c31-4d2b-85a0-fa6bf5b1599a, external_ids={'neutron:ovn-bridge': 'br-int', 'neutron:ovn-neutron-agent-id': '488fbdf8-2a5d-5e31-852d-4a2862a69fed', 'neutron:ovn-neutron-agent-sb-cfg': '1'}, name='dd25391f-ab38-492f-b664-a5256ce9184d', nb_cfg=1, nb_cfg_timestamp=1784857296251) old=Chassis_Private(uuid=0832ba51-854c-4ada-8256-aecda5c70b4d, external_ids={'neutron:ovn-bridge': 'br-int', 'neutron:ovn-neutron-agent-id': '488fbdf8-2a5d-5e31-852d-4a2862a69fed', 'neutron:ovn-neutron-agent-sb-cfg': '0'}) {{(pid=90805) matches /opt/stack/data/venv/lib/python3.12/site-packages/ovsdbapp/backend/ovs_idl/event.py:55}}
Jul 24 01:41:36.262194 np0000005798 devstack@neutron-api.service[90802]: DEBUG neutron.plugins.ml2.drivers.ovn.mech_driver.ovsdb.ovsdb_monitor [-] Hash Ring: Node 6ceed6641edc5b30abcb27c098933717 (host: np0000005798) handling event "update" for row 875e1dce-be6b-424d-8939-8050d0c1da47 (table: NB_Global) {{(pid=90802) notify /opt/stack/neutron/neutron/plugins/ml2/drivers/ovn/mech_driver/ovsdb/ovsdb_monitor.py:1013}}
Jul 24 01:41:36.262753 np0000005798 devstack@neutron-api.service[90803]: DEBUG ovsdbapp.backend.ovs_idl.event [-] Matched UPDATE: ChassisAgentWriteEvent(events=('create', 'update'), table='Chassis_Private', conditions=None, old_conditions=None), priority=20 to row=Chassis_Private(uuid=0832ba51-854c-4ada-8256-aecda5c70b4d, chassis=6814d610-5c31-4d2b-85a0-fa6bf5b1599a, external_ids={'neutron:ovn-bridge': 'br-int', 'neutron:ovn-neutron-agent-id': '488fbdf8-2a5d-5e31-852d-4a2862a69fed', 'neutron:ovn-neutron-agent-sb-cfg': '0'}, name='dd25391f-ab38-492f-b664-a5256ce9184d', nb_cfg=1, nb_cfg_timestamp=1784857296251) old=Chassis_Private(uuid=0832ba51-854c-4ada-8256-aecda5c70b4d, nb_cfg=0, nb_cfg_timestamp=0) {{(pid=90803) matches /opt/stack/data/venv/lib/python3.12/site-packages/ovsdbapp/backend/ovs_idl/event.py:55}}
Jul 24 01:41:36.263146 np0000005798 devstack@neutron-api.service[90802]: DEBUG neutron.common.ovn.hash_ring_manager [-] Allow caching, nodes 4>=4 {{(pid=90802) _wait_startup_before_caching /opt/stack/neutron/neutron/common/ovn/hash_ring_manager.py:71}}
Jul 24 01:41:36.263383 np0000005798 devstack@neutron-api.service[90802]: DEBUG neutron.plugins.ml2.drivers.ovn.mech_driver.ovsdb.ovsdb_monitor [-] Hash Ring: Node 6ceed6641edc5b30abcb27c098933717 (host: np0000005798) handling event "update" for row 0832ba51-854c-4ada-8256-aecda5c70b4d (table: Chassis_Private) {{(pid=90802) notify /opt/stack/neutron/neutron/plugins/ml2/drivers/ovn/mech_driver/ovsdb/ovsdb_monitor.py:1013}}
Jul 24 01:41:36.264936 np0000005798 devstack@neutron-api.service[90802]: DEBUG ovsdbapp.backend.ovs_idl.event [-] Matched UPDATE: ChassisOVNAgentWriteEvent(events=('create', 'update'), table='Chassis_Private', conditions=None, old_conditions=None), priority=20 to row=Chassis_Private(uuid=0832ba51-854c-4ada-8256-aecda5c70b4d, chassis=6814d610-5c31-4d2b-85a0-fa6bf5b1599a, external_ids={'neutron:ovn-bridge': 'br-int', 'neutron:ovn-neutron-agent-id': '488fbdf8-2a5d-5e31-852d-4a2862a69fed', 'neutron:ovn-neutron-agent-sb-cfg': '1'}, name='dd25391f-ab38-492f-b664-a5256ce9184d', nb_cfg=1, nb_cfg_timestamp=1784857296251) old=Chassis_Private(uuid=0832ba51-854c-4ada-8256-aecda5c70b4d, external_ids={'neutron:ovn-bridge': 'br-int', 'neutron:ovn-neutron-agent-id': '488fbdf8-2a5d-5e31-852d-4a2862a69fed', 'neutron:ovn-neutron-agent-sb-cfg': '0'}) {{(pid=90802) matches /opt/stack/data/venv/lib/python3.12/site-packages/ovsdbapp/backend/ovs_idl/event.py:55}}
Jul 24 01:41:36.265246 np0000005798 devstack@neutron-api.service[90802]: DEBUG neutron.plugins.ml2.drivers.ovn.mech_driver.ovsdb.ovsdb_monitor [-] Hash Ring: Node 6ceed6641edc5b30abcb27c098933717 (host: np0000005798) handling event "update" for row 0832ba51-854c-4ada-8256-aecda5c70b4d (table: Chassis_Private) {{(pid=90802) notify /opt/stack/neutron/neutron/plugins/ml2/drivers/ovn/mech_driver/ovsdb/ovsdb_monitor.py:1013}}
Jul 24 01:41:36.265795 np0000005798 devstack@neutron-api.service[90803]: DEBUG ovsdbapp.backend.ovs_idl.event [-] Matched UPDATE: ChassisOVNAgentWriteEvent(events=('create', 'update'), table='Chassis_Private', conditions=None, old_conditions=None), priority=20 to row=Chassis_Private(uuid=0832ba51-854c-4ada-8256-aecda5c70b4d, chassis=6814d610-5c31-4d2b-85a0-fa6bf5b1599a, external_ids={'neutron:ovn-bridge': 'br-int', 'neutron:ovn-neutron-agent-id': '488fbdf8-2a5d-5e31-852d-4a2862a69fed', 'neutron:ovn-neutron-agent-sb-cfg': '1'}, name='dd25391f-ab38-492f-b664-a5256ce9184d', nb_cfg=1, nb_cfg_timestamp=1784857296251) old=Chassis_Private(uuid=0832ba51-854c-4ada-8256-aecda5c70b4d, external_ids={'neutron:ovn-bridge': 'br-int', 'neutron:ovn-neutron-agent-id': '488fbdf8-2a5d-5e31-852d-4a2862a69fed', 'neutron:ovn-neutron-agent-sb-cfg': '0'}) {{(pid=90803) matches /opt/stack/data/venv/lib/python3.12/site-packages/ovsdbapp/backend/ovs_idl/event.py:55}}
Jul 24 01:41:36.267216 np0000005798 devstack@neutron-api.service[90803]: DEBUG neutron.plugins.ml2.drivers.ovn.mech_driver.ovsdb.ovsdb_monitor [-] Hash Ring: Node 0932a40336965e848393c253d9d9801b (host: np0000005798) handling event "update" for row 875e1dce-be6b-424d-8939-8050d0c1da47 (table: NB_Global) {{(pid=90803) notify /opt/stack/neutron/neutron/plugins/ml2/drivers/ovn/mech_driver/ovsdb/ovsdb_monitor.py:1013}}
Jul 24 01:41:36.314022 np0000005798 devstack@neutron-api.service[90803]: DEBUG neutron.plugins.ml2.drivers.helpers [None req-a3ddecd8-76c1-4295-aaa7-a533654d4cd1 admin admin] geneve segment allocate from pool success with {'geneve_vni': 54460} {{(pid=90803) allocate_partially_specified_segment /opt/stack/neutron/neutron/plugins/ml2/drivers/helpers.py:142}}
Jul 24 01:41:36.325806 np0000005798 devstack@neutron-api.service[90803]: DEBUG neutron_lib.callbacks.manager [None req-a3ddecd8-76c1-4295-aaa7-a533654d4cd1 admin admin] Publish callbacks ['neutron.services.segments.db._add_segment_host_mapping_for_segment-8072312237110', 'neutron.plugins.ml2.plugin.Ml2Plugin._handle_segment_change-298988'] for segment (454037f7-683b-44f2-9ba8-db8ea710c578), precommit_create {{(pid=90803) _notify_loop /opt/stack/data/venv/lib/python3.12/site-packages/neutron_lib/callbacks/manager.py:184}}
Jul 24 01:41:36.325951 np0000005798 devstack@neutron-api.service[90803]: INFO neutron.db.segments_db [None req-a3ddecd8-76c1-4295-aaa7-a533654d4cd1 admin admin] Added segment 454037f7-683b-44f2-9ba8-db8ea710c578 of type geneve for network c94efb3f-9dc2-4533-b8bd-9db88bdd5a3a
Jul 24 01:41:36.368495 np0000005798 devstack@neutron-api.service[90803]: DEBUG neutron_lib.callbacks.manager [None req-a3ddecd8-76c1-4295-aaa7-a533654d4cd1 admin admin] Publish callbacks ['neutron.services.auto_allocate.db._ensure_external_network_default_value_callback-8072311057492'] for network (c94efb3f-9dc2-4533-b8bd-9db88bdd5a3a), precommit_create {{(pid=90803) _notify_loop /opt/stack/data/venv/lib/python3.12/site-packages/neutron_lib/callbacks/manager.py:184}}
Jul 24 01:41:36.383460 np0000005798 devstack@neutron-api.service[90803]: DEBUG neutron.plugins.ml2.drivers.ovn.mech_driver.mech_driver [None req-a3ddecd8-76c1-4295-aaa7-a533654d4cd1 admin admin] Validating network segment with type geneve, segmentation ID 54460, physical network None {{(pid=90803) _validate_network_segments /opt/stack/neutron/neutron/plugins/ml2/drivers/ovn/mech_driver/mech_driver.py:646}}
Jul 24 01:41:36.383648 np0000005798 devstack@neutron-api.service[90803]: DEBUG neutron.db.ovn_revision_numbers_db [None req-a3ddecd8-76c1-4295-aaa7-a533654d4cd1 admin admin] create_initial_revision uuid=c94efb3f-9dc2-4533-b8bd-9db88bdd5a3a, type=networks, rev=-1 {{(pid=90803) create_initial_revision /opt/stack/neutron/neutron/db/ovn_revision_numbers_db.py:98}}
Jul 24 01:41:36.400293 np0000005798 devstack@neutron-api.service[90803]: DEBUG neutron_lib.callbacks.manager [None req-a3ddecd8-76c1-4295-aaa7-a533654d4cd1 admin admin] Publish callbacks ['neutron.plugins.ml2.ovo_rpc._ObjectChangeHandler.handle_event-8003692'] for network (c94efb3f-9dc2-4533-b8bd-9db88bdd5a3a), after_create {{(pid=90803) _notify_loop /opt/stack/data/venv/lib/python3.12/site-packages/neutron_lib/callbacks/manager.py:184}}
Jul 24 01:41:36.451910 np0000005798 devstack@neutron-api.service[90803]: DEBUG neutron.api.rpc.handlers.resources_rpc [None req-a3ddecd8-76c1-4295-aaa7-a533654d4cd1 admin admin] Pushing event updated for resources: {'Network': ['ID=c94efb3f-9dc2-4533-b8bd-9db88bdd5a3a,revision_number=1']} {{(pid=90803) push /opt/stack/neutron/neutron/api/rpc/handlers/resources_rpc.py:237}}
Jul 24 01:41:36.458807 np0000005798 devstack@neutron-api.service[90803]: DEBUG ovsdbapp.backend.ovs_idl.transaction [-] Running txn n=1 command(idx=0): AddNetworkCommand(_result=None, network_uuid=c94efb3f-9dc2-4533-b8bd-9db88bdd5a3a, may_exist=True, columns={'external_ids': {'neutron:network_name': 'private', 'neutron:mtu': '1372', 'neutron:revision_number': '1', 'neutron:availability_zone_hints': '', 'neutron:provnet-network-type': 'geneve'}, 'other_config': {'mcast_snoop': 'false', 'mcast_flood_unregistered': 'false', 'vlan-passthru': 'false'}}) {{(pid=90803) do_commit /opt/stack/data/venv/lib/python3.12/site-packages/ovsdbapp/backend/ovs_idl/transaction.py:89}}
Jul 24 01:41:36.459243 np0000005798 devstack@neutron-api.service[90803]: DEBUG neutron.common.ovn.utils [-] OVS persist_uuid supported=True {{(pid=90803) ovs_persist_uuid_supported /opt/stack/neutron/neutron/common/ovn/utils.py:1565}}
Jul 24 01:41:36.462092 np0000005798 devstack@neutron-api.service[90802]: DEBUG neutron.plugins.ml2.drivers.ovn.mech_driver.ovsdb.ovsdb_monitor [-] Hash Ring: Node 6ceed6641edc5b30abcb27c098933717 (host: np0000005798) handling event "create" for row c94efb3f-9dc2-4533-b8bd-9db88bdd5a3a (table: Logical_Switch) {{(pid=90802) notify /opt/stack/neutron/neutron/plugins/ml2/drivers/ovn/mech_driver/ovsdb/ovsdb_monitor.py:1013}}
Jul 24 01:41:36.466582 np0000005798 devstack@neutron-api.service[90802]: DEBUG neutron.plugins.ml2.drivers.ovn.mech_driver.ovsdb.ovsdb_monitor [-] Hash Ring: Node 6ceed6641edc5b30abcb27c098933717 (host: np0000005798) handling event "create" for row c61b18d0-2931-458e-93da-96fac5990264 (table: Datapath_Binding) {{(pid=90802) notify /opt/stack/neutron/neutron/plugins/ml2/drivers/ovn/mech_driver/ovsdb/ovsdb_monitor.py:1013}}
Jul 24 01:41:36.468831 np0000005798 devstack@neutron-api.service[90804]: DEBUG neutron.plugins.ml2.drivers.ovn.mech_driver.ovsdb.ovsdb_monitor [-] Hash Ring: Node 3a100131561d5338975bd2060fd280f0 (host: np0000005798) handling event "create" for row c61b18d0-2931-458e-93da-96fac5990264 (table: Datapath_Binding) {{(pid=90804) notify /opt/stack/neutron/neutron/plugins/ml2/drivers/ovn/mech_driver/ovsdb/ovsdb_monitor.py:1013}}
Jul 24 01:41:36.494902 np0000005798 devstack@neutron-api.service[90803]: INFO neutron.db.ovn_revision_numbers_db [None req-a3ddecd8-76c1-4295-aaa7-a533654d4cd1 admin admin] Successfully bumped revision number for resource c94efb3f-9dc2-4533-b8bd-9db88bdd5a3a (type: networks) to 1
Jul 24 01:41:36.555655 np0000005798 devstack@neutron-api.service[90803]: DEBUG neutron_lib.callbacks.manager [None req-a3ddecd8-76c1-4295-aaa7-a533654d4cd1 admin admin] Publish callbacks ['neutron.plugins.ml2.plugin.SecurityGroupDbMixin._ensure_default_security_group_handler-60678'] for port (None), before_create {{(pid=90803) _notify_loop /opt/stack/data/venv/lib/python3.12/site-packages/neutron_lib/callbacks/manager.py:184}}
Jul 24 01:41:36.851334 np0000005798 devstack@neutron-api.service[90803]: DEBUG neutron_lib.callbacks.manager [None req-a3ddecd8-76c1-4295-aaa7-a533654d4cd1 admin admin] Publish callbacks ['neutron.plugins.ml2.drivers.ovn.mech_driver.mech_driver.OVNMechanismDriver._validate_allowed_address_pairs-954431'] for allowed_address_pair (1ed35a77-8bd3-40ea-8013-a583c41c8584), before_create {{(pid=90803) _notify_loop /opt/stack/data/venv/lib/python3.12/site-packages/neutron_lib/callbacks/manager.py:184}}
Jul 24 01:41:36.852021 np0000005798 devstack@neutron-api.service[90803]: DEBUG neutron_lib.callbacks.manager [None req-a3ddecd8-76c1-4295-aaa7-a533654d4cd1 admin admin] Publish callbacks [] for port (1ed35a77-8bd3-40ea-8013-a583c41c8584), precommit_create {{(pid=90803) _notify_loop /opt/stack/data/venv/lib/python3.12/site-packages/neutron_lib/callbacks/manager.py:184}}
Jul 24 01:41:36.852247 np0000005798 devstack@neutron-api.service[90803]: DEBUG neutron.plugins.ml2.drivers.ovn.mech_driver.mech_driver [None req-a3ddecd8-76c1-4295-aaa7-a533654d4cd1 admin admin] No provisioning block for port 1ed35a77-8bd3-40ea-8013-a583c41c8584 since it does not have a host {{(pid=90803) _is_port_provisioning_required /opt/stack/neutron/neutron/plugins/ml2/drivers/ovn/mech_driver/mech_driver.py:899}}
Jul 24 01:41:36.852366 np0000005798 devstack@neutron-api.service[90803]: DEBUG neutron.db.ovn_revision_numbers_db [None req-a3ddecd8-76c1-4295-aaa7-a533654d4cd1 admin admin] create_initial_revision uuid=1ed35a77-8bd3-40ea-8013-a583c41c8584, type=ports, rev=-1 {{(pid=90803) create_initial_revision /opt/stack/neutron/neutron/db/ovn_revision_numbers_db.py:98}}
Jul 24 01:41:36.917879 np0000005798 devstack@neutron-api.service[90803]: DEBUG neutron_lib.callbacks.manager [None req-a3ddecd8-76c1-4295-aaa7-a533654d4cd1 admin admin] Publish callbacks ['neutron.plugins.ml2.ovo_rpc._ObjectChangeHandler.handle_event-8004444'] for port (1ed35a77-8bd3-40ea-8013-a583c41c8584), after_create {{(pid=90803) _notify_loop /opt/stack/data/venv/lib/python3.12/site-packages/neutron_lib/callbacks/manager.py:184}}
Jul 24 01:41:36.969922 np0000005798 devstack@neutron-api.service[90803]: DEBUG neutron.api.rpc.handlers.resources_rpc [None req-a3ddecd8-76c1-4295-aaa7-a533654d4cd1 admin admin] Pushing event updated for resources: {'Port': ['ID=1ed35a77-8bd3-40ea-8013-a583c41c8584,revision_number=1']} {{(pid=90803) push /opt/stack/neutron/neutron/api/rpc/handlers/resources_rpc.py:237}}
Jul 24 01:41:36.999484 np0000005798 devstack@neutron-api.service[90803]: DEBUG neutron.plugins.ml2.drivers.ovn.mech_driver.ovsdb.commands [None req-a3ddecd8-76c1-4295-aaa7-a533654d4cd1 admin admin] Converting tag [] to a tag_request {{(pid=90803) _tag_column_to_tag_request /opt/stack/neutron/neutron/plugins/ml2/drivers/ovn/mech_driver/ovsdb/commands.py:205}}
Jul 24 01:41:37.000095 np0000005798 devstack@neutron-api.service[90803]: DEBUG ovsdbapp.backend.ovs_idl.transaction [-] Running txn n=1 command(idx=0): AddLSwitchPortCommand(_result=None, lport=1ed35a77-8bd3-40ea-8013-a583c41c8584, lswitch=neutron-c94efb3f-9dc2-4533-b8bd-9db88bdd5a3a, may_exist=True, network_uuid=c94efb3f-9dc2-4533-b8bd-9db88bdd5a3a, columns={'addresses': ['fa:16:3e:9e:e8:16'], 'external_ids': {'neutron:port_name': '', 'neutron:device_id': 'ovnmeta-c94efb3f-9dc2-4533-b8bd-9db88bdd5a3a', 'neutron:project_id': '505287cca48c4b6292dcea863a6eaa7f', 'neutron:cidrs': '', 'neutron:device_owner': 'network:distributed', 'neutron:subnet_pool_addr_scope4': '', 'neutron:subnet_pool_addr_scope6': '', 'neutron:network_name': 'neutron-c94efb3f-9dc2-4533-b8bd-9db88bdd5a3a', 'neutron:security_group_ids': '', 'neutron:revision_number': '1', 'neutron:vnic_type': 'normal', 'neutron:port_capabilities': '', 'neutron:mtu': '1372'}, 'parent_name': [], 'enabled': True, 'options': {}, 'type': 'localport', 'port_security': [], 'dhcpv4_options': [], 'dhcpv6_options': [], 'tag_request': []}) {{(pid=90803) do_commit /opt/stack/data/venv/lib/python3.12/site-packages/ovsdbapp/backend/ovs_idl/transaction.py:89}}
Jul 24 01:41:37.000518 np0000005798 devstack@neutron-api.service[90803]: DEBUG ovsdbapp.backend.ovs_idl.transaction [-] Running txn n=1 command(idx=1): QoSDelCommand(_result=None, switch=neutron-c94efb3f-9dc2-4533-b8bd-9db88bdd5a3a, conditions=[('direction', '=', 'to-lport'), ('priority', '=', 2002), ('match', '=', 'outport == "1ed35a77-8bd3-40ea-8013-a583c41c8584"')], if_exists=True) {{(pid=90803) do_commit /opt/stack/data/venv/lib/python3.12/site-packages/ovsdbapp/backend/ovs_idl/transaction.py:89}}
Jul 24 01:41:37.000667 np0000005798 devstack@neutron-api.service[90803]: DEBUG ovsdbapp.backend.ovs_idl.transaction [-] Running txn n=1 command(idx=2): QoSDelCommand(_result=None, switch=neutron-c94efb3f-9dc2-4533-b8bd-9db88bdd5a3a, conditions=[('direction', '=', 'from-lport'), ('priority', '=', 2002), ('match', '=', 'inport == "1ed35a77-8bd3-40ea-8013-a583c41c8584"')], if_exists=True) {{(pid=90803) do_commit /opt/stack/data/venv/lib/python3.12/site-packages/ovsdbapp/backend/ovs_idl/transaction.py:89}}
Jul 24 01:41:37.003995 np0000005798 devstack@neutron-api.service[90802]: DEBUG neutron.plugins.ml2.drivers.ovn.mech_driver.ovsdb.ovsdb_monitor [-] Hash Ring: Node 6ceed6641edc5b30abcb27c098933717 (host: np0000005798) handling event "update" for row c94efb3f-9dc2-4533-b8bd-9db88bdd5a3a (table: Logical_Switch) {{(pid=90802) notify /opt/stack/neutron/neutron/plugins/ml2/drivers/ovn/mech_driver/ovsdb/ovsdb_monitor.py:1013}}
Jul 24 01:41:37.005320 np0000005798 devstack@neutron-api.service[90804]: DEBUG neutron.plugins.ml2.drivers.ovn.mech_driver.ovsdb.ovsdb_monitor [-] Hash Ring: Node 3a100131561d5338975bd2060fd280f0 (host: np0000005798) handling event "create" for row a70a94b0-65d2-46ae-835c-c8ecfc9268d4 (table: Logical_Switch_Port) {{(pid=90804) notify /opt/stack/neutron/neutron/plugins/ml2/drivers/ovn/mech_driver/ovsdb/ovsdb_monitor.py:1013}}
Jul 24 01:41:37.006525 np0000005798 devstack@neutron-api.service[90804]: DEBUG ovsdbapp.backend.ovs_idl.event [-] Matched CREATE: LogicalSwitchPortCreateEvent(events=('create',), table='Logical_Switch_Port', conditions=[], old_conditions=None), priority=20 to row=Logical_Switch_Port(uuid=a70a94b0-65d2-46ae-835c-c8ecfc9268d4, addresses=['fa:16:3e:9e:e8:16'], dhcpv4_options=[], dhcpv6_options=[], dynamic_addresses=[], enabled=True, external_ids={'neutron:cidrs': '', 'neutron:device_id': 'ovnmeta-c94efb3f-9dc2-4533-b8bd-9db88bdd5a3a', 'neutron:device_owner': 'network:distributed', 'neutron:mtu': '1372', 'neutron:network_name': 'neutron-c94efb3f-9dc2-4533-b8bd-9db88bdd5a3a', 'neutron:port_capabilities': '', 'neutron:port_name': '', 'neutron:project_id': '505287cca48c4b6292dcea863a6eaa7f', 'neutron:revision_number': '1', 'neutron:security_group_ids': '', 'neutron:subnet_pool_addr_scope4': '', 'neutron:subnet_pool_addr_scope6': '', 'neutron:vnic_type': 'normal'}, ha_chassis_group=[], mirror_rules=[], name='1ed35a77-8bd3-40ea-8013-a583c41c8584', options={}, parent_name=[], port_security=[], tag=[], tag_request=[], type='localport', up=[]) old= {{(pid=90804) matches /opt/stack/data/venv/lib/python3.12/site-packages/ovsdbapp/backend/ovs_idl/event.py:55}}
Jul 24 01:41:37.007872 np0000005798 devstack@neutron-api.service[90804]: INFO neutron.plugins.ml2.drivers.ovn.mech_driver.mech_driver [-] OVN reports status down for port: 1ed35a77-8bd3-40ea-8013-a583c41c8584
Jul 24 01:41:37.008534 np0000005798 devstack@neutron-api.service[90802]: DEBUG neutron.plugins.ml2.drivers.ovn.mech_driver.ovsdb.ovsdb_monitor [-] Hash Ring: Node 6ceed6641edc5b30abcb27c098933717 (host: np0000005798) handling event "create" for row fa8540cb-4607-426a-8d05-5550725f029f (table: Port_Binding) {{(pid=90802) notify /opt/stack/neutron/neutron/plugins/ml2/drivers/ovn/mech_driver/ovsdb/ovsdb_monitor.py:1013}}
Jul 24 01:41:37.009020 np0000005798 devstack@neutron-api.service[90804]: DEBUG neutron.plugins.ml2.drivers.ovn.mech_driver.ovsdb.ovsdb_monitor [-] Hash Ring: Node 3a100131561d5338975bd2060fd280f0 (host: np0000005798) handling event "update" for row a70a94b0-65d2-46ae-835c-c8ecfc9268d4 (table: Logical_Switch_Port) {{(pid=90804) notify /opt/stack/neutron/neutron/plugins/ml2/drivers/ovn/mech_driver/ovsdb/ovsdb_monitor.py:1013}}
Jul 24 01:41:37.010613 np0000005798 devstack@neutron-api.service[90804]: DEBUG neutron.plugins.ml2.drivers.ovn.mech_driver.ovsdb.ovsdb_monitor [-] Hash Ring: Node 3a100131561d5338975bd2060fd280f0 (host: np0000005798) handling event "create" for row fa8540cb-4607-426a-8d05-5550725f029f (table: Port_Binding) {{(pid=90804) notify /opt/stack/neutron/neutron/plugins/ml2/drivers/ovn/mech_driver/ovsdb/ovsdb_monitor.py:1013}}
Jul 24 01:41:37.054647 np0000005798 devstack@neutron-api.service[90803]: INFO neutron.db.ovn_revision_numbers_db [None req-a3ddecd8-76c1-4295-aaa7-a533654d4cd1 admin admin] Successfully bumped revision number for resource 1ed35a77-8bd3-40ea-8013-a583c41c8584 (type: ports) to 1
Jul 24 01:41:37.062421 np0000005798 devstack@neutron-api.service[90803]: DEBUG neutron.pecan_wsgi.hooks.policy_enforcement [None req-a3ddecd8-76c1-4295-aaa7-a533654d4cd1 admin admin] Attributes excluded by policy engine: ['standard_attr_id'] {{(pid=90803) _exclude_attributes_by_policy /opt/stack/neutron/neutron/pecan_wsgi/hooks/policy_enforcement.py:259}}
