Aug 12 12:47:44.944099 np0000007055 devstack@g-api.service[102982]: WARNING glance.api.v2.images [None req-b5f8d725-eeb3-474c-9d99-0bd8390e30fc tempest-ServerBootFromVolumeStableRescueTest-2018850882 tempest-ServerBootFromVolumeStableRescueTest-2018850882-project-member] After upload to backend, deletion of staged image data has failed because it cannot be found at /tmp/staging//8cfdba14-8573-45c8-a724-f84947e99a62
Aug 12 12:47:44.944391 np0000007055 devstack@g-api.service[102982]: DEBUG glance_store.backend [None req-b5f8d725-eeb3-474c-9d99-0bd8390e30fc tempest-ServerBootFromVolumeStableRescueTest-2018850882 tempest-ServerBootFromVolumeStableRescueTest-2018850882-project-member] Attempting to import store swift {{(pid=102982) _load_store /opt/stack/data/venv/lib/python3.12/site-packages/glance_store/backend.py:215}}
Aug 12 12:47:44.945643 np0000007055 devstack@g-api.service[102982]: DEBUG glance_store.capabilities [None req-b5f8d725-eeb3-474c-9d99-0bd8390e30fc tempest-ServerBootFromVolumeStableRescueTest-2018850882 tempest-ServerBootFromVolumeStableRescueTest-2018850882-project-member] Store glance_store._drivers.swift.store.SingleTenantStore doesn't support updating dynamic storage capabilities. Please overwrite 'update_capabilities' method of the store to implement updating logics if needed. {{(pid=102982) update_capabilities /opt/stack/data/venv/lib/python3.12/site-packages/glance_store/capabilities.py:91}}
Aug 12 12:47:44.945723 np0000007055 devstack@g-api.service[102982]: DEBUG glance_store.driver [None req-b5f8d725-eeb3-474c-9d99-0bd8390e30fc tempest-ServerBootFromVolumeStableRescueTest-2018850882 tempest-ServerBootFromVolumeStableRescueTest-2018850882-project-member] Late loading location class glance_store._drivers.swift.store.StoreLocation {{(pid=102982) get_store_location_class /opt/stack/data/venv/lib/python3.12/site-packages/glance_store/driver.py:134}}
Aug 12 12:47:44.945876 np0000007055 devstack@g-api.service[102982]: DEBUG glance_store.location [None req-b5f8d725-eeb3-474c-9d99-0bd8390e30fc tempest-ServerBootFromVolumeStableRescueTest-2018850882 tempest-ServerBootFromVolumeStableRescueTest-2018850882-project-member] Registering scheme swift+https with {'store': , 'location_class': , 'store_entry': 'swift'} {{(pid=102982) register_scheme_map /opt/stack/data/venv/lib/python3.12/site-packages/glance_store/location.py:146}}
Aug 12 12:47:44.945958 np0000007055 devstack@g-api.service[102982]: DEBUG glance_store.location [None req-b5f8d725-eeb3-474c-9d99-0bd8390e30fc tempest-ServerBootFromVolumeStableRescueTest-2018850882 tempest-ServerBootFromVolumeStableRescueTest-2018850882-project-member] Registering scheme swift+https with {'store': , 'location_class': , 'store_entry': 'swift'} {{(pid=102982) register_scheme_map /opt/stack/data/venv/lib/python3.12/site-packages/glance_store/location.py:146}}
Aug 12 12:47:44.946037 np0000007055 devstack@g-api.service[102982]: DEBUG glance_store.location [None req-b5f8d725-eeb3-474c-9d99-0bd8390e30fc tempest-ServerBootFromVolumeStableRescueTest-2018850882 tempest-ServerBootFromVolumeStableRescueTest-2018850882-project-member] Registering scheme swift with {'store': , 'location_class': , 'store_entry': 'swift'} {{(pid=102982) register_scheme_map /opt/stack/data/venv/lib/python3.12/site-packages/glance_store/location.py:146}}
Aug 12 12:47:44.946246 np0000007055 devstack@g-api.service[102982]: DEBUG glance_store.location [None req-b5f8d725-eeb3-474c-9d99-0bd8390e30fc tempest-ServerBootFromVolumeStableRescueTest-2018850882 tempest-ServerBootFromVolumeStableRescueTest-2018850882-project-member] Registering scheme swift+https with {'store': , 'location_class': , 'store_entry': 'swift'} {{(pid=102982) register_scheme_map /opt/stack/data/venv/lib/python3.12/site-packages/glance_store/location.py:146}}
Aug 12 12:47:44.946246 np0000007055 devstack@g-api.service[102982]: DEBUG glance_store.location [None req-b5f8d725-eeb3-474c-9d99-0bd8390e30fc tempest-ServerBootFromVolumeStableRescueTest-2018850882 tempest-ServerBootFromVolumeStableRescueTest-2018850882-project-member] Registering scheme swift with {'store': , 'location_class': , 'store_entry': 'swift'} {{(pid=102982) register_scheme_map /opt/stack/data/venv/lib/python3.12/site-packages/glance_store/location.py:146}}
Aug 12 12:47:44.946246 np0000007055 devstack@g-api.service[102982]: DEBUG glance_store.location [None req-b5f8d725-eeb3-474c-9d99-0bd8390e30fc tempest-ServerBootFromVolumeStableRescueTest-2018850882 tempest-ServerBootFromVolumeStableRescueTest-2018850882-project-member] Registering scheme swift+http with {'store': , 'location_class': , 'store_entry': 'swift'} {{(pid=102982) register_scheme_map /opt/stack/data/venv/lib/python3.12/site-packages/glance_store/location.py:146}}
Aug 12 12:47:44.946405 np0000007055 devstack@g-api.service[102982]: DEBUG glance_store.location [None req-b5f8d725-eeb3-474c-9d99-0bd8390e30fc tempest-ServerBootFromVolumeStableRescueTest-2018850882 tempest-ServerBootFromVolumeStableRescueTest-2018850882-project-member] Registering scheme swift+https with {'store': , 'location_class': , 'store_entry': 'swift'} {{(pid=102982) register_scheme_map /opt/stack/data/venv/lib/python3.12/site-packages/glance_store/location.py:146}}
Aug 12 12:47:44.946405 np0000007055 devstack@g-api.service[102982]: DEBUG glance_store.location [None req-b5f8d725-eeb3-474c-9d99-0bd8390e30fc tempest-ServerBootFromVolumeStableRescueTest-2018850882 tempest-ServerBootFromVolumeStableRescueTest-2018850882-project-member] Registering scheme swift with {'store': , 'location_class': , 'store_entry': 'swift'} {{(pid=102982) register_scheme_map /opt/stack/data/venv/lib/python3.12/site-packages/glance_store/location.py:146}}
Aug 12 12:47:44.946405 np0000007055 devstack@g-api.service[102982]: DEBUG glance_store.location [None req-b5f8d725-eeb3-474c-9d99-0bd8390e30fc tempest-ServerBootFromVolumeStableRescueTest-2018850882 tempest-ServerBootFromVolumeStableRescueTest-2018850882-project-member] Registering scheme swift+http with {'store': , 'location_class': , 'store_entry': 'swift'} {{(pid=102982) register_scheme_map /opt/stack/data/venv/lib/python3.12/site-packages/glance_store/location.py:146}}
Aug 12 12:47:44.946518 np0000007055 devstack@g-api.service[102982]: DEBUG glance_store.location [None req-b5f8d725-eeb3-474c-9d99-0bd8390e30fc tempest-ServerBootFromVolumeStableRescueTest-2018850882 tempest-ServerBootFromVolumeStableRescueTest-2018850882-project-member] Registering scheme swift+config with {'store': , 'location_class': , 'store_entry': 'swift'} {{(pid=102982) register_scheme_map /opt/stack/data/venv/lib/python3.12/site-packages/glance_store/location.py:146}}
Aug 12 12:47:44.948759 np0000007055 devstack@g-api.service[102982]: DEBUG keystoneclient.auth.identity.v3.base [None req-b5f8d725-eeb3-474c-9d99-0bd8390e30fc tempest-ServerBootFromVolumeStableRescueTest-2018850882 tempest-ServerBootFromVolumeStableRescueTest-2018850882-project-member] Making authentication request to https://10.4.3.81/identity/v3/auth/tokens {{(pid=102982) get_auth_ref /opt/stack/data/venv/lib/python3.12/site-packages/keystoneclient/auth/identity/v3/base.py:185}}
Aug 12 12:47:45.093881 np0000007055 devstack@g-api.service[102982]: DEBUG keystoneclient.auth.identity.v3.base [None req-b5f8d725-eeb3-474c-9d99-0bd8390e30fc tempest-ServerBootFromVolumeStableRescueTest-2018850882 tempest-ServerBootFromVolumeStableRescueTest-2018850882-project-member] {"token": {"methods": ["password"], "user": {"domain": {"id": "default", "name": "Default"}, "id": "62e3025b9b3c45598e1ae9c64e1932b6", "name": "glance-swift", "password_expires_at": null}, "audit_ids": ["UslnznPITIe1-GTBcuuvyw"], "expires_at": "2026-08-12T13:47:45.000000Z", "issued_at": "2026-08-12T12:47:45.000000Z", "project": {"domain": {"id": "default", "name": "Default"}, "id": "c536a6f410bf41b58c22173d316caaaf", "name": "service"}, "is_domain": false, "roles": [{"id": "d20856aeebb84b50ba09301e00df10ac", "name": "service"}, {"id": "15637ec2d3004410b7b1d7690cabfde8", "name": "ResellerAdmin"}], "catalog": [{"endpoints": [{"id": "9e69d18de22b4c73b7cb4c39b2837b01", "interface": "public", "region_id": "RegionOne", "url": "https://10.4.3.81:8080/v1/AUTH_c536a6f410bf41b58c22173d316caaaf", "region": "RegionOne"}, {"id": "afced513f82642e8a72bc1e2e27e5652", "interface": "admin", "region_id": "RegionOne", "url": "https://10.4.3.81:8080", "region": "RegionOne"}], "id": "28034cad651143a48641879ef3aa701c", "type": "object-store", "name": "swift"}, {"endpoints": [{"id": "d23e7184ab4940f59614d459429a53f4", "interface": "public", "region_id": "RegionOne", "url": "https://10.4.3.81/identity", "region": "RegionOne"}], "id": "2c0e0e05eb174444af167947819def1d", "type": "identity", "name": "keystone"}, {"endpoints": [{"id": "7571c256b0304463ad91e53f7140ebda", "interface": "public", "region_id": "RegionOne", "url": "https://10.4.3.81/compute/v2/c536a6f410bf41b58c22173d316caaaf", "region": "RegionOne"}], "id": "6b362fb4a16b49069d83c1022f574a91", "type": "compute_legacy", "name": "nova_legacy"}, {"endpoints": [{"id": "eab445ffbd3f42d5be129211d02f11d9", "interface": "public", "region_id": "RegionOne", "url": "https://10.4.3.81/compute/v2.1", "region": "RegionOne"}], "id": "795b7ccf9fdc4a278a5a6fd6546e228a", "type": "compute", "name": "nova"}, {"endpoints": [{"id": "ecc31987fb9344fd9bdf8dbfeb0efb20", "interface": "public", "region_id": "RegionOne", "url": "https://10.4.3.81/networking", "region": "RegionOne"}], "id": "a816c8d3dd904967a3e3da7825c26648", "type": "network", "name": "neutron"}, {"endpoints": [{"id": "e44c419ddd3a463ea0714adfe34a573d", "interface": "public", "region_id": "RegionOne", "url": "https://10.4.3.81/image", "region": "RegionOne"}], "id": "aa7ce339c8d747eda3e9878ab66aa036", "type": "image", "name": "glance"}, {"endpoints": [{"id": "d56b3f3668d746409162a62172162cb9", "interface": "public", "region_id": "RegionOne", "url": "https://10.4.3.81/placement", "region": "RegionOne"}], "id": "ac038b33137d4e4d890f6e771d07bb34", "type": "placement", "name": "placement"}, {"endpoints": [{"id": "9366539f29bd4b81bce9dc24635bf8ed", "interface": "public", "region_id": "RegionOne", "url": "https://10.4.3.81/volume/v3", "region": "RegionOne"}], "id": "bfae14d2a4f84e77addbb6d91ebf0db1", "type": "block-storage", "name": "cinder"}]}} {{(pid=102982) get_auth_ref /opt/stack/data/venv/lib/python3.12/site-packages/keystoneclient/auth/identity/v3/base.py:190}}
Aug 12 12:47:45.093881 np0000007055 devstack@g-api.service[102982]: DEBUG keystoneclient.httpclient [None req-b5f8d725-eeb3-474c-9d99-0bd8390e30fc tempest-ServerBootFromVolumeStableRescueTest-2018850882 tempest-ServerBootFromVolumeStableRescueTest-2018850882-project-member] Failed to find endpoint for management url admin endpoint for identity service not found {{(pid=102982) _process_management_url /opt/stack/data/venv/lib/python3.12/site-packages/keystoneclient/httpclient.py:670}}
Aug 12 12:47:45.189392 np0000007055 devstack@g-api.service[102983]: DEBUG glance.api.middleware.version_negotiation [None req-4e69599f-e9e4-4c8e-9a20-2b5f9a2ebf6b tempest-ServerBootFromVolumeStableRescueTest-2018850882 tempest-ServerBootFromVolumeStableRescueTest-2018850882-project-member] Determining version of request: GET /v2/images/2b84e66d-5c51-489b-afd6-f98c399fa11c Accept: */* {{(pid=102983) process_request /opt/stack/glance/glance/api/middleware/version_negotiation.py:44}}
Aug 12 12:47:45.189392 np0000007055 devstack@g-api.service[102983]: DEBUG glance.api.middleware.version_negotiation [None req-4e69599f-e9e4-4c8e-9a20-2b5f9a2ebf6b tempest-ServerBootFromVolumeStableRescueTest-2018850882 tempest-ServerBootFromVolumeStableRescueTest-2018850882-project-member] Using url versioning {{(pid=102983) process_request /opt/stack/glance/glance/api/middleware/version_negotiation.py:57}}
Aug 12 12:47:45.190423 np0000007055 devstack@g-api.service[102983]: DEBUG glance.api.middleware.version_negotiation [None req-4e69599f-e9e4-4c8e-9a20-2b5f9a2ebf6b tempest-ServerBootFromVolumeStableRescueTest-2018850882 tempest-ServerBootFromVolumeStableRescueTest-2018850882-project-member] Matched version: v2 {{(pid=102983) process_request /opt/stack/glance/glance/api/middleware/version_negotiation.py:69}}
Aug 12 12:47:45.190423 np0000007055 devstack@g-api.service[102983]: DEBUG glance.api.middleware.version_negotiation [None req-4e69599f-e9e4-4c8e-9a20-2b5f9a2ebf6b tempest-ServerBootFromVolumeStableRescueTest-2018850882 tempest-ServerBootFromVolumeStableRescueTest-2018850882-project-member] new path /v2/images/2b84e66d-5c51-489b-afd6-f98c399fa11c {{(pid=102983) process_request /opt/stack/glance/glance/api/middleware/version_negotiation.py:70}}
Aug 12 12:47:45.203992 np0000007055 devstack@g-api.service[102983]: [pid: 102983|app: 0|req: 38/164] 127.0.0.1 () {44 vars in 1111 bytes} [Wed Aug 12 12:47:45 2026] GET /v2/images/2b84e66d-5c51-489b-afd6-f98c399fa11c => generated 1044 bytes in 14 msecs (HTTP/1.1 200) 4 headers in 158 bytes (1 switches on core 0)
Aug 12 12:47:45.215319 np0000007055 devstack@g-api.service[102984]: DEBUG glance.api.middleware.version_negotiation [None req-8d9bede8-cfb3-4ddd-b5cb-c9156972d5af tempest-ServerActionsTestOtherA-2140835660 tempest-ServerActionsTestOtherA-2140835660-project-member] Determining version of request: GET /v2/schemas/image Accept: */* {{(pid=102984) process_request /opt/stack/glance/glance/api/middleware/version_negotiation.py:44}}
Aug 12 12:47:45.215723 np0000007055 devstack@g-api.service[102984]: DEBUG glance.api.middleware.version_negotiation [None req-8d9bede8-cfb3-4ddd-b5cb-c9156972d5af tempest-ServerActionsTestOtherA-2140835660 tempest-ServerActionsTestOtherA-2140835660-project-member] Using url versioning {{(pid=102984) process_request /opt/stack/glance/glance/api/middleware/version_negotiation.py:57}}
Aug 12 12:47:45.216820 np0000007055 devstack@g-api.service[102984]: DEBUG glance.api.middleware.version_negotiation [None req-8d9bede8-cfb3-4ddd-b5cb-c9156972d5af tempest-ServerActionsTestOtherA-2140835660 tempest-ServerActionsTestOtherA-2140835660-project-member] Matched version: v2 {{(pid=102984) process_request /opt/stack/glance/glance/api/middleware/version_negotiation.py:69}}
Aug 12 12:47:45.216820 np0000007055 devstack@g-api.service[102984]: DEBUG glance.api.middleware.version_negotiation [None req-8d9bede8-cfb3-4ddd-b5cb-c9156972d5af tempest-ServerActionsTestOtherA-2140835660 tempest-ServerActionsTestOtherA-2140835660-project-member] new path /v2/schemas/image {{(pid=102984) process_request /opt/stack/glance/glance/api/middleware/version_negotiation.py:70}}
Aug 12 12:47:45.220708 np0000007055 devstack@g-api.service[102984]: [pid: 102984|app: 0|req: 42/165] 127.0.0.1 () {44 vars in 1051 bytes} [Wed Aug 12 12:47:45 2026] GET /v2/schemas/image => generated 6083 bytes in 5 msecs (HTTP/1.1 200) 4 headers in 158 bytes (1 switches on core 0)
Aug 12 12:47:45.229600 np0000007055 devstack@g-api.service[102981]: DEBUG glance.api.middleware.version_negotiation [None req-8d9bede8-cfb3-4ddd-b5cb-c9156972d5af tempest-ServerActionsTestOtherA-2140835660 tempest-ServerActionsTestOtherA-2140835660-project-member] Determining version of request: GET /v2/schemas/image Accept: */* {{(pid=102981) process_request /opt/stack/glance/glance/api/middleware/version_negotiation.py:44}}
Aug 12 12:47:45.229919 np0000007055 devstack@g-api.service[102981]: DEBUG glance.api.middleware.version_negotiation [None req-8d9bede8-cfb3-4ddd-b5cb-c9156972d5af tempest-ServerActionsTestOtherA-2140835660 tempest-ServerActionsTestOtherA-2140835660-project-member] Using url versioning {{(pid=102981) process_request /opt/stack/glance/glance/api/middleware/version_negotiation.py:57}}
Aug 12 12:47:45.230259 np0000007055 devstack@g-api.service[102981]: DEBUG glance.api.middleware.version_negotiation [None req-8d9bede8-cfb3-4ddd-b5cb-c9156972d5af tempest-ServerActionsTestOtherA-2140835660 tempest-ServerActionsTestOtherA-2140835660-project-member] Matched version: v2 {{(pid=102981) process_request /opt/stack/glance/glance/api/middleware/version_negotiation.py:69}}
Aug 12 12:47:45.230259 np0000007055 devstack@g-api.service[102981]: DEBUG glance.api.middleware.version_negotiation [None req-8d9bede8-cfb3-4ddd-b5cb-c9156972d5af tempest-ServerActionsTestOtherA-2140835660 tempest-ServerActionsTestOtherA-2140835660-project-member] new path /v2/schemas/image {{(pid=102981) process_request /opt/stack/glance/glance/api/middleware/version_negotiation.py:70}}
Aug 12 12:47:45.234337 np0000007055 devstack@g-api.service[102981]: [pid: 102981|app: 0|req: 45/166] 127.0.0.1 () {44 vars in 1051 bytes} [Wed Aug 12 12:47:45 2026] GET /v2/schemas/image => generated 6083 bytes in 5 msecs (HTTP/1.1 200) 4 headers in 158 bytes (1 switches on core 0)
Aug 12 12:47:45.243005 np0000007055 devstack@g-api.service[102983]: DEBUG glance.api.middleware.version_negotiation [None req-6b0b49b5-83c2-4310-9af4-b03f50b8b6dd tempest-ServerActionsV293TestJSON-401160097 tempest-ServerActionsV293TestJSON-401160097-project-member] Determining version of request: GET /v2/images/2b84e66d-5c51-489b-afd6-f98c399fa11c Accept: */* {{(pid=102983) process_request /opt/stack/glance/glance/api/middleware/version_negotiation.py:44}}
Aug 12 12:47:45.243005 np0000007055 devstack@g-api.service[102983]: DEBUG glance.api.middleware.version_negotiation [None req-6b0b49b5-83c2-4310-9af4-b03f50b8b6dd tempest-ServerActionsV293TestJSON-401160097 tempest-ServerActionsV293TestJSON-401160097-project-member] Using url versioning {{(pid=102983) process_request /opt/stack/glance/glance/api/middleware/version_negotiation.py:57}}
Aug 12 12:47:45.243005 np0000007055 devstack@g-api.service[102983]: DEBUG glance.api.middleware.version_negotiation [None req-6b0b49b5-83c2-4310-9af4-b03f50b8b6dd tempest-ServerActionsV293TestJSON-401160097 tempest-ServerActionsV293TestJSON-401160097-project-member] Matched version: v2 {{(pid=102983) process_request /opt/stack/glance/glance/api/middleware/version_negotiation.py:69}}
Aug 12 12:47:45.243249 np0000007055 devstack@g-api.service[102983]: DEBUG glance.api.middleware.version_negotiation [None req-6b0b49b5-83c2-4310-9af4-b03f50b8b6dd tempest-ServerActionsV293TestJSON-401160097 tempest-ServerActionsV293TestJSON-401160097-project-member] new path /v2/images/2b84e66d-5c51-489b-afd6-f98c399fa11c {{(pid=102983) process_request /opt/stack/glance/glance/api/middleware/version_negotiation.py:70}}
Aug 12 12:47:45.259117 np0000007055 devstack@g-api.service[102983]: [pid: 102983|app: 0|req: 39/167] 127.0.0.1 () {44 vars in 1111 bytes} [Wed Aug 12 12:47:45 2026] GET /v2/images/2b84e66d-5c51-489b-afd6-f98c399fa11c => generated 1044 bytes in 16 msecs (HTTP/1.1 200) 4 headers in 158 bytes (1 switches on core 0)
Aug 12 12:47:45.271067 np0000007055 devstack@g-api.service[102984]: DEBUG glance.api.middleware.version_negotiation [None req-6b0b49b5-83c2-4310-9af4-b03f50b8b6dd tempest-ServerActionsV293TestJSON-401160097 tempest-ServerActionsV293TestJSON-401160097-project-member] Determining version of request: GET /v2/schemas/image Accept: */* {{(pid=102984) process_request /opt/stack/glance/glance/api/middleware/version_negotiation.py:44}}
Aug 12 12:47:45.271260 np0000007055 devstack@g-api.service[102984]: DEBUG glance.api.middleware.version_negotiation [None req-6b0b49b5-83c2-4310-9af4-b03f50b8b6dd tempest-ServerActionsV293TestJSON-401160097 tempest-ServerActionsV293TestJSON-401160097-project-member] Using url versioning {{(pid=102984) process_request /opt/stack/glance/glance/api/middleware/version_negotiation.py:57}}
Aug 12 12:47:45.271397 np0000007055 devstack@g-api.service[102984]: DEBUG glance.api.middleware.version_negotiation [None req-6b0b49b5-83c2-4310-9af4-b03f50b8b6dd tempest-ServerActionsV293TestJSON-401160097 tempest-ServerActionsV293TestJSON-401160097-project-member] Matched version: v2 {{(pid=102984) process_request /opt/stack/glance/glance/api/middleware/version_negotiation.py:69}}
Aug 12 12:47:45.271545 np0000007055 devstack@g-api.service[102984]: DEBUG glance.api.middleware.version_negotiation [None req-6b0b49b5-83c2-4310-9af4-b03f50b8b6dd tempest-ServerActionsV293TestJSON-401160097 tempest-ServerActionsV293TestJSON-401160097-project-member] new path /v2/schemas/image {{(pid=102984) process_request /opt/stack/glance/glance/api/middleware/version_negotiation.py:70}}
Aug 12 12:47:45.274626 np0000007055 devstack@g-api.service[102984]: [pid: 102984|app: 0|req: 43/168] 127.0.0.1 () {44 vars in 1051 bytes} [Wed Aug 12 12:47:45 2026] GET /v2/schemas/image => generated 6083 bytes in 4 msecs (HTTP/1.1 200) 4 headers in 158 bytes (1 switches on core 0)
Aug 12 12:47:45.295959 np0000007055 devstack@g-api.service[102981]: DEBUG glance.api.middleware.version_negotiation [None req-6b0b49b5-83c2-4310-9af4-b03f50b8b6dd tempest-ServerActionsV293TestJSON-401160097 tempest-ServerActionsV293TestJSON-401160097-project-member] Determining version of request: GET /v2/schemas/image Accept: */* {{(pid=102981) process_request /opt/stack/glance/glance/api/middleware/version_negotiation.py:44}}
Aug 12 12:47:45.296126 np0000007055 devstack@g-api.service[102981]: DEBUG glance.api.middleware.version_negotiation [None req-6b0b49b5-83c2-4310-9af4-b03f50b8b6dd tempest-ServerActionsV293TestJSON-401160097 tempest-ServerActionsV293TestJSON-401160097-project-member] Using url versioning {{(pid=102981) process_request /opt/stack/glance/glance/api/middleware/version_negotiation.py:57}}
Aug 12 12:47:45.296285 np0000007055 devstack@g-api.service[102981]: DEBUG glance.api.middleware.version_negotiation [None req-6b0b49b5-83c2-4310-9af4-b03f50b8b6dd tempest-ServerActionsV293TestJSON-401160097 tempest-ServerActionsV293TestJSON-401160097-project-member] Matched version: v2 {{(pid=102981) process_request /opt/stack/glance/glance/api/middleware/version_negotiation.py:69}}
Aug 12 12:47:45.296423 np0000007055 devstack@g-api.service[102981]: DEBUG glance.api.middleware.version_negotiation [None req-6b0b49b5-83c2-4310-9af4-b03f50b8b6dd tempest-ServerActionsV293TestJSON-401160097 tempest-ServerActionsV293TestJSON-401160097-project-member] new path /v2/schemas/image {{(pid=102981) process_request /opt/stack/glance/glance/api/middleware/version_negotiation.py:70}}
Aug 12 12:47:45.300259 np0000007055 devstack@g-api.service[102981]: [pid: 102981|app: 0|req: 46/169] 127.0.0.1 () {44 vars in 1051 bytes} [Wed Aug 12 12:47:45 2026] GET /v2/schemas/image => generated 6083 bytes in 3 msecs (HTTP/1.1 200) 4 headers in 158 bytes (1 switches on core 0)
Aug 12 12:47:45.331349 np0000007055 devstack@g-api.service[102983]: DEBUG glance.api.middleware.version_negotiation [None req-6b0b49b5-83c2-4310-9af4-b03f50b8b6dd tempest-ServerActionsV293TestJSON-401160097 tempest-ServerActionsV293TestJSON-401160097-project-member] Determining version of request: GET /v2/images/2b84e66d-5c51-489b-afd6-f98c399fa11c Accept: */* {{(pid=102983) process_request /opt/stack/glance/glance/api/middleware/version_negotiation.py:44}}
Aug 12 12:47:45.332356 np0000007055 devstack@g-api.service[102983]: DEBUG glance.api.middleware.version_negotiation [None req-6b0b49b5-83c2-4310-9af4-b03f50b8b6dd tempest-ServerActionsV293TestJSON-401160097 tempest-ServerActionsV293TestJSON-401160097-project-member] Using url versioning {{(pid=102983) process_request /opt/stack/glance/glance/api/middleware/version_negotiation.py:57}}
Aug 12 12:47:45.332356 np0000007055 devstack@g-api.service[102983]: DEBUG glance.api.middleware.version_negotiation [None req-6b0b49b5-83c2-4310-9af4-b03f50b8b6dd tempest-ServerActionsV293TestJSON-401160097 tempest-ServerActionsV293TestJSON-401160097-project-member] Matched version: v2 {{(pid=102983) process_request /opt/stack/glance/glance/api/middleware/version_negotiation.py:69}}
Aug 12 12:47:45.332356 np0000007055 devstack@g-api.service[102983]: DEBUG glance.api.middleware.version_negotiation [None req-6b0b49b5-83c2-4310-9af4-b03f50b8b6dd tempest-ServerActionsV293TestJSON-401160097 tempest-ServerActionsV293TestJSON-401160097-project-member] new path /v2/images/2b84e66d-5c51-489b-afd6-f98c399fa11c {{(pid=102983) process_request /opt/stack/glance/glance/api/middleware/version_negotiation.py:70}}
Aug 12 12:47:45.347454 np0000007055 devstack@g-api.service[102983]: [pid: 102983|app: 0|req: 40/170] 127.0.0.1 () {44 vars in 1111 bytes} [Wed Aug 12 12:47:45 2026] GET /v2/images/2b84e66d-5c51-489b-afd6-f98c399fa11c => generated 1044 bytes in 16 msecs (HTTP/1.1 200) 4 headers in 158 bytes (1 switches on core 0)
Aug 12 12:47:45.361125 np0000007055 devstack@g-api.service[102984]: DEBUG glance.api.middleware.version_negotiation [None req-6b0b49b5-83c2-4310-9af4-b03f50b8b6dd tempest-ServerActionsV293TestJSON-401160097 tempest-ServerActionsV293TestJSON-401160097-project-member] Determining version of request: GET /v2/schemas/image Accept: */* {{(pid=102984) process_request /opt/stack/glance/glance/api/middleware/version_negotiation.py:44}}
Aug 12 12:47:45.361270 np0000007055 devstack@g-api.service[102984]: DEBUG glance.api.middleware.version_negotiation [None req-6b0b49b5-83c2-4310-9af4-b03f50b8b6dd tempest-ServerActionsV293TestJSON-401160097 tempest-ServerActionsV293TestJSON-401160097-project-member] Using url versioning {{(pid=102984) process_request /opt/stack/glance/glance/api/middleware/version_negotiation.py:57}}
Aug 12 12:47:45.361413 np0000007055 devstack@g-api.service[102984]: DEBUG glance.api.middleware.version_negotiation [None req-6b0b49b5-83c2-4310-9af4-b03f50b8b6dd tempest-ServerActionsV293TestJSON-401160097 tempest-ServerActionsV293TestJSON-401160097-project-member] Matched version: v2 {{(pid=102984) process_request /opt/stack/glance/glance/api/middleware/version_negotiation.py:69}}
Aug 12 12:47:45.361543 np0000007055 devstack@g-api.service[102984]: DEBUG glance.api.middleware.version_negotiation [None req-6b0b49b5-83c2-4310-9af4-b03f50b8b6dd tempest-ServerActionsV293TestJSON-401160097 tempest-ServerActionsV293TestJSON-401160097-project-member] new path /v2/schemas/image {{(pid=102984) process_request /opt/stack/glance/glance/api/middleware/version_negotiation.py:70}}
Aug 12 12:47:45.368805 np0000007055 devstack@g-api.service[102984]: [pid: 102984|app: 0|req: 44/171] 127.0.0.1 () {44 vars in 1051 bytes} [Wed Aug 12 12:47:45 2026] GET /v2/schemas/image => generated 6083 bytes in 8 msecs (HTTP/1.1 200) 4 headers in 158 bytes (1 switches on core 0)
Aug 12 12:47:45.482828 np0000007055 devstack@g-api.service[102982]: DEBUG swiftclient [None req-b5f8d725-eeb3-474c-9d99-0bd8390e30fc tempest-ServerBootFromVolumeStableRescueTest-2018850882 tempest-ServerBootFromVolumeStableRescueTest-2018850882-project-member] REQ: curl -i https://10.4.3.81:8080/v1/AUTH_c536a6f410bf41b58c22173d316caaaf/glance/8cfdba14-8573-45c8-a724-f84947e99a62 -I -H "X-Auth-Token: gAAAAABqfGtx1qIr..." {{(pid=102982) http_log /opt/stack/data/venv/lib/python3.12/site-packages/swiftclient/client.py:160}}
Aug 12 12:47:45.482828 np0000007055 devstack@g-api.service[102982]: DEBUG swiftclient [None req-b5f8d725-eeb3-474c-9d99-0bd8390e30fc tempest-ServerBootFromVolumeStableRescueTest-2018850882 tempest-ServerBootFromVolumeStableRescueTest-2018850882-project-member] RESP STATUS: 200 OK {{(pid=102982) http_log /opt/stack/data/venv/lib/python3.12/site-packages/swiftclient/client.py:161}}
Aug 12 12:47:45.483171 np0000007055 devstack@g-api.service[102982]: DEBUG swiftclient [None req-b5f8d725-eeb3-474c-9d99-0bd8390e30fc tempest-ServerBootFromVolumeStableRescueTest-2018850882 tempest-ServerBootFromVolumeStableRescueTest-2018850882-project-member] RESP HEADERS: {'Date': 'Wed, 12 Aug 2026 12:47:45 GMT', 'Server': 'Apache/2.4.58 (Ubuntu)', 'Content-Type': 'application/octet-stream', 'Content-Length': '23527424', 'X-Object-Manifest': 'glance/8cfdba14-8573-45c8-a724-f84947e99a62-', 'Last-Modified': 'Wed, 12 Aug 2026 12:46:40 GMT', 'X-Timestamp': '1786538799.94947', 'Accept-Ranges': 'bytes', 'Etag': '"9c424351ecc3b84373f916fa8ecd34a2"', 'X-Trans-Id': 'tx622a556dfd544efd92444-006a7c6b71', 'X-Openstack-Request-Id': 'tx622a556dfd544efd92444-006a7c6b71', 'Connection': 'close'} {{(pid=102982) http_log /opt/stack/data/venv/lib/python3.12/site-packages/swiftclient/client.py:162}}
Aug 12 12:47:45.503671 np0000007055 devstack@g-api.service[102982]: DEBUG swiftclient [None req-b5f8d725-eeb3-474c-9d99-0bd8390e30fc tempest-ServerBootFromVolumeStableRescueTest-2018850882 tempest-ServerBootFromVolumeStableRescueTest-2018850882-project-member] REQ: curl -i https://10.4.3.81:8080/v1/AUTH_c536a6f410bf41b58c22173d316caaaf/glance?format=json&prefix=8cfdba14-8573-45c8-a724-f84947e99a62- -X GET -H "X-Auth-Token: gAAAAABqfGtx1qIr..." -H "Accept-Encoding: gzip" {{(pid=102982) http_log /opt/stack/data/venv/lib/python3.12/site-packages/swiftclient/client.py:160}}
Aug 12 12:47:45.503834 np0000007055 devstack@g-api.service[102982]: DEBUG swiftclient [None req-b5f8d725-eeb3-474c-9d99-0bd8390e30fc tempest-ServerBootFromVolumeStableRescueTest-2018850882 tempest-ServerBootFromVolumeStableRescueTest-2018850882-project-member] RESP STATUS: 200 OK {{(pid=102982) http_log /opt/stack/data/venv/lib/python3.12/site-packages/swiftclient/client.py:161}}
Aug 12 12:47:45.504042 np0000007055 devstack@g-api.service[102982]: DEBUG swiftclient [None req-b5f8d725-eeb3-474c-9d99-0bd8390e30fc tempest-ServerBootFromVolumeStableRescueTest-2018850882 tempest-ServerBootFromVolumeStableRescueTest-2018850882-project-member] RESP HEADERS: {'Date': 'Wed, 12 Aug 2026 12:47:45 GMT', 'Server': 'Apache/2.4.58 (Ubuntu)', 'Content-Type': 'application/json; charset=utf-8', 'Content-Length': '210', 'X-Container-Object-Count': '7', 'X-Container-Bytes-Used': '111411200', 'X-Timestamp': '1786538617.84460', 'Last-Modified': 'Wed, 12 Aug 2026 12:43:38 GMT', 'Accept-Ranges': 'bytes', 'X-Storage-Policy': 'Policy-0', 'X-Container-Sharding': 'False', 'X-Trans-Id': 'tx44a461498ff649e48e8f7-006a7c6b71', 'X-Openstack-Request-Id': 'tx44a461498ff649e48e8f7-006a7c6b71', 'Connection': 'close'} {{(pid=102982) http_log /opt/stack/data/venv/lib/python3.12/site-packages/swiftclient/client.py:162}}
Aug 12 12:47:45.504513 np0000007055 devstack@g-api.service[102982]: DEBUG swiftclient [None req-b5f8d725-eeb3-474c-9d99-0bd8390e30fc tempest-ServerBootFromVolumeStableRescueTest-2018850882 tempest-ServerBootFromVolumeStableRescueTest-2018850882-project-member] RESP BODY: b'[{"bytes": 23527424, "hash": "4fa343ee581d8d2e78533191fd1ac3e1", "name": "8cfdba14-8573-45c8-a724-f84947e99a62-00001", "content_type": "application/octet-stream", "last_modified": "2026-08-12T12:46:39.652600"}]' {{(pid=102982) http_log /opt/stack/data/venv/lib/python3.12/site-packages/swiftclient/client.py:166}}
Aug 12 12:47:45.535798 np0000007055 devstack@g-api.service[102982]: DEBUG swiftclient [None req-b5f8d725-eeb3-474c-9d99-0bd8390e30fc tempest-ServerBootFromVolumeStableRescueTest-2018850882 tempest-ServerBootFromVolumeStableRescueTest-2018850882-project-member] REQ: curl -i https://10.4.3.81:8080/v1/AUTH_c536a6f410bf41b58c22173d316caaaf/glance/8cfdba14-8573-45c8-a724-f84947e99a62-00001 DELETE -H "X-Auth-Token: gAAAAABqfGtx1qIr..." {{(pid=102982) http_log /opt/stack/data/venv/lib/python3.12/site-packages/swiftclient/client.py:160}}
Aug 12 12:47:45.535916 np0000007055 devstack@g-api.service[102982]: DEBUG swiftclient [None req-b5f8d725-eeb3-474c-9d99-0bd8390e30fc tempest-ServerBootFromVolumeStableRescueTest-2018850882 tempest-ServerBootFromVolumeStableRescueTest-2018850882-project-member] RESP STATUS: 204 No Content {{(pid=102982) http_log /opt/stack/data/venv/lib/python3.12/site-packages/swiftclient/client.py:161}}
Aug 12 12:47:45.536864 np0000007055 devstack@g-api.service[102982]: DEBUG swiftclient [None req-b5f8d725-eeb3-474c-9d99-0bd8390e30fc tempest-ServerBootFromVolumeStableRescueTest-2018850882 tempest-ServerBootFromVolumeStableRescueTest-2018850882-project-member] RESP HEADERS: {'Date': 'Wed, 12 Aug 2026 12:47:45 GMT', 'Server': 'Apache/2.4.58 (Ubuntu)', 'Content-Type': 'text/html; charset=UTF-8', 'X-Trans-Id': 'txdff3af6e3f304760a8694-006a7c6b71', 'X-Openstack-Request-Id': 'txdff3af6e3f304760a8694-006a7c6b71', 'Connection': 'close'} {{(pid=102982) http_log /opt/stack/data/venv/lib/python3.12/site-packages/swiftclient/client.py:162}}
Aug 12 12:47:45.574042 np0000007055 devstack@g-api.service[102982]: DEBUG swiftclient [None req-b5f8d725-eeb3-474c-9d99-0bd8390e30fc tempest-ServerBootFromVolumeStableRescueTest-2018850882 tempest-ServerBootFromVolumeStableRescueTest-2018850882-project-member] REQ: curl -i https://10.4.3.81:8080/v1/AUTH_c536a6f410bf41b58c22173d316caaaf/glance/8cfdba14-8573-45c8-a724-f84947e99a62 DELETE -H "X-Auth-Token: gAAAAABqfGtx1qIr..." {{(pid=102982) http_log /opt/stack/data/venv/lib/python3.12/site-packages/swiftclient/client.py:160}}
Aug 12 12:47:45.574203 np0000007055 devstack@g-api.service[102982]: DEBUG swiftclient [None req-b5f8d725-eeb3-474c-9d99-0bd8390e30fc tempest-ServerBootFromVolumeStableRescueTest-2018850882 tempest-ServerBootFromVolumeStableRescueTest-2018850882-project-member] RESP STATUS: 204 No Content {{(pid=102982) http_log /opt/stack/data/venv/lib/python3.12/site-packages/swiftclient/client.py:161}}
Aug 12 12:47:45.574272 np0000007055 devstack@g-api.service[102982]: DEBUG swiftclient [None req-b5f8d725-eeb3-474c-9d99-0bd8390e30fc tempest-ServerBootFromVolumeStableRescueTest-2018850882 tempest-ServerBootFromVolumeStableRescueTest-2018850882-project-member] RESP HEADERS: {'Date': 'Wed, 12 Aug 2026 12:47:45 GMT', 'Server': 'Apache/2.4.58 (Ubuntu)', 'Content-Type': 'text/html; charset=UTF-8', 'X-Trans-Id': 'tx6525a38d49be486da29c4-006a7c6b71', 'X-Openstack-Request-Id': 'tx6525a38d49be486da29c4-006a7c6b71', 'Connection': 'close'} {{(pid=102982) http_log /opt/stack/data/venv/lib/python3.12/site-packages/swiftclient/client.py:162}}
Aug 12 12:47:45.712655 np0000007055 devstack@g-api.service[102982]: DEBUG glance.api.middleware.cache [None req-b5f8d725-eeb3-474c-9d99-0bd8390e30fc tempest-ServerBootFromVolumeStableRescueTest-2018850882 tempest-ServerBootFromVolumeStableRescueTest-2018850882-project-member] Removing image 8cfdba14-8573-45c8-a724-f84947e99a62 from cache {{(pid=102982) _process_DELETE_response /opt/stack/glance/glance/api/middleware/cache.py:264}}
Aug 12 12:47:45.712926 np0000007055 devstack@g-api.service[102982]: DEBUG glance.image_cache.drivers.centralized_db [None req-b5f8d725-eeb3-474c-9d99-0bd8390e30fc tempest-ServerBootFromVolumeStableRescueTest-2018850882 tempest-ServerBootFromVolumeStableRescueTest-2018850882-project-member] Deleting image cache file '/opt/stack/data/glance/cache/8cfdba14-8573-45c8-a724-f84947e99a62' {{(pid=102982) delete_cached_file /opt/stack/glance/glance/image_cache/drivers/centralized_db.py:400}}
Aug 12 12:47:45.740456 np0000007055 devstack@g-api.service[102982]: [pid: 102982|app: 0|req: 42/172] 127.0.0.1 () {40 vars in 837 bytes} [Wed Aug 12 12:47:44 2026] DELETE /v2/images/8cfdba14-8573-45c8-a724-f84947e99a62 => generated 0 bytes in 809 msecs (HTTP/1.1 204) 4 headers in 171 bytes (1 switches on core 0)
Aug 12 12:47:46.020803 np0000007055 devstack@g-api.service[102981]: DEBUG glance.api.middleware.version_negotiation [None req-6b0b49b5-83c2-4310-9af4-b03f50b8b6dd tempest-ServerActionsV293TestJSON-401160097 tempest-ServerActionsV293TestJSON-401160097-project-member] Determining version of request: GET /versions Accept: */* {{(pid=102981) process_request /opt/stack/glance/glance/api/middleware/version_negotiation.py:44}}
Aug 12 12:47:46.021788 np0000007055 devstack@g-api.service[102981]: [pid: 102981|app: 0|req: 47/173] 127.0.0.1 () {44 vars in 1035 bytes} [Wed Aug 12 12:47:46 2026] GET /versions => generated 1501 bytes in 1 msecs (HTTP/1.1 200) 3 headers in 92 bytes (1 switches on core 0)
Aug 12 12:47:46.034494 np0000007055 devstack@g-api.service[102983]: DEBUG glance.api.middleware.version_negotiation [None req-6b0b49b5-83c2-4310-9af4-b03f50b8b6dd tempest-ServerActionsV293TestJSON-401160097 tempest-ServerActionsV293TestJSON-401160097-project-member] Determining version of request: GET /v2/images/2b84e66d-5c51-489b-afd6-f98c399fa11c/locations Accept: */* {{(pid=102983) process_request /opt/stack/glance/glance/api/middleware/version_negotiation.py:44}}
Aug 12 12:47:46.034494 np0000007055 devstack@g-api.service[102983]: DEBUG glance.api.middleware.version_negotiation [None req-6b0b49b5-83c2-4310-9af4-b03f50b8b6dd tempest-ServerActionsV293TestJSON-401160097 tempest-ServerActionsV293TestJSON-401160097-project-member] Using url versioning {{(pid=102983) process_request /opt/stack/glance/glance/api/middleware/version_negotiation.py:57}}
Aug 12 12:47:46.034494 np0000007055 devstack@g-api.service[102983]: DEBUG glance.api.middleware.version_negotiation [None req-6b0b49b5-83c2-4310-9af4-b03f50b8b6dd tempest-ServerActionsV293TestJSON-401160097 tempest-ServerActionsV293TestJSON-401160097-project-member] Matched version: v2 {{(pid=102983) process_request /opt/stack/glance/glance/api/middleware/version_negotiation.py:69}}
Aug 12 12:47:46.034602 np0000007055 devstack@g-api.service[102983]: DEBUG glance.api.middleware.version_negotiation [None req-6b0b49b5-83c2-4310-9af4-b03f50b8b6dd tempest-ServerActionsV293TestJSON-401160097 tempest-ServerActionsV293TestJSON-401160097-project-member] new path /v2/images/2b84e66d-5c51-489b-afd6-f98c399fa11c/locations {{(pid=102983) process_request /opt/stack/glance/glance/api/middleware/version_negotiation.py:70}}
Aug 12 12:47:46.320504 np0000007055 devstack@g-api.service[102984]: DEBUG dbcounter [-] [102984] Writing DB stats glance:SELECT=8 {{(pid=102984) stat_writer /opt/stack/data/venv/lib/python3.12/site-packages/dbcounter.py:115}}
Aug 12 12:47:46.587517 np0000007055 devstack@g-api.service[102983]: [pid: 102983|app: 0|req: 41/174] 127.0.0.1 () {44 vars in 1131 bytes} [Wed Aug 12 12:47:46 2026] GET /v2/images/2b84e66d-5c51-489b-afd6-f98c399fa11c/locations => generated 92 bytes in 554 msecs (HTTP/1.1 200) 4 headers in 156 bytes (1 switches on core 0)
Aug 12 12:47:46.599509 np0000007055 devstack@g-api.service[102984]: DEBUG glance.api.middleware.version_negotiation [None req-6b0b49b5-83c2-4310-9af4-b03f50b8b6dd tempest-ServerActionsV293TestJSON-401160097 tempest-ServerActionsV293TestJSON-401160097-project-member] Determining version of request: GET /v2/images/2b84e66d-5c51-489b-afd6-f98c399fa11c Accept: */* {{(pid=102984) process_request /opt/stack/glance/glance/api/middleware/version_negotiation.py:44}}
Aug 12 12:47:46.599509 np0000007055 devstack@g-api.service[102984]: DEBUG glance.api.middleware.version_negotiation [None req-6b0b49b5-83c2-4310-9af4-b03f50b8b6dd tempest-ServerActionsV293TestJSON-401160097 tempest-ServerActionsV293TestJSON-401160097-project-member] Using url versioning {{(pid=102984) process_request /opt/stack/glance/glance/api/middleware/version_negotiation.py:57}}
Aug 12 12:47:46.599675 np0000007055 devstack@g-api.service[102984]: DEBUG glance.api.middleware.version_negotiation [None req-6b0b49b5-83c2-4310-9af4-b03f50b8b6dd tempest-ServerActionsV293TestJSON-401160097 tempest-ServerActionsV293TestJSON-401160097-project-member] Matched version: v2 {{(pid=102984) process_request /opt/stack/glance/glance/api/middleware/version_negotiation.py:69}}
Aug 12 12:47:46.599986 np0000007055 devstack@g-api.service[102984]: DEBUG glance.api.middleware.version_negotiation [None req-6b0b49b5-83c2-4310-9af4-b03f50b8b6dd tempest-ServerActionsV293TestJSON-401160097 tempest-ServerActionsV293TestJSON-401160097-project-member] new path /v2/images/2b84e66d-5c51-489b-afd6-f98c399fa11c {{(pid=102984) process_request /opt/stack/glance/glance/api/middleware/version_negotiation.py:70}}
Aug 12 12:47:46.612580 np0000007055 devstack@g-api.service[102984]: [pid: 102984|app: 0|req: 45/175] 127.0.0.1 () {44 vars in 1111 bytes} [Wed Aug 12 12:47:46 2026] GET /v2/images/2b84e66d-5c51-489b-afd6-f98c399fa11c => generated 1044 bytes in 13 msecs (HTTP/1.1 200) 4 headers in 158 bytes (1 switches on core 0)
Aug 12 12:47:46.621485 np0000007055 devstack@g-api.service[102982]: DEBUG glance.api.middleware.version_negotiation [None req-b5f8d725-eeb3-474c-9d99-0bd8390e30fc tempest-ServerBootFromVolumeStableRescueTest-2018850882 tempest-ServerBootFromVolumeStableRescueTest-2018850882-project-member] Determining version of request: GET /v2/schemas/image Accept: */* {{(pid=102982) process_request /opt/stack/glance/glance/api/middleware/version_negotiation.py:44}}
Aug 12 12:47:46.621833 np0000007055 devstack@g-api.service[102982]: DEBUG glance.api.middleware.version_negotiation [None req-b5f8d725-eeb3-474c-9d99-0bd8390e30fc tempest-ServerBootFromVolumeStableRescueTest-2018850882 tempest-ServerBootFromVolumeStableRescueTest-2018850882-project-member] Using url versioning {{(pid=102982) process_request /opt/stack/glance/glance/api/middleware/version_negotiation.py:57}}
Aug 12 12:47:46.621833 np0000007055 devstack@g-api.service[102982]: DEBUG glance.api.middleware.version_negotiation [None req-b5f8d725-eeb3-474c-9d99-0bd8390e30fc tempest-ServerBootFromVolumeStableRescueTest-2018850882 tempest-ServerBootFromVolumeStableRescueTest-2018850882-project-member] Matched version: v2 {{(pid=102982) process_request /opt/stack/glance/glance/api/middleware/version_negotiation.py:69}}
Aug 12 12:47:46.622761 np0000007055 devstack@g-api.service[102982]: DEBUG glance.api.middleware.version_negotiation [None req-b5f8d725-eeb3-474c-9d99-0bd8390e30fc tempest-ServerBootFromVolumeStableRescueTest-2018850882 tempest-ServerBootFromVolumeStableRescueTest-2018850882-project-member] new path /v2/schemas/image {{(pid=102982) process_request /opt/stack/glance/glance/api/middleware/version_negotiation.py:70}}
Aug 12 12:47:46.625432 np0000007055 devstack@g-api.service[102982]: [pid: 102982|app: 0|req: 43/176] 127.0.0.1 () {44 vars in 1051 bytes} [Wed Aug 12 12:47:46 2026] GET /v2/schemas/image => generated 6083 bytes in 4 msecs (HTTP/1.1 200) 4 headers in 158 bytes (1 switches on core 0)
Aug 12 12:47:46.640589 np0000007055 devstack@g-api.service[102981]: DEBUG glance.api.middleware.version_negotiation [None req-6b0b49b5-83c2-4310-9af4-b03f50b8b6dd tempest-ServerActionsV293TestJSON-401160097 tempest-ServerActionsV293TestJSON-401160097-project-member] Determining version of request: GET /v2/schemas/image Accept: */* {{(pid=102981) process_request /opt/stack/glance/glance/api/middleware/version_negotiation.py:44}}
Aug 12 12:47:46.640923 np0000007055 devstack@g-api.service[102981]: DEBUG glance.api.middleware.version_negotiation [None req-6b0b49b5-83c2-4310-9af4-b03f50b8b6dd tempest-ServerActionsV293TestJSON-401160097 tempest-ServerActionsV293TestJSON-401160097-project-member] Using url versioning {{(pid=102981) process_request /opt/stack/glance/glance/api/middleware/version_negotiation.py:57}}
Aug 12 12:47:46.640923 np0000007055 devstack@g-api.service[102981]: DEBUG glance.api.middleware.version_negotiation [None req-6b0b49b5-83c2-4310-9af4-b03f50b8b6dd tempest-ServerActionsV293TestJSON-401160097 tempest-ServerActionsV293TestJSON-401160097-project-member] Matched version: v2 {{(pid=102981) process_request /opt/stack/glance/glance/api/middleware/version_negotiation.py:69}}
Aug 12 12:47:46.641178 np0000007055 devstack@g-api.service[102981]: DEBUG glance.api.middleware.version_negotiation [None req-6b0b49b5-83c2-4310-9af4-b03f50b8b6dd tempest-ServerActionsV293TestJSON-401160097 tempest-ServerActionsV293TestJSON-401160097-project-member] new path /v2/schemas/image {{(pid=102981) process_request /opt/stack/glance/glance/api/middleware/version_negotiation.py:70}}
Aug 12 12:47:46.652102 np0000007055 devstack@g-api.service[102981]: [pid: 102981|app: 0|req: 48/177] 127.0.0.1 () {44 vars in 1051 bytes} [Wed Aug 12 12:47:46 2026] GET /v2/schemas/image => generated 6083 bytes in 12 msecs (HTTP/1.1 200) 4 headers in 158 bytes (1 switches on core 0)
Aug 12 12:47:51.671276 np0000007055 devstack@g-api.service[102983]: DEBUG glance.api.middleware.version_negotiation [None req-6b0b49b5-83c2-4310-9af4-b03f50b8b6dd service glance] Determining version of request: GET /v2/images/2b84e66d-5c51-489b-afd6-f98c399fa11c Accept: application/json {{(pid=102983) process_request /opt/stack/glance/glance/api/middleware/version_negotiation.py:44}}
Aug 12 12:47:51.671539 np0000007055 devstack@g-api.service[102983]: DEBUG glance.api.middleware.version_negotiation [None req-6b0b49b5-83c2-4310-9af4-b03f50b8b6dd service glance] Using url versioning {{(pid=102983) process_request /opt/stack/glance/glance/api/middleware/version_negotiation.py:57}}
Aug 12 12:47:51.671539 np0000007055 devstack@g-api.service[102983]: DEBUG glance.api.middleware.version_negotiation [None req-6b0b49b5-83c2-4310-9af4-b03f50b8b6dd service glance] Matched version: v2 {{(pid=102983) process_request /opt/stack/glance/glance/api/middleware/version_negotiation.py:69}}
Aug 12 12:47:51.671613 np0000007055 devstack@g-api.service[102983]: DEBUG glance.api.middleware.version_negotiation [None req-6b0b49b5-83c2-4310-9af4-b03f50b8b6dd service glance] new path /v2/images/2b84e66d-5c51-489b-afd6-f98c399fa11c {{(pid=102983) process_request /opt/stack/glance/glance/api/middleware/version_negotiation.py:70}}
Aug 12 12:47:51.854519 np0000007055 devstack@g-api.service[102983]: [pid: 102983|app: 0|req: 42/178] 127.0.0.1 () {40 vars in 834 bytes} [Wed Aug 12 12:47:51 2026] GET /v2/images/2b84e66d-5c51-489b-afd6-f98c399fa11c => generated 1044 bytes in 183 msecs (HTTP/1.1 200) 4 headers in 158 bytes (1 switches on core 0)
Aug 12 12:47:51.879881 np0000007055 devstack@g-api.service[102984]: DEBUG glance.api.middleware.version_negotiation [None req-6b0b49b5-83c2-4310-9af4-b03f50b8b6dd tempest-ServerActionsV293TestJSON-401160097 tempest-ServerActionsV293TestJSON-401160097-project-member] Determining version of request: GET /v2/images/2b84e66d-5c51-489b-afd6-f98c399fa11c Accept: */* {{(pid=102984) process_request /opt/stack/glance/glance/api/middleware/version_negotiation.py:44}}
Aug 12 12:47:51.881302 np0000007055 devstack@g-api.service[102984]: DEBUG glance.api.middleware.version_negotiation [None req-6b0b49b5-83c2-4310-9af4-b03f50b8b6dd tempest-ServerActionsV293TestJSON-401160097 tempest-ServerActionsV293TestJSON-401160097-project-member] Using url versioning {{(pid=102984) process_request /opt/stack/glance/glance/api/middleware/version_negotiation.py:57}}
Aug 12 12:47:51.881302 np0000007055 devstack@g-api.service[102984]: DEBUG glance.api.middleware.version_negotiation [None req-6b0b49b5-83c2-4310-9af4-b03f50b8b6dd tempest-ServerActionsV293TestJSON-401160097 tempest-ServerActionsV293TestJSON-401160097-project-member] Matched version: v2 {{(pid=102984) process_request /opt/stack/glance/glance/api/middleware/version_negotiation.py:69}}
Aug 12 12:47:51.881302 np0000007055 devstack@g-api.service[102984]: DEBUG glance.api.middleware.version_negotiation [None req-6b0b49b5-83c2-4310-9af4-b03f50b8b6dd tempest-ServerActionsV293TestJSON-401160097 tempest-ServerActionsV293TestJSON-401160097-project-member] new path /v2/images/2b84e66d-5c51-489b-afd6-f98c399fa11c {{(pid=102984) process_request /opt/stack/glance/glance/api/middleware/version_negotiation.py:70}}
Aug 12 12:47:51.900107 np0000007055 devstack@g-api.service[102984]: [pid: 102984|app: 0|req: 46/179] 127.0.0.1 () {44 vars in 1111 bytes} [Wed Aug 12 12:47:51 2026] GET /v2/images/2b84e66d-5c51-489b-afd6-f98c399fa11c => generated 1044 bytes in 21 msecs (HTTP/1.1 200) 4 headers in 158 bytes (1 switches on core 0)
Aug 12 12:47:51.911090 np0000007055 devstack@g-api.service[102982]: DEBUG glance.api.middleware.version_negotiation [None req-6b0b49b5-83c2-4310-9af4-b03f50b8b6dd tempest-ServerActionsV293TestJSON-401160097 tempest-ServerActionsV293TestJSON-401160097-project-member] Determining version of request: GET /v2/schemas/image Accept: */* {{(pid=102982) process_request /opt/stack/glance/glance/api/middleware/version_negotiation.py:44}}
Aug 12 12:47:51.911701 np0000007055 devstack@g-api.service[102982]: DEBUG glance.api.middleware.version_negotiation [None req-6b0b49b5-83c2-4310-9af4-b03f50b8b6dd tempest-ServerActionsV293TestJSON-401160097 tempest-ServerActionsV293TestJSON-401160097-project-member] Using url versioning {{(pid=102982) process_request /opt/stack/glance/glance/api/middleware/version_negotiation.py:57}}
Aug 12 12:47:51.911701 np0000007055 devstack@g-api.service[102982]: DEBUG glance.api.middleware.version_negotiation [None req-6b0b49b5-83c2-4310-9af4-b03f50b8b6dd tempest-ServerActionsV293TestJSON-401160097 tempest-ServerActionsV293TestJSON-401160097-project-member] Matched version: v2 {{(pid=102982) process_request /opt/stack/glance/glance/api/middleware/version_negotiation.py:69}}
Aug 12 12:47:51.911905 np0000007055 devstack@g-api.service[102982]: DEBUG glance.api.middleware.version_negotiation [None req-6b0b49b5-83c2-4310-9af4-b03f50b8b6dd tempest-ServerActionsV293TestJSON-401160097 tempest-ServerActionsV293TestJSON-401160097-project-member] new path /v2/schemas/image {{(pid=102982) process_request /opt/stack/glance/glance/api/middleware/version_negotiation.py:70}}
Aug 12 12:47:51.915336 np0000007055 devstack@g-api.service[102982]: [pid: 102982|app: 0|req: 44/180] 127.0.0.1 () {44 vars in 1051 bytes} [Wed Aug 12 12:47:51 2026] GET /v2/schemas/image => generated 6083 bytes in 4 msecs (HTTP/1.1 200) 4 headers in 158 bytes (1 switches on core 0)
Aug 12 12:47:51.929025 np0000007055 devstack@g-api.service[102981]: DEBUG glance.api.middleware.version_negotiation [None req-6b0b49b5-83c2-4310-9af4-b03f50b8b6dd tempest-ServerActionsV293TestJSON-401160097 tempest-ServerActionsV293TestJSON-401160097-project-member] Determining version of request: GET /v2/schemas/image Accept: */* {{(pid=102981) process_request /opt/stack/glance/glance/api/middleware/version_negotiation.py:44}}
