Aug 12 12:43:13.868156 np0000007055 nova-conductor[99063]: DEBUG cotyledon.oslo_config_glue [-] workarounds.disable_fallback_pcpu_query = False {{(pid=99063) log_opt_values /opt/stack/data/venv/lib/python3.12/site-packages/oslo_config/cfg.py:3545}}
Aug 12 12:43:13.868156 np0000007055 nova-conductor[99063]: DEBUG cotyledon.oslo_config_glue [-] workarounds.disable_group_policy_check_upcall = False {{(pid=99063) log_opt_values /opt/stack/data/venv/lib/python3.12/site-packages/oslo_config/cfg.py:3545}}
Aug 12 12:43:13.868156 np0000007055 nova-conductor[99063]: DEBUG cotyledon.oslo_config_glue [-] workarounds.disable_libvirt_livesnapshot = False {{(pid=99063) log_opt_values /opt/stack/data/venv/lib/python3.12/site-packages/oslo_config/cfg.py:3545}}
Aug 12 12:43:13.868156 np0000007055 nova-conductor[99063]: DEBUG cotyledon.oslo_config_glue [-] workarounds.disable_rootwrap = False {{(pid=99063) log_opt_values /opt/stack/data/venv/lib/python3.12/site-packages/oslo_config/cfg.py:3545}}
Aug 12 12:43:13.868636 np0000007055 nova-conductor[99063]: DEBUG cotyledon.oslo_config_glue [-] workarounds.enable_numa_live_migration = False {{(pid=99063) log_opt_values /opt/stack/data/venv/lib/python3.12/site-packages/oslo_config/cfg.py:3545}}
Aug 12 12:43:13.868636 np0000007055 nova-conductor[99063]: DEBUG cotyledon.oslo_config_glue [-] workarounds.enable_qemu_monitor_announce_self = False {{(pid=99063) log_opt_values /opt/stack/data/venv/lib/python3.12/site-packages/oslo_config/cfg.py:3545}}
Aug 12 12:43:13.868636 np0000007055 nova-conductor[99063]: DEBUG cotyledon.oslo_config_glue [-] workarounds.ensure_libvirt_rbd_instance_dir_cleanup = False {{(pid=99063) log_opt_values /opt/stack/data/venv/lib/python3.12/site-packages/oslo_config/cfg.py:3545}}
Aug 12 12:43:13.868636 np0000007055 nova-conductor[99063]: DEBUG cotyledon.oslo_config_glue [-] workarounds.handle_virt_lifecycle_events = True {{(pid=99063) log_opt_values /opt/stack/data/venv/lib/python3.12/site-packages/oslo_config/cfg.py:3545}}
Aug 12 12:43:13.868636 np0000007055 nova-conductor[99063]: DEBUG cotyledon.oslo_config_glue [-] workarounds.libvirt_disable_apic = False {{(pid=99063) log_opt_values /opt/stack/data/venv/lib/python3.12/site-packages/oslo_config/cfg.py:3545}}
Aug 12 12:43:13.868636 np0000007055 nova-conductor[99063]: DEBUG cotyledon.oslo_config_glue [-] workarounds.never_download_image_if_on_rbd = False {{(pid=99063) log_opt_values /opt/stack/data/venv/lib/python3.12/site-packages/oslo_config/cfg.py:3545}}
Aug 12 12:43:13.868636 np0000007055 nova-conductor[99063]: DEBUG cotyledon.oslo_config_glue [-] workarounds.qemu_monitor_announce_self_count = 3 {{(pid=99063) log_opt_values /opt/stack/data/venv/lib/python3.12/site-packages/oslo_config/cfg.py:3545}}
Aug 12 12:43:13.868636 np0000007055 nova-conductor[99063]: DEBUG cotyledon.oslo_config_glue [-] workarounds.qemu_monitor_announce_self_interval = 1 {{(pid=99063) log_opt_values /opt/stack/data/venv/lib/python3.12/site-packages/oslo_config/cfg.py:3545}}
Aug 12 12:43:13.868636 np0000007055 nova-conductor[99063]: DEBUG cotyledon.oslo_config_glue [-] workarounds.reserve_disk_resource_for_image_cache = False {{(pid=99063) log_opt_values /opt/stack/data/venv/lib/python3.12/site-packages/oslo_config/cfg.py:3545}}
Aug 12 12:43:13.868867 np0000007055 nova-conductor[99063]: DEBUG cotyledon.oslo_config_glue [-] workarounds.skip_cpu_compare_at_startup = False {{(pid=99063) log_opt_values /opt/stack/data/venv/lib/python3.12/site-packages/oslo_config/cfg.py:3545}}
Aug 12 12:43:13.868867 np0000007055 nova-conductor[99063]: DEBUG cotyledon.oslo_config_glue [-] workarounds.skip_cpu_compare_on_dest = False {{(pid=99063) log_opt_values /opt/stack/data/venv/lib/python3.12/site-packages/oslo_config/cfg.py:3545}}
Aug 12 12:43:13.868867 np0000007055 nova-conductor[99063]: DEBUG cotyledon.oslo_config_glue [-] workarounds.skip_hypervisor_version_check_on_lm = False {{(pid=99063) log_opt_values /opt/stack/data/venv/lib/python3.12/site-packages/oslo_config/cfg.py:3545}}
Aug 12 12:43:13.868867 np0000007055 nova-conductor[99063]: DEBUG cotyledon.oslo_config_glue [-] workarounds.skip_reserve_in_use_ironic_nodes = False {{(pid=99063) log_opt_values /opt/stack/data/venv/lib/python3.12/site-packages/oslo_config/cfg.py:3545}}
Aug 12 12:43:13.868867 np0000007055 nova-conductor[99063]: DEBUG cotyledon.oslo_config_glue [-] workarounds.unified_limits_count_pcpu_as_vcpu = False {{(pid=99063) log_opt_values /opt/stack/data/venv/lib/python3.12/site-packages/oslo_config/cfg.py:3545}}
Aug 12 12:43:13.868867 np0000007055 nova-conductor[99063]: DEBUG cotyledon.oslo_config_glue [-] workarounds.wait_for_vif_plugged_event_during_hard_reboot = [] {{(pid=99063) log_opt_values /opt/stack/data/venv/lib/python3.12/site-packages/oslo_config/cfg.py:3545}}
Aug 12 12:43:13.868867 np0000007055 nova-conductor[99063]: DEBUG cotyledon.oslo_config_glue [-] wsgi.api_paste_config = /etc/nova/api-paste.ini {{(pid=99063) log_opt_values /opt/stack/data/venv/lib/python3.12/site-packages/oslo_config/cfg.py:3545}}
Aug 12 12:43:13.868867 np0000007055 nova-conductor[99063]: DEBUG cotyledon.oslo_config_glue [-] wsgi.secure_proxy_ssl_header = None {{(pid=99063) log_opt_values /opt/stack/data/venv/lib/python3.12/site-packages/oslo_config/cfg.py:3545}}
Aug 12 12:43:13.868867 np0000007055 nova-conductor[99063]: DEBUG cotyledon.oslo_config_glue [-] zvm.ca_file = None {{(pid=99063) log_opt_values /opt/stack/data/venv/lib/python3.12/site-packages/oslo_config/cfg.py:3545}}
Aug 12 12:43:13.869097 np0000007055 nova-conductor[99063]: DEBUG cotyledon.oslo_config_glue [-] zvm.cloud_connector_url = None {{(pid=99063) log_opt_values /opt/stack/data/venv/lib/python3.12/site-packages/oslo_config/cfg.py:3545}}
Aug 12 12:43:13.869097 np0000007055 nova-conductor[99063]: DEBUG cotyledon.oslo_config_glue [-] zvm.image_tmp_path = /opt/stack/data/nova/images {{(pid=99063) log_opt_values /opt/stack/data/venv/lib/python3.12/site-packages/oslo_config/cfg.py:3545}}
Aug 12 12:43:13.869097 np0000007055 nova-conductor[99063]: DEBUG cotyledon.oslo_config_glue [-] zvm.reachable_timeout = 300 {{(pid=99063) log_opt_values /opt/stack/data/venv/lib/python3.12/site-packages/oslo_config/cfg.py:3545}}
Aug 12 12:43:13.869097 np0000007055 nova-conductor[99063]: DEBUG cotyledon.oslo_config_glue [-] oslo_versionedobjects.fatal_exception_format_errors = False {{(pid=99063) log_opt_values /opt/stack/data/venv/lib/python3.12/site-packages/oslo_config/cfg.py:3545}}
Aug 12 12:43:13.869097 np0000007055 nova-conductor[99063]: DEBUG cotyledon.oslo_config_glue [-] oslo_middleware.http_basic_auth_user_file = /etc/htpasswd {{(pid=99063) log_opt_values /opt/stack/data/venv/lib/python3.12/site-packages/oslo_config/cfg.py:3545}}
Aug 12 12:43:13.869097 np0000007055 nova-conductor[99063]: DEBUG cotyledon.oslo_config_glue [-] profiler.connection_string = messaging:// {{(pid=99063) log_opt_values /opt/stack/data/venv/lib/python3.12/site-packages/oslo_config/cfg.py:3545}}
Aug 12 12:43:13.869097 np0000007055 nova-conductor[99063]: DEBUG cotyledon.oslo_config_glue [-] profiler.enabled = False {{(pid=99063) log_opt_values /opt/stack/data/venv/lib/python3.12/site-packages/oslo_config/cfg.py:3545}}
Aug 12 12:43:13.869097 np0000007055 nova-conductor[99063]: DEBUG cotyledon.oslo_config_glue [-] profiler.es_doc_type = notification {{(pid=99063) log_opt_values /opt/stack/data/venv/lib/python3.12/site-packages/oslo_config/cfg.py:3545}}
Aug 12 12:43:13.869097 np0000007055 nova-conductor[99063]: DEBUG cotyledon.oslo_config_glue [-] profiler.es_scroll_size = 10000 {{(pid=99063) log_opt_values /opt/stack/data/venv/lib/python3.12/site-packages/oslo_config/cfg.py:3545}}
Aug 12 12:43:13.869282 np0000007055 nova-conductor[99063]: DEBUG cotyledon.oslo_config_glue [-] profiler.es_scroll_time = 2m {{(pid=99063) log_opt_values /opt/stack/data/venv/lib/python3.12/site-packages/oslo_config/cfg.py:3545}}
Aug 12 12:43:13.869282 np0000007055 nova-conductor[99063]: DEBUG cotyledon.oslo_config_glue [-] profiler.filter_error_trace = False {{(pid=99063) log_opt_values /opt/stack/data/venv/lib/python3.12/site-packages/oslo_config/cfg.py:3545}}
Aug 12 12:43:13.869282 np0000007055 nova-conductor[99063]: DEBUG cotyledon.oslo_config_glue [-] profiler.hmac_keys = **** {{(pid=99063) log_opt_values /opt/stack/data/venv/lib/python3.12/site-packages/oslo_config/cfg.py:3545}}
Aug 12 12:43:13.869282 np0000007055 nova-conductor[99063]: DEBUG cotyledon.oslo_config_glue [-] profiler.sentinel_service_name = mymaster {{(pid=99063) log_opt_values /opt/stack/data/venv/lib/python3.12/site-packages/oslo_config/cfg.py:3545}}
Aug 12 12:43:13.869282 np0000007055 nova-conductor[99063]: DEBUG cotyledon.oslo_config_glue [-] profiler.socket_timeout = 0.1 {{(pid=99063) log_opt_values /opt/stack/data/venv/lib/python3.12/site-packages/oslo_config/cfg.py:3545}}
Aug 12 12:43:13.869282 np0000007055 nova-conductor[99063]: DEBUG cotyledon.oslo_config_glue [-] profiler.trace_requests = False {{(pid=99063) log_opt_values /opt/stack/data/venv/lib/python3.12/site-packages/oslo_config/cfg.py:3545}}
Aug 12 12:43:13.869282 np0000007055 nova-conductor[99063]: DEBUG cotyledon.oslo_config_glue [-] profiler.trace_sqlalchemy = False {{(pid=99063) log_opt_values /opt/stack/data/venv/lib/python3.12/site-packages/oslo_config/cfg.py:3545}}
Aug 12 12:43:13.869282 np0000007055 nova-conductor[99063]: DEBUG cotyledon.oslo_config_glue [-] profiler_jaeger.process_tags = {} {{(pid=99063) log_opt_values /opt/stack/data/venv/lib/python3.12/site-packages/oslo_config/cfg.py:3545}}
Aug 12 12:43:13.869282 np0000007055 nova-conductor[99063]: DEBUG cotyledon.oslo_config_glue [-] profiler_jaeger.service_name_prefix = None {{(pid=99063) log_opt_values /opt/stack/data/venv/lib/python3.12/site-packages/oslo_config/cfg.py:3545}}
Aug 12 12:43:13.869467 np0000007055 nova-conductor[99063]: DEBUG cotyledon.oslo_config_glue [-] profiler_otlp.service_name_prefix = None {{(pid=99063) log_opt_values /opt/stack/data/venv/lib/python3.12/site-packages/oslo_config/cfg.py:3545}}
Aug 12 12:43:13.869467 np0000007055 nova-conductor[99063]: DEBUG cotyledon.oslo_config_glue [-] oslo_messaging_rabbit.amqp_auto_delete = False {{(pid=99063) log_opt_values /opt/stack/data/venv/lib/python3.12/site-packages/oslo_config/cfg.py:3545}}
Aug 12 12:43:13.869467 np0000007055 nova-conductor[99063]: DEBUG cotyledon.oslo_config_glue [-] oslo_messaging_rabbit.amqp_durable_queues = False {{(pid=99063) log_opt_values /opt/stack/data/venv/lib/python3.12/site-packages/oslo_config/cfg.py:3545}}
Aug 12 12:43:13.869467 np0000007055 nova-conductor[99063]: DEBUG cotyledon.oslo_config_glue [-] oslo_messaging_rabbit.conn_pool_min_size = 2 {{(pid=99063) log_opt_values /opt/stack/data/venv/lib/python3.12/site-packages/oslo_config/cfg.py:3545}}
Aug 12 12:43:13.869467 np0000007055 nova-conductor[99063]: DEBUG cotyledon.oslo_config_glue [-] oslo_messaging_rabbit.conn_pool_ttl = 1200 {{(pid=99063) log_opt_values /opt/stack/data/venv/lib/python3.12/site-packages/oslo_config/cfg.py:3545}}
Aug 12 12:43:13.869467 np0000007055 nova-conductor[99063]: DEBUG cotyledon.oslo_config_glue [-] oslo_messaging_rabbit.direct_mandatory_flag = True {{(pid=99063) log_opt_values /opt/stack/data/venv/lib/python3.12/site-packages/oslo_config/cfg.py:3545}}
Aug 12 12:43:13.869467 np0000007055 nova-conductor[99063]: DEBUG cotyledon.oslo_config_glue [-] oslo_messaging_rabbit.enable_cancel_on_failover = False {{(pid=99063) log_opt_values /opt/stack/data/venv/lib/python3.12/site-packages/oslo_config/cfg.py:3545}}
Aug 12 12:43:13.869467 np0000007055 nova-conductor[99063]: DEBUG cotyledon.oslo_config_glue [-] oslo_messaging_rabbit.heartbeat_rate = 3 {{(pid=99063) log_opt_values /opt/stack/data/venv/lib/python3.12/site-packages/oslo_config/cfg.py:3545}}
Aug 12 12:43:13.869467 np0000007055 nova-conductor[99063]: DEBUG cotyledon.oslo_config_glue [-] oslo_messaging_rabbit.heartbeat_timeout_threshold = 60 {{(pid=99063) log_opt_values /opt/stack/data/venv/lib/python3.12/site-packages/oslo_config/cfg.py:3545}}
Aug 12 12:43:13.869694 np0000007055 nova-conductor[99063]: DEBUG cotyledon.oslo_config_glue [-] oslo_messaging_rabbit.hostname = np0000007055 {{(pid=99063) log_opt_values /opt/stack/data/venv/lib/python3.12/site-packages/oslo_config/cfg.py:3545}}
Aug 12 12:43:13.869694 np0000007055 nova-conductor[99063]: DEBUG cotyledon.oslo_config_glue [-] oslo_messaging_rabbit.kombu_compression = None {{(pid=99063) log_opt_values /opt/stack/data/venv/lib/python3.12/site-packages/oslo_config/cfg.py:3545}}
Aug 12 12:43:13.869694 np0000007055 nova-conductor[99063]: DEBUG cotyledon.oslo_config_glue [-] oslo_messaging_rabbit.kombu_failover_strategy = round-robin {{(pid=99063) log_opt_values /opt/stack/data/venv/lib/python3.12/site-packages/oslo_config/cfg.py:3545}}
Aug 12 12:43:13.869694 np0000007055 nova-conductor[99063]: DEBUG cotyledon.oslo_config_glue [-] oslo_messaging_rabbit.kombu_missing_consumer_retry_timeout = 60 {{(pid=99063) log_opt_values /opt/stack/data/venv/lib/python3.12/site-packages/oslo_config/cfg.py:3545}}
Aug 12 12:43:13.869694 np0000007055 nova-conductor[99063]: DEBUG cotyledon.oslo_config_glue [-] oslo_messaging_rabbit.kombu_reconnect_delay = 1.0 {{(pid=99063) log_opt_values /opt/stack/data/venv/lib/python3.12/site-packages/oslo_config/cfg.py:3545}}
Aug 12 12:43:13.869694 np0000007055 nova-conductor[99063]: DEBUG cotyledon.oslo_config_glue [-] oslo_messaging_rabbit.kombu_reconnect_splay = 0.0 {{(pid=99063) log_opt_values /opt/stack/data/venv/lib/python3.12/site-packages/oslo_config/cfg.py:3545}}
Aug 12 12:43:13.869694 np0000007055 nova-conductor[99063]: DEBUG cotyledon.oslo_config_glue [-] oslo_messaging_rabbit.processname = nova-conductor {{(pid=99063) log_opt_values /opt/stack/data/venv/lib/python3.12/site-packages/oslo_config/cfg.py:3545}}
Aug 12 12:43:13.869694 np0000007055 nova-conductor[99063]: DEBUG cotyledon.oslo_config_glue [-] oslo_messaging_rabbit.rabbit_ha_queues = False {{(pid=99063) log_opt_values /opt/stack/data/venv/lib/python3.12/site-packages/oslo_config/cfg.py:3545}}
Aug 12 12:43:13.869694 np0000007055 nova-conductor[99063]: DEBUG cotyledon.oslo_config_glue [-] oslo_messaging_rabbit.rabbit_interval_max = 30 {{(pid=99063) log_opt_values /opt/stack/data/venv/lib/python3.12/site-packages/oslo_config/cfg.py:3545}}
Aug 12 12:43:13.869938 np0000007055 nova-conductor[99063]: DEBUG cotyledon.oslo_config_glue [-] oslo_messaging_rabbit.rabbit_login_method = AMQPLAIN {{(pid=99063) log_opt_values /opt/stack/data/venv/lib/python3.12/site-packages/oslo_config/cfg.py:3545}}
Aug 12 12:43:13.869938 np0000007055 nova-conductor[99063]: DEBUG cotyledon.oslo_config_glue [-] oslo_messaging_rabbit.rabbit_qos_prefetch_count = 0 {{(pid=99063) log_opt_values /opt/stack/data/venv/lib/python3.12/site-packages/oslo_config/cfg.py:3545}}
Aug 12 12:43:13.869938 np0000007055 nova-conductor[99063]: DEBUG cotyledon.oslo_config_glue [-] oslo_messaging_rabbit.rabbit_quorum_delivery_limit = 0 {{(pid=99063) log_opt_values /opt/stack/data/venv/lib/python3.12/site-packages/oslo_config/cfg.py:3545}}
Aug 12 12:43:13.869938 np0000007055 nova-conductor[99063]: DEBUG cotyledon.oslo_config_glue [-] oslo_messaging_rabbit.rabbit_quorum_max_memory_bytes = 0 {{(pid=99063) log_opt_values /opt/stack/data/venv/lib/python3.12/site-packages/oslo_config/cfg.py:3545}}
Aug 12 12:43:13.869938 np0000007055 nova-conductor[99063]: DEBUG cotyledon.oslo_config_glue [-] oslo_messaging_rabbit.rabbit_quorum_max_memory_length = 0 {{(pid=99063) log_opt_values /opt/stack/data/venv/lib/python3.12/site-packages/oslo_config/cfg.py:3545}}
Aug 12 12:43:13.869938 np0000007055 nova-conductor[99063]: DEBUG cotyledon.oslo_config_glue [-] oslo_messaging_rabbit.rabbit_quorum_queue = False {{(pid=99063) log_opt_values /opt/stack/data/venv/lib/python3.12/site-packages/oslo_config/cfg.py:3545}}
Aug 12 12:43:13.869938 np0000007055 nova-conductor[99063]: DEBUG cotyledon.oslo_config_glue [-] oslo_messaging_rabbit.rabbit_retry_backoff = 2 {{(pid=99063) log_opt_values /opt/stack/data/venv/lib/python3.12/site-packages/oslo_config/cfg.py:3545}}
Aug 12 12:43:13.869938 np0000007055 nova-conductor[99063]: DEBUG cotyledon.oslo_config_glue [-] oslo_messaging_rabbit.rabbit_retry_interval = 1 {{(pid=99063) log_opt_values /opt/stack/data/venv/lib/python3.12/site-packages/oslo_config/cfg.py:3545}}
Aug 12 12:43:13.869938 np0000007055 nova-conductor[99063]: DEBUG cotyledon.oslo_config_glue [-] oslo_messaging_rabbit.rabbit_stream_fanout = False {{(pid=99063) log_opt_values /opt/stack/data/venv/lib/python3.12/site-packages/oslo_config/cfg.py:3545}}
Aug 12 12:43:13.870135 np0000007055 nova-conductor[99063]: DEBUG cotyledon.oslo_config_glue [-] oslo_messaging_rabbit.rabbit_transient_queues_ttl = 1800 {{(pid=99063) log_opt_values /opt/stack/data/venv/lib/python3.12/site-packages/oslo_config/cfg.py:3545}}
Aug 12 12:43:13.870135 np0000007055 nova-conductor[99063]: DEBUG cotyledon.oslo_config_glue [-] oslo_messaging_rabbit.rabbit_transient_quorum_queue = False {{(pid=99063) log_opt_values /opt/stack/data/venv/lib/python3.12/site-packages/oslo_config/cfg.py:3545}}
Aug 12 12:43:13.870135 np0000007055 nova-conductor[99063]: DEBUG cotyledon.oslo_config_glue [-] oslo_messaging_rabbit.rpc_conn_pool_size = 30 {{(pid=99063) log_opt_values /opt/stack/data/venv/lib/python3.12/site-packages/oslo_config/cfg.py:3545}}
Aug 12 12:43:13.870135 np0000007055 nova-conductor[99063]: DEBUG cotyledon.oslo_config_glue [-] oslo_messaging_rabbit.ssl = False {{(pid=99063) log_opt_values /opt/stack/data/venv/lib/python3.12/site-packages/oslo_config/cfg.py:3545}}
Aug 12 12:43:13.870135 np0000007055 nova-conductor[99063]: DEBUG cotyledon.oslo_config_glue [-] oslo_messaging_rabbit.ssl_ca_file = {{(pid=99063) log_opt_values /opt/stack/data/venv/lib/python3.12/site-packages/oslo_config/cfg.py:3545}}
Aug 12 12:43:13.870135 np0000007055 nova-conductor[99063]: DEBUG cotyledon.oslo_config_glue [-] oslo_messaging_rabbit.ssl_cert_file = {{(pid=99063) log_opt_values /opt/stack/data/venv/lib/python3.12/site-packages/oslo_config/cfg.py:3545}}
Aug 12 12:43:13.870135 np0000007055 nova-conductor[99063]: DEBUG cotyledon.oslo_config_glue [-] oslo_messaging_rabbit.ssl_enforce_fips_mode = False {{(pid=99063) log_opt_values /opt/stack/data/venv/lib/python3.12/site-packages/oslo_config/cfg.py:3545}}
Aug 12 12:43:13.870135 np0000007055 nova-conductor[99063]: DEBUG cotyledon.oslo_config_glue [-] oslo_messaging_rabbit.ssl_enforce_hostname_verification = True {{(pid=99063) log_opt_values /opt/stack/data/venv/lib/python3.12/site-packages/oslo_config/cfg.py:3545}}
Aug 12 12:43:13.870135 np0000007055 nova-conductor[99063]: DEBUG cotyledon.oslo_config_glue [-] oslo_messaging_rabbit.ssl_key_file = {{(pid=99063) log_opt_values /opt/stack/data/venv/lib/python3.12/site-packages/oslo_config/cfg.py:3545}}
Aug 12 12:43:13.870367 np0000007055 nova-conductor[99063]: DEBUG cotyledon.oslo_config_glue [-] oslo_messaging_rabbit.ssl_version = {{(pid=99063) log_opt_values /opt/stack/data/venv/lib/python3.12/site-packages/oslo_config/cfg.py:3545}}
Aug 12 12:43:13.870367 np0000007055 nova-conductor[99063]: DEBUG cotyledon.oslo_config_glue [-] oslo_messaging_rabbit.use_queue_manager = False {{(pid=99063) log_opt_values /opt/stack/data/venv/lib/python3.12/site-packages/oslo_config/cfg.py:3545}}
Aug 12 12:43:13.870367 np0000007055 nova-conductor[99063]: DEBUG cotyledon.oslo_config_glue [-] oslo_messaging_notifications.driver = ['messagingv2'] {{(pid=99063) log_opt_values /opt/stack/data/venv/lib/python3.12/site-packages/oslo_config/cfg.py:3545}}
Aug 12 12:43:13.870367 np0000007055 nova-conductor[99063]: DEBUG cotyledon.oslo_config_glue [-] oslo_messaging_notifications.retry = -1 {{(pid=99063) log_opt_values /opt/stack/data/venv/lib/python3.12/site-packages/oslo_config/cfg.py:3545}}
Aug 12 12:43:13.870367 np0000007055 nova-conductor[99063]: DEBUG cotyledon.oslo_config_glue [-] oslo_messaging_notifications.topics = ['notifications'] {{(pid=99063) log_opt_values /opt/stack/data/venv/lib/python3.12/site-packages/oslo_config/cfg.py:3545}}
Aug 12 12:43:13.870367 np0000007055 nova-conductor[99063]: DEBUG cotyledon.oslo_config_glue [-] oslo_messaging_notifications.transport_url = **** {{(pid=99063) log_opt_values /opt/stack/data/venv/lib/python3.12/site-packages/oslo_config/cfg.py:3545}}
Aug 12 12:43:13.870367 np0000007055 nova-conductor[99063]: DEBUG cotyledon.oslo_config_glue [-] oslo_limit.auth_section = None {{(pid=99063) log_opt_values /opt/stack/data/venv/lib/python3.12/site-packages/oslo_config/cfg.py:3545}}
Aug 12 12:43:13.870367 np0000007055 nova-conductor[99063]: DEBUG cotyledon.oslo_config_glue [-] oslo_limit.auth_type = None {{(pid=99063) log_opt_values /opt/stack/data/venv/lib/python3.12/site-packages/oslo_config/cfg.py:3545}}
Aug 12 12:43:13.870367 np0000007055 nova-conductor[99063]: DEBUG cotyledon.oslo_config_glue [-] oslo_limit.cafile = None {{(pid=99063) log_opt_values /opt/stack/data/venv/lib/python3.12/site-packages/oslo_config/cfg.py:3545}}
Aug 12 12:43:13.870577 np0000007055 nova-conductor[99063]: DEBUG cotyledon.oslo_config_glue [-] oslo_limit.certfile = None {{(pid=99063) log_opt_values /opt/stack/data/venv/lib/python3.12/site-packages/oslo_config/cfg.py:3545}}
Aug 12 12:43:13.870577 np0000007055 nova-conductor[99063]: DEBUG cotyledon.oslo_config_glue [-] oslo_limit.collect_timing = False {{(pid=99063) log_opt_values /opt/stack/data/venv/lib/python3.12/site-packages/oslo_config/cfg.py:3545}}
Aug 12 12:43:13.870577 np0000007055 nova-conductor[99063]: DEBUG cotyledon.oslo_config_glue [-] oslo_limit.connect_retries = None {{(pid=99063) log_opt_values /opt/stack/data/venv/lib/python3.12/site-packages/oslo_config/cfg.py:3545}}
Aug 12 12:43:13.870577 np0000007055 nova-conductor[99063]: DEBUG cotyledon.oslo_config_glue [-] oslo_limit.connect_retry_delay = None {{(pid=99063) log_opt_values /opt/stack/data/venv/lib/python3.12/site-packages/oslo_config/cfg.py:3545}}
Aug 12 12:43:13.870577 np0000007055 nova-conductor[99063]: DEBUG cotyledon.oslo_config_glue [-] oslo_limit.endpoint_id = None {{(pid=99063) log_opt_values /opt/stack/data/venv/lib/python3.12/site-packages/oslo_config/cfg.py:3545}}
Aug 12 12:43:13.870577 np0000007055 nova-conductor[99063]: DEBUG cotyledon.oslo_config_glue [-] oslo_limit.endpoint_interface = public {{(pid=99063) log_opt_values /opt/stack/data/venv/lib/python3.12/site-packages/oslo_config/cfg.py:3545}}
Aug 12 12:43:13.870577 np0000007055 nova-conductor[99063]: DEBUG cotyledon.oslo_config_glue [-] oslo_limit.endpoint_override = None {{(pid=99063) log_opt_values /opt/stack/data/venv/lib/python3.12/site-packages/oslo_config/cfg.py:3545}}
Aug 12 12:43:13.870577 np0000007055 nova-conductor[99063]: DEBUG cotyledon.oslo_config_glue [-] oslo_limit.endpoint_region_name = None {{(pid=99063) log_opt_values /opt/stack/data/venv/lib/python3.12/site-packages/oslo_config/cfg.py:3545}}
Aug 12 12:43:13.870577 np0000007055 nova-conductor[99063]: DEBUG cotyledon.oslo_config_glue [-] oslo_limit.endpoint_service_name = None {{(pid=99063) log_opt_values /opt/stack/data/venv/lib/python3.12/site-packages/oslo_config/cfg.py:3545}}
Aug 12 12:43:13.870765 np0000007055 nova-conductor[99063]: DEBUG cotyledon.oslo_config_glue [-] oslo_limit.endpoint_service_type = None {{(pid=99063) log_opt_values /opt/stack/data/venv/lib/python3.12/site-packages/oslo_config/cfg.py:3545}}
Aug 12 12:43:13.870765 np0000007055 nova-conductor[99063]: DEBUG cotyledon.oslo_config_glue [-] oslo_limit.insecure = False {{(pid=99063) log_opt_values /opt/stack/data/venv/lib/python3.12/site-packages/oslo_config/cfg.py:3545}}
Aug 12 12:43:13.870765 np0000007055 nova-conductor[99063]: DEBUG cotyledon.oslo_config_glue [-] oslo_limit.keyfile = None {{(pid=99063) log_opt_values /opt/stack/data/venv/lib/python3.12/site-packages/oslo_config/cfg.py:3545}}
Aug 12 12:43:13.870765 np0000007055 nova-conductor[99063]: DEBUG cotyledon.oslo_config_glue [-] oslo_limit.max_version = None {{(pid=99063) log_opt_values /opt/stack/data/venv/lib/python3.12/site-packages/oslo_config/cfg.py:3545}}
Aug 12 12:43:13.870765 np0000007055 nova-conductor[99063]: DEBUG cotyledon.oslo_config_glue [-] oslo_limit.min_version = None {{(pid=99063) log_opt_values /opt/stack/data/venv/lib/python3.12/site-packages/oslo_config/cfg.py:3545}}
Aug 12 12:43:13.870765 np0000007055 nova-conductor[99063]: DEBUG cotyledon.oslo_config_glue [-] oslo_limit.region_name = None {{(pid=99063) log_opt_values /opt/stack/data/venv/lib/python3.12/site-packages/oslo_config/cfg.py:3545}}
Aug 12 12:43:13.870765 np0000007055 nova-conductor[99063]: DEBUG cotyledon.oslo_config_glue [-] oslo_limit.retriable_status_codes = None {{(pid=99063) log_opt_values /opt/stack/data/venv/lib/python3.12/site-packages/oslo_config/cfg.py:3545}}
Aug 12 12:43:13.870765 np0000007055 nova-conductor[99063]: DEBUG cotyledon.oslo_config_glue [-] oslo_limit.service_name = None {{(pid=99063) log_opt_values /opt/stack/data/venv/lib/python3.12/site-packages/oslo_config/cfg.py:3545}}
Aug 12 12:43:13.870765 np0000007055 nova-conductor[99063]: DEBUG cotyledon.oslo_config_glue [-] oslo_limit.service_type = None {{(pid=99063) log_opt_values /opt/stack/data/venv/lib/python3.12/site-packages/oslo_config/cfg.py:3545}}
Aug 12 12:43:13.870965 np0000007055 nova-conductor[99063]: DEBUG cotyledon.oslo_config_glue [-] oslo_limit.split_loggers = False {{(pid=99063) log_opt_values /opt/stack/data/venv/lib/python3.12/site-packages/oslo_config/cfg.py:3545}}
Aug 12 12:43:13.870965 np0000007055 nova-conductor[99063]: DEBUG cotyledon.oslo_config_glue [-] oslo_limit.status_code_retries = None {{(pid=99063) log_opt_values /opt/stack/data/venv/lib/python3.12/site-packages/oslo_config/cfg.py:3545}}
Aug 12 12:43:13.870965 np0000007055 nova-conductor[99063]: DEBUG cotyledon.oslo_config_glue [-] oslo_limit.status_code_retry_delay = None {{(pid=99063) log_opt_values /opt/stack/data/venv/lib/python3.12/site-packages/oslo_config/cfg.py:3545}}
Aug 12 12:43:13.870965 np0000007055 nova-conductor[99063]: DEBUG cotyledon.oslo_config_glue [-] oslo_limit.timeout = None {{(pid=99063) log_opt_values /opt/stack/data/venv/lib/python3.12/site-packages/oslo_config/cfg.py:3545}}
Aug 12 12:43:13.870965 np0000007055 nova-conductor[99063]: DEBUG cotyledon.oslo_config_glue [-] oslo_limit.valid_interfaces = None {{(pid=99063) log_opt_values /opt/stack/data/venv/lib/python3.12/site-packages/oslo_config/cfg.py:3545}}
Aug 12 12:43:13.870965 np0000007055 nova-conductor[99063]: DEBUG cotyledon.oslo_config_glue [-] oslo_limit.version = None {{(pid=99063) log_opt_values /opt/stack/data/venv/lib/python3.12/site-packages/oslo_config/cfg.py:3545}}
Aug 12 12:43:13.870965 np0000007055 nova-conductor[99063]: DEBUG cotyledon.oslo_config_glue [-] oslo_reports.file_event_handler = None {{(pid=99063) log_opt_values /opt/stack/data/venv/lib/python3.12/site-packages/oslo_config/cfg.py:3545}}
Aug 12 12:43:13.870965 np0000007055 nova-conductor[99063]: DEBUG cotyledon.oslo_config_glue [-] oslo_reports.file_event_handler_interval = 1 {{(pid=99063) log_opt_values /opt/stack/data/venv/lib/python3.12/site-packages/oslo_config/cfg.py:3545}}
Aug 12 12:43:13.870965 np0000007055 nova-conductor[99063]: DEBUG cotyledon.oslo_config_glue [-] oslo_reports.log_dir = None {{(pid=99063) log_opt_values /opt/stack/data/venv/lib/python3.12/site-packages/oslo_config/cfg.py:3545}}
Aug 12 12:43:13.871158 np0000007055 nova-conductor[99063]: DEBUG cotyledon.oslo_config_glue [-] ******************************************************************************** {{(pid=99063) log_opt_values /opt/stack/data/venv/lib/python3.12/site-packages/oslo_config/cfg.py:3552}}
Aug 12 12:43:13.871158 np0000007055 nova-conductor[99063]: DEBUG cotyledon._service_worker [-] Run service ServiceWrapper(3) [99063] {{(pid=99063) wait_forever /opt/stack/data/venv/lib/python3.12/site-packages/cotyledon/_service_worker.py:218}}
Aug 12 12:43:13.871209 np0000007055 nova-conductor[99052]: DEBUG oslo_db.sqlalchemy.engines [None req-5bb810d2-6edc-43ba-a8e0-d66db020700a None None] MySQL server mode set to STRICT_TRANS_TABLES,STRICT_ALL_TABLES,NO_ZERO_IN_DATE,NO_ZERO_DATE,ERROR_FOR_DIVISION_BY_ZERO,TRADITIONAL,NO_ENGINE_SUBSTITUTION {{(pid=99052) _check_effective_sql_mode /opt/stack/data/venv/lib/python3.12/site-packages/oslo_db/sqlalchemy/engines.py:325}}
Aug 12 12:43:13.871238 np0000007055 nova-conductor[99063]: INFO nova.service [-] Starting conductor node (version 33.1.0)
Aug 12 12:43:13.871238 np0000007055 nova-conductor[99063]: INFO dbcounter [None req-e06e5a7c-7fb5-4da6-a01a-9c0aa901e72a None None] Registered counter for database nova_cell0
Aug 12 12:43:13.871288 np0000007055 nova-conductor[99052]: DEBUG dbcounter [-] [99052] Writer thread running {{(pid=99052) stat_writer /opt/stack/data/venv/lib/python3.12/site-packages/dbcounter.py:102}}
Aug 12 12:43:13.871854 np0000007055 nova-conductor[99058]: DEBUG oslo_db.sqlalchemy.engines [None req-0b9624c9-4053-4d62-9602-fa03de6dd0a4 None None] MySQL server mode set to STRICT_TRANS_TABLES,STRICT_ALL_TABLES,NO_ZERO_IN_DATE,NO_ZERO_DATE,ERROR_FOR_DIVISION_BY_ZERO,TRADITIONAL,NO_ENGINE_SUBSTITUTION {{(pid=99058) _check_effective_sql_mode /opt/stack/data/venv/lib/python3.12/site-packages/oslo_db/sqlalchemy/engines.py:325}}
Aug 12 12:43:13.872667 np0000007055 nova-conductor[99052]: DEBUG nova.service [None req-5bb810d2-6edc-43ba-a8e0-d66db020700a None None] Creating RPC server for service: nova-conductor on topic: conductor {{(pid=99052) start /opt/stack/nova/nova/service.py:196}}
Aug 12 12:43:13.880113 np0000007055 nova-conductor[99061]: DEBUG oslo_db.sqlalchemy.engines [None req-20dff068-595e-4db3-8817-b7aa3c59441e None None] MySQL server mode set to STRICT_TRANS_TABLES,STRICT_ALL_TABLES,NO_ZERO_IN_DATE,NO_ZERO_DATE,ERROR_FOR_DIVISION_BY_ZERO,TRADITIONAL,NO_ENGINE_SUBSTITUTION {{(pid=99061) _check_effective_sql_mode /opt/stack/data/venv/lib/python3.12/site-packages/oslo_db/sqlalchemy/engines.py:325}}
Aug 12 12:43:13.881785 np0000007055 nova-conductor[99058]: DEBUG dbcounter [-] [99058] Writer thread running {{(pid=99058) stat_writer /opt/stack/data/venv/lib/python3.12/site-packages/dbcounter.py:102}}
Aug 12 12:43:13.884907 np0000007055 nova-conductor[99058]: DEBUG nova.service [None req-0b9624c9-4053-4d62-9602-fa03de6dd0a4 None None] Creating RPC server for service: nova-conductor on topic: conductor {{(pid=99058) start /opt/stack/nova/nova/service.py:196}}
Aug 12 12:43:13.892402 np0000007055 nova-conductor[99061]: DEBUG dbcounter [-] [99061] Writer thread running {{(pid=99061) stat_writer /opt/stack/data/venv/lib/python3.12/site-packages/dbcounter.py:102}}
Aug 12 12:43:13.895733 np0000007055 nova-conductor[99063]: DEBUG oslo_db.sqlalchemy.engines [None req-e06e5a7c-7fb5-4da6-a01a-9c0aa901e72a None None] MySQL server mode set to STRICT_TRANS_TABLES,STRICT_ALL_TABLES,NO_ZERO_IN_DATE,NO_ZERO_DATE,ERROR_FOR_DIVISION_BY_ZERO,TRADITIONAL,NO_ENGINE_SUBSTITUTION {{(pid=99063) _check_effective_sql_mode /opt/stack/data/venv/lib/python3.12/site-packages/oslo_db/sqlalchemy/engines.py:325}}
Aug 12 12:43:13.896203 np0000007055 nova-conductor[99061]: DEBUG nova.service [None req-20dff068-595e-4db3-8817-b7aa3c59441e None None] Creating RPC server for service: nova-conductor on topic: conductor {{(pid=99061) start /opt/stack/nova/nova/service.py:196}}
Aug 12 12:43:13.901231 np0000007055 nova-conductor[99052]: DEBUG nova.service [None req-5bb810d2-6edc-43ba-a8e0-d66db020700a None None] Join ServiceGroup membership for this service conductor {{(pid=99052) start /opt/stack/nova/nova/service.py:222}}
Aug 12 12:43:13.901424 np0000007055 nova-conductor[99052]: DEBUG nova.servicegroup.drivers.db [None req-5bb810d2-6edc-43ba-a8e0-d66db020700a None None] DB_Driver: join new ServiceGroup member np0000007055 to the conductor group, service = {{(pid=99052) join /opt/stack/nova/nova/servicegroup/drivers/db.py:44}}
Aug 12 12:43:13.903299 np0000007055 nova-conductor[99058]: DEBUG nova.service [None req-0b9624c9-4053-4d62-9602-fa03de6dd0a4 None None] Join ServiceGroup membership for this service conductor {{(pid=99058) start /opt/stack/nova/nova/service.py:222}}
Aug 12 12:43:13.903569 np0000007055 nova-conductor[99058]: DEBUG nova.servicegroup.drivers.db [None req-0b9624c9-4053-4d62-9602-fa03de6dd0a4 None None] DB_Driver: join new ServiceGroup member np0000007055 to the conductor group, service = {{(pid=99058) join /opt/stack/nova/nova/servicegroup/drivers/db.py:44}}
Aug 12 12:43:13.906168 np0000007055 nova-conductor[99063]: DEBUG dbcounter [-] [99063] Writer thread running {{(pid=99063) stat_writer /opt/stack/data/venv/lib/python3.12/site-packages/dbcounter.py:102}}
Aug 12 12:43:13.909039 np0000007055 nova-conductor[99063]: DEBUG nova.service [None req-e06e5a7c-7fb5-4da6-a01a-9c0aa901e72a None None] Creating RPC server for service: nova-conductor on topic: conductor {{(pid=99063) start /opt/stack/nova/nova/service.py:196}}
Aug 12 12:43:13.912555 np0000007055 nova-conductor[99061]: DEBUG nova.service [None req-20dff068-595e-4db3-8817-b7aa3c59441e None None] Join ServiceGroup membership for this service conductor {{(pid=99061) start /opt/stack/nova/nova/service.py:222}}
Aug 12 12:43:13.912848 np0000007055 nova-conductor[99061]: DEBUG nova.servicegroup.drivers.db [None req-20dff068-595e-4db3-8817-b7aa3c59441e None None] DB_Driver: join new ServiceGroup member np0000007055 to the conductor group, service = {{(pid=99061) join /opt/stack/nova/nova/servicegroup/drivers/db.py:44}}
Aug 12 12:43:13.925263 np0000007055 nova-conductor[99063]: DEBUG nova.service [None req-e06e5a7c-7fb5-4da6-a01a-9c0aa901e72a None None] Join ServiceGroup membership for this service conductor {{(pid=99063) start /opt/stack/nova/nova/service.py:222}}
Aug 12 12:43:13.925449 np0000007055 nova-conductor[99063]: DEBUG nova.servicegroup.drivers.db [None req-e06e5a7c-7fb5-4da6-a01a-9c0aa901e72a None None] DB_Driver: join new ServiceGroup member np0000007055 to the conductor group, service = {{(pid=99063) join /opt/stack/nova/nova/servicegroup/drivers/db.py:44}}
Aug 12 12:43:18.916726 np0000007055 nova-conductor[99052]: DEBUG oslo.service.backend._threading.loopingcall [-] Fixed interval looping call 'nova.servicegroup.drivers.db.DbDriver._report_state' sleeping for 119.99 seconds {{(pid=99052) _run_loop /opt/stack/data/venv/lib/python3.12/site-packages/oslo_service/backend/_threading/loopingcall.py:125}}
Aug 12 12:43:18.917266 np0000007055 nova-conductor[99058]: DEBUG oslo.service.backend._threading.loopingcall [-] Fixed interval looping call 'nova.servicegroup.drivers.db.DbDriver._report_state' sleeping for 119.99 seconds {{(pid=99058) _run_loop /opt/stack/data/venv/lib/python3.12/site-packages/oslo_service/backend/_threading/loopingcall.py:125}}
Aug 12 12:43:18.928859 np0000007055 nova-conductor[99061]: DEBUG oslo.service.backend._threading.loopingcall [-] Fixed interval looping call 'nova.servicegroup.drivers.db.DbDriver._report_state' sleeping for 119.99 seconds {{(pid=99061) _run_loop /opt/stack/data/venv/lib/python3.12/site-packages/oslo_service/backend/_threading/loopingcall.py:125}}
Aug 12 12:43:18.935829 np0000007055 nova-conductor[99063]: DEBUG oslo.service.backend._threading.loopingcall [-] Fixed interval looping call 'nova.servicegroup.drivers.db.DbDriver._report_state' sleeping for 119.99 seconds {{(pid=99063) _run_loop /opt/stack/data/venv/lib/python3.12/site-packages/oslo_service/backend/_threading/loopingcall.py:125}}
Aug 12 12:43:22.483833 np0000007055 nova-conductor[97487]: DEBUG dbcounter [-] [97487] Writing DB stats nova_api:SELECT=1 {{(pid=97487) stat_writer /opt/stack/data/venv/lib/python3.12/site-packages/dbcounter.py:115}}
Aug 12 12:43:22.616023 np0000007055 nova-conductor[97487]: DEBUG dbcounter [-] [97487] Writing DB stats nova_cell0:SELECT=1 {{(pid=97487) stat_writer /opt/stack/data/venv/lib/python3.12/site-packages/dbcounter.py:115}}
Aug 12 12:43:22.620016 np0000007055 nova-conductor[97487]: DEBUG dbcounter [-] [97487] Writing DB stats nova_cell1:SELECT=1 {{(pid=97487) stat_writer /opt/stack/data/venv/lib/python3.12/site-packages/dbcounter.py:115}}
Aug 12 12:43:28.912257 np0000007055 nova-conductor[99052]: DEBUG dbcounter [-] [99052] Writing DB stats nova_cell0:SELECT=4,nova_cell0:INSERT=1,nova_cell0:UPDATE=1 {{(pid=99052) stat_writer /opt/stack/data/venv/lib/python3.12/site-packages/dbcounter.py:115}}
Aug 12 12:43:28.915810 np0000007055 nova-conductor[99058]: DEBUG dbcounter [-] [99058] Writing DB stats nova_cell0:SELECT=3,nova_cell0:UPDATE=1 {{(pid=99058) stat_writer /opt/stack/data/venv/lib/python3.12/site-packages/dbcounter.py:115}}
Aug 12 12:43:28.924262 np0000007055 nova-conductor[99061]: DEBUG dbcounter [-] [99061] Writing DB stats nova_cell0:SELECT=3 {{(pid=99061) stat_writer /opt/stack/data/venv/lib/python3.12/site-packages/dbcounter.py:115}}
Aug 12 12:43:28.933435 np0000007055 nova-conductor[99063]: DEBUG dbcounter [-] [99063] Writing DB stats nova_cell0:SELECT=3 {{(pid=99063) stat_writer /opt/stack/data/venv/lib/python3.12/site-packages/dbcounter.py:115}}
Aug 12 12:43:34.914761 np0000007055 nova-conductor[99061]: DEBUG oslo.service.backend._threading.loopingcall [None req-17103dfb-ad8e-43a1-9831-3276d617de04 None None] Dynamic interval looping call 'nova.service.Service.periodic_tasks' sleeping for 60.00 seconds {{(pid=99061) _run_loop /opt/stack/data/venv/lib/python3.12/site-packages/oslo_service/backend/_threading/loopingcall.py:125}}
Aug 12 12:43:37.927263 np0000007055 nova-conductor[99063]: DEBUG oslo.service.backend._threading.loopingcall [None req-afb56c2b-b090-46f1-9478-1cf931ef6428 None None] Dynamic interval looping call 'nova.service.Service.periodic_tasks' sleeping for 60.00 seconds {{(pid=99063) _run_loop /opt/stack/data/venv/lib/python3.12/site-packages/oslo_service/backend/_threading/loopingcall.py:125}}
Aug 12 12:44:01.905632 np0000007055 nova-conductor[99058]: DEBUG oslo.service.backend._threading.loopingcall [None req-44614665-f450-47b5-9606-4f7b37debcb9 None None] Dynamic interval looping call 'nova.service.Service.periodic_tasks' sleeping for 60.00 seconds {{(pid=99058) _run_loop /opt/stack/data/venv/lib/python3.12/site-packages/oslo_service/backend/_threading/loopingcall.py:125}}
Aug 12 12:44:11.903871 np0000007055 nova-conductor[99052]: DEBUG oslo.service.backend._threading.loopingcall [None req-3b6e1f21-8524-4406-a6ad-d9047559728c None None] Dynamic interval looping call 'nova.service.Service.periodic_tasks' sleeping for 60.00 seconds {{(pid=99052) _run_loop /opt/stack/data/venv/lib/python3.12/site-packages/oslo_service/backend/_threading/loopingcall.py:125}}
Aug 12 12:44:34.915291 np0000007055 nova-conductor[99061]: DEBUG oslo.service.backend._threading.loopingcall [None req-17103dfb-ad8e-43a1-9831-3276d617de04 None None] Dynamic interval looping call 'nova.service.Service.periodic_tasks' sleeping for 60.00 seconds {{(pid=99061) _run_loop /opt/stack/data/venv/lib/python3.12/site-packages/oslo_service/backend/_threading/loopingcall.py:125}}
Aug 12 12:44:37.927727 np0000007055 nova-conductor[99063]: DEBUG oslo.service.backend._threading.loopingcall [None req-afb56c2b-b090-46f1-9478-1cf931ef6428 None None] Dynamic interval looping call 'nova.service.Service.periodic_tasks' sleeping for 60.00 seconds {{(pid=99063) _run_loop /opt/stack/data/venv/lib/python3.12/site-packages/oslo_service/backend/_threading/loopingcall.py:125}}
Aug 12 12:45:01.906132 np0000007055 nova-conductor[99058]: DEBUG oslo.service.backend._threading.loopingcall [None req-44614665-f450-47b5-9606-4f7b37debcb9 None None] Dynamic interval looping call 'nova.service.Service.periodic_tasks' sleeping for 60.00 seconds {{(pid=99058) _run_loop /opt/stack/data/venv/lib/python3.12/site-packages/oslo_service/backend/_threading/loopingcall.py:125}}
Aug 12 12:45:11.904321 np0000007055 nova-conductor[99052]: DEBUG oslo.service.backend._threading.loopingcall [None req-3b6e1f21-8524-4406-a6ad-d9047559728c None None] Dynamic interval looping call 'nova.service.Service.periodic_tasks' sleeping for 60.00 seconds {{(pid=99052) _run_loop /opt/stack/data/venv/lib/python3.12/site-packages/oslo_service/backend/_threading/loopingcall.py:125}}
Aug 12 12:45:18.917799 np0000007055 nova-conductor[99058]: DEBUG oslo.service.backend._threading.loopingcall [-] Fixed interval looping call 'nova.servicegroup.drivers.db.DbDriver._report_state' sleeping for 119.99 seconds {{(pid=99058) _run_loop /opt/stack/data/venv/lib/python3.12/site-packages/oslo_service/backend/_threading/loopingcall.py:125}}
Aug 12 12:45:18.919265 np0000007055 nova-conductor[99052]: DEBUG oslo.service.backend._threading.loopingcall [-] Fixed interval looping call 'nova.servicegroup.drivers.db.DbDriver._report_state' sleeping for 119.99 seconds {{(pid=99052) _run_loop /opt/stack/data/venv/lib/python3.12/site-packages/oslo_service/backend/_threading/loopingcall.py:125}}
Aug 12 12:45:18.923117 np0000007055 nova-conductor[99061]: DEBUG oslo.service.backend._threading.loopingcall [-] Fixed interval looping call 'nova.servicegroup.drivers.db.DbDriver._report_state' sleeping for 119.99 seconds {{(pid=99061) _run_loop /opt/stack/data/venv/lib/python3.12/site-packages/oslo_service/backend/_threading/loopingcall.py:125}}
Aug 12 12:45:18.929438 np0000007055 nova-conductor[99063]: DEBUG oslo.service.backend._threading.loopingcall [-] Fixed interval looping call 'nova.servicegroup.drivers.db.DbDriver._report_state' sleeping for 120.00 seconds {{(pid=99063) _run_loop /opt/stack/data/venv/lib/python3.12/site-packages/oslo_service/backend/_threading/loopingcall.py:125}}
Aug 12 12:45:24.294345 np0000007055 nova-conductor[99052]: DEBUG oslo_db.sqlalchemy.engines [None req-86f40f87-c0e5-4849-898b-82f9e5459479 tempest-ServerBootFromVolumeStableRescueTest-2018850882 tempest-ServerBootFromVolumeStableRescueTest-2018850882-project-member] Parent process 97487 forked (99052) with an open database connection, which is being discarded and recreated. {{(pid=99052) checkout /opt/stack/data/venv/lib/python3.12/site-packages/oslo_db/sqlalchemy/engines.py:402}}
Aug 12 12:45:24.348206 np0000007055 nova-conductor[99052]: DEBUG dbcounter [-] [99052] Writer thread running {{(pid=99052) stat_writer /opt/stack/data/venv/lib/python3.12/site-packages/dbcounter.py:102}}
Aug 12 12:45:25.331818 np0000007055 nova-conductor[99052]: DEBUG nova.conductor.manager [None req-86f40f87-c0e5-4849-898b-82f9e5459479 tempest-ServerBootFromVolumeStableRescueTest-2018850882 tempest-ServerBootFromVolumeStableRescueTest-2018850882-project-member] Took 0.98 seconds to select destinations for 1 instance(s). {{(pid=99052) _schedule_instances /opt/stack/nova/nova/conductor/manager.py:968}}
Aug 12 12:45:25.367658 np0000007055 nova-conductor[99052]: DEBUG oslo_concurrency.lockutils [None req-86f40f87-c0e5-4849-898b-82f9e5459479 tempest-ServerBootFromVolumeStableRescueTest-2018850882 tempest-ServerBootFromVolumeStableRescueTest-2018850882-project-member] Acquiring lock "aa082c24-aa2c-434e-bb60-b854ed0aa622" by "nova.context.set_target_cell..get_or_set_cached_cell_and_set_connections" {{(pid=99052) inner /opt/stack/data/venv/lib/python3.12/site-packages/oslo_concurrency/lockutils.py:512}}
Aug 12 12:45:25.368183 np0000007055 nova-conductor[99052]: DEBUG oslo_concurrency.lockutils [None req-86f40f87-c0e5-4849-898b-82f9e5459479 tempest-ServerBootFromVolumeStableRescueTest-2018850882 tempest-ServerBootFromVolumeStableRescueTest-2018850882-project-member] Lock "aa082c24-aa2c-434e-bb60-b854ed0aa622" acquired by "nova.context.set_target_cell..get_or_set_cached_cell_and_set_connections" :: waited 0.000s {{(pid=99052) inner /opt/stack/data/venv/lib/python3.12/site-packages/oslo_concurrency/lockutils.py:525}}
Aug 12 12:45:25.369829 np0000007055 nova-conductor[99052]: DEBUG oslo_concurrency.lockutils [None req-86f40f87-c0e5-4849-898b-82f9e5459479 tempest-ServerBootFromVolumeStableRescueTest-2018850882 tempest-ServerBootFromVolumeStableRescueTest-2018850882-project-member] Lock "aa082c24-aa2c-434e-bb60-b854ed0aa622" "released" by "nova.context.set_target_cell..get_or_set_cached_cell_and_set_connections" :: held 0.002s {{(pid=99052) inner /opt/stack/data/venv/lib/python3.12/site-packages/oslo_concurrency/lockutils.py:544}}
Aug 12 12:45:25.372116 np0000007055 nova-conductor[99052]: INFO dbcounter [None req-86f40f87-c0e5-4849-898b-82f9e5459479 tempest-ServerBootFromVolumeStableRescueTest-2018850882 tempest-ServerBootFromVolumeStableRescueTest-2018850882-project-member] Registered counter for database nova_cell1
Aug 12 12:45:25.422104 np0000007055 nova-conductor[99052]: DEBUG oslo_db.sqlalchemy.engines [None req-86f40f87-c0e5-4849-898b-82f9e5459479 tempest-ServerBootFromVolumeStableRescueTest-2018850882 tempest-ServerBootFromVolumeStableRescueTest-2018850882-project-member] MySQL server mode set to STRICT_TRANS_TABLES,STRICT_ALL_TABLES,NO_ZERO_IN_DATE,NO_ZERO_DATE,ERROR_FOR_DIVISION_BY_ZERO,TRADITIONAL,NO_ENGINE_SUBSTITUTION {{(pid=99052) _check_effective_sql_mode /opt/stack/data/venv/lib/python3.12/site-packages/oslo_db/sqlalchemy/engines.py:325}}
Aug 12 12:45:25.429759 np0000007055 nova-conductor[99052]: DEBUG dbcounter [-] [99052] Writer thread running {{(pid=99052) stat_writer /opt/stack/data/venv/lib/python3.12/site-packages/dbcounter.py:102}}
Aug 12 12:45:25.509600 np0000007055 nova-conductor[99052]: INFO nova.utils [None req-86f40f87-c0e5-4849-898b-82f9e5459479 tempest-ServerBootFromVolumeStableRescueTest-2018850882 tempest-ServerBootFromVolumeStableRescueTest-2018850882-project-member] The cell worker thread pool ForkProcess-1.cell_worker is initialized
Aug 12 12:45:25.510086 np0000007055 nova-conductor[99052]: DEBUG oslo_concurrency.lockutils [None req-86f40f87-c0e5-4849-898b-82f9e5459479 tempest-ServerBootFromVolumeStableRescueTest-2018850882 tempest-ServerBootFromVolumeStableRescueTest-2018850882-project-member] Acquiring lock "00000000-0000-0000-0000-000000000000" by "nova.context.set_target_cell..get_or_set_cached_cell_and_set_connections" {{(pid=99052) inner /opt/stack/data/venv/lib/python3.12/site-packages/oslo_concurrency/lockutils.py:512}}
Aug 12 12:45:25.510283 np0000007055 nova-conductor[99052]: DEBUG oslo_concurrency.lockutils [None req-86f40f87-c0e5-4849-898b-82f9e5459479 tempest-ServerBootFromVolumeStableRescueTest-2018850882 tempest-ServerBootFromVolumeStableRescueTest-2018850882-project-member] Lock "00000000-0000-0000-0000-000000000000" acquired by "nova.context.set_target_cell..get_or_set_cached_cell_and_set_connections" :: waited 0.000s {{(pid=99052) inner /opt/stack/data/venv/lib/python3.12/site-packages/oslo_concurrency/lockutils.py:525}}
Aug 12 12:45:25.511012 np0000007055 nova-conductor[99052]: DEBUG oslo_concurrency.lockutils [None req-86f40f87-c0e5-4849-898b-82f9e5459479 tempest-ServerBootFromVolumeStableRescueTest-2018850882 tempest-ServerBootFromVolumeStableRescueTest-2018850882-project-member] Lock "00000000-0000-0000-0000-000000000000" "released" by "nova.context.set_target_cell..get_or_set_cached_cell_and_set_connections" :: held 0.000s {{(pid=99052) inner /opt/stack/data/venv/lib/python3.12/site-packages/oslo_concurrency/lockutils.py:544}}
Aug 12 12:45:25.511633 np0000007055 nova-conductor[99052]: DEBUG oslo_concurrency.lockutils [None req-86f40f87-c0e5-4849-898b-82f9e5459479 tempest-ServerBootFromVolumeStableRescueTest-2018850882 tempest-ServerBootFromVolumeStableRescueTest-2018850882-project-member] Acquiring lock "aa082c24-aa2c-434e-bb60-b854ed0aa622" by "nova.context.set_target_cell..get_or_set_cached_cell_and_set_connections" {{(pid=99052) inner /opt/stack/data/venv/lib/python3.12/site-packages/oslo_concurrency/lockutils.py:512}}
Aug 12 12:45:25.515165 np0000007055 nova-conductor[99052]: INFO dbcounter [None req-86f40f87-c0e5-4849-898b-82f9e5459479 tempest-ServerBootFromVolumeStableRescueTest-2018850882 tempest-ServerBootFromVolumeStableRescueTest-2018850882-project-member] Registered counter for database nova_cell0
Aug 12 12:45:25.515165 np0000007055 nova-conductor[99052]: DEBUG oslo_concurrency.lockutils [None req-86f40f87-c0e5-4849-898b-82f9e5459479 tempest-ServerBootFromVolumeStableRescueTest-2018850882 tempest-ServerBootFromVolumeStableRescueTest-2018850882-project-member] Lock "aa082c24-aa2c-434e-bb60-b854ed0aa622" acquired by "nova.context.set_target_cell..get_or_set_cached_cell_and_set_connections" :: waited 0.002s {{(pid=99052) inner /opt/stack/data/venv/lib/python3.12/site-packages/oslo_concurrency/lockutils.py:525}}
Aug 12 12:45:25.515165 np0000007055 nova-conductor[99052]: DEBUG oslo_concurrency.lockutils [None req-86f40f87-c0e5-4849-898b-82f9e5459479 tempest-ServerBootFromVolumeStableRescueTest-2018850882 tempest-ServerBootFromVolumeStableRescueTest-2018850882-project-member] Lock "aa082c24-aa2c-434e-bb60-b854ed0aa622" "released" by "nova.context.set_target_cell..get_or_set_cached_cell_and_set_connections" :: held 0.002s {{(pid=99052) inner /opt/stack/data/venv/lib/python3.12/site-packages/oslo_concurrency/lockutils.py:544}}
Aug 12 12:45:25.573415 np0000007055 nova-conductor[99052]: DEBUG oslo_db.sqlalchemy.engines [None req-86f40f87-c0e5-4849-898b-82f9e5459479 tempest-ServerBootFromVolumeStableRescueTest-2018850882 tempest-ServerBootFromVolumeStableRescueTest-2018850882-project-member] MySQL server mode set to STRICT_TRANS_TABLES,STRICT_ALL_TABLES,NO_ZERO_IN_DATE,NO_ZERO_DATE,ERROR_FOR_DIVISION_BY_ZERO,TRADITIONAL,NO_ENGINE_SUBSTITUTION {{(pid=99052) _check_effective_sql_mode /opt/stack/data/venv/lib/python3.12/site-packages/oslo_db/sqlalchemy/engines.py:325}}
Aug 12 12:45:25.591861 np0000007055 nova-conductor[99052]: DEBUG dbcounter [-] [99052] Writer thread running {{(pid=99052) stat_writer /opt/stack/data/venv/lib/python3.12/site-packages/dbcounter.py:102}}
