Jul 02 20:17:33.095863 np0000004316 nova-scheduler[96306]: DEBUG cotyledon.oslo_config_glue [-] profiler.es_scroll_time = 2m {{(pid=96306) log_opt_values /opt/stack/data/venv/lib/python3.12/site-packages/oslo_config/cfg.py:3253}}
Jul 02 20:17:33.095863 np0000004316 nova-scheduler[96306]: DEBUG cotyledon.oslo_config_glue [-] profiler.filter_error_trace = False {{(pid=96306) log_opt_values /opt/stack/data/venv/lib/python3.12/site-packages/oslo_config/cfg.py:3253}}
Jul 02 20:17:33.096465 np0000004316 nova-scheduler[96306]: DEBUG cotyledon.oslo_config_glue [-] profiler.hmac_keys = **** {{(pid=96306) log_opt_values /opt/stack/data/venv/lib/python3.12/site-packages/oslo_config/cfg.py:3253}}
Jul 02 20:17:33.096465 np0000004316 nova-scheduler[96306]: DEBUG cotyledon.oslo_config_glue [-] profiler.sentinel_service_name = mymaster {{(pid=96306) log_opt_values /opt/stack/data/venv/lib/python3.12/site-packages/oslo_config/cfg.py:3253}}
Jul 02 20:17:33.096465 np0000004316 nova-scheduler[96306]: DEBUG cotyledon.oslo_config_glue [-] profiler.socket_timeout = 0.1 {{(pid=96306) log_opt_values /opt/stack/data/venv/lib/python3.12/site-packages/oslo_config/cfg.py:3253}}
Jul 02 20:17:33.096465 np0000004316 nova-scheduler[96306]: DEBUG cotyledon.oslo_config_glue [-] profiler.trace_requests = False {{(pid=96306) log_opt_values /opt/stack/data/venv/lib/python3.12/site-packages/oslo_config/cfg.py:3253}}
Jul 02 20:17:33.096465 np0000004316 nova-scheduler[96306]: DEBUG cotyledon.oslo_config_glue [-] profiler.trace_sqlalchemy = False {{(pid=96306) log_opt_values /opt/stack/data/venv/lib/python3.12/site-packages/oslo_config/cfg.py:3253}}
Jul 02 20:17:33.096465 np0000004316 nova-scheduler[96306]: DEBUG cotyledon.oslo_config_glue [-] profiler_jaeger.process_tags = {} {{(pid=96306) log_opt_values /opt/stack/data/venv/lib/python3.12/site-packages/oslo_config/cfg.py:3253}}
Jul 02 20:17:33.096465 np0000004316 nova-scheduler[96306]: DEBUG cotyledon.oslo_config_glue [-] profiler_jaeger.service_name_prefix = None {{(pid=96306) log_opt_values /opt/stack/data/venv/lib/python3.12/site-packages/oslo_config/cfg.py:3253}}
Jul 02 20:17:33.096465 np0000004316 nova-scheduler[96306]: DEBUG cotyledon.oslo_config_glue [-] profiler_otlp.service_name_prefix = None {{(pid=96306) log_opt_values /opt/stack/data/venv/lib/python3.12/site-packages/oslo_config/cfg.py:3253}}
Jul 02 20:17:33.096465 np0000004316 nova-scheduler[96306]: DEBUG cotyledon.oslo_config_glue [-] oslo_messaging_rabbit.amqp_auto_delete = False {{(pid=96306) log_opt_values /opt/stack/data/venv/lib/python3.12/site-packages/oslo_config/cfg.py:3253}}
Jul 02 20:17:33.096797 np0000004316 nova-scheduler[96306]: DEBUG cotyledon.oslo_config_glue [-] oslo_messaging_rabbit.amqp_durable_queues = False {{(pid=96306) log_opt_values /opt/stack/data/venv/lib/python3.12/site-packages/oslo_config/cfg.py:3253}}
Jul 02 20:17:33.096797 np0000004316 nova-scheduler[96306]: DEBUG cotyledon.oslo_config_glue [-] oslo_messaging_rabbit.conn_pool_min_size = 2 {{(pid=96306) log_opt_values /opt/stack/data/venv/lib/python3.12/site-packages/oslo_config/cfg.py:3253}}
Jul 02 20:17:33.096797 np0000004316 nova-scheduler[96306]: DEBUG cotyledon.oslo_config_glue [-] oslo_messaging_rabbit.conn_pool_ttl = 1200 {{(pid=96306) log_opt_values /opt/stack/data/venv/lib/python3.12/site-packages/oslo_config/cfg.py:3253}}
Jul 02 20:17:33.096797 np0000004316 nova-scheduler[96306]: DEBUG cotyledon.oslo_config_glue [-] oslo_messaging_rabbit.direct_mandatory_flag = True {{(pid=96306) log_opt_values /opt/stack/data/venv/lib/python3.12/site-packages/oslo_config/cfg.py:3253}}
Jul 02 20:17:33.096797 np0000004316 nova-scheduler[96306]: DEBUG cotyledon.oslo_config_glue [-] oslo_messaging_rabbit.enable_cancel_on_failover = False {{(pid=96306) log_opt_values /opt/stack/data/venv/lib/python3.12/site-packages/oslo_config/cfg.py:3253}}
Jul 02 20:17:33.096797 np0000004316 nova-scheduler[96306]: DEBUG cotyledon.oslo_config_glue [-] oslo_messaging_rabbit.heartbeat_rate = 3 {{(pid=96306) log_opt_values /opt/stack/data/venv/lib/python3.12/site-packages/oslo_config/cfg.py:3253}}
Jul 02 20:17:33.096797 np0000004316 nova-scheduler[96306]: DEBUG cotyledon.oslo_config_glue [-] oslo_messaging_rabbit.heartbeat_timeout_threshold = 60 {{(pid=96306) log_opt_values /opt/stack/data/venv/lib/python3.12/site-packages/oslo_config/cfg.py:3253}}
Jul 02 20:17:33.096797 np0000004316 nova-scheduler[96306]: DEBUG cotyledon.oslo_config_glue [-] oslo_messaging_rabbit.hostname = np0000004316 {{(pid=96306) log_opt_values /opt/stack/data/venv/lib/python3.12/site-packages/oslo_config/cfg.py:3253}}
Jul 02 20:17:33.096797 np0000004316 nova-scheduler[96306]: DEBUG cotyledon.oslo_config_glue [-] oslo_messaging_rabbit.kombu_compression = None {{(pid=96306) log_opt_values /opt/stack/data/venv/lib/python3.12/site-packages/oslo_config/cfg.py:3253}}
Jul 02 20:17:33.097185 np0000004316 nova-scheduler[96306]: DEBUG cotyledon.oslo_config_glue [-] oslo_messaging_rabbit.kombu_failover_strategy = round-robin {{(pid=96306) log_opt_values /opt/stack/data/venv/lib/python3.12/site-packages/oslo_config/cfg.py:3253}}
Jul 02 20:17:33.097185 np0000004316 nova-scheduler[96306]: DEBUG cotyledon.oslo_config_glue [-] oslo_messaging_rabbit.kombu_missing_consumer_retry_timeout = 60 {{(pid=96306) log_opt_values /opt/stack/data/venv/lib/python3.12/site-packages/oslo_config/cfg.py:3253}}
Jul 02 20:17:33.097185 np0000004316 nova-scheduler[96306]: DEBUG cotyledon.oslo_config_glue [-] oslo_messaging_rabbit.kombu_reconnect_delay = 1.0 {{(pid=96306) log_opt_values /opt/stack/data/venv/lib/python3.12/site-packages/oslo_config/cfg.py:3253}}
Jul 02 20:17:33.097185 np0000004316 nova-scheduler[96306]: DEBUG cotyledon.oslo_config_glue [-] oslo_messaging_rabbit.kombu_reconnect_splay = 0.0 {{(pid=96306) log_opt_values /opt/stack/data/venv/lib/python3.12/site-packages/oslo_config/cfg.py:3253}}
Jul 02 20:17:33.097185 np0000004316 nova-scheduler[96306]: DEBUG cotyledon.oslo_config_glue [-] oslo_messaging_rabbit.processname = nova-scheduler {{(pid=96306) log_opt_values /opt/stack/data/venv/lib/python3.12/site-packages/oslo_config/cfg.py:3253}}
Jul 02 20:17:33.097185 np0000004316 nova-scheduler[96306]: DEBUG cotyledon.oslo_config_glue [-] oslo_messaging_rabbit.rabbit_ha_queues = False {{(pid=96306) log_opt_values /opt/stack/data/venv/lib/python3.12/site-packages/oslo_config/cfg.py:3253}}
Jul 02 20:17:33.097185 np0000004316 nova-scheduler[96306]: DEBUG cotyledon.oslo_config_glue [-] oslo_messaging_rabbit.rabbit_interval_max = 30 {{(pid=96306) log_opt_values /opt/stack/data/venv/lib/python3.12/site-packages/oslo_config/cfg.py:3253}}
Jul 02 20:17:33.097185 np0000004316 nova-scheduler[96306]: DEBUG cotyledon.oslo_config_glue [-] oslo_messaging_rabbit.rabbit_login_method = AMQPLAIN {{(pid=96306) log_opt_values /opt/stack/data/venv/lib/python3.12/site-packages/oslo_config/cfg.py:3253}}
Jul 02 20:17:33.097444 np0000004316 nova-scheduler[96306]: DEBUG cotyledon.oslo_config_glue [-] oslo_messaging_rabbit.rabbit_qos_prefetch_count = 0 {{(pid=96306) log_opt_values /opt/stack/data/venv/lib/python3.12/site-packages/oslo_config/cfg.py:3253}}
Jul 02 20:17:33.097444 np0000004316 nova-scheduler[96306]: DEBUG cotyledon.oslo_config_glue [-] oslo_messaging_rabbit.rabbit_quorum_delivery_limit = 0 {{(pid=96306) log_opt_values /opt/stack/data/venv/lib/python3.12/site-packages/oslo_config/cfg.py:3253}}
Jul 02 20:17:33.097444 np0000004316 nova-scheduler[96306]: DEBUG cotyledon.oslo_config_glue [-] oslo_messaging_rabbit.rabbit_quorum_max_memory_bytes = 0 {{(pid=96306) log_opt_values /opt/stack/data/venv/lib/python3.12/site-packages/oslo_config/cfg.py:3253}}
Jul 02 20:17:33.097444 np0000004316 nova-scheduler[96306]: DEBUG cotyledon.oslo_config_glue [-] oslo_messaging_rabbit.rabbit_quorum_max_memory_length = 0 {{(pid=96306) log_opt_values /opt/stack/data/venv/lib/python3.12/site-packages/oslo_config/cfg.py:3253}}
Jul 02 20:17:33.097444 np0000004316 nova-scheduler[96306]: DEBUG cotyledon.oslo_config_glue [-] oslo_messaging_rabbit.rabbit_quorum_queue = False {{(pid=96306) log_opt_values /opt/stack/data/venv/lib/python3.12/site-packages/oslo_config/cfg.py:3253}}
Jul 02 20:17:33.097444 np0000004316 nova-scheduler[96306]: DEBUG cotyledon.oslo_config_glue [-] oslo_messaging_rabbit.rabbit_retry_backoff = 2 {{(pid=96306) log_opt_values /opt/stack/data/venv/lib/python3.12/site-packages/oslo_config/cfg.py:3253}}
Jul 02 20:17:33.097444 np0000004316 nova-scheduler[96306]: DEBUG cotyledon.oslo_config_glue [-] oslo_messaging_rabbit.rabbit_retry_interval = 1 {{(pid=96306) log_opt_values /opt/stack/data/venv/lib/python3.12/site-packages/oslo_config/cfg.py:3253}}
Jul 02 20:17:33.097444 np0000004316 nova-scheduler[96306]: DEBUG cotyledon.oslo_config_glue [-] oslo_messaging_rabbit.rabbit_stream_fanout = False {{(pid=96306) log_opt_values /opt/stack/data/venv/lib/python3.12/site-packages/oslo_config/cfg.py:3253}}
Jul 02 20:17:33.097697 np0000004316 nova-scheduler[96306]: DEBUG cotyledon.oslo_config_glue [-] oslo_messaging_rabbit.rabbit_transient_queues_ttl = 1800 {{(pid=96306) log_opt_values /opt/stack/data/venv/lib/python3.12/site-packages/oslo_config/cfg.py:3253}}
Jul 02 20:17:33.097697 np0000004316 nova-scheduler[96306]: DEBUG cotyledon.oslo_config_glue [-] oslo_messaging_rabbit.rabbit_transient_quorum_queue = False {{(pid=96306) log_opt_values /opt/stack/data/venv/lib/python3.12/site-packages/oslo_config/cfg.py:3253}}
Jul 02 20:17:33.097697 np0000004316 nova-scheduler[96306]: DEBUG cotyledon.oslo_config_glue [-] oslo_messaging_rabbit.rpc_conn_pool_size = 30 {{(pid=96306) log_opt_values /opt/stack/data/venv/lib/python3.12/site-packages/oslo_config/cfg.py:3253}}
Jul 02 20:17:33.097697 np0000004316 nova-scheduler[96306]: DEBUG cotyledon.oslo_config_glue [-] oslo_messaging_rabbit.ssl = False {{(pid=96306) log_opt_values /opt/stack/data/venv/lib/python3.12/site-packages/oslo_config/cfg.py:3253}}
Jul 02 20:17:33.097697 np0000004316 nova-scheduler[96306]: DEBUG cotyledon.oslo_config_glue [-] oslo_messaging_rabbit.ssl_ca_file = {{(pid=96306) log_opt_values /opt/stack/data/venv/lib/python3.12/site-packages/oslo_config/cfg.py:3253}}
Jul 02 20:17:33.097697 np0000004316 nova-scheduler[96306]: DEBUG cotyledon.oslo_config_glue [-] oslo_messaging_rabbit.ssl_cert_file = {{(pid=96306) log_opt_values /opt/stack/data/venv/lib/python3.12/site-packages/oslo_config/cfg.py:3253}}
Jul 02 20:17:33.097697 np0000004316 nova-scheduler[96306]: DEBUG cotyledon.oslo_config_glue [-] oslo_messaging_rabbit.ssl_enforce_fips_mode = False {{(pid=96306) log_opt_values /opt/stack/data/venv/lib/python3.12/site-packages/oslo_config/cfg.py:3253}}
Jul 02 20:17:33.097697 np0000004316 nova-scheduler[96306]: DEBUG cotyledon.oslo_config_glue [-] oslo_messaging_rabbit.ssl_enforce_hostname_verification = True {{(pid=96306) log_opt_values /opt/stack/data/venv/lib/python3.12/site-packages/oslo_config/cfg.py:3253}}
Jul 02 20:17:33.097697 np0000004316 nova-scheduler[96306]: DEBUG cotyledon.oslo_config_glue [-] oslo_messaging_rabbit.ssl_key_file = {{(pid=96306) log_opt_values /opt/stack/data/venv/lib/python3.12/site-packages/oslo_config/cfg.py:3253}}
Jul 02 20:17:33.098030 np0000004316 nova-scheduler[96306]: DEBUG cotyledon.oslo_config_glue [-] oslo_messaging_rabbit.ssl_version = {{(pid=96306) log_opt_values /opt/stack/data/venv/lib/python3.12/site-packages/oslo_config/cfg.py:3253}}
Jul 02 20:17:33.098030 np0000004316 nova-scheduler[96306]: DEBUG cotyledon.oslo_config_glue [-] oslo_messaging_rabbit.use_queue_manager = False {{(pid=96306) log_opt_values /opt/stack/data/venv/lib/python3.12/site-packages/oslo_config/cfg.py:3253}}
Jul 02 20:17:33.098030 np0000004316 nova-scheduler[96306]: DEBUG cotyledon.oslo_config_glue [-] oslo_messaging_notifications.driver = ['messagingv2'] {{(pid=96306) log_opt_values /opt/stack/data/venv/lib/python3.12/site-packages/oslo_config/cfg.py:3253}}
Jul 02 20:17:33.098030 np0000004316 nova-scheduler[96306]: DEBUG cotyledon.oslo_config_glue [-] oslo_messaging_notifications.retry = -1 {{(pid=96306) log_opt_values /opt/stack/data/venv/lib/python3.12/site-packages/oslo_config/cfg.py:3253}}
Jul 02 20:17:33.098030 np0000004316 nova-scheduler[96306]: DEBUG cotyledon.oslo_config_glue [-] oslo_messaging_notifications.topics = ['notifications'] {{(pid=96306) log_opt_values /opt/stack/data/venv/lib/python3.12/site-packages/oslo_config/cfg.py:3253}}
Jul 02 20:17:33.098030 np0000004316 nova-scheduler[96306]: DEBUG cotyledon.oslo_config_glue [-] oslo_messaging_notifications.transport_url = **** {{(pid=96306) log_opt_values /opt/stack/data/venv/lib/python3.12/site-packages/oslo_config/cfg.py:3253}}
Jul 02 20:17:33.098030 np0000004316 nova-scheduler[96306]: DEBUG cotyledon.oslo_config_glue [-] oslo_limit.auth_section = None {{(pid=96306) log_opt_values /opt/stack/data/venv/lib/python3.12/site-packages/oslo_config/cfg.py:3253}}
Jul 02 20:17:33.098030 np0000004316 nova-scheduler[96306]: DEBUG cotyledon.oslo_config_glue [-] oslo_limit.auth_type = None {{(pid=96306) log_opt_values /opt/stack/data/venv/lib/python3.12/site-packages/oslo_config/cfg.py:3253}}
Jul 02 20:17:33.098030 np0000004316 nova-scheduler[96306]: DEBUG cotyledon.oslo_config_glue [-] oslo_limit.cafile = None {{(pid=96306) log_opt_values /opt/stack/data/venv/lib/python3.12/site-packages/oslo_config/cfg.py:3253}}
Jul 02 20:17:33.098454 np0000004316 nova-scheduler[96306]: DEBUG cotyledon.oslo_config_glue [-] oslo_limit.certfile = None {{(pid=96306) log_opt_values /opt/stack/data/venv/lib/python3.12/site-packages/oslo_config/cfg.py:3253}}
Jul 02 20:17:33.098454 np0000004316 nova-scheduler[96306]: DEBUG cotyledon.oslo_config_glue [-] oslo_limit.collect_timing = False {{(pid=96306) log_opt_values /opt/stack/data/venv/lib/python3.12/site-packages/oslo_config/cfg.py:3253}}
Jul 02 20:17:33.098454 np0000004316 nova-scheduler[96306]: DEBUG cotyledon.oslo_config_glue [-] oslo_limit.connect_retries = None {{(pid=96306) log_opt_values /opt/stack/data/venv/lib/python3.12/site-packages/oslo_config/cfg.py:3253}}
Jul 02 20:17:33.098454 np0000004316 nova-scheduler[96306]: DEBUG cotyledon.oslo_config_glue [-] oslo_limit.connect_retry_delay = None {{(pid=96306) log_opt_values /opt/stack/data/venv/lib/python3.12/site-packages/oslo_config/cfg.py:3253}}
Jul 02 20:17:33.098454 np0000004316 nova-scheduler[96306]: DEBUG cotyledon.oslo_config_glue [-] oslo_limit.endpoint_id = None {{(pid=96306) log_opt_values /opt/stack/data/venv/lib/python3.12/site-packages/oslo_config/cfg.py:3253}}
Jul 02 20:17:33.098454 np0000004316 nova-scheduler[96306]: DEBUG cotyledon.oslo_config_glue [-] oslo_limit.endpoint_interface = public {{(pid=96306) log_opt_values /opt/stack/data/venv/lib/python3.12/site-packages/oslo_config/cfg.py:3253}}
Jul 02 20:17:33.098454 np0000004316 nova-scheduler[96306]: DEBUG cotyledon.oslo_config_glue [-] oslo_limit.endpoint_override = None {{(pid=96306) log_opt_values /opt/stack/data/venv/lib/python3.12/site-packages/oslo_config/cfg.py:3253}}
Jul 02 20:17:33.098454 np0000004316 nova-scheduler[96306]: DEBUG cotyledon.oslo_config_glue [-] oslo_limit.endpoint_region_name = None {{(pid=96306) log_opt_values /opt/stack/data/venv/lib/python3.12/site-packages/oslo_config/cfg.py:3253}}
Jul 02 20:17:33.098454 np0000004316 nova-scheduler[96306]: DEBUG cotyledon.oslo_config_glue [-] oslo_limit.endpoint_service_name = None {{(pid=96306) log_opt_values /opt/stack/data/venv/lib/python3.12/site-packages/oslo_config/cfg.py:3253}}
Jul 02 20:17:33.098971 np0000004316 nova-scheduler[96306]: DEBUG cotyledon.oslo_config_glue [-] oslo_limit.endpoint_service_type = None {{(pid=96306) log_opt_values /opt/stack/data/venv/lib/python3.12/site-packages/oslo_config/cfg.py:3253}}
Jul 02 20:17:33.098971 np0000004316 nova-scheduler[96306]: DEBUG cotyledon.oslo_config_glue [-] oslo_limit.insecure = False {{(pid=96306) log_opt_values /opt/stack/data/venv/lib/python3.12/site-packages/oslo_config/cfg.py:3253}}
Jul 02 20:17:33.098971 np0000004316 nova-scheduler[96306]: DEBUG cotyledon.oslo_config_glue [-] oslo_limit.keyfile = None {{(pid=96306) log_opt_values /opt/stack/data/venv/lib/python3.12/site-packages/oslo_config/cfg.py:3253}}
Jul 02 20:17:33.098971 np0000004316 nova-scheduler[96306]: DEBUG cotyledon.oslo_config_glue [-] oslo_limit.max_version = None {{(pid=96306) log_opt_values /opt/stack/data/venv/lib/python3.12/site-packages/oslo_config/cfg.py:3253}}
Jul 02 20:17:33.098971 np0000004316 nova-scheduler[96306]: DEBUG cotyledon.oslo_config_glue [-] oslo_limit.min_version = None {{(pid=96306) log_opt_values /opt/stack/data/venv/lib/python3.12/site-packages/oslo_config/cfg.py:3253}}
Jul 02 20:17:33.098971 np0000004316 nova-scheduler[96306]: DEBUG cotyledon.oslo_config_glue [-] oslo_limit.region_name = None {{(pid=96306) log_opt_values /opt/stack/data/venv/lib/python3.12/site-packages/oslo_config/cfg.py:3253}}
Jul 02 20:17:33.098971 np0000004316 nova-scheduler[96306]: DEBUG cotyledon.oslo_config_glue [-] oslo_limit.retriable_status_codes = None {{(pid=96306) log_opt_values /opt/stack/data/venv/lib/python3.12/site-packages/oslo_config/cfg.py:3253}}
Jul 02 20:17:33.098971 np0000004316 nova-scheduler[96306]: DEBUG cotyledon.oslo_config_glue [-] oslo_limit.service_name = None {{(pid=96306) log_opt_values /opt/stack/data/venv/lib/python3.12/site-packages/oslo_config/cfg.py:3253}}
Jul 02 20:17:33.098971 np0000004316 nova-scheduler[96306]: DEBUG cotyledon.oslo_config_glue [-] oslo_limit.service_type = None {{(pid=96306) log_opt_values /opt/stack/data/venv/lib/python3.12/site-packages/oslo_config/cfg.py:3253}}
Jul 02 20:17:33.099561 np0000004316 nova-scheduler[96306]: DEBUG cotyledon.oslo_config_glue [-] oslo_limit.split_loggers = False {{(pid=96306) log_opt_values /opt/stack/data/venv/lib/python3.12/site-packages/oslo_config/cfg.py:3253}}
Jul 02 20:17:33.099561 np0000004316 nova-scheduler[96306]: DEBUG cotyledon.oslo_config_glue [-] oslo_limit.status_code_retries = None {{(pid=96306) log_opt_values /opt/stack/data/venv/lib/python3.12/site-packages/oslo_config/cfg.py:3253}}
Jul 02 20:17:33.099561 np0000004316 nova-scheduler[96306]: DEBUG cotyledon.oslo_config_glue [-] oslo_limit.status_code_retry_delay = None {{(pid=96306) log_opt_values /opt/stack/data/venv/lib/python3.12/site-packages/oslo_config/cfg.py:3253}}
Jul 02 20:17:33.099561 np0000004316 nova-scheduler[96306]: DEBUG cotyledon.oslo_config_glue [-] oslo_limit.timeout = None {{(pid=96306) log_opt_values /opt/stack/data/venv/lib/python3.12/site-packages/oslo_config/cfg.py:3253}}
Jul 02 20:17:33.099561 np0000004316 nova-scheduler[96306]: DEBUG cotyledon.oslo_config_glue [-] oslo_limit.valid_interfaces = None {{(pid=96306) log_opt_values /opt/stack/data/venv/lib/python3.12/site-packages/oslo_config/cfg.py:3253}}
Jul 02 20:17:33.099561 np0000004316 nova-scheduler[96306]: DEBUG cotyledon.oslo_config_glue [-] oslo_limit.version = None {{(pid=96306) log_opt_values /opt/stack/data/venv/lib/python3.12/site-packages/oslo_config/cfg.py:3253}}
Jul 02 20:17:33.099561 np0000004316 nova-scheduler[96306]: DEBUG cotyledon.oslo_config_glue [-] oslo_reports.file_event_handler = None {{(pid=96306) log_opt_values /opt/stack/data/venv/lib/python3.12/site-packages/oslo_config/cfg.py:3253}}
Jul 02 20:17:33.099561 np0000004316 nova-scheduler[96306]: DEBUG cotyledon.oslo_config_glue [-] oslo_reports.file_event_handler_interval = 1 {{(pid=96306) log_opt_values /opt/stack/data/venv/lib/python3.12/site-packages/oslo_config/cfg.py:3253}}
Jul 02 20:17:33.099561 np0000004316 nova-scheduler[96306]: DEBUG cotyledon.oslo_config_glue [-] oslo_reports.log_dir = None {{(pid=96306) log_opt_values /opt/stack/data/venv/lib/python3.12/site-packages/oslo_config/cfg.py:3253}}
Jul 02 20:17:33.099888 np0000004316 nova-scheduler[96306]: DEBUG cotyledon.oslo_config_glue [-] ******************************************************************************** {{(pid=96306) log_opt_values /opt/stack/data/venv/lib/python3.12/site-packages/oslo_config/cfg.py:3260}}
Jul 02 20:17:33.099888 np0000004316 nova-scheduler[96306]: DEBUG cotyledon._service_worker [-] Run service ServiceWrapper(3) [96306] {{(pid=96306) wait_forever /opt/stack/data/venv/lib/python3.12/site-packages/cotyledon/_service_worker.py:218}}
Jul 02 20:17:33.099888 np0000004316 nova-scheduler[96306]: INFO nova.service [-] Starting scheduler node (version 33.1.0)
Jul 02 20:17:33.099888 np0000004316 nova-scheduler[96306]: INFO dbcounter [None req-1142c5af-264b-4518-bbda-1e572c19d774 None None] Registered counter for database nova_cell0
Jul 02 20:17:33.100038 np0000004316 nova-scheduler[96302]: DEBUG oslo_db.sqlalchemy.engines [None req-2c34285e-5793-4e5c-8fd2-eecb914baad8 None None] MySQL server mode set to STRICT_TRANS_TABLES,STRICT_ALL_TABLES,NO_ZERO_IN_DATE,NO_ZERO_DATE,ERROR_FOR_DIVISION_BY_ZERO,TRADITIONAL,NO_ENGINE_SUBSTITUTION {{(pid=96302) _check_effective_sql_mode /opt/stack/data/venv/lib/python3.12/site-packages/oslo_db/sqlalchemy/engines.py:325}}
Jul 02 20:17:33.100038 np0000004316 nova-scheduler[96302]: DEBUG dbcounter [-] [96302] Writer thread running {{(pid=96302) stat_writer /opt/stack/data/venv/lib/python3.12/site-packages/dbcounter.py:102}}
Jul 02 20:17:33.100204 np0000004316 nova-scheduler[96300]: DEBUG oslo_db.sqlalchemy.engines [None req-9b0d064a-99b0-4084-aba0-c5a59a9a86e3 None None] MySQL server mode set to STRICT_TRANS_TABLES,STRICT_ALL_TABLES,NO_ZERO_IN_DATE,NO_ZERO_DATE,ERROR_FOR_DIVISION_BY_ZERO,TRADITIONAL,NO_ENGINE_SUBSTITUTION {{(pid=96300) _check_effective_sql_mode /opt/stack/data/venv/lib/python3.12/site-packages/oslo_db/sqlalchemy/engines.py:325}}
Jul 02 20:17:33.100254 np0000004316 nova-scheduler[96304]: DEBUG oslo_db.sqlalchemy.engines [None req-a371eafb-cdc0-4d0e-9d2e-d2bc388f20f5 None None] MySQL server mode set to STRICT_TRANS_TABLES,STRICT_ALL_TABLES,NO_ZERO_IN_DATE,NO_ZERO_DATE,ERROR_FOR_DIVISION_BY_ZERO,TRADITIONAL,NO_ENGINE_SUBSTITUTION {{(pid=96304) _check_effective_sql_mode /opt/stack/data/venv/lib/python3.12/site-packages/oslo_db/sqlalchemy/engines.py:325}}
Jul 02 20:17:33.100307 np0000004316 nova-scheduler[96306]: DEBUG oslo_db.sqlalchemy.engines [None req-1142c5af-264b-4518-bbda-1e572c19d774 None None] MySQL server mode set to STRICT_TRANS_TABLES,STRICT_ALL_TABLES,NO_ZERO_IN_DATE,NO_ZERO_DATE,ERROR_FOR_DIVISION_BY_ZERO,TRADITIONAL,NO_ENGINE_SUBSTITUTION {{(pid=96306) _check_effective_sql_mode /opt/stack/data/venv/lib/python3.12/site-packages/oslo_db/sqlalchemy/engines.py:325}}
Jul 02 20:17:33.101585 np0000004316 nova-scheduler[96304]: DEBUG dbcounter [-] [96304] Writer thread running {{(pid=96304) stat_writer /opt/stack/data/venv/lib/python3.12/site-packages/dbcounter.py:102}}
Jul 02 20:17:33.103262 np0000004316 nova-scheduler[96300]: DEBUG dbcounter [-] [96300] Writer thread running {{(pid=96300) stat_writer /opt/stack/data/venv/lib/python3.12/site-packages/dbcounter.py:102}}
Jul 02 20:17:33.104861 np0000004316 nova-scheduler[96302]: DEBUG nova.service [None req-2c34285e-5793-4e5c-8fd2-eecb914baad8 None None] Creating RPC server for service: nova-scheduler on topic: scheduler {{(pid=96302) start /opt/stack/nova/nova/service.py:196}}
Jul 02 20:17:33.105842 np0000004316 nova-scheduler[96304]: DEBUG nova.service [None req-a371eafb-cdc0-4d0e-9d2e-d2bc388f20f5 None None] Creating RPC server for service: nova-scheduler on topic: scheduler {{(pid=96304) start /opt/stack/nova/nova/service.py:196}}
Jul 02 20:17:33.108161 np0000004316 nova-scheduler[96300]: DEBUG nova.service [None req-9b0d064a-99b0-4084-aba0-c5a59a9a86e3 None None] Creating RPC server for service: nova-scheduler on topic: scheduler {{(pid=96300) start /opt/stack/nova/nova/service.py:196}}
Jul 02 20:17:33.108699 np0000004316 nova-scheduler[96306]: DEBUG dbcounter [-] [96306] Writer thread running {{(pid=96306) stat_writer /opt/stack/data/venv/lib/python3.12/site-packages/dbcounter.py:102}}
Jul 02 20:17:33.112681 np0000004316 nova-scheduler[96306]: DEBUG nova.service [None req-1142c5af-264b-4518-bbda-1e572c19d774 None None] Creating RPC server for service: nova-scheduler on topic: scheduler {{(pid=96306) start /opt/stack/nova/nova/service.py:196}}
Jul 02 20:17:33.140403 np0000004316 nova-scheduler[96300]: DEBUG nova.service [None req-9b0d064a-99b0-4084-aba0-c5a59a9a86e3 None None] Join ServiceGroup membership for this service scheduler {{(pid=96300) start /opt/stack/nova/nova/service.py:222}}
Jul 02 20:17:33.140998 np0000004316 nova-scheduler[96300]: DEBUG nova.servicegroup.drivers.db [None req-9b0d064a-99b0-4084-aba0-c5a59a9a86e3 None None] DB_Driver: join new ServiceGroup member np0000004316 to the scheduler group, service = {{(pid=96300) join /opt/stack/nova/nova/servicegroup/drivers/db.py:44}}
Jul 02 20:17:33.141555 np0000004316 nova-scheduler[96304]: DEBUG nova.service [None req-a371eafb-cdc0-4d0e-9d2e-d2bc388f20f5 None None] Join ServiceGroup membership for this service scheduler {{(pid=96304) start /opt/stack/nova/nova/service.py:222}}
Jul 02 20:17:33.141814 np0000004316 nova-scheduler[96304]: DEBUG nova.servicegroup.drivers.db [None req-a371eafb-cdc0-4d0e-9d2e-d2bc388f20f5 None None] DB_Driver: join new ServiceGroup member np0000004316 to the scheduler group, service = {{(pid=96304) join /opt/stack/nova/nova/servicegroup/drivers/db.py:44}}
Jul 02 20:17:33.144990 np0000004316 nova-scheduler[96302]: DEBUG nova.service [None req-2c34285e-5793-4e5c-8fd2-eecb914baad8 None None] Join ServiceGroup membership for this service scheduler {{(pid=96302) start /opt/stack/nova/nova/service.py:222}}
Jul 02 20:17:33.145224 np0000004316 nova-scheduler[96302]: DEBUG nova.servicegroup.drivers.db [None req-2c34285e-5793-4e5c-8fd2-eecb914baad8 None None] DB_Driver: join new ServiceGroup member np0000004316 to the scheduler group, service = {{(pid=96302) join /opt/stack/nova/nova/servicegroup/drivers/db.py:44}}
Jul 02 20:17:33.145310 np0000004316 nova-scheduler[96306]: DEBUG nova.service [None req-1142c5af-264b-4518-bbda-1e572c19d774 None None] Join ServiceGroup membership for this service scheduler {{(pid=96306) start /opt/stack/nova/nova/service.py:222}}
Jul 02 20:17:33.145514 np0000004316 nova-scheduler[96306]: DEBUG nova.servicegroup.drivers.db [None req-1142c5af-264b-4518-bbda-1e572c19d774 None None] DB_Driver: join new ServiceGroup member np0000004316 to the scheduler group, service = {{(pid=96306) join /opt/stack/nova/nova/servicegroup/drivers/db.py:44}}
Jul 02 20:17:38.162350 np0000004316 nova-scheduler[96304]: DEBUG oslo.service.backend._threading.loopingcall [-] Fixed interval looping call 'nova.servicegroup.drivers.db.DbDriver._report_state' sleeping for 119.98 seconds {{(pid=96304) _run_loop /opt/stack/data/venv/lib/python3.12/site-packages/oslo_service/backend/_threading/loopingcall.py:125}}
Jul 02 20:17:38.163141 np0000004316 nova-scheduler[96302]: DEBUG oslo.service.backend._threading.loopingcall [-] Fixed interval looping call 'nova.servicegroup.drivers.db.DbDriver._report_state' sleeping for 119.98 seconds {{(pid=96302) _run_loop /opt/stack/data/venv/lib/python3.12/site-packages/oslo_service/backend/_threading/loopingcall.py:125}}
Jul 02 20:17:38.164432 np0000004316 nova-scheduler[96300]: DEBUG oslo.service.backend._threading.loopingcall [-] Fixed interval looping call 'nova.servicegroup.drivers.db.DbDriver._report_state' sleeping for 119.98 seconds {{(pid=96300) _run_loop /opt/stack/data/venv/lib/python3.12/site-packages/oslo_service/backend/_threading/loopingcall.py:125}}
Jul 02 20:17:38.167680 np0000004316 nova-scheduler[96306]: DEBUG oslo.service.backend._threading.loopingcall [-] Fixed interval looping call 'nova.servicegroup.drivers.db.DbDriver._report_state' sleeping for 119.98 seconds {{(pid=96306) _run_loop /opt/stack/data/venv/lib/python3.12/site-packages/oslo_service/backend/_threading/loopingcall.py:125}}
Jul 02 20:17:39.143572 np0000004316 nova-scheduler[96300]: DEBUG oslo.service.backend._threading.loopingcall [None req-601ff2f3-8651-4430-98b5-cff6d35af5db None None] Dynamic interval looping call 'nova.service.Service.periodic_tasks' sleeping for 60.00 seconds {{(pid=96300) _run_loop /opt/stack/data/venv/lib/python3.12/site-packages/oslo_service/backend/_threading/loopingcall.py:125}}
Jul 02 20:17:41.568301 np0000004316 nova-scheduler[95106]: DEBUG dbcounter [-] [95106] Writing DB stats nova_api:SELECT=3 {{(pid=95106) stat_writer /opt/stack/data/venv/lib/python3.12/site-packages/dbcounter.py:115}}
Jul 02 20:17:41.771054 np0000004316 nova-scheduler[95106]: DEBUG dbcounter [-] [95106] Writing DB stats nova_cell1:SELECT=1 {{(pid=95106) stat_writer /opt/stack/data/venv/lib/python3.12/site-packages/dbcounter.py:115}}
Jul 02 20:17:41.774688 np0000004316 nova-scheduler[95106]: DEBUG dbcounter [-] [95106] Writing DB stats nova_cell0:SELECT=1 {{(pid=95106) stat_writer /opt/stack/data/venv/lib/python3.12/site-packages/dbcounter.py:115}}
Jul 02 20:17:48.154964 np0000004316 nova-scheduler[96304]: DEBUG dbcounter [-] [96304] Writing DB stats nova_cell0:SELECT=3,nova_cell0:UPDATE=1 {{(pid=96304) stat_writer /opt/stack/data/venv/lib/python3.12/site-packages/dbcounter.py:115}}
Jul 02 20:17:48.155568 np0000004316 nova-scheduler[96302]: DEBUG dbcounter [-] [96302] Writing DB stats nova_cell0:SELECT=4,nova_cell0:INSERT=1,nova_cell0:UPDATE=1 {{(pid=96302) stat_writer /opt/stack/data/venv/lib/python3.12/site-packages/dbcounter.py:115}}
Jul 02 20:17:48.156919 np0000004316 nova-scheduler[96300]: DEBUG dbcounter [-] [96300] Writing DB stats nova_cell0:SELECT=3,nova_cell0:UPDATE=1 {{(pid=96300) stat_writer /opt/stack/data/venv/lib/python3.12/site-packages/dbcounter.py:115}}
Jul 02 20:17:48.165629 np0000004316 nova-scheduler[96306]: DEBUG dbcounter [-] [96306] Writing DB stats nova_cell0:SELECT=3,nova_cell0:UPDATE=1 {{(pid=96306) stat_writer /opt/stack/data/venv/lib/python3.12/site-packages/dbcounter.py:115}}
Jul 02 20:17:59.147251 np0000004316 nova-scheduler[96302]: DEBUG oslo.service.backend._threading.loopingcall [None req-edd8f8ed-3f08-4378-ad90-bba3ac25bf8c None None] Dynamic interval looping call 'nova.service.Service.periodic_tasks' sleeping for 60.00 seconds {{(pid=96302) _run_loop /opt/stack/data/venv/lib/python3.12/site-packages/oslo_service/backend/_threading/loopingcall.py:125}}
Jul 02 20:18:26.149780 np0000004316 nova-scheduler[96306]: DEBUG oslo.service.backend._threading.loopingcall [None req-a0d994bc-1c13-4a8a-bc5f-7c6152416735 None None] Dynamic interval looping call 'nova.service.Service.periodic_tasks' sleeping for 60.00 seconds {{(pid=96306) _run_loop /opt/stack/data/venv/lib/python3.12/site-packages/oslo_service/backend/_threading/loopingcall.py:125}}
Jul 02 20:18:32.144273 np0000004316 nova-scheduler[96304]: DEBUG oslo.service.backend._threading.loopingcall [None req-21a90550-4f06-481e-b6b8-5b21f96ad459 None None] Dynamic interval looping call 'nova.service.Service.periodic_tasks' sleeping for 60.00 seconds {{(pid=96304) _run_loop /opt/stack/data/venv/lib/python3.12/site-packages/oslo_service/backend/_threading/loopingcall.py:125}}
Jul 02 20:18:39.144101 np0000004316 nova-scheduler[96300]: DEBUG oslo.service.backend._threading.loopingcall [None req-601ff2f3-8651-4430-98b5-cff6d35af5db None None] Dynamic interval looping call 'nova.service.Service.periodic_tasks' sleeping for 60.00 seconds {{(pid=96300) _run_loop /opt/stack/data/venv/lib/python3.12/site-packages/oslo_service/backend/_threading/loopingcall.py:125}}
Jul 02 20:18:59.147873 np0000004316 nova-scheduler[96302]: DEBUG oslo.service.backend._threading.loopingcall [None req-edd8f8ed-3f08-4378-ad90-bba3ac25bf8c None None] Dynamic interval looping call 'nova.service.Service.periodic_tasks' sleeping for 60.00 seconds {{(pid=96302) _run_loop /opt/stack/data/venv/lib/python3.12/site-packages/oslo_service/backend/_threading/loopingcall.py:125}}
Jul 02 20:19:26.150313 np0000004316 nova-scheduler[96306]: DEBUG oslo.service.backend._threading.loopingcall [None req-a0d994bc-1c13-4a8a-bc5f-7c6152416735 None None] Dynamic interval looping call 'nova.service.Service.periodic_tasks' sleeping for 60.00 seconds {{(pid=96306) _run_loop /opt/stack/data/venv/lib/python3.12/site-packages/oslo_service/backend/_threading/loopingcall.py:125}}
Jul 02 20:19:32.144771 np0000004316 nova-scheduler[96304]: DEBUG oslo.service.backend._threading.loopingcall [None req-21a90550-4f06-481e-b6b8-5b21f96ad459 None None] Dynamic interval looping call 'nova.service.Service.periodic_tasks' sleeping for 60.00 seconds {{(pid=96304) _run_loop /opt/stack/data/venv/lib/python3.12/site-packages/oslo_service/backend/_threading/loopingcall.py:125}}
Jul 02 20:19:38.151931 np0000004316 nova-scheduler[96304]: DEBUG oslo.service.backend._threading.loopingcall [-] Fixed interval looping call 'nova.servicegroup.drivers.db.DbDriver._report_state' sleeping for 119.99 seconds {{(pid=96304) _run_loop /opt/stack/data/venv/lib/python3.12/site-packages/oslo_service/backend/_threading/loopingcall.py:125}}
Jul 02 20:19:38.152949 np0000004316 nova-scheduler[96302]: DEBUG oslo.service.backend._threading.loopingcall [-] Fixed interval looping call 'nova.servicegroup.drivers.db.DbDriver._report_state' sleeping for 119.99 seconds {{(pid=96302) _run_loop /opt/stack/data/venv/lib/python3.12/site-packages/oslo_service/backend/_threading/loopingcall.py:125}}
Jul 02 20:19:38.153885 np0000004316 nova-scheduler[96300]: DEBUG oslo.service.backend._threading.loopingcall [-] Fixed interval looping call 'nova.servicegroup.drivers.db.DbDriver._report_state' sleeping for 119.99 seconds {{(pid=96300) _run_loop /opt/stack/data/venv/lib/python3.12/site-packages/oslo_service/backend/_threading/loopingcall.py:125}}
Jul 02 20:19:38.154732 np0000004316 nova-scheduler[96306]: DEBUG oslo.service.backend._threading.loopingcall [-] Fixed interval looping call 'nova.servicegroup.drivers.db.DbDriver._report_state' sleeping for 119.99 seconds {{(pid=96306) _run_loop /opt/stack/data/venv/lib/python3.12/site-packages/oslo_service/backend/_threading/loopingcall.py:125}}
Jul 02 20:19:39.144707 np0000004316 nova-scheduler[96300]: DEBUG oslo.service.backend._threading.loopingcall [None req-601ff2f3-8651-4430-98b5-cff6d35af5db None None] Dynamic interval looping call 'nova.service.Service.periodic_tasks' sleeping for 60.00 seconds {{(pid=96300) _run_loop /opt/stack/data/venv/lib/python3.12/site-packages/oslo_service/backend/_threading/loopingcall.py:125}}
Jul 02 20:19:48.146364 np0000004316 nova-scheduler[96304]: DEBUG dbcounter [-] [96304] Writing DB stats nova_cell0:SELECT=1,nova_cell0:UPDATE=1 {{(pid=96304) stat_writer /opt/stack/data/venv/lib/python3.12/site-packages/dbcounter.py:115}}
Jul 02 20:19:48.147583 np0000004316 nova-scheduler[96302]: DEBUG dbcounter [-] [96302] Writing DB stats nova_cell0:SELECT=1,nova_cell0:UPDATE=1 {{(pid=96302) stat_writer /opt/stack/data/venv/lib/python3.12/site-packages/dbcounter.py:115}}
Jul 02 20:19:48.149283 np0000004316 nova-scheduler[96300]: DEBUG dbcounter [-] [96300] Writing DB stats nova_cell0:SELECT=1,nova_cell0:UPDATE=1 {{(pid=96300) stat_writer /opt/stack/data/venv/lib/python3.12/site-packages/dbcounter.py:115}}
Jul 02 20:19:48.150843 np0000004316 nova-scheduler[96306]: DEBUG dbcounter [-] [96306] Writing DB stats nova_cell0:SELECT=1,nova_cell0:UPDATE=1 {{(pid=96306) stat_writer /opt/stack/data/venv/lib/python3.12/site-packages/dbcounter.py:115}}
Jul 02 20:19:59.148344 np0000004316 nova-scheduler[96302]: DEBUG oslo.service.backend._threading.loopingcall [None req-edd8f8ed-3f08-4378-ad90-bba3ac25bf8c None None] Dynamic interval looping call 'nova.service.Service.periodic_tasks' sleeping for 60.00 seconds {{(pid=96302) _run_loop /opt/stack/data/venv/lib/python3.12/site-packages/oslo_service/backend/_threading/loopingcall.py:125}}
Jul 02 20:20:12.498612 np0000004316 nova-scheduler[96300]: DEBUG nova.scheduler.manager [None req-23b19ee1-a7c3-4cc1-b701-6ecca283d498 tempest-DeleteServersTestJSON-876970197 tempest-DeleteServersTestJSON-876970197-project-member] Starting to schedule for instances: ['ff5d7777-c5f8-427a-b6a0-5611bf359a7e'] {{(pid=96300) select_destinations /opt/stack/nova/nova/scheduler/manager.py:209}}
Jul 02 20:20:12.499723 np0000004316 nova-scheduler[96300]: DEBUG nova.scheduler.request_filter [None req-23b19ee1-a7c3-4cc1-b701-6ecca283d498 tempest-DeleteServersTestJSON-876970197 tempest-DeleteServersTestJSON-876970197-project-member] compute_status_filter request filter added forbidden trait COMPUTE_STATUS_DISABLED {{(pid=96300) compute_status_filter /opt/stack/nova/nova/scheduler/request_filter.py:253}}
Jul 02 20:20:12.503042 np0000004316 nova-scheduler[96300]: DEBUG nova.scheduler.request_filter [None req-23b19ee1-a7c3-4cc1-b701-6ecca283d498 tempest-DeleteServersTestJSON-876970197 tempest-DeleteServersTestJSON-876970197-project-member] Request filter 'compute_status_filter' took 0.0 seconds {{(pid=96300) wrapper /opt/stack/nova/nova/scheduler/request_filter.py:46}}
Jul 02 20:20:12.503042 np0000004316 nova-scheduler[96300]: DEBUG nova.scheduler.request_filter [None req-23b19ee1-a7c3-4cc1-b701-6ecca283d498 tempest-DeleteServersTestJSON-876970197 tempest-DeleteServersTestJSON-876970197-project-member] Request filter 'accelerators_filter' took 0.0 seconds {{(pid=96300) wrapper /opt/stack/nova/nova/scheduler/request_filter.py:46}}
Jul 02 20:20:12.503042 np0000004316 nova-scheduler[96300]: DEBUG nova.scheduler.request_filter [None req-23b19ee1-a7c3-4cc1-b701-6ecca283d498 tempest-DeleteServersTestJSON-876970197 tempest-DeleteServersTestJSON-876970197-project-member] Request filter 'packed_virtqueue_filter' took 0.0 seconds {{(pid=96300) wrapper /opt/stack/nova/nova/scheduler/request_filter.py:46}}
Jul 02 20:20:12.503042 np0000004316 nova-scheduler[96300]: DEBUG nova.scheduler.request_filter [None req-23b19ee1-a7c3-4cc1-b701-6ecca283d498 tempest-DeleteServersTestJSON-876970197 tempest-DeleteServersTestJSON-876970197-project-member] Request filter 'remote_managed_ports_filter' took 0.0 seconds {{(pid=96300) wrapper /opt/stack/nova/nova/scheduler/request_filter.py:46}}
Jul 02 20:20:12.503042 np0000004316 nova-scheduler[96300]: DEBUG nova.scheduler.request_filter [None req-23b19ee1-a7c3-4cc1-b701-6ecca283d498 tempest-DeleteServersTestJSON-876970197 tempest-DeleteServersTestJSON-876970197-project-member] ephemeral_encryption_filter skipped {{(pid=96300) ephemeral_encryption_filter /opt/stack/nova/nova/scheduler/request_filter.py:426}}
Jul 02 20:20:12.503386 np0000004316 nova-scheduler[96300]: DEBUG nova.scheduler.request_filter [None req-23b19ee1-a7c3-4cc1-b701-6ecca283d498 tempest-DeleteServersTestJSON-876970197 tempest-DeleteServersTestJSON-876970197-project-member] virtio_sound_filter skipped {{(pid=96300) virtio_sound_filter /opt/stack/nova/nova/scheduler/request_filter.py:460}}
Jul 02 20:20:12.503386 np0000004316 nova-scheduler[96300]: DEBUG nova.scheduler.request_filter [None req-23b19ee1-a7c3-4cc1-b701-6ecca283d498 tempest-DeleteServersTestJSON-876970197 tempest-DeleteServersTestJSON-876970197-project-member] tpm_secret_security_filter skipped {{(pid=96300) tpm_secret_security_filter /opt/stack/nova/nova/scheduler/request_filter.py:477}}
Jul 02 20:20:13.232066 np0000004316 nova-scheduler[96300]: INFO nova.utils [None req-23b19ee1-a7c3-4cc1-b701-6ecca283d498 tempest-DeleteServersTestJSON-876970197 tempest-DeleteServersTestJSON-876970197-project-member] The cell worker thread pool ForkProcess-1.cell_worker is initialized
Jul 02 20:20:13.232550 np0000004316 nova-scheduler[96300]: DEBUG oslo_concurrency.lockutils [None req-23b19ee1-a7c3-4cc1-b701-6ecca283d498 tempest-DeleteServersTestJSON-876970197 tempest-DeleteServersTestJSON-876970197-project-member] Acquiring lock "8c6f0763-d42e-4baa-89be-15351c77547f" by "nova.context.set_target_cell..get_or_set_cached_cell_and_set_connections" {{(pid=96300) inner /opt/stack/data/venv/lib/python3.12/site-packages/oslo_concurrency/lockutils.py:511}}
Jul 02 20:20:13.232859 np0000004316 nova-scheduler[96300]: DEBUG oslo_concurrency.lockutils [None req-23b19ee1-a7c3-4cc1-b701-6ecca283d498 tempest-DeleteServersTestJSON-876970197 tempest-DeleteServersTestJSON-876970197-project-member] Lock "8c6f0763-d42e-4baa-89be-15351c77547f" acquired by "nova.context.set_target_cell..get_or_set_cached_cell_and_set_connections" :: waited 0.000s {{(pid=96300) inner /opt/stack/data/venv/lib/python3.12/site-packages/oslo_concurrency/lockutils.py:524}}
Jul 02 20:20:13.234386 np0000004316 nova-scheduler[96300]: DEBUG oslo_concurrency.lockutils [None req-23b19ee1-a7c3-4cc1-b701-6ecca283d498 tempest-DeleteServersTestJSON-876970197 tempest-DeleteServersTestJSON-876970197-project-member] Lock "8c6f0763-d42e-4baa-89be-15351c77547f" "released" by "nova.context.set_target_cell..get_or_set_cached_cell_and_set_connections" :: held 0.001s {{(pid=96300) inner /opt/stack/data/venv/lib/python3.12/site-packages/oslo_concurrency/lockutils.py:543}}
Jul 02 20:20:13.237599 np0000004316 nova-scheduler[96300]: INFO dbcounter [None req-23b19ee1-a7c3-4cc1-b701-6ecca283d498 tempest-DeleteServersTestJSON-876970197 tempest-DeleteServersTestJSON-876970197-project-member] Registered counter for database nova_cell1
Jul 02 20:20:13.292048 np0000004316 nova-scheduler[96300]: DEBUG oslo_db.sqlalchemy.engines [None req-23b19ee1-a7c3-4cc1-b701-6ecca283d498 tempest-DeleteServersTestJSON-876970197 tempest-DeleteServersTestJSON-876970197-project-member] MySQL server mode set to STRICT_TRANS_TABLES,STRICT_ALL_TABLES,NO_ZERO_IN_DATE,NO_ZERO_DATE,ERROR_FOR_DIVISION_BY_ZERO,TRADITIONAL,NO_ENGINE_SUBSTITUTION {{(pid=96300) _check_effective_sql_mode /opt/stack/data/venv/lib/python3.12/site-packages/oslo_db/sqlalchemy/engines.py:325}}
Jul 02 20:20:13.299666 np0000004316 nova-scheduler[96300]: DEBUG dbcounter [-] [96300] Writer thread running {{(pid=96300) stat_writer /opt/stack/data/venv/lib/python3.12/site-packages/dbcounter.py:102}}
Jul 02 20:20:13.318415 np0000004316 nova-scheduler[96300]: DEBUG oslo_db.sqlalchemy.engines [None req-23b19ee1-a7c3-4cc1-b701-6ecca283d498 tempest-DeleteServersTestJSON-876970197 tempest-DeleteServersTestJSON-876970197-project-member] Parent process 95106 forked (96300) with an open database connection, which is being discarded and recreated. {{(pid=96300) checkout /opt/stack/data/venv/lib/python3.12/site-packages/oslo_db/sqlalchemy/engines.py:402}}
Jul 02 20:20:13.368944 np0000004316 nova-scheduler[96300]: DEBUG dbcounter [-] [96300] Writer thread running {{(pid=96300) stat_writer /opt/stack/data/venv/lib/python3.12/site-packages/dbcounter.py:102}}
Jul 02 20:20:13.371892 np0000004316 nova-scheduler[96300]: DEBUG oslo_concurrency.lockutils [None req-23b19ee1-a7c3-4cc1-b701-6ecca283d498 tempest-DeleteServersTestJSON-876970197 tempest-DeleteServersTestJSON-876970197-project-member] Acquiring lock "8c6f0763-d42e-4baa-89be-15351c77547f" by "nova.context.set_target_cell..get_or_set_cached_cell_and_set_connections" {{(pid=96300) inner /opt/stack/data/venv/lib/python3.12/site-packages/oslo_concurrency/lockutils.py:511}}
Jul 02 20:20:13.372089 np0000004316 nova-scheduler[96300]: DEBUG oslo_concurrency.lockutils [None req-23b19ee1-a7c3-4cc1-b701-6ecca283d498 tempest-DeleteServersTestJSON-876970197 tempest-DeleteServersTestJSON-876970197-project-member] Lock "8c6f0763-d42e-4baa-89be-15351c77547f" acquired by "nova.context.set_target_cell..get_or_set_cached_cell_and_set_connections" :: waited 0.000s {{(pid=96300) inner /opt/stack/data/venv/lib/python3.12/site-packages/oslo_concurrency/lockutils.py:524}}
Jul 02 20:20:13.372233 np0000004316 nova-scheduler[96300]: DEBUG oslo_concurrency.lockutils [None req-23b19ee1-a7c3-4cc1-b701-6ecca283d498 tempest-DeleteServersTestJSON-876970197 tempest-DeleteServersTestJSON-876970197-project-member] Lock "8c6f0763-d42e-4baa-89be-15351c77547f" "released" by "nova.context.set_target_cell..get_or_set_cached_cell_and_set_connections" :: held 0.000s {{(pid=96300) inner /opt/stack/data/venv/lib/python3.12/site-packages/oslo_concurrency/lockutils.py:543}}
Jul 02 20:20:13.376431 np0000004316 nova-scheduler[96300]: DEBUG oslo_concurrency.lockutils [None req-23b19ee1-a7c3-4cc1-b701-6ecca283d498 tempest-DeleteServersTestJSON-876970197 tempest-DeleteServersTestJSON-876970197-project-member] Acquiring lock "np0000004316-np0000004316" by "nova.scheduler.host_manager.HostState.update.._locked_update" {{(pid=96300) inner /opt/stack/data/venv/lib/python3.12/site-packages/oslo_concurrency/lockutils.py:511}}
Jul 02 20:20:13.376626 np0000004316 nova-scheduler[96300]: DEBUG oslo_concurrency.lockutils [None req-23b19ee1-a7c3-4cc1-b701-6ecca283d498 tempest-DeleteServersTestJSON-876970197 tempest-DeleteServersTestJSON-876970197-project-member] Lock "np0000004316-np0000004316" acquired by "nova.scheduler.host_manager.HostState.update.._locked_update" :: waited 0.000s {{(pid=96300) inner /opt/stack/data/venv/lib/python3.12/site-packages/oslo_concurrency/lockutils.py:524}}
Jul 02 20:20:13.377871 np0000004316 nova-scheduler[96300]: DEBUG nova.scheduler.host_manager [None req-23b19ee1-a7c3-4cc1-b701-6ecca283d498 tempest-DeleteServersTestJSON-876970197 tempest-DeleteServersTestJSON-876970197-project-member] Update host state from compute node: ComputeNode(cpu_allocation_ratio=4.0,cpu_info='{"arch": "x86_64", "model": "EPYC-Milan", "vendor": "AMD", "topology": {"cells": 1, "sockets": 16, "cores": 1, "threads": 1}, "maxphysaddr": {"mode": "emulate", "bits": 40}, "features": ["bmi2", "cx8", "spec-ctrl", "tsc", "cx16", "hypervisor", "xsaveopt", "mmxext", "fma", "lahf_lm", "x2apic", "f16c", "arch-capabilities", "sse4.2", "vaes", "xsave", "topoext", "aes", "ssse3", "osvw", "ibrs", "ssbd", "invpcid", "syscall", "pat", "tsc_adjust", "ibpb", "mds-no", "fpu", "lm", "smep", "gds-no", "pclmuldq", "svme-addr-chk", "de", "amd-ssbd", "no-nested-data-bp", "pni", "umip", "pcid", "erms", "vgif", "fsrm", "movbe", "xsaveerptr", "mmx", "v-vmsave-vmload", "fsgsbase", "msr", "mce", "3dnowprefetch", "stibp-always-on", "tsc-deadline", "skip-l1dfl-vmentry", "popcnt", "clflushopt", "abm", "fxsr_opt", "flushbyasid", "cr8legacy", "sse2", "misalignsse", "mca", "sse4a", "clwb", "fxsr", "smap", "perfctr_core", "virt-ssbd", "rdtscp", "lfence-always-serializing", "rdctl-no", "pse36", "rdpid", "avx", "tsc-scale", "pause-filter", "amd-stibp", "pschange-mc-no", "pae", "pse", "lbrv", "rdrand", "amd-psfd", "xsavec", "bmi1", "avx2", "xsaves", "pdpe1gb", "sse4.1", "svm", "xgetbv1", "clzero", "mtrr", "adx", "pku", "sep", "cmov", "null-sel-clr-base", "vpclmulqdq", "clflush", "stibp", "npt", "wbnoinvd", "pfthreshold", "pge", "sse", "nx", "nrip-save", "apic", "rdseed", "cmp_legacy", "sha-ni", "vme", "arat", "vmcb-clean"]}',created_at=2026-07-02T20:17:59Z,current_workload=0,deleted=False,deleted_at=None,disk_allocation_ratio=1.0,disk_available_least=75,free_disk_gb=95,free_ram_mb=63789,host='np0000004316',host_ip=10.4.3.39,hypervisor_hostname='np0000004316',hypervisor_type='QEMU',hypervisor_version=8002002,id=1,local_gb=95,local_gb_used=0,mapped=1,memory_mb=64301,memory_mb_used=512,metrics='[]',numa_topology='{"nova_object.name": "NUMATopology", "nova_object.namespace": "nova", "nova_object.version": "1.2", "nova_object.data": {"cells": [{"nova_object.name": "NUMACell", "nova_object.namespace": "nova", "nova_object.version": "1.5", "nova_object.data": {"id": 0, "cpuset": [0, 1, 2, 3, 4, 5, 6, 7, 8, 9, 10, 11, 12, 13, 14, 15], "pcpuset": [0, 1, 2, 3, 4, 5, 6, 7, 8, 9, 10, 11, 12, 13, 14, 15], "memory": 64301, "cpu_usage": 0, "memory_usage": 0, "pinned_cpus": [], "siblings": [[6], [12], [2], [15], [5], [11], [8], [14], [4], [1], [7], [10], [0], [13], [3], [9]], "mempages": [{"nova_object.name": "NUMAPagesTopology", "nova_object.namespace": "nova", "nova_object.version": "1.1", "nova_object.data": {"size_kb": 4, "total": 16461067, "used": 0, "reserved": 0}, "nova_object.changes": ["size_kb", "reserved", "total", "used"]}, {"nova_object.name": "NUMAPagesTopology", "nova_object.namespace": "nova", "nova_object.version": "1.1", "nova_object.data": {"size_kb": 2048, "total": 0, "used": 0, "reserved": 0}, "nova_object.changes": ["size_kb", "reserved", "total", "used"]}, {"nova_object.name": "NUMAPagesTopology", "nova_object.namespace": "nova", "nova_object.version": "1.1", "nova_object.data": {"size_kb": 1048576, "total": 0, "used": 0, "reserved": 0}, "nova_object.changes": ["size_kb", "reserved", "total", "used"]}], "network_metadata": {"nova_object.name": "NetworkMetadata", "nova_object.namespace": "nova", "nova_object.version": "1.0", "nova_object.data": {"physnets": [], "tunneled": false}, "nova_object.changes": ["tunneled", "physnets"]}, "socket": null}, "nova_object.changes": ["memory_usage", "pcpuset", "id", "cpu_usage", "pinned_cpus", "network_metadata", "mempages", "siblings", "socket", "cpuset", "memory"]}]}, "nova_object.changes": ["cells"]}',pci_device_pools=PciDevicePoolList,ram_allocation_ratio=1.0,running_vms=0,service_id=3,stats={failed_builds='0',uptime=' 20:19:45 up 25 min, 2 users, load average: 1.47, 1.54, 0.89
Jul 02 20:20:13.377871 np0000004316 nova-scheduler[96300]: '},supported_hv_specs=[HVSpec,HVSpec,HVSpec,HVSpec,HVSpec,HVSpec,HVSpec,HVSpec,HVSpec,HVSpec,HVSpec,HVSpec,HVSpec,HVSpec,HVSpec,HVSpec,HVSpec,HVSpec,HVSpec,HVSpec,HVSpec,HVSpec,HVSpec,HVSpec,HVSpec],updated_at=2026-07-02T20:19:47Z,uuid=677ffced-02d5-4493-a19c-f51639b2bc6d,vcpus=16,vcpus_used=0) {{(pid=96300) _locked_update /opt/stack/nova/nova/scheduler/host_manager.py:168}}
Jul 02 20:20:13.378900 np0000004316 nova-scheduler[96300]: DEBUG nova.scheduler.host_manager [None req-23b19ee1-a7c3-4cc1-b701-6ecca283d498 tempest-DeleteServersTestJSON-876970197 tempest-DeleteServersTestJSON-876970197-project-member] Update host state with aggregates: [] {{(pid=96300) _locked_update /opt/stack/nova/nova/scheduler/host_manager.py:171}}
