Jul 15 13:15:30.381250 np0000005192 nova-scheduler[93317]: DEBUG cotyledon.oslo_config_glue [-] oslo_messaging_rabbit.rabbit_login_method = AMQPLAIN {{(pid=93317) log_opt_values /opt/stack/data/venv/lib/python3.12/site-packages/oslo_config/cfg.py:3253}}
Jul 15 13:15:30.381250 np0000005192 nova-scheduler[93317]: DEBUG cotyledon.oslo_config_glue [-] oslo_messaging_rabbit.rabbit_qos_prefetch_count = 0 {{(pid=93317) log_opt_values /opt/stack/data/venv/lib/python3.12/site-packages/oslo_config/cfg.py:3253}}
Jul 15 13:15:30.381431 np0000005192 nova-scheduler[93317]: DEBUG cotyledon.oslo_config_glue [-] oslo_messaging_rabbit.rabbit_quorum_delivery_limit = 0 {{(pid=93317) log_opt_values /opt/stack/data/venv/lib/python3.12/site-packages/oslo_config/cfg.py:3253}}
Jul 15 13:15:30.381431 np0000005192 nova-scheduler[93317]: DEBUG cotyledon.oslo_config_glue [-] oslo_messaging_rabbit.rabbit_quorum_max_memory_bytes = 0 {{(pid=93317) log_opt_values /opt/stack/data/venv/lib/python3.12/site-packages/oslo_config/cfg.py:3253}}
Jul 15 13:15:30.381431 np0000005192 nova-scheduler[93317]: DEBUG cotyledon.oslo_config_glue [-] oslo_messaging_rabbit.rabbit_quorum_max_memory_length = 0 {{(pid=93317) log_opt_values /opt/stack/data/venv/lib/python3.12/site-packages/oslo_config/cfg.py:3253}}
Jul 15 13:15:30.381431 np0000005192 nova-scheduler[93317]: DEBUG cotyledon.oslo_config_glue [-] oslo_messaging_rabbit.rabbit_quorum_queue = False {{(pid=93317) log_opt_values /opt/stack/data/venv/lib/python3.12/site-packages/oslo_config/cfg.py:3253}}
Jul 15 13:15:30.381520 np0000005192 nova-scheduler[93317]: DEBUG cotyledon.oslo_config_glue [-] oslo_messaging_rabbit.rabbit_retry_backoff = 2 {{(pid=93317) log_opt_values /opt/stack/data/venv/lib/python3.12/site-packages/oslo_config/cfg.py:3253}}
Jul 15 13:15:30.381551 np0000005192 nova-scheduler[93317]: DEBUG cotyledon.oslo_config_glue [-] oslo_messaging_rabbit.rabbit_retry_interval = 1 {{(pid=93317) log_opt_values /opt/stack/data/venv/lib/python3.12/site-packages/oslo_config/cfg.py:3253}}
Jul 15 13:15:30.381600 np0000005192 nova-scheduler[93317]: DEBUG cotyledon.oslo_config_glue [-] oslo_messaging_rabbit.rabbit_stream_fanout = False {{(pid=93317) log_opt_values /opt/stack/data/venv/lib/python3.12/site-packages/oslo_config/cfg.py:3253}}
Jul 15 13:15:30.381651 np0000005192 nova-scheduler[93317]: DEBUG cotyledon.oslo_config_glue [-] oslo_messaging_rabbit.rabbit_transient_queues_ttl = 1800 {{(pid=93317) log_opt_values /opt/stack/data/venv/lib/python3.12/site-packages/oslo_config/cfg.py:3253}}
Jul 15 13:15:30.381702 np0000005192 nova-scheduler[93317]: DEBUG cotyledon.oslo_config_glue [-] oslo_messaging_rabbit.rabbit_transient_quorum_queue = False {{(pid=93317) log_opt_values /opt/stack/data/venv/lib/python3.12/site-packages/oslo_config/cfg.py:3253}}
Jul 15 13:15:30.381766 np0000005192 nova-scheduler[93317]: DEBUG cotyledon.oslo_config_glue [-] oslo_messaging_rabbit.rpc_conn_pool_size = 30 {{(pid=93317) log_opt_values /opt/stack/data/venv/lib/python3.12/site-packages/oslo_config/cfg.py:3253}}
Jul 15 13:15:30.381833 np0000005192 nova-scheduler[93317]: DEBUG cotyledon.oslo_config_glue [-] oslo_messaging_rabbit.ssl = False {{(pid=93317) log_opt_values /opt/stack/data/venv/lib/python3.12/site-packages/oslo_config/cfg.py:3253}}
Jul 15 13:15:30.381910 np0000005192 nova-scheduler[93317]: DEBUG cotyledon.oslo_config_glue [-] oslo_messaging_rabbit.ssl_ca_file = {{(pid=93317) log_opt_values /opt/stack/data/venv/lib/python3.12/site-packages/oslo_config/cfg.py:3253}}
Jul 15 13:15:30.381963 np0000005192 nova-scheduler[93317]: DEBUG cotyledon.oslo_config_glue [-] oslo_messaging_rabbit.ssl_cert_file = {{(pid=93317) log_opt_values /opt/stack/data/venv/lib/python3.12/site-packages/oslo_config/cfg.py:3253}}
Jul 15 13:15:30.382013 np0000005192 nova-scheduler[93317]: DEBUG cotyledon.oslo_config_glue [-] oslo_messaging_rabbit.ssl_enforce_fips_mode = False {{(pid=93317) log_opt_values /opt/stack/data/venv/lib/python3.12/site-packages/oslo_config/cfg.py:3253}}
Jul 15 13:15:30.382136 np0000005192 nova-scheduler[93317]: DEBUG cotyledon.oslo_config_glue [-] oslo_messaging_rabbit.ssl_enforce_hostname_verification = True {{(pid=93317) log_opt_values /opt/stack/data/venv/lib/python3.12/site-packages/oslo_config/cfg.py:3253}}
Jul 15 13:15:30.382207 np0000005192 nova-scheduler[93317]: DEBUG cotyledon.oslo_config_glue [-] oslo_messaging_rabbit.ssl_key_file = {{(pid=93317) log_opt_values /opt/stack/data/venv/lib/python3.12/site-packages/oslo_config/cfg.py:3253}}
Jul 15 13:15:30.382261 np0000005192 nova-scheduler[93317]: DEBUG cotyledon.oslo_config_glue [-] oslo_messaging_rabbit.ssl_version = {{(pid=93317) log_opt_values /opt/stack/data/venv/lib/python3.12/site-packages/oslo_config/cfg.py:3253}}
Jul 15 13:15:30.382314 np0000005192 nova-scheduler[93317]: DEBUG cotyledon.oslo_config_glue [-] oslo_messaging_rabbit.use_queue_manager = False {{(pid=93317) log_opt_values /opt/stack/data/venv/lib/python3.12/site-packages/oslo_config/cfg.py:3253}}
Jul 15 13:15:30.382411 np0000005192 nova-scheduler[93317]: DEBUG cotyledon.oslo_config_glue [-] oslo_messaging_notifications.driver = ['messagingv2'] {{(pid=93317) log_opt_values /opt/stack/data/venv/lib/python3.12/site-packages/oslo_config/cfg.py:3253}}
Jul 15 13:15:30.382477 np0000005192 nova-scheduler[93317]: DEBUG cotyledon.oslo_config_glue [-] oslo_messaging_notifications.retry = -1 {{(pid=93317) log_opt_values /opt/stack/data/venv/lib/python3.12/site-packages/oslo_config/cfg.py:3253}}
Jul 15 13:15:30.382531 np0000005192 nova-scheduler[93317]: DEBUG cotyledon.oslo_config_glue [-] oslo_messaging_notifications.topics = ['notifications'] {{(pid=93317) log_opt_values /opt/stack/data/venv/lib/python3.12/site-packages/oslo_config/cfg.py:3253}}
Jul 15 13:15:30.382600 np0000005192 nova-scheduler[93317]: DEBUG cotyledon.oslo_config_glue [-] oslo_messaging_notifications.transport_url = **** {{(pid=93317) log_opt_values /opt/stack/data/venv/lib/python3.12/site-packages/oslo_config/cfg.py:3253}}
Jul 15 13:15:30.382684 np0000005192 nova-scheduler[93317]: DEBUG cotyledon.oslo_config_glue [-] oslo_limit.auth_section = None {{(pid=93317) log_opt_values /opt/stack/data/venv/lib/python3.12/site-packages/oslo_config/cfg.py:3253}}
Jul 15 13:15:30.382751 np0000005192 nova-scheduler[93317]: DEBUG cotyledon.oslo_config_glue [-] oslo_limit.auth_type = None {{(pid=93317) log_opt_values /opt/stack/data/venv/lib/python3.12/site-packages/oslo_config/cfg.py:3253}}
Jul 15 13:15:30.382806 np0000005192 nova-scheduler[93317]: DEBUG cotyledon.oslo_config_glue [-] oslo_limit.cafile = None {{(pid=93317) log_opt_values /opt/stack/data/venv/lib/python3.12/site-packages/oslo_config/cfg.py:3253}}
Jul 15 13:15:30.382872 np0000005192 nova-scheduler[93317]: DEBUG cotyledon.oslo_config_glue [-] oslo_limit.certfile = None {{(pid=93317) log_opt_values /opt/stack/data/venv/lib/python3.12/site-packages/oslo_config/cfg.py:3253}}
Jul 15 13:15:30.382934 np0000005192 nova-scheduler[93317]: DEBUG cotyledon.oslo_config_glue [-] oslo_limit.collect_timing = False {{(pid=93317) log_opt_values /opt/stack/data/venv/lib/python3.12/site-packages/oslo_config/cfg.py:3253}}
Jul 15 13:15:30.382997 np0000005192 nova-scheduler[93317]: DEBUG cotyledon.oslo_config_glue [-] oslo_limit.connect_retries = None {{(pid=93317) log_opt_values /opt/stack/data/venv/lib/python3.12/site-packages/oslo_config/cfg.py:3253}}
Jul 15 13:15:30.383049 np0000005192 nova-scheduler[93317]: DEBUG cotyledon.oslo_config_glue [-] oslo_limit.connect_retry_delay = None {{(pid=93317) log_opt_values /opt/stack/data/venv/lib/python3.12/site-packages/oslo_config/cfg.py:3253}}
Jul 15 13:15:30.386870 np0000005192 nova-scheduler[93317]: DEBUG cotyledon.oslo_config_glue [-] oslo_limit.endpoint_id = None {{(pid=93317) log_opt_values /opt/stack/data/venv/lib/python3.12/site-packages/oslo_config/cfg.py:3253}}
Jul 15 13:15:30.386870 np0000005192 nova-scheduler[93317]: DEBUG cotyledon.oslo_config_glue [-] oslo_limit.endpoint_interface = public {{(pid=93317) log_opt_values /opt/stack/data/venv/lib/python3.12/site-packages/oslo_config/cfg.py:3253}}
Jul 15 13:15:30.386870 np0000005192 nova-scheduler[93317]: DEBUG cotyledon.oslo_config_glue [-] oslo_limit.endpoint_override = None {{(pid=93317) log_opt_values /opt/stack/data/venv/lib/python3.12/site-packages/oslo_config/cfg.py:3253}}
Jul 15 13:15:30.386870 np0000005192 nova-scheduler[93317]: DEBUG cotyledon.oslo_config_glue [-] oslo_limit.endpoint_region_name = None {{(pid=93317) log_opt_values /opt/stack/data/venv/lib/python3.12/site-packages/oslo_config/cfg.py:3253}}
Jul 15 13:15:30.386870 np0000005192 nova-scheduler[93317]: DEBUG cotyledon.oslo_config_glue [-] oslo_limit.endpoint_service_name = None {{(pid=93317) log_opt_values /opt/stack/data/venv/lib/python3.12/site-packages/oslo_config/cfg.py:3253}}
Jul 15 13:15:30.386870 np0000005192 nova-scheduler[93317]: DEBUG cotyledon.oslo_config_glue [-] oslo_limit.endpoint_service_type = None {{(pid=93317) log_opt_values /opt/stack/data/venv/lib/python3.12/site-packages/oslo_config/cfg.py:3253}}
Jul 15 13:15:30.386870 np0000005192 nova-scheduler[93317]: DEBUG cotyledon.oslo_config_glue [-] oslo_limit.insecure = False {{(pid=93317) log_opt_values /opt/stack/data/venv/lib/python3.12/site-packages/oslo_config/cfg.py:3253}}
Jul 15 13:15:30.386870 np0000005192 nova-scheduler[93317]: DEBUG cotyledon.oslo_config_glue [-] oslo_limit.keyfile = None {{(pid=93317) log_opt_values /opt/stack/data/venv/lib/python3.12/site-packages/oslo_config/cfg.py:3253}}
Jul 15 13:15:30.386870 np0000005192 nova-scheduler[93317]: DEBUG cotyledon.oslo_config_glue [-] oslo_limit.max_version = None {{(pid=93317) log_opt_values /opt/stack/data/venv/lib/python3.12/site-packages/oslo_config/cfg.py:3253}}
Jul 15 13:15:30.387173 np0000005192 nova-scheduler[93317]: DEBUG cotyledon.oslo_config_glue [-] oslo_limit.min_version = None {{(pid=93317) log_opt_values /opt/stack/data/venv/lib/python3.12/site-packages/oslo_config/cfg.py:3253}}
Jul 15 13:15:30.387173 np0000005192 nova-scheduler[93317]: DEBUG cotyledon.oslo_config_glue [-] oslo_limit.region_name = None {{(pid=93317) log_opt_values /opt/stack/data/venv/lib/python3.12/site-packages/oslo_config/cfg.py:3253}}
Jul 15 13:15:30.387173 np0000005192 nova-scheduler[93317]: DEBUG cotyledon.oslo_config_glue [-] oslo_limit.retriable_status_codes = None {{(pid=93317) log_opt_values /opt/stack/data/venv/lib/python3.12/site-packages/oslo_config/cfg.py:3253}}
Jul 15 13:15:30.387173 np0000005192 nova-scheduler[93317]: DEBUG cotyledon.oslo_config_glue [-] oslo_limit.service_name = None {{(pid=93317) log_opt_values /opt/stack/data/venv/lib/python3.12/site-packages/oslo_config/cfg.py:3253}}
Jul 15 13:15:30.387173 np0000005192 nova-scheduler[93317]: DEBUG cotyledon.oslo_config_glue [-] oslo_limit.service_type = None {{(pid=93317) log_opt_values /opt/stack/data/venv/lib/python3.12/site-packages/oslo_config/cfg.py:3253}}
Jul 15 13:15:30.387173 np0000005192 nova-scheduler[93317]: DEBUG cotyledon.oslo_config_glue [-] oslo_limit.split_loggers = False {{(pid=93317) log_opt_values /opt/stack/data/venv/lib/python3.12/site-packages/oslo_config/cfg.py:3253}}
Jul 15 13:15:30.387173 np0000005192 nova-scheduler[93317]: DEBUG cotyledon.oslo_config_glue [-] oslo_limit.status_code_retries = None {{(pid=93317) log_opt_values /opt/stack/data/venv/lib/python3.12/site-packages/oslo_config/cfg.py:3253}}
Jul 15 13:15:30.387173 np0000005192 nova-scheduler[93317]: DEBUG cotyledon.oslo_config_glue [-] oslo_limit.status_code_retry_delay = None {{(pid=93317) log_opt_values /opt/stack/data/venv/lib/python3.12/site-packages/oslo_config/cfg.py:3253}}
Jul 15 13:15:30.387173 np0000005192 nova-scheduler[93317]: DEBUG cotyledon.oslo_config_glue [-] oslo_limit.timeout = None {{(pid=93317) log_opt_values /opt/stack/data/venv/lib/python3.12/site-packages/oslo_config/cfg.py:3253}}
Jul 15 13:15:30.387367 np0000005192 nova-scheduler[93317]: DEBUG cotyledon.oslo_config_glue [-] oslo_limit.valid_interfaces = None {{(pid=93317) log_opt_values /opt/stack/data/venv/lib/python3.12/site-packages/oslo_config/cfg.py:3253}}
Jul 15 13:15:30.387367 np0000005192 nova-scheduler[93317]: DEBUG cotyledon.oslo_config_glue [-] oslo_limit.version = None {{(pid=93317) log_opt_values /opt/stack/data/venv/lib/python3.12/site-packages/oslo_config/cfg.py:3253}}
Jul 15 13:15:30.387367 np0000005192 nova-scheduler[93317]: DEBUG cotyledon.oslo_config_glue [-] oslo_reports.file_event_handler = None {{(pid=93317) log_opt_values /opt/stack/data/venv/lib/python3.12/site-packages/oslo_config/cfg.py:3253}}
Jul 15 13:15:30.387367 np0000005192 nova-scheduler[93317]: DEBUG cotyledon.oslo_config_glue [-] oslo_reports.file_event_handler_interval = 1 {{(pid=93317) log_opt_values /opt/stack/data/venv/lib/python3.12/site-packages/oslo_config/cfg.py:3253}}
Jul 15 13:15:30.387367 np0000005192 nova-scheduler[93317]: DEBUG cotyledon.oslo_config_glue [-] oslo_reports.log_dir = None {{(pid=93317) log_opt_values /opt/stack/data/venv/lib/python3.12/site-packages/oslo_config/cfg.py:3253}}
Jul 15 13:15:30.387367 np0000005192 nova-scheduler[93317]: DEBUG cotyledon.oslo_config_glue [-] ******************************************************************************** {{(pid=93317) log_opt_values /opt/stack/data/venv/lib/python3.12/site-packages/oslo_config/cfg.py:3260}}
Jul 15 13:15:30.387367 np0000005192 nova-scheduler[93317]: DEBUG cotyledon._service_worker [-] Run service ServiceWrapper(2) [93317] {{(pid=93317) wait_forever /opt/stack/data/venv/lib/python3.12/site-packages/cotyledon/_service_worker.py:218}}
Jul 15 13:15:30.387536 np0000005192 nova-scheduler[93309]: INFO dbcounter [None req-9d60fa15-3813-4a6c-888b-53bf8f0c4153 None None] Registered counter for database nova_cell0
Jul 15 13:15:30.387566 np0000005192 nova-scheduler[93317]: INFO nova.service [-] Starting scheduler node (version 33.1.0)
Jul 15 13:15:30.391544 np0000005192 nova-scheduler[93317]: INFO dbcounter [None req-17a990d6-5a70-4a05-8340-4da8c8727d55 None None] Registered counter for database nova_cell0
Jul 15 13:15:30.402155 np0000005192 nova-scheduler[93313]: DEBUG oslo_db.sqlalchemy.engines [None req-9a708229-b78b-4934-b953-4ed1fd96ffc9 None None] MySQL server mode set to STRICT_TRANS_TABLES,STRICT_ALL_TABLES,NO_ZERO_IN_DATE,NO_ZERO_DATE,ERROR_FOR_DIVISION_BY_ZERO,TRADITIONAL,NO_ENGINE_SUBSTITUTION {{(pid=93313) _check_effective_sql_mode /opt/stack/data/venv/lib/python3.12/site-packages/oslo_db/sqlalchemy/engines.py:325}}
Jul 15 13:15:30.411151 np0000005192 nova-scheduler[93313]: DEBUG dbcounter [-] [93313] Writer thread running {{(pid=93313) stat_writer /opt/stack/data/venv/lib/python3.12/site-packages/dbcounter.py:102}}
Jul 15 13:15:30.425988 np0000005192 nova-scheduler[93313]: DEBUG nova.service [None req-9a708229-b78b-4934-b953-4ed1fd96ffc9 None None] Creating RPC server for service: nova-scheduler on topic: scheduler {{(pid=93313) start /opt/stack/nova/nova/service.py:196}}
Jul 15 13:15:30.426508 np0000005192 nova-scheduler[93317]: DEBUG oslo_db.sqlalchemy.engines [None req-17a990d6-5a70-4a05-8340-4da8c8727d55 None None] MySQL server mode set to STRICT_TRANS_TABLES,STRICT_ALL_TABLES,NO_ZERO_IN_DATE,NO_ZERO_DATE,ERROR_FOR_DIVISION_BY_ZERO,TRADITIONAL,NO_ENGINE_SUBSTITUTION {{(pid=93317) _check_effective_sql_mode /opt/stack/data/venv/lib/python3.12/site-packages/oslo_db/sqlalchemy/engines.py:325}}
Jul 15 13:15:30.430477 np0000005192 nova-scheduler[93309]: DEBUG oslo_db.sqlalchemy.engines [None req-9d60fa15-3813-4a6c-888b-53bf8f0c4153 None None] MySQL server mode set to STRICT_TRANS_TABLES,STRICT_ALL_TABLES,NO_ZERO_IN_DATE,NO_ZERO_DATE,ERROR_FOR_DIVISION_BY_ZERO,TRADITIONAL,NO_ENGINE_SUBSTITUTION {{(pid=93309) _check_effective_sql_mode /opt/stack/data/venv/lib/python3.12/site-packages/oslo_db/sqlalchemy/engines.py:325}}
Jul 15 13:15:30.439576 np0000005192 nova-scheduler[93309]: DEBUG dbcounter [-] [93309] Writer thread running {{(pid=93309) stat_writer /opt/stack/data/venv/lib/python3.12/site-packages/dbcounter.py:102}}
Jul 15 13:15:30.442252 np0000005192 nova-scheduler[93309]: DEBUG nova.service [None req-9d60fa15-3813-4a6c-888b-53bf8f0c4153 None None] Creating RPC server for service: nova-scheduler on topic: scheduler {{(pid=93309) start /opt/stack/nova/nova/service.py:196}}
Jul 15 13:15:30.444710 np0000005192 nova-scheduler[93313]: DEBUG nova.service [None req-9a708229-b78b-4934-b953-4ed1fd96ffc9 None None] Join ServiceGroup membership for this service scheduler {{(pid=93313) start /opt/stack/nova/nova/service.py:222}}
Jul 15 13:15:30.444907 np0000005192 nova-scheduler[93313]: DEBUG nova.servicegroup.drivers.db [None req-9a708229-b78b-4934-b953-4ed1fd96ffc9 None None] DB_Driver: join new ServiceGroup member np0000005192 to the scheduler group, service = {{(pid=93313) join /opt/stack/nova/nova/servicegroup/drivers/db.py:44}}
Jul 15 13:15:30.445017 np0000005192 nova-scheduler[93317]: DEBUG dbcounter [-] [93317] Writer thread running {{(pid=93317) stat_writer /opt/stack/data/venv/lib/python3.12/site-packages/dbcounter.py:102}}
Jul 15 13:15:30.447873 np0000005192 nova-scheduler[93317]: DEBUG nova.service [None req-17a990d6-5a70-4a05-8340-4da8c8727d55 None None] Creating RPC server for service: nova-scheduler on topic: scheduler {{(pid=93317) start /opt/stack/nova/nova/service.py:196}}
Jul 15 13:15:30.458841 np0000005192 nova-scheduler[93309]: DEBUG nova.service [None req-9d60fa15-3813-4a6c-888b-53bf8f0c4153 None None] Join ServiceGroup membership for this service scheduler {{(pid=93309) start /opt/stack/nova/nova/service.py:222}}
Jul 15 13:15:30.459164 np0000005192 nova-scheduler[93309]: DEBUG nova.servicegroup.drivers.db [None req-9d60fa15-3813-4a6c-888b-53bf8f0c4153 None None] DB_Driver: join new ServiceGroup member np0000005192 to the scheduler group, service = {{(pid=93309) join /opt/stack/nova/nova/servicegroup/drivers/db.py:44}}
Jul 15 13:15:30.470686 np0000005192 nova-scheduler[93317]: DEBUG nova.service [None req-17a990d6-5a70-4a05-8340-4da8c8727d55 None None] Join ServiceGroup membership for this service scheduler {{(pid=93317) start /opt/stack/nova/nova/service.py:222}}
Jul 15 13:15:30.471775 np0000005192 nova-scheduler[93317]: DEBUG nova.servicegroup.drivers.db [None req-17a990d6-5a70-4a05-8340-4da8c8727d55 None None] DB_Driver: join new ServiceGroup member np0000005192 to the scheduler group, service = {{(pid=93317) join /opt/stack/nova/nova/servicegroup/drivers/db.py:44}}
Jul 15 13:15:35.461344 np0000005192 nova-scheduler[93313]: DEBUG oslo.service.backend._threading.loopingcall [-] Fixed interval looping call 'nova.servicegroup.drivers.db.DbDriver._report_state' sleeping for 119.98 seconds {{(pid=93313) _run_loop /opt/stack/data/venv/lib/python3.12/site-packages/oslo_service/backend/_threading/loopingcall.py:125}}
Jul 15 13:15:35.469785 np0000005192 nova-scheduler[93309]: DEBUG oslo.service.backend._threading.loopingcall [-] Fixed interval looping call 'nova.servicegroup.drivers.db.DbDriver._report_state' sleeping for 119.99 seconds {{(pid=93309) _run_loop /opt/stack/data/venv/lib/python3.12/site-packages/oslo_service/backend/_threading/loopingcall.py:125}}
Jul 15 13:15:35.482767 np0000005192 nova-scheduler[93317]: DEBUG oslo.service.backend._threading.loopingcall [-] Fixed interval looping call 'nova.servicegroup.drivers.db.DbDriver._report_state' sleeping for 119.99 seconds {{(pid=93317) _run_loop /opt/stack/data/venv/lib/python3.12/site-packages/oslo_service/backend/_threading/loopingcall.py:125}}
Jul 15 13:15:38.461126 np0000005192 nova-scheduler[93309]: DEBUG oslo.service.backend._threading.loopingcall [None req-43cddfef-de8a-4671-baa6-cac1daf7b4ae None None] Dynamic interval looping call 'nova.service.Service.periodic_tasks' sleeping for 60.00 seconds {{(pid=93309) _run_loop /opt/stack/data/venv/lib/python3.12/site-packages/oslo_service/backend/_threading/loopingcall.py:125}}
Jul 15 13:15:39.026464 np0000005192 nova-scheduler[92105]: DEBUG dbcounter [-] [92105] Writing DB stats nova_api:SELECT=3 {{(pid=92105) stat_writer /opt/stack/data/venv/lib/python3.12/site-packages/dbcounter.py:115}}
Jul 15 13:15:39.174274 np0000005192 nova-scheduler[92105]: DEBUG dbcounter [-] [92105] Writing DB stats nova_cell0:SELECT=1 {{(pid=92105) stat_writer /opt/stack/data/venv/lib/python3.12/site-packages/dbcounter.py:115}}
Jul 15 13:15:39.178216 np0000005192 nova-scheduler[92105]: DEBUG dbcounter [-] [92105] Writing DB stats nova_cell1:SELECT=1 {{(pid=92105) stat_writer /opt/stack/data/venv/lib/python3.12/site-packages/dbcounter.py:115}}
Jul 15 13:15:45.457428 np0000005192 nova-scheduler[93313]: DEBUG dbcounter [-] [93313] Writing DB stats nova_cell0:SELECT=4,nova_cell0:INSERT=1,nova_cell0:UPDATE=1 {{(pid=93313) stat_writer /opt/stack/data/venv/lib/python3.12/site-packages/dbcounter.py:115}}
Jul 15 13:15:45.466920 np0000005192 nova-scheduler[93309]: DEBUG dbcounter [-] [93309] Writing DB stats nova_cell0:SELECT=3 {{(pid=93309) stat_writer /opt/stack/data/venv/lib/python3.12/site-packages/dbcounter.py:115}}
Jul 15 13:15:45.479489 np0000005192 nova-scheduler[93317]: DEBUG dbcounter [-] [93317] Writing DB stats nova_cell0:SELECT=3 {{(pid=93317) stat_writer /opt/stack/data/venv/lib/python3.12/site-packages/dbcounter.py:115}}
Jul 15 13:15:46.446614 np0000005192 nova-scheduler[93313]: DEBUG oslo.service.backend._threading.loopingcall [None req-6475b5b3-f4b1-4a0e-a3b0-db3456b756a2 None None] Dynamic interval looping call 'nova.service.Service.periodic_tasks' sleeping for 60.00 seconds {{(pid=93313) _run_loop /opt/stack/data/venv/lib/python3.12/site-packages/oslo_service/backend/_threading/loopingcall.py:125}}
Jul 15 13:16:11.474213 np0000005192 nova-scheduler[93317]: DEBUG oslo.service.backend._threading.loopingcall [None req-18e4161a-5617-4105-81da-c84db14e2984 None None] Dynamic interval looping call 'nova.service.Service.periodic_tasks' sleeping for 60.00 seconds {{(pid=93317) _run_loop /opt/stack/data/venv/lib/python3.12/site-packages/oslo_service/backend/_threading/loopingcall.py:125}}
Jul 15 13:16:38.461654 np0000005192 nova-scheduler[93309]: DEBUG oslo.service.backend._threading.loopingcall [None req-43cddfef-de8a-4671-baa6-cac1daf7b4ae None None] Dynamic interval looping call 'nova.service.Service.periodic_tasks' sleeping for 60.00 seconds {{(pid=93309) _run_loop /opt/stack/data/venv/lib/python3.12/site-packages/oslo_service/backend/_threading/loopingcall.py:125}}
Jul 15 13:16:46.447136 np0000005192 nova-scheduler[93313]: DEBUG oslo.service.backend._threading.loopingcall [None req-6475b5b3-f4b1-4a0e-a3b0-db3456b756a2 None None] Dynamic interval looping call 'nova.service.Service.periodic_tasks' sleeping for 60.00 seconds {{(pid=93313) _run_loop /opt/stack/data/venv/lib/python3.12/site-packages/oslo_service/backend/_threading/loopingcall.py:125}}
Jul 15 13:17:11.474743 np0000005192 nova-scheduler[93317]: DEBUG oslo.service.backend._threading.loopingcall [None req-18e4161a-5617-4105-81da-c84db14e2984 None None] Dynamic interval looping call 'nova.service.Service.periodic_tasks' sleeping for 60.00 seconds {{(pid=93317) _run_loop /opt/stack/data/venv/lib/python3.12/site-packages/oslo_service/backend/_threading/loopingcall.py:125}}
Jul 15 13:17:35.450900 np0000005192 nova-scheduler[93313]: DEBUG oslo.service.backend._threading.loopingcall [-] Fixed interval looping call 'nova.servicegroup.drivers.db.DbDriver._report_state' sleeping for 119.99 seconds {{(pid=93313) _run_loop /opt/stack/data/venv/lib/python3.12/site-packages/oslo_service/backend/_threading/loopingcall.py:125}}
Jul 15 13:17:35.464528 np0000005192 nova-scheduler[93309]: DEBUG oslo.service.backend._threading.loopingcall [-] Fixed interval looping call 'nova.servicegroup.drivers.db.DbDriver._report_state' sleeping for 120.00 seconds {{(pid=93309) _run_loop /opt/stack/data/venv/lib/python3.12/site-packages/oslo_service/backend/_threading/loopingcall.py:125}}
Jul 15 13:17:35.476825 np0000005192 nova-scheduler[93317]: DEBUG oslo.service.backend._threading.loopingcall [-] Fixed interval looping call 'nova.servicegroup.drivers.db.DbDriver._report_state' sleeping for 120.00 seconds {{(pid=93317) _run_loop /opt/stack/data/venv/lib/python3.12/site-packages/oslo_service/backend/_threading/loopingcall.py:125}}
Jul 15 13:17:38.462148 np0000005192 nova-scheduler[93309]: DEBUG oslo.service.backend._threading.loopingcall [None req-43cddfef-de8a-4671-baa6-cac1daf7b4ae None None] Dynamic interval looping call 'nova.service.Service.periodic_tasks' sleeping for 60.00 seconds {{(pid=93309) _run_loop /opt/stack/data/venv/lib/python3.12/site-packages/oslo_service/backend/_threading/loopingcall.py:125}}
Jul 15 13:17:45.447671 np0000005192 nova-scheduler[93313]: DEBUG dbcounter [-] [93313] Writing DB stats nova_cell0:SELECT=1,nova_cell0:UPDATE=1 {{(pid=93313) stat_writer /opt/stack/data/venv/lib/python3.12/site-packages/dbcounter.py:115}}
Jul 15 13:17:45.462124 np0000005192 nova-scheduler[93309]: DEBUG dbcounter [-] [93309] Writing DB stats nova_cell0:SELECT=1 {{(pid=93309) stat_writer /opt/stack/data/venv/lib/python3.12/site-packages/dbcounter.py:115}}
Jul 15 13:17:45.475480 np0000005192 nova-scheduler[93317]: DEBUG dbcounter [-] [93317] Writing DB stats nova_cell0:SELECT=1 {{(pid=93317) stat_writer /opt/stack/data/venv/lib/python3.12/site-packages/dbcounter.py:115}}
Jul 15 13:17:46.447556 np0000005192 nova-scheduler[93313]: DEBUG oslo.service.backend._threading.loopingcall [None req-6475b5b3-f4b1-4a0e-a3b0-db3456b756a2 None None] Dynamic interval looping call 'nova.service.Service.periodic_tasks' sleeping for 60.00 seconds {{(pid=93313) _run_loop /opt/stack/data/venv/lib/python3.12/site-packages/oslo_service/backend/_threading/loopingcall.py:125}}
Jul 15 13:18:03.024331 np0000005192 nova-scheduler[93313]: DEBUG nova.scheduler.manager [None req-9fcd6ab1-0532-4a08-bbcd-f434f391dba1 tempest-ServersNegativeTestJSON-54518445 tempest-ServersNegativeTestJSON-54518445-project-member] Starting to schedule for instances: ['5383273f-7ae3-4def-95ae-1b9acc59bf9e'] {{(pid=93313) select_destinations /opt/stack/nova/nova/scheduler/manager.py:209}}
Jul 15 13:18:03.025936 np0000005192 nova-scheduler[93313]: DEBUG nova.scheduler.request_filter [None req-9fcd6ab1-0532-4a08-bbcd-f434f391dba1 tempest-ServersNegativeTestJSON-54518445 tempest-ServersNegativeTestJSON-54518445-project-member] compute_status_filter request filter added forbidden trait COMPUTE_STATUS_DISABLED {{(pid=93313) compute_status_filter /opt/stack/nova/nova/scheduler/request_filter.py:253}}
Jul 15 13:18:03.025936 np0000005192 nova-scheduler[93313]: DEBUG nova.scheduler.request_filter [None req-9fcd6ab1-0532-4a08-bbcd-f434f391dba1 tempest-ServersNegativeTestJSON-54518445 tempest-ServersNegativeTestJSON-54518445-project-member] Request filter 'compute_status_filter' took 0.0 seconds {{(pid=93313) wrapper /opt/stack/nova/nova/scheduler/request_filter.py:46}}
Jul 15 13:18:03.026105 np0000005192 nova-scheduler[93313]: DEBUG nova.scheduler.request_filter [None req-9fcd6ab1-0532-4a08-bbcd-f434f391dba1 tempest-ServersNegativeTestJSON-54518445 tempest-ServersNegativeTestJSON-54518445-project-member] Request filter 'accelerators_filter' took 0.0 seconds {{(pid=93313) wrapper /opt/stack/nova/nova/scheduler/request_filter.py:46}}
Jul 15 13:18:03.026825 np0000005192 nova-scheduler[93313]: DEBUG nova.scheduler.request_filter [None req-9fcd6ab1-0532-4a08-bbcd-f434f391dba1 tempest-ServersNegativeTestJSON-54518445 tempest-ServersNegativeTestJSON-54518445-project-member] Request filter 'packed_virtqueue_filter' took 0.0 seconds {{(pid=93313) wrapper /opt/stack/nova/nova/scheduler/request_filter.py:46}}
Jul 15 13:18:03.027146 np0000005192 nova-scheduler[93313]: DEBUG nova.scheduler.request_filter [None req-9fcd6ab1-0532-4a08-bbcd-f434f391dba1 tempest-ServersNegativeTestJSON-54518445 tempest-ServersNegativeTestJSON-54518445-project-member] Request filter 'remote_managed_ports_filter' took 0.0 seconds {{(pid=93313) wrapper /opt/stack/nova/nova/scheduler/request_filter.py:46}}
Jul 15 13:18:03.027290 np0000005192 nova-scheduler[93313]: DEBUG nova.scheduler.request_filter [None req-9fcd6ab1-0532-4a08-bbcd-f434f391dba1 tempest-ServersNegativeTestJSON-54518445 tempest-ServersNegativeTestJSON-54518445-project-member] ephemeral_encryption_filter skipped {{(pid=93313) ephemeral_encryption_filter /opt/stack/nova/nova/scheduler/request_filter.py:426}}
Jul 15 13:18:03.027452 np0000005192 nova-scheduler[93313]: DEBUG nova.scheduler.request_filter [None req-9fcd6ab1-0532-4a08-bbcd-f434f391dba1 tempest-ServersNegativeTestJSON-54518445 tempest-ServersNegativeTestJSON-54518445-project-member] virtio_sound_filter skipped {{(pid=93313) virtio_sound_filter /opt/stack/nova/nova/scheduler/request_filter.py:460}}
Jul 15 13:18:03.027571 np0000005192 nova-scheduler[93313]: DEBUG nova.scheduler.request_filter [None req-9fcd6ab1-0532-4a08-bbcd-f434f391dba1 tempest-ServersNegativeTestJSON-54518445 tempest-ServersNegativeTestJSON-54518445-project-member] tpm_secret_security_filter skipped {{(pid=93313) tpm_secret_security_filter /opt/stack/nova/nova/scheduler/request_filter.py:477}}
Jul 15 13:18:03.542496 np0000005192 nova-scheduler[93313]: INFO nova.utils [None req-9fcd6ab1-0532-4a08-bbcd-f434f391dba1 tempest-ServersNegativeTestJSON-54518445 tempest-ServersNegativeTestJSON-54518445-project-member] The cell worker thread pool ForkProcess-2.cell_worker is initialized
Jul 15 13:18:03.542909 np0000005192 nova-scheduler[93313]: DEBUG oslo_concurrency.lockutils [None req-9fcd6ab1-0532-4a08-bbcd-f434f391dba1 tempest-ServersNegativeTestJSON-54518445 tempest-ServersNegativeTestJSON-54518445-project-member] Acquiring lock "2bacaf51-d55f-4056-8c0a-b2b915a34319" by "nova.context.set_target_cell..get_or_set_cached_cell_and_set_connections" {{(pid=93313) inner /opt/stack/data/venv/lib/python3.12/site-packages/oslo_concurrency/lockutils.py:511}}
Jul 15 13:18:03.543025 np0000005192 nova-scheduler[93313]: DEBUG oslo_concurrency.lockutils [None req-9fcd6ab1-0532-4a08-bbcd-f434f391dba1 tempest-ServersNegativeTestJSON-54518445 tempest-ServersNegativeTestJSON-54518445-project-member] Lock "2bacaf51-d55f-4056-8c0a-b2b915a34319" acquired by "nova.context.set_target_cell..get_or_set_cached_cell_and_set_connections" :: waited 0.000s {{(pid=93313) inner /opt/stack/data/venv/lib/python3.12/site-packages/oslo_concurrency/lockutils.py:524}}
Jul 15 13:18:03.544213 np0000005192 nova-scheduler[93313]: DEBUG oslo_concurrency.lockutils [None req-9fcd6ab1-0532-4a08-bbcd-f434f391dba1 tempest-ServersNegativeTestJSON-54518445 tempest-ServersNegativeTestJSON-54518445-project-member] Lock "2bacaf51-d55f-4056-8c0a-b2b915a34319" "released" by "nova.context.set_target_cell..get_or_set_cached_cell_and_set_connections" :: held 0.001s {{(pid=93313) inner /opt/stack/data/venv/lib/python3.12/site-packages/oslo_concurrency/lockutils.py:543}}
Jul 15 13:18:03.545828 np0000005192 nova-scheduler[93313]: INFO dbcounter [None req-9fcd6ab1-0532-4a08-bbcd-f434f391dba1 tempest-ServersNegativeTestJSON-54518445 tempest-ServersNegativeTestJSON-54518445-project-member] Registered counter for database nova_cell1
Jul 15 13:18:03.573416 np0000005192 nova-scheduler[93313]: DEBUG oslo_db.sqlalchemy.engines [None req-9fcd6ab1-0532-4a08-bbcd-f434f391dba1 tempest-ServersNegativeTestJSON-54518445 tempest-ServersNegativeTestJSON-54518445-project-member] MySQL server mode set to STRICT_TRANS_TABLES,STRICT_ALL_TABLES,NO_ZERO_IN_DATE,NO_ZERO_DATE,ERROR_FOR_DIVISION_BY_ZERO,TRADITIONAL,NO_ENGINE_SUBSTITUTION {{(pid=93313) _check_effective_sql_mode /opt/stack/data/venv/lib/python3.12/site-packages/oslo_db/sqlalchemy/engines.py:325}}
Jul 15 13:18:03.578274 np0000005192 nova-scheduler[93313]: DEBUG dbcounter [-] [93313] Writer thread running {{(pid=93313) stat_writer /opt/stack/data/venv/lib/python3.12/site-packages/dbcounter.py:102}}
Jul 15 13:18:03.587032 np0000005192 nova-scheduler[93313]: DEBUG oslo_db.sqlalchemy.engines [None req-9fcd6ab1-0532-4a08-bbcd-f434f391dba1 tempest-ServersNegativeTestJSON-54518445 tempest-ServersNegativeTestJSON-54518445-project-member] Parent process 92105 forked (93313) with an open database connection, which is being discarded and recreated. {{(pid=93313) checkout /opt/stack/data/venv/lib/python3.12/site-packages/oslo_db/sqlalchemy/engines.py:402}}
Jul 15 13:18:03.620407 np0000005192 nova-scheduler[93313]: DEBUG dbcounter [-] [93313] Writer thread running {{(pid=93313) stat_writer /opt/stack/data/venv/lib/python3.12/site-packages/dbcounter.py:102}}
Jul 15 13:18:03.622640 np0000005192 nova-scheduler[93313]: DEBUG oslo_concurrency.lockutils [None req-9fcd6ab1-0532-4a08-bbcd-f434f391dba1 tempest-ServersNegativeTestJSON-54518445 tempest-ServersNegativeTestJSON-54518445-project-member] Acquiring lock "2bacaf51-d55f-4056-8c0a-b2b915a34319" by "nova.context.set_target_cell..get_or_set_cached_cell_and_set_connections" {{(pid=93313) inner /opt/stack/data/venv/lib/python3.12/site-packages/oslo_concurrency/lockutils.py:511}}
Jul 15 13:18:03.622834 np0000005192 nova-scheduler[93313]: DEBUG oslo_concurrency.lockutils [None req-9fcd6ab1-0532-4a08-bbcd-f434f391dba1 tempest-ServersNegativeTestJSON-54518445 tempest-ServersNegativeTestJSON-54518445-project-member] Lock "2bacaf51-d55f-4056-8c0a-b2b915a34319" acquired by "nova.context.set_target_cell..get_or_set_cached_cell_and_set_connections" :: waited 0.000s {{(pid=93313) inner /opt/stack/data/venv/lib/python3.12/site-packages/oslo_concurrency/lockutils.py:524}}
Jul 15 13:18:03.622962 np0000005192 nova-scheduler[93313]: DEBUG oslo_concurrency.lockutils [None req-9fcd6ab1-0532-4a08-bbcd-f434f391dba1 tempest-ServersNegativeTestJSON-54518445 tempest-ServersNegativeTestJSON-54518445-project-member] Lock "2bacaf51-d55f-4056-8c0a-b2b915a34319" "released" by "nova.context.set_target_cell..get_or_set_cached_cell_and_set_connections" :: held 0.000s {{(pid=93313) inner /opt/stack/data/venv/lib/python3.12/site-packages/oslo_concurrency/lockutils.py:543}}
Jul 15 13:18:03.626178 np0000005192 nova-scheduler[93313]: DEBUG oslo_concurrency.lockutils [None req-9fcd6ab1-0532-4a08-bbcd-f434f391dba1 tempest-ServersNegativeTestJSON-54518445 tempest-ServersNegativeTestJSON-54518445-project-member] Acquiring lock "np0000005192-np0000005192" by "nova.scheduler.host_manager.HostState.update.._locked_update" {{(pid=93313) inner /opt/stack/data/venv/lib/python3.12/site-packages/oslo_concurrency/lockutils.py:511}}
Jul 15 13:18:03.626297 np0000005192 nova-scheduler[93313]: DEBUG oslo_concurrency.lockutils [None req-9fcd6ab1-0532-4a08-bbcd-f434f391dba1 tempest-ServersNegativeTestJSON-54518445 tempest-ServersNegativeTestJSON-54518445-project-member] Lock "np0000005192-np0000005192" acquired by "nova.scheduler.host_manager.HostState.update.._locked_update" :: waited 0.000s {{(pid=93313) inner /opt/stack/data/venv/lib/python3.12/site-packages/oslo_concurrency/lockutils.py:524}}
Jul 15 13:18:03.627529 np0000005192 nova-scheduler[93313]: DEBUG nova.scheduler.host_manager [None req-9fcd6ab1-0532-4a08-bbcd-f434f391dba1 tempest-ServersNegativeTestJSON-54518445 tempest-ServersNegativeTestJSON-54518445-project-member] Update host state from compute node: ComputeNode(cpu_allocation_ratio=4.0,cpu_info='{"arch": "x86_64", "model": "EPYC-Milan", "vendor": "AMD", "topology": {"cells": 1, "sockets": 16, "cores": 1, "threads": 1}, "maxphysaddr": {"mode": "emulate", "bits": 40}, "features": ["xsaves", "avx2", "osvw", "pfthreshold", "clwb", "npt", "cr8legacy", "tsc", "amd-stibp", "vme", "sse4a", "pni", "skip-l1dfl-vmentry", "nrip-save", "tsc-deadline", "movbe", "ssse3", "smep", "sha-ni", "svm", "ibpb", "pause-filter", "perfctr_core", "sep", "sse4.2", "adx", "spec-ctrl", "fxsr_opt", "mce", "v-vmsave-vmload", "tsc_adjust", "stibp", "fsrm", "hypervisor", "vpclmulqdq", "bmi2", "rdseed", "clflushopt", "fpu", "umip", "pschange-mc-no", "abm", "cmp_legacy", "cx16", "cmov", "rdpid", "flushbyasid", "rdtscp", "syscall", "erms", "no-nested-data-bp", "lm", "invpcid", "bmi1", "ssbd", "de", "3dnowprefetch", "arch-capabilities", "ibrs", "amd-psfd", "mtrr", "svme-addr-chk", "wbnoinvd", "f16c", "smap", "mds-no", "clflush", "amd-ssbd", "fma", "clzero", "popcnt", "mmx", "xsaveerptr", "fsgsbase", "mmxext", "pdpe1gb", "pat", "xgetbv1", "nx", "arat", "pge", "gds-no", "topoext", "vaes", "vmcb-clean", "tsc-scale", "rdctl-no", "misalignsse", "msr", "virt-ssbd", "lahf_lm", "pse36", "sse", "avx", "pku", "pclmuldq", "fxsr", "mca", "pcid", "stibp-always-on", "sse2", "cx8", "null-sel-clr-base", "rdrand", "apic", "xsave", "vgif", "xsavec", "lbrv", "lfence-always-serializing", "aes", "pse", "x2apic", "pae", "sse4.1", "xsaveopt"]}',created_at=2026-07-15T13:15:51Z,current_workload=0,deleted=False,deleted_at=None,disk_allocation_ratio=1.0,disk_available_least=73,free_disk_gb=95,free_ram_mb=62765,host='np0000005192',host_ip=10.4.3.196,hypervisor_hostname='np0000005192',hypervisor_type='QEMU',hypervisor_version=8002002,id=1,local_gb=95,local_gb_used=0,mapped=1,memory_mb=63277,memory_mb_used=512,metrics='[]',numa_topology='{"nova_object.name": "NUMATopology", "nova_object.namespace": "nova", "nova_object.version": "1.2", "nova_object.data": {"cells": [{"nova_object.name": "NUMACell", "nova_object.namespace": "nova", "nova_object.version": "1.5", "nova_object.data": {"id": 0, "cpuset": [0, 1, 2, 3, 4, 5, 6, 7, 8, 9, 10, 11, 12, 13, 14, 15], "pcpuset": [0, 1, 2, 3, 4, 5, 6, 7, 8, 9, 10, 11, 12, 13, 14, 15], "memory": 63277, "cpu_usage": 0, "memory_usage": 0, "pinned_cpus": [], "siblings": [[6], [12], [2], [15], [5], [11], [8], [14], [4], [1], [7], [10], [0], [13], [3], [9]], "mempages": [{"nova_object.name": "NUMAPagesTopology", "nova_object.namespace": "nova", "nova_object.version": "1.1", "nova_object.data": {"size_kb": 4, "total": 16177929, "used": 0, "reserved": 0}, "nova_object.changes": ["size_kb", "used", "reserved", "total"]}, {"nova_object.name": "NUMAPagesTopology", "nova_object.namespace": "nova", "nova_object.version": "1.1", "nova_object.data": {"size_kb": 2048, "total": 41, "used": 0, "reserved": 0}, "nova_object.changes": ["size_kb", "used", "reserved", "total"]}, {"nova_object.name": "NUMAPagesTopology", "nova_object.namespace": "nova", "nova_object.version": "1.1", "nova_object.data": {"size_kb": 1048576, "total": 0, "used": 0, "reserved": 0}, "nova_object.changes": ["size_kb", "used", "reserved", "total"]}], "network_metadata": {"nova_object.name": "NetworkMetadata", "nova_object.namespace": "nova", "nova_object.version": "1.0", "nova_object.data": {"physnets": [], "tunneled": false}, "nova_object.changes": ["physnets", "tunneled"]}, "socket": null}, "nova_object.changes": ["cpu_usage", "mempages", "siblings", "memory", "pcpuset", "pinned_cpus", "socket", "id", "memory_usage", "cpuset", "network_metadata"]}]}, "nova_object.changes": ["cells"]}',pci_device_pools=PciDevicePoolList,ram_allocation_ratio=1.0,running_vms=0,service_id=3,stats={failed_builds='0',uptime=' 13:17:39 up 13 min, 2 users, load average: 1.64, 1.54, 0.86
Jul 15 13:18:03.627529 np0000005192 nova-scheduler[93313]: '},supported_hv_specs=[HVSpec,HVSpec,HVSpec,HVSpec,HVSpec,HVSpec,HVSpec,HVSpec,HVSpec,HVSpec,HVSpec,HVSpec,HVSpec,HVSpec,HVSpec,HVSpec,HVSpec,HVSpec,HVSpec,HVSpec,HVSpec,HVSpec,HVSpec,HVSpec,HVSpec],updated_at=2026-07-15T13:17:40Z,uuid=06109e15-b357-4650-940a-1d632b881e41,vcpus=16,vcpus_used=0) {{(pid=93313) _locked_update /opt/stack/nova/nova/scheduler/host_manager.py:168}}
Jul 15 13:18:03.628230 np0000005192 nova-scheduler[93313]: DEBUG nova.scheduler.host_manager [None req-9fcd6ab1-0532-4a08-bbcd-f434f391dba1 tempest-ServersNegativeTestJSON-54518445 tempest-ServersNegativeTestJSON-54518445-project-member] Update host state with aggregates: [] {{(pid=93313) _locked_update /opt/stack/nova/nova/scheduler/host_manager.py:171}}
Jul 15 13:18:03.628338 np0000005192 nova-scheduler[93313]: DEBUG nova.scheduler.host_manager [None req-9fcd6ab1-0532-4a08-bbcd-f434f391dba1 tempest-ServersNegativeTestJSON-54518445 tempest-ServersNegativeTestJSON-54518445-project-member] Update host state with service dict: {'id': 3, 'uuid': '15c824a2-ec9c-41a1-9892-764610a384fd', 'host': 'np0000005192', 'binary': 'nova-compute', 'topic': 'compute', 'report_count': 2, 'disabled': False, 'disabled_reason': None, 'last_seen_up': datetime.datetime(2026, 7, 15, 13, 17, 57, tzinfo=datetime.timezone.utc), 'forced_down': False, 'version': 72, 'created_at': datetime.datetime(2026, 7, 15, 13, 15, 51, tzinfo=datetime.timezone.utc), 'updated_at': datetime.datetime(2026, 7, 15, 13, 17, 57, tzinfo=datetime.timezone.utc), 'deleted_at': None, 'deleted': False} {{(pid=93313) _locked_update /opt/stack/nova/nova/scheduler/host_manager.py:174}}
Jul 15 13:18:03.628450 np0000005192 nova-scheduler[93313]: DEBUG nova.scheduler.host_manager [None req-9fcd6ab1-0532-4a08-bbcd-f434f391dba1 tempest-ServersNegativeTestJSON-54518445 tempest-ServersNegativeTestJSON-54518445-project-member] Update host state with instances: [] {{(pid=93313) _locked_update /opt/stack/nova/nova/scheduler/host_manager.py:177}}
Jul 15 13:18:03.628573 np0000005192 nova-scheduler[93313]: DEBUG oslo_concurrency.lockutils [None req-9fcd6ab1-0532-4a08-bbcd-f434f391dba1 tempest-ServersNegativeTestJSON-54518445 tempest-ServersNegativeTestJSON-54518445-project-member] Lock "np0000005192-np0000005192" "released" by "nova.scheduler.host_manager.HostState.update.._locked_update" :: held 0.002s {{(pid=93313) inner /opt/stack/data/venv/lib/python3.12/site-packages/oslo_concurrency/lockutils.py:543}}
Jul 15 13:18:03.628997 np0000005192 nova-scheduler[93313]: DEBUG nova.filters [None req-9fcd6ab1-0532-4a08-bbcd-f434f391dba1 tempest-ServersNegativeTestJSON-54518445 tempest-ServersNegativeTestJSON-54518445-project-member] Starting with 1 host(s) {{(pid=93313) get_filtered_objects /opt/stack/nova/nova/filters.py:70}}
Jul 15 13:18:03.629229 np0000005192 nova-scheduler[93313]: DEBUG nova.filters [None req-9fcd6ab1-0532-4a08-bbcd-f434f391dba1 tempest-ServersNegativeTestJSON-54518445 tempest-ServersNegativeTestJSON-54518445-project-member] Filter ComputeFilter returned 1 host(s) {{(pid=93313) get_filtered_objects /opt/stack/nova/nova/filters.py:102}}
Jul 15 13:18:03.629371 np0000005192 nova-scheduler[93313]: DEBUG nova.filters [None req-9fcd6ab1-0532-4a08-bbcd-f434f391dba1 tempest-ServersNegativeTestJSON-54518445 tempest-ServersNegativeTestJSON-54518445-project-member] Filter ComputeCapabilitiesFilter returned 1 host(s) {{(pid=93313) get_filtered_objects /opt/stack/nova/nova/filters.py:102}}
Jul 15 13:18:03.629578 np0000005192 nova-scheduler[93313]: DEBUG nova.filters [None req-9fcd6ab1-0532-4a08-bbcd-f434f391dba1 tempest-ServersNegativeTestJSON-54518445 tempest-ServersNegativeTestJSON-54518445-project-member] Filter ImagePropertiesFilter returned 1 host(s) {{(pid=93313) get_filtered_objects /opt/stack/nova/nova/filters.py:102}}
Jul 15 13:18:03.629705 np0000005192 nova-scheduler[93313]: DEBUG nova.filters [None req-9fcd6ab1-0532-4a08-bbcd-f434f391dba1 tempest-ServersNegativeTestJSON-54518445 tempest-ServersNegativeTestJSON-54518445-project-member] Filter ServerGroupAntiAffinityFilter returned 1 host(s) {{(pid=93313) get_filtered_objects /opt/stack/nova/nova/filters.py:102}}
Jul 15 13:18:03.629797 np0000005192 nova-scheduler[93313]: DEBUG nova.filters [None req-9fcd6ab1-0532-4a08-bbcd-f434f391dba1 tempest-ServersNegativeTestJSON-54518445 tempest-ServersNegativeTestJSON-54518445-project-member] Filter ServerGroupAffinityFilter returned 1 host(s) {{(pid=93313) get_filtered_objects /opt/stack/nova/nova/filters.py:102}}
Jul 15 13:18:03.629929 np0000005192 nova-scheduler[93313]: DEBUG nova.filters [None req-9fcd6ab1-0532-4a08-bbcd-f434f391dba1 tempest-ServersNegativeTestJSON-54518445 tempest-ServersNegativeTestJSON-54518445-project-member] Filter SameHostFilter returned 1 host(s) {{(pid=93313) get_filtered_objects /opt/stack/nova/nova/filters.py:102}}
Jul 15 13:18:03.630030 np0000005192 nova-scheduler[93313]: DEBUG nova.filters [None req-9fcd6ab1-0532-4a08-bbcd-f434f391dba1 tempest-ServersNegativeTestJSON-54518445 tempest-ServersNegativeTestJSON-54518445-project-member] Filter DifferentHostFilter returned 1 host(s) {{(pid=93313) get_filtered_objects /opt/stack/nova/nova/filters.py:102}}
Jul 15 13:18:03.630141 np0000005192 nova-scheduler[93313]: DEBUG nova.scheduler.manager [None req-9fcd6ab1-0532-4a08-bbcd-f434f391dba1 tempest-ServersNegativeTestJSON-54518445 tempest-ServersNegativeTestJSON-54518445-project-member] Filtered [(np0000005192, np0000005192) ram: 62765MB disk: 74752MB io_ops: 0 instances: 0, allocation_candidates: 1] {{(pid=93313) _get_sorted_hosts /opt/stack/nova/nova/scheduler/manager.py:742}}
Jul 15 13:18:03.630314 np0000005192 nova-scheduler[93313]: DEBUG nova.scheduler.manager [None req-9fcd6ab1-0532-4a08-bbcd-f434f391dba1 tempest-ServersNegativeTestJSON-54518445 tempest-ServersNegativeTestJSON-54518445-project-member] Weighed [WeighedHost [host: (np0000005192, np0000005192) ram: 62765MB disk: 74752MB io_ops: 0 instances: 0, allocation_candidates: 1, weight: 0.0]] {{(pid=93313) _get_sorted_hosts /opt/stack/nova/nova/scheduler/manager.py:764}}
Jul 15 13:18:03.630472 np0000005192 nova-scheduler[93313]: DEBUG nova.scheduler.utils [None req-9fcd6ab1-0532-4a08-bbcd-f434f391dba1 tempest-ServersNegativeTestJSON-54518445 tempest-ServersNegativeTestJSON-54518445-project-member] Attempting to claim resources in the placement API for instance 5383273f-7ae3-4def-95ae-1b9acc59bf9e {{(pid=93313) claim_resources /opt/stack/nova/nova/scheduler/utils.py:1345}}
Jul 15 13:18:03.768999 np0000005192 nova-scheduler[93313]: DEBUG nova.scheduler.manager [None req-9fcd6ab1-0532-4a08-bbcd-f434f391dba1 tempest-ServersNegativeTestJSON-54518445 tempest-ServersNegativeTestJSON-54518445-project-member] [instance: 5383273f-7ae3-4def-95ae-1b9acc59bf9e] Selected host: (np0000005192, np0000005192) ram: 62765MB disk: 74752MB io_ops: 0 instances: 0, allocation_candidates: 1 {{(pid=93313) _consume_selected_host /opt/stack/nova/nova/scheduler/manager.py:624}}
Jul 15 13:18:03.769253 np0000005192 nova-scheduler[93313]: DEBUG oslo_concurrency.lockutils [None req-9fcd6ab1-0532-4a08-bbcd-f434f391dba1 tempest-ServersNegativeTestJSON-54518445 tempest-ServersNegativeTestJSON-54518445-project-member] Acquiring lock "np0000005192-np0000005192" by "nova.scheduler.host_manager.HostState.consume_from_request.._locked" {{(pid=93313) inner /opt/stack/data/venv/lib/python3.12/site-packages/oslo_concurrency/lockutils.py:511}}
Jul 15 13:18:03.769424 np0000005192 nova-scheduler[93313]: DEBUG oslo_concurrency.lockutils [None req-9fcd6ab1-0532-4a08-bbcd-f434f391dba1 tempest-ServersNegativeTestJSON-54518445 tempest-ServersNegativeTestJSON-54518445-project-member] Lock "np0000005192-np0000005192" acquired by "nova.scheduler.host_manager.HostState.consume_from_request.._locked" :: waited 0.000s {{(pid=93313) inner /opt/stack/data/venv/lib/python3.12/site-packages/oslo_concurrency/lockutils.py:524}}
Jul 15 13:18:03.769638 np0000005192 nova-scheduler[93313]: DEBUG oslo_concurrency.lockutils [None req-9fcd6ab1-0532-4a08-bbcd-f434f391dba1 tempest-ServersNegativeTestJSON-54518445 tempest-ServersNegativeTestJSON-54518445-project-member] Lock "np0000005192-np0000005192" "released" by "nova.scheduler.host_manager.HostState.consume_from_request.._locked" :: held 0.000s {{(pid=93313) inner /opt/stack/data/venv/lib/python3.12/site-packages/oslo_concurrency/lockutils.py:543}}
Jul 15 13:18:07.277535 np0000005192 nova-scheduler[93309]: DEBUG nova.scheduler.manager [None req-dd2dca87-7449-4cc6-94e8-d9b157c697bd tempest-ServerActionsTestOtherB-1575033535 tempest-ServerActionsTestOtherB-1575033535-project-member] Starting to schedule for instances: ['897806c5-4c0e-4462-a3ff-41fe3d6e65ad'] {{(pid=93309) select_destinations /opt/stack/nova/nova/scheduler/manager.py:209}}
Jul 15 13:18:07.279091 np0000005192 nova-scheduler[93309]: DEBUG nova.scheduler.request_filter [None req-dd2dca87-7449-4cc6-94e8-d9b157c697bd tempest-ServerActionsTestOtherB-1575033535 tempest-ServerActionsTestOtherB-1575033535-project-member] compute_status_filter request filter added forbidden trait COMPUTE_STATUS_DISABLED {{(pid=93309) compute_status_filter /opt/stack/nova/nova/scheduler/request_filter.py:253}}
Jul 15 13:18:07.279640 np0000005192 nova-scheduler[93309]: DEBUG nova.scheduler.request_filter [None req-dd2dca87-7449-4cc6-94e8-d9b157c697bd tempest-ServerActionsTestOtherB-1575033535 tempest-ServerActionsTestOtherB-1575033535-project-member] Request filter 'compute_status_filter' took 0.0 seconds {{(pid=93309) wrapper /opt/stack/nova/nova/scheduler/request_filter.py:46}}
Jul 15 13:18:07.280072 np0000005192 nova-scheduler[93309]: DEBUG nova.scheduler.request_filter [None req-dd2dca87-7449-4cc6-94e8-d9b157c697bd tempest-ServerActionsTestOtherB-1575033535 tempest-ServerActionsTestOtherB-1575033535-project-member] Request filter 'accelerators_filter' took 0.0 seconds {{(pid=93309) wrapper /opt/stack/nova/nova/scheduler/request_filter.py:46}}
Jul 15 13:18:07.280430 np0000005192 nova-scheduler[93309]: DEBUG nova.scheduler.request_filter [None req-dd2dca87-7449-4cc6-94e8-d9b157c697bd tempest-ServerActionsTestOtherB-1575033535 tempest-ServerActionsTestOtherB-1575033535-project-member] Request filter 'packed_virtqueue_filter' took 0.0 seconds {{(pid=93309) wrapper /opt/stack/nova/nova/scheduler/request_filter.py:46}}
Jul 15 13:18:07.280952 np0000005192 nova-scheduler[93309]: DEBUG nova.scheduler.request_filter [None req-dd2dca87-7449-4cc6-94e8-d9b157c697bd tempest-ServerActionsTestOtherB-1575033535 tempest-ServerActionsTestOtherB-1575033535-project-member] Request filter 'remote_managed_ports_filter' took 0.0 seconds {{(pid=93309) wrapper /opt/stack/nova/nova/scheduler/request_filter.py:46}}
