Jul 15 13:17:37.464283 np0000005192 devstack@neutron-api.service[87540]: { OVN Controller Gateway agent@np0000005192: {},
Jul 15 13:17:37.464283 np0000005192 devstack@neutron-api.service[87540]: OVN Neutron agent@np0000005192: {}}
Jul 15 13:17:37.464283 np0000005192 devstack@neutron-api.service[87540]: {{(pid=87540) report /opt/stack/neutron/neutron/api/rpc/callbacks/version_manager.py:183}}
Jul 15 13:17:37.472027 np0000005192 devstack@neutron-api.service[87541]: DEBUG neutron_lib.callbacks.manager [None req-1a8288e5-ba32-4d92-bf13-0d7aae6665f5 admin admin] Publish callbacks ['neutron.plugins.ml2.drivers.ovn.mech_driver.mech_driver.OVNMechanismDriver._create_security_group_precommit-884274'] for security_group (e0fc76ac-6a74-4483-9f7d-cc4a3d144245), precommit_create {{(pid=87541) _notify_loop /opt/stack/data/venv/lib/python3.12/site-packages/neutron_lib/callbacks/manager.py:184}}
Jul 15 13:17:37.472386 np0000005192 devstack@neutron-api.service[87541]: DEBUG neutron.db.ovn_revision_numbers_db [None req-1a8288e5-ba32-4d92-bf13-0d7aae6665f5 admin admin] create_initial_revision uuid=e0fc76ac-6a74-4483-9f7d-cc4a3d144245, type=security_groups, rev=-1 {{(pid=87541) create_initial_revision /opt/stack/neutron/neutron/db/ovn_revision_numbers_db.py:98}}
Jul 15 13:17:37.473835 np0000005192 devstack@neutron-api.service[87541]: DEBUG neutron.db.ovn_revision_numbers_db [None req-1a8288e5-ba32-4d92-bf13-0d7aae6665f5 admin admin] create_initial_revision uuid=27bf3951-a4b8-4956-a0c4-570580d4f60f, type=security_group_rules, rev=-1 {{(pid=87541) create_initial_revision /opt/stack/neutron/neutron/db/ovn_revision_numbers_db.py:98}}
Jul 15 13:17:37.474783 np0000005192 devstack@neutron-api.service[87540]: DEBUG neutron.common.ovn.hash_ring_manager [None req-7865bf21-9a2d-4541-966c-70d230d7d998 None None] Hash Ring loaded. 3 active nodes. 0 offline nodes {{(pid=87540) _load_hash_ring /opt/stack/neutron/neutron/common/ovn/hash_ring_manager.py:110}}
Jul 15 13:17:37.475017 np0000005192 devstack@neutron-api.service[87540]: DEBUG neutron.plugins.ml2.drivers.ovn.mech_driver.ovsdb.ovsdb_monitor [None req-7865bf21-9a2d-4541-966c-70d230d7d998 None None] Hash Ring: Node 2231e44ccd20565e95f9047c89d64afe (host: np0000005192) handling event "update" for row 116f8e33-9142-473e-b8a2-22521b344b05 (table: Chassis_Private) {{(pid=87540) notify /opt/stack/neutron/neutron/plugins/ml2/drivers/ovn/mech_driver/ovsdb/ovsdb_monitor.py:1009}}
Jul 15 13:17:37.475975 np0000005192 devstack@neutron-api.service[87541]: DEBUG neutron.db.ovn_revision_numbers_db [None req-1a8288e5-ba32-4d92-bf13-0d7aae6665f5 admin admin] create_initial_revision uuid=9b967d1a-39bc-42f8-ace1-6ec8a23717d9, type=security_group_rules, rev=-1 {{(pid=87541) create_initial_revision /opt/stack/neutron/neutron/db/ovn_revision_numbers_db.py:98}}
Jul 15 13:17:37.477031 np0000005192 devstack@neutron-api.service[87539]: DEBUG neutron.common.ovn.hash_ring_manager [None req-1141391f-124d-4744-b278-1694cfdec5f5 None None] Hash Ring loaded. 3 active nodes. 0 offline nodes {{(pid=87539) _load_hash_ring /opt/stack/neutron/neutron/common/ovn/hash_ring_manager.py:110}}
Jul 15 13:17:37.477713 np0000005192 devstack@neutron-api.service[87541]: DEBUG neutron.db.ovn_revision_numbers_db [None req-1a8288e5-ba32-4d92-bf13-0d7aae6665f5 admin admin] create_initial_revision uuid=a97fea62-133e-407d-8e80-17d11c85fb9e, type=security_group_rules, rev=-1 {{(pid=87541) create_initial_revision /opt/stack/neutron/neutron/db/ovn_revision_numbers_db.py:98}}
Jul 15 13:17:37.479599 np0000005192 devstack@neutron-api.service[87541]: DEBUG neutron.db.ovn_revision_numbers_db [None req-1a8288e5-ba32-4d92-bf13-0d7aae6665f5 admin admin] create_initial_revision uuid=ae3195eb-940f-435c-9e81-1666d96ddaa8, type=security_group_rules, rev=-1 {{(pid=87541) create_initial_revision /opt/stack/neutron/neutron/db/ovn_revision_numbers_db.py:98}}
Jul 15 13:17:37.480958 np0000005192 devstack@neutron-api.service[87541]: DEBUG neutron.common.ovn.hash_ring_manager [None req-aca6bba9-2a0f-4273-8273-88c92f632020 None None] Hash Ring loaded. 3 active nodes. 0 offline nodes {{(pid=87541) _load_hash_ring /opt/stack/neutron/neutron/common/ovn/hash_ring_manager.py:110}}
Jul 15 13:17:37.484491 np0000005192 devstack@neutron-api.service[87541]: DEBUG neutron_lib.callbacks.manager [None req-1a8288e5-ba32-4d92-bf13-0d7aae6665f5 admin admin] Publish callbacks ['neutron.plugins.ml2.drivers.ovn.mech_driver.mech_driver.OVNMechanismDriver._create_security_group-884232', 'neutron.plugins.ml2.ovo_rpc._ObjectChangeHandler.handle_event-1178291'] for security_group (e0fc76ac-6a74-4483-9f7d-cc4a3d144245), after_create {{(pid=87541) _notify_loop /opt/stack/data/venv/lib/python3.12/site-packages/neutron_lib/callbacks/manager.py:184}}
Jul 15 13:17:37.485140 np0000005192 devstack@neutron-api.service[87541]: DEBUG ovsdbapp.backend.ovs_idl.transaction [None req-fe116732-ca3f-46d6-949d-f28604648586 None None] Running txn n=1 command(idx=0): PgAddCommand(_result=None, name=pg_e0fc76ac_6a74_4483_9f7d_cc4a3d144245, may_exist=False, columns={'acls': [], 'external_ids': {'neutron:security_group_id': 'e0fc76ac-6a74-4483-9f7d-cc4a3d144245'}}) {{(pid=87541) do_commit /opt/stack/data/venv/lib/python3.12/site-packages/ovsdbapp/backend/ovs_idl/transaction.py:89}}
Jul 15 13:17:37.485438 np0000005192 devstack@neutron-api.service[87541]: DEBUG ovsdbapp.backend.ovs_idl.transaction [None req-fe116732-ca3f-46d6-949d-f28604648586 None None] Running txn n=1 command(idx=1): PgAclAddCommand(_result=None, entity=pg_e0fc76ac_6a74_4483_9f7d_cc4a3d144245, direction=from-lport, priority=1002, match=inport == @pg_e0fc76ac_6a74_4483_9f7d_cc4a3d144245 && ip6, action=allow-related, log=False, may_exist=True, severity=[], name=[], meter=[], external_ids={'neutron:security_group_rule_id': '27bf3951-a4b8-4956-a0c4-570580d4f60f'}) {{(pid=87541) do_commit /opt/stack/data/venv/lib/python3.12/site-packages/ovsdbapp/backend/ovs_idl/transaction.py:89}}
Jul 15 13:17:37.485758 np0000005192 devstack@neutron-api.service[87541]: DEBUG ovsdbapp.backend.ovs_idl.transaction [None req-fe116732-ca3f-46d6-949d-f28604648586 None None] Running txn n=1 command(idx=2): PgAclAddCommand(_result=None, entity=pg_e0fc76ac_6a74_4483_9f7d_cc4a3d144245, direction=from-lport, priority=1002, match=inport == @pg_e0fc76ac_6a74_4483_9f7d_cc4a3d144245 && ip4, action=allow-related, log=False, may_exist=True, severity=[], name=[], meter=[], external_ids={'neutron:security_group_rule_id': '9b967d1a-39bc-42f8-ace1-6ec8a23717d9'}) {{(pid=87541) do_commit /opt/stack/data/venv/lib/python3.12/site-packages/ovsdbapp/backend/ovs_idl/transaction.py:89}}
Jul 15 13:17:37.486040 np0000005192 devstack@neutron-api.service[87541]: DEBUG ovsdbapp.backend.ovs_idl.transaction [None req-fe116732-ca3f-46d6-949d-f28604648586 None None] Running txn n=1 command(idx=3): PgAclAddCommand(_result=None, entity=pg_e0fc76ac_6a74_4483_9f7d_cc4a3d144245, direction=to-lport, priority=1002, match=outport == @pg_e0fc76ac_6a74_4483_9f7d_cc4a3d144245 && ip6 && ip6.src == $pg_e0fc76ac_6a74_4483_9f7d_cc4a3d144245_ip6, action=allow-related, log=False, may_exist=True, severity=[], name=[], meter=[], external_ids={'neutron:security_group_rule_id': 'a97fea62-133e-407d-8e80-17d11c85fb9e'}) {{(pid=87541) do_commit /opt/stack/data/venv/lib/python3.12/site-packages/ovsdbapp/backend/ovs_idl/transaction.py:89}}
Jul 15 13:17:37.486251 np0000005192 devstack@neutron-api.service[87541]: DEBUG ovsdbapp.backend.ovs_idl.transaction [None req-fe116732-ca3f-46d6-949d-f28604648586 None None] Running txn n=1 command(idx=4): PgAclAddCommand(_result=None, entity=pg_e0fc76ac_6a74_4483_9f7d_cc4a3d144245, direction=to-lport, priority=1002, match=outport == @pg_e0fc76ac_6a74_4483_9f7d_cc4a3d144245 && ip4 && ip4.src == $pg_e0fc76ac_6a74_4483_9f7d_cc4a3d144245_ip4, action=allow-related, log=False, may_exist=True, severity=[], name=[], meter=[], external_ids={'neutron:security_group_rule_id': 'ae3195eb-940f-435c-9e81-1666d96ddaa8'}) {{(pid=87541) do_commit /opt/stack/data/venv/lib/python3.12/site-packages/ovsdbapp/backend/ovs_idl/transaction.py:89}}
Jul 15 13:17:37.490927 np0000005192 devstack@neutron-api.service[87539]: DEBUG neutron.plugins.ml2.drivers.ovn.mech_driver.ovsdb.ovsdb_monitor [None req-94f7d56d-5006-45b4-8bde-b40b9029d1c5 None None] Hash Ring: Node 226b24b9a17a5ab9aec1f9d17004eda6 (host: np0000005192) handling event "create" for row 729b88f1-3bd4-4cd0-8d27-16a55dce3dab (table: ACL) {{(pid=87539) notify /opt/stack/neutron/neutron/plugins/ml2/drivers/ovn/mech_driver/ovsdb/ovsdb_monitor.py:1009}}
Jul 15 13:17:37.491195 np0000005192 devstack@neutron-api.service[87539]: DEBUG neutron.plugins.ml2.drivers.ovn.mech_driver.ovsdb.ovsdb_monitor [None req-94f7d56d-5006-45b4-8bde-b40b9029d1c5 None None] Hash Ring: Node 226b24b9a17a5ab9aec1f9d17004eda6 (host: np0000005192) handling event "create" for row 94f79078-e224-4d9c-8cb8-431e9b2f6bc9 (table: ACL) {{(pid=87539) notify /opt/stack/neutron/neutron/plugins/ml2/drivers/ovn/mech_driver/ovsdb/ovsdb_monitor.py:1009}}
Jul 15 13:17:37.491329 np0000005192 devstack@neutron-api.service[87541]: DEBUG neutron.plugins.ml2.drivers.ovn.mech_driver.ovsdb.ovsdb_monitor [None req-fe116732-ca3f-46d6-949d-f28604648586 None None] Hash Ring: Node a281a403539e56ec8f1b78321ac221d4 (host: np0000005192) handling event "create" for row 78ddad68-1818-437a-9ec5-8e8bf18b247e (table: ACL) {{(pid=87541) notify /opt/stack/neutron/neutron/plugins/ml2/drivers/ovn/mech_driver/ovsdb/ovsdb_monitor.py:1009}}
Jul 15 13:17:37.491459 np0000005192 devstack@neutron-api.service[87539]: DEBUG neutron.plugins.ml2.drivers.ovn.mech_driver.ovsdb.ovsdb_monitor [None req-94f7d56d-5006-45b4-8bde-b40b9029d1c5 None None] Hash Ring: Node 226b24b9a17a5ab9aec1f9d17004eda6 (host: np0000005192) handling event "create" for row e2305089-0b83-4d38-8928-9064718e0bcf (table: ACL) {{(pid=87539) notify /opt/stack/neutron/neutron/plugins/ml2/drivers/ovn/mech_driver/ovsdb/ovsdb_monitor.py:1009}}
Jul 15 13:17:37.496450 np0000005192 devstack@neutron-api.service[87540]: DEBUG neutron.plugins.ml2.drivers.helpers [None req-5c4e3418-ce8e-4775-884b-ab26e0abe37e admin admin] geneve segment allocate from pool success with {'geneve_vni': 54750} {{(pid=87540) allocate_partially_specified_segment /opt/stack/neutron/neutron/plugins/ml2/drivers/helpers.py:142}}
Jul 15 13:17:37.499355 np0000005192 devstack@neutron-api.service[87540]: DEBUG neutron.plugins.ml2.drivers.ovn.mech_driver.ovsdb.ovsdb_monitor [None req-5292c33c-77ab-4ce8-8f53-eaca77ed52d8 None None] Hash Ring: Node 2231e44ccd20565e95f9047c89d64afe (host: np0000005192) handling event "create" for row 94a451aa-e3a5-4cfa-adcf-f2ed237d5c3a (table: Port_Group) {{(pid=87540) notify /opt/stack/neutron/neutron/plugins/ml2/drivers/ovn/mech_driver/ovsdb/ovsdb_monitor.py:1009}}
Jul 15 13:17:37.503235 np0000005192 devstack@neutron-api.service[87540]: DEBUG neutron_lib.callbacks.manager [None req-5c4e3418-ce8e-4775-884b-ab26e0abe37e admin admin] Publish callbacks ['neutron.services.segments.db._add_segment_host_mapping_for_segment-7735445529490', 'neutron.plugins.ml2.plugin.Ml2Plugin._handle_segment_change-382087'] for segment (2714fb3b-9c3e-4c10-81a9-da81ecbb8f8d), precommit_create {{(pid=87540) _notify_loop /opt/stack/data/venv/lib/python3.12/site-packages/neutron_lib/callbacks/manager.py:184}}
Jul 15 13:17:37.503393 np0000005192 devstack@neutron-api.service[87540]: INFO neutron.db.segments_db [None req-5c4e3418-ce8e-4775-884b-ab26e0abe37e admin admin] Added segment 2714fb3b-9c3e-4c10-81a9-da81ecbb8f8d of type geneve for network ea586f29-3be5-4def-8d39-dff0ce79c5b5
Jul 15 13:17:37.508362 np0000005192 devstack@neutron-api.service[87541]: INFO neutron.db.ovn_revision_numbers_db [None req-1a8288e5-ba32-4d92-bf13-0d7aae6665f5 admin admin] Successfully bumped revision number for resource e0fc76ac-6a74-4483-9f7d-cc4a3d144245 (type: security_groups) to 1
Jul 15 13:17:37.514613 np0000005192 devstack@neutron-api.service[87540]: DEBUG neutron_lib.callbacks.manager [None req-5c4e3418-ce8e-4775-884b-ab26e0abe37e admin admin] Publish callbacks ['neutron.services.auto_allocate.db._ensure_external_network_default_value_callback-7735443812996'] for network (ea586f29-3be5-4def-8d39-dff0ce79c5b5), precommit_create {{(pid=87540) _notify_loop /opt/stack/data/venv/lib/python3.12/site-packages/neutron_lib/callbacks/manager.py:184}}
Jul 15 13:17:37.519241 np0000005192 devstack@neutron-api.service[87541]: INFO neutron.db.ovn_revision_numbers_db [None req-1a8288e5-ba32-4d92-bf13-0d7aae6665f5 admin admin] Successfully bumped revision number for resource 27bf3951-a4b8-4956-a0c4-570580d4f60f (type: security_group_rules) to 0
Jul 15 13:17:37.525553 np0000005192 devstack@neutron-api.service[87540]: DEBUG neutron.plugins.ml2.drivers.ovn.mech_driver.mech_driver [None req-5c4e3418-ce8e-4775-884b-ab26e0abe37e admin admin] Validating network segment with type geneve, segmentation ID 54750, physical network None {{(pid=87540) _validate_network_segments /opt/stack/neutron/neutron/plugins/ml2/drivers/ovn/mech_driver/mech_driver.py:646}}
Jul 15 13:17:37.525553 np0000005192 devstack@neutron-api.service[87540]: DEBUG neutron.db.ovn_revision_numbers_db [None req-5c4e3418-ce8e-4775-884b-ab26e0abe37e admin admin] create_initial_revision uuid=ea586f29-3be5-4def-8d39-dff0ce79c5b5, type=networks, rev=-1 {{(pid=87540) create_initial_revision /opt/stack/neutron/neutron/db/ovn_revision_numbers_db.py:98}}
Jul 15 13:17:37.529957 np0000005192 devstack@neutron-api.service[87541]: INFO neutron.db.ovn_revision_numbers_db [None req-1a8288e5-ba32-4d92-bf13-0d7aae6665f5 admin admin] Successfully bumped revision number for resource 9b967d1a-39bc-42f8-ace1-6ec8a23717d9 (type: security_group_rules) to 0
Jul 15 13:17:37.531617 np0000005192 devstack@neutron-api.service[87540]: DEBUG neutron_lib.callbacks.manager [None req-5c4e3418-ce8e-4775-884b-ab26e0abe37e admin admin] Publish callbacks ['neutron.plugins.ml2.ovo_rpc._ObjectChangeHandler.handle_event-1763224'] for network (ea586f29-3be5-4def-8d39-dff0ce79c5b5), after_create {{(pid=87540) _notify_loop /opt/stack/data/venv/lib/python3.12/site-packages/neutron_lib/callbacks/manager.py:184}}
Jul 15 13:17:37.538660 np0000005192 devstack@neutron-api.service[87541]: INFO neutron.db.ovn_revision_numbers_db [None req-1a8288e5-ba32-4d92-bf13-0d7aae6665f5 admin admin] Successfully bumped revision number for resource a97fea62-133e-407d-8e80-17d11c85fb9e (type: security_group_rules) to 0
Jul 15 13:17:37.544959 np0000005192 devstack@neutron-api.service[87540]: DEBUG neutron.api.rpc.handlers.resources_rpc [None req-5c4e3418-ce8e-4775-884b-ab26e0abe37e admin admin] Pushing event updated for resources: {'Network': ['ID=ea586f29-3be5-4def-8d39-dff0ce79c5b5,revision_number=1']} {{(pid=87540) push /opt/stack/neutron/neutron/api/rpc/handlers/resources_rpc.py:237}}
Jul 15 13:17:37.549190 np0000005192 devstack@neutron-api.service[87541]: INFO neutron.db.ovn_revision_numbers_db [None req-1a8288e5-ba32-4d92-bf13-0d7aae6665f5 admin admin] Successfully bumped revision number for resource ae3195eb-940f-435c-9e81-1666d96ddaa8 (type: security_group_rules) to 0
Jul 15 13:17:37.552829 np0000005192 devstack@neutron-api.service[87540]: DEBUG ovsdbapp.backend.ovs_idl.transaction [None req-5292c33c-77ab-4ce8-8f53-eaca77ed52d8 None None] Running txn n=1 command(idx=0): AddNetworkCommand(_result=None, network_uuid=ea586f29-3be5-4def-8d39-dff0ce79c5b5, may_exist=True, columns={'external_ids': {'neutron:network_name': 'tempest-AttachSCSIVolumeTestJSON-20961302-network', 'neutron:mtu': '1372', 'neutron:revision_number': '1', 'neutron:availability_zone_hints': '', 'neutron:provnet-network-type': 'geneve'}, 'other_config': {'mcast_snoop': 'false', 'mcast_flood_unregistered': 'false', 'vlan-passthru': 'false'}}) {{(pid=87540) do_commit /opt/stack/data/venv/lib/python3.12/site-packages/ovsdbapp/backend/ovs_idl/transaction.py:89}}
Jul 15 13:17:37.558923 np0000005192 devstack@neutron-api.service[87541]: DEBUG neutron.plugins.ml2.drivers.ovn.mech_driver.ovsdb.ovsdb_monitor [None req-fe116732-ca3f-46d6-949d-f28604648586 None None] Hash Ring: Node a281a403539e56ec8f1b78321ac221d4 (host: np0000005192) handling event "create" for row ea586f29-3be5-4def-8d39-dff0ce79c5b5 (table: Logical_Switch) {{(pid=87541) notify /opt/stack/neutron/neutron/plugins/ml2/drivers/ovn/mech_driver/ovsdb/ovsdb_monitor.py:1009}}
Jul 15 13:17:37.559486 np0000005192 devstack@neutron-api.service[87540]: DEBUG neutron.plugins.ml2.drivers.ovn.mech_driver.ovsdb.ovsdb_monitor [None req-7865bf21-9a2d-4541-966c-70d230d7d998 None None] Hash Ring: Node 2231e44ccd20565e95f9047c89d64afe (host: np0000005192) handling event "create" for row cee139c0-8f14-4a15-8de1-0c2bbc6c0e6f (table: Datapath_Binding) {{(pid=87540) notify /opt/stack/neutron/neutron/plugins/ml2/drivers/ovn/mech_driver/ovsdb/ovsdb_monitor.py:1009}}
Jul 15 13:17:37.577804 np0000005192 devstack@neutron-api.service[87541]: DEBUG neutron.api.rpc.handlers.resources_rpc [None req-1a8288e5-ba32-4d92-bf13-0d7aae6665f5 admin admin] Pushing event updated for resources: {'SecurityGroup': ['ID=e0fc76ac-6a74-4483-9f7d-cc4a3d144245,revision_number=1']} {{(pid=87541) push /opt/stack/neutron/neutron/api/rpc/handlers/resources_rpc.py:237}}
Jul 15 13:17:37.579620 np0000005192 devstack@neutron-api.service[87540]: INFO neutron.db.ovn_revision_numbers_db [None req-5c4e3418-ce8e-4775-884b-ab26e0abe37e admin admin] Successfully bumped revision number for resource ea586f29-3be5-4def-8d39-dff0ce79c5b5 (type: networks) to 1
Jul 15 13:17:37.583976 np0000005192 devstack@neutron-api.service[87539]: DEBUG neutron.api.v2.base [None req-86702d3a-47c6-451c-b0f8-73187b939544 admin admin] Request body: {'network': {'name': 'tempest-TaggedAttachmentsTest-1070780096-network', 'project_id': '3adf91a657454d47a9169f2bcb14287f'}} {{(pid=87539) prepare_request_body /opt/stack/neutron/neutron/api/v2/base.py:727}}
Jul 15 13:17:37.594901 np0000005192 devstack@neutron-api.service[87540]: DEBUG neutron_lib.callbacks.manager [None req-5c4e3418-ce8e-4775-884b-ab26e0abe37e admin admin] Publish callbacks ['neutron.plugins.ml2.plugin.SecurityGroupDbMixin._ensure_default_security_group_handler-114897'] for port (None), before_create {{(pid=87540) _notify_loop /opt/stack/data/venv/lib/python3.12/site-packages/neutron_lib/callbacks/manager.py:184}}
Jul 15 13:17:37.595300 np0000005192 devstack@neutron-api.service[87539]: DEBUG neutron.pecan_wsgi.hooks.quota_enforcement [None req-86702d3a-47c6-451c-b0f8-73187b939544 admin admin] Made reservation on behalf of 3adf91a657454d47a9169f2bcb14287f for: {'network': 1} {{(pid=87539) before /opt/stack/neutron/neutron/pecan_wsgi/hooks/quota_enforcement.py:66}}
Jul 15 13:17:37.597842 np0000005192 devstack@neutron-api.service[87539]: DEBUG neutron_lib.callbacks.manager [None req-86702d3a-47c6-451c-b0f8-73187b939544 admin admin] Publish callbacks ['neutron.plugins.ml2.plugin.SecurityGroupDbMixin._ensure_default_security_group_handler-16532582'] for network (None), before_create {{(pid=87539) _notify_loop /opt/stack/data/venv/lib/python3.12/site-packages/neutron_lib/callbacks/manager.py:184}}
Jul 15 13:17:37.601648 np0000005192 devstack@neutron-api.service[87539]: DEBUG neutron_lib.callbacks.manager [None req-86702d3a-47c6-451c-b0f8-73187b939544 admin admin] Publish callbacks [] for security_group (None), before_create {{(pid=87539) _notify_loop /opt/stack/data/venv/lib/python3.12/site-packages/neutron_lib/callbacks/manager.py:184}}
Jul 15 13:17:37.609427 np0000005192 devstack@neutron-api.service[87541]: DEBUG neutron.plugins.ml2.drivers.helpers [None req-1a8288e5-ba32-4d92-bf13-0d7aae6665f5 admin admin] geneve segment allocate from pool success with {'geneve_vni': 58979} {{(pid=87541) allocate_partially_specified_segment /opt/stack/neutron/neutron/plugins/ml2/drivers/helpers.py:142}}
Jul 15 13:17:37.617796 np0000005192 devstack@neutron-api.service[87541]: DEBUG neutron_lib.callbacks.manager [None req-1a8288e5-ba32-4d92-bf13-0d7aae6665f5 admin admin] Publish callbacks ['neutron.services.segments.db._add_segment_host_mapping_for_segment-7735445529250', 'neutron.plugins.ml2.plugin.Ml2Plugin._handle_segment_change-26938'] for segment (954e516b-bd23-4372-8a67-0969ed0ff49e), precommit_create {{(pid=87541) _notify_loop /opt/stack/data/venv/lib/python3.12/site-packages/neutron_lib/callbacks/manager.py:184}}
Jul 15 13:17:37.617941 np0000005192 devstack@neutron-api.service[87541]: INFO neutron.db.segments_db [None req-1a8288e5-ba32-4d92-bf13-0d7aae6665f5 admin admin] Added segment 954e516b-bd23-4372-8a67-0969ed0ff49e of type geneve for network 029aceef-f4dc-41de-972e-efbb2b81c440
Jul 15 13:17:37.633834 np0000005192 devstack@neutron-api.service[87541]: DEBUG neutron_lib.callbacks.manager [None req-1a8288e5-ba32-4d92-bf13-0d7aae6665f5 admin admin] Publish callbacks ['neutron.services.auto_allocate.db._ensure_external_network_default_value_callback-7735443548474'] for network (029aceef-f4dc-41de-972e-efbb2b81c440), precommit_create {{(pid=87541) _notify_loop /opt/stack/data/venv/lib/python3.12/site-packages/neutron_lib/callbacks/manager.py:184}}
Jul 15 13:17:37.646885 np0000005192 devstack@neutron-api.service[87541]: DEBUG neutron.plugins.ml2.drivers.ovn.mech_driver.mech_driver [None req-1a8288e5-ba32-4d92-bf13-0d7aae6665f5 admin admin] Validating network segment with type geneve, segmentation ID 58979, physical network None {{(pid=87541) _validate_network_segments /opt/stack/neutron/neutron/plugins/ml2/drivers/ovn/mech_driver/mech_driver.py:646}}
Jul 15 13:17:37.647038 np0000005192 devstack@neutron-api.service[87541]: DEBUG neutron.db.ovn_revision_numbers_db [None req-1a8288e5-ba32-4d92-bf13-0d7aae6665f5 admin admin] create_initial_revision uuid=029aceef-f4dc-41de-972e-efbb2b81c440, type=networks, rev=-1 {{(pid=87541) create_initial_revision /opt/stack/neutron/neutron/db/ovn_revision_numbers_db.py:98}}
Jul 15 13:17:37.655336 np0000005192 devstack@neutron-api.service[87540]: DEBUG neutron_lib.callbacks.manager [None req-5c4e3418-ce8e-4775-884b-ab26e0abe37e admin admin] Publish callbacks ['neutron.plugins.ml2.drivers.ovn.mech_driver.mech_driver.OVNMechanismDriver._validate_allowed_address_pairs-246647'] for allowed_address_pair (06e7fb70-6388-4215-acfe-432decee8a17), before_create {{(pid=87540) _notify_loop /opt/stack/data/venv/lib/python3.12/site-packages/neutron_lib/callbacks/manager.py:184}}
Jul 15 13:17:37.655833 np0000005192 devstack@neutron-api.service[87540]: DEBUG neutron_lib.callbacks.manager [None req-5c4e3418-ce8e-4775-884b-ab26e0abe37e admin admin] Publish callbacks [] for port (06e7fb70-6388-4215-acfe-432decee8a17), precommit_create {{(pid=87540) _notify_loop /opt/stack/data/venv/lib/python3.12/site-packages/neutron_lib/callbacks/manager.py:184}}
Jul 15 13:17:37.656025 np0000005192 devstack@neutron-api.service[87540]: DEBUG neutron.plugins.ml2.drivers.ovn.mech_driver.mech_driver [None req-5c4e3418-ce8e-4775-884b-ab26e0abe37e admin admin] No provisioning block for port 06e7fb70-6388-4215-acfe-432decee8a17 since it does not have a host {{(pid=87540) _is_port_provisioning_required /opt/stack/neutron/neutron/plugins/ml2/drivers/ovn/mech_driver/mech_driver.py:899}}
Jul 15 13:17:37.656138 np0000005192 devstack@neutron-api.service[87540]: DEBUG neutron.db.ovn_revision_numbers_db [None req-5c4e3418-ce8e-4775-884b-ab26e0abe37e admin admin] create_initial_revision uuid=06e7fb70-6388-4215-acfe-432decee8a17, type=ports, rev=-1 {{(pid=87540) create_initial_revision /opt/stack/neutron/neutron/db/ovn_revision_numbers_db.py:98}}
Jul 15 13:17:37.658896 np0000005192 devstack@neutron-api.service[87541]: DEBUG neutron_lib.callbacks.manager [None req-1a8288e5-ba32-4d92-bf13-0d7aae6665f5 admin admin] Publish callbacks ['neutron.plugins.ml2.ovo_rpc._ObjectChangeHandler.handle_event-1178254'] for network (029aceef-f4dc-41de-972e-efbb2b81c440), after_create {{(pid=87541) _notify_loop /opt/stack/data/venv/lib/python3.12/site-packages/neutron_lib/callbacks/manager.py:184}}
Jul 15 13:17:37.667281 np0000005192 devstack@neutron-api.service[87539]: DEBUG neutron_lib.callbacks.manager [None req-86702d3a-47c6-451c-b0f8-73187b939544 admin admin] Publish callbacks ['neutron.plugins.ml2.drivers.ovn.mech_driver.mech_driver.OVNMechanismDriver._create_security_group_precommit-909546'] for security_group (19a9827b-4767-4aad-9ab7-606ff46bec5d), precommit_create {{(pid=87539) _notify_loop /opt/stack/data/venv/lib/python3.12/site-packages/neutron_lib/callbacks/manager.py:184}}
Jul 15 13:17:37.667653 np0000005192 devstack@neutron-api.service[87539]: DEBUG neutron.db.ovn_revision_numbers_db [None req-86702d3a-47c6-451c-b0f8-73187b939544 admin admin] create_initial_revision uuid=19a9827b-4767-4aad-9ab7-606ff46bec5d, type=security_groups, rev=-1 {{(pid=87539) create_initial_revision /opt/stack/neutron/neutron/db/ovn_revision_numbers_db.py:98}}
Jul 15 13:17:37.668545 np0000005192 devstack@neutron-api.service[87539]: DEBUG neutron.db.ovn_revision_numbers_db [None req-86702d3a-47c6-451c-b0f8-73187b939544 admin admin] create_initial_revision uuid=26cf0478-540c-4d23-9eca-ffb9493607d2, type=security_group_rules, rev=-1 {{(pid=87539) create_initial_revision /opt/stack/neutron/neutron/db/ovn_revision_numbers_db.py:98}}
Jul 15 13:17:37.669516 np0000005192 devstack@neutron-api.service[87539]: DEBUG neutron.db.ovn_revision_numbers_db [None req-86702d3a-47c6-451c-b0f8-73187b939544 admin admin] create_initial_revision uuid=3de95fc6-2bfd-42f7-a684-c29121c0d7e3, type=security_group_rules, rev=-1 {{(pid=87539) create_initial_revision /opt/stack/neutron/neutron/db/ovn_revision_numbers_db.py:98}}
Jul 15 13:17:37.670490 np0000005192 devstack@neutron-api.service[87539]: DEBUG neutron.db.ovn_revision_numbers_db [None req-86702d3a-47c6-451c-b0f8-73187b939544 admin admin] create_initial_revision uuid=c76bb190-897f-4523-aaf4-dfef105351dc, type=security_group_rules, rev=-1 {{(pid=87539) create_initial_revision /opt/stack/neutron/neutron/db/ovn_revision_numbers_db.py:98}}
Jul 15 13:17:37.671305 np0000005192 devstack@neutron-api.service[87539]: DEBUG neutron.db.ovn_revision_numbers_db [None req-86702d3a-47c6-451c-b0f8-73187b939544 admin admin] create_initial_revision uuid=dab9933a-e3a2-48b3-8f87-99f3108b50ef, type=security_group_rules, rev=-1 {{(pid=87539) create_initial_revision /opt/stack/neutron/neutron/db/ovn_revision_numbers_db.py:98}}
Jul 15 13:17:37.674729 np0000005192 devstack@neutron-api.service[87539]: DEBUG neutron_lib.callbacks.manager [None req-86702d3a-47c6-451c-b0f8-73187b939544 admin admin] Publish callbacks ['neutron.plugins.ml2.drivers.ovn.mech_driver.mech_driver.OVNMechanismDriver._create_security_group-909520', 'neutron.plugins.ml2.ovo_rpc._ObjectChangeHandler.handle_event-1640333'] for security_group (19a9827b-4767-4aad-9ab7-606ff46bec5d), after_create {{(pid=87539) _notify_loop /opt/stack/data/venv/lib/python3.12/site-packages/neutron_lib/callbacks/manager.py:184}}
Jul 15 13:17:37.675819 np0000005192 devstack@neutron-api.service[87539]: DEBUG ovsdbapp.backend.ovs_idl.transaction [None req-94f7d56d-5006-45b4-8bde-b40b9029d1c5 None None] Running txn n=1 command(idx=0): PgAddCommand(_result=None, name=pg_19a9827b_4767_4aad_9ab7_606ff46bec5d, may_exist=False, columns={'acls': [], 'external_ids': {'neutron:security_group_id': '19a9827b-4767-4aad-9ab7-606ff46bec5d'}}) {{(pid=87539) do_commit /opt/stack/data/venv/lib/python3.12/site-packages/ovsdbapp/backend/ovs_idl/transaction.py:89}}
Jul 15 13:17:37.676080 np0000005192 devstack@neutron-api.service[87539]: DEBUG ovsdbapp.backend.ovs_idl.transaction [None req-94f7d56d-5006-45b4-8bde-b40b9029d1c5 None None] Running txn n=1 command(idx=1): PgAclAddCommand(_result=None, entity=pg_19a9827b_4767_4aad_9ab7_606ff46bec5d, direction=to-lport, priority=1002, match=outport == @pg_19a9827b_4767_4aad_9ab7_606ff46bec5d && ip4 && ip4.src == $pg_19a9827b_4767_4aad_9ab7_606ff46bec5d_ip4, action=allow-related, log=False, may_exist=True, severity=[], name=[], meter=[], external_ids={'neutron:security_group_rule_id': '26cf0478-540c-4d23-9eca-ffb9493607d2'}) {{(pid=87539) do_commit /opt/stack/data/venv/lib/python3.12/site-packages/ovsdbapp/backend/ovs_idl/transaction.py:89}}
Jul 15 13:17:37.676331 np0000005192 devstack@neutron-api.service[87539]: DEBUG ovsdbapp.backend.ovs_idl.transaction [None req-94f7d56d-5006-45b4-8bde-b40b9029d1c5 None None] Running txn n=1 command(idx=2): PgAclAddCommand(_result=None, entity=pg_19a9827b_4767_4aad_9ab7_606ff46bec5d, direction=to-lport, priority=1002, match=outport == @pg_19a9827b_4767_4aad_9ab7_606ff46bec5d && ip6 && ip6.src == $pg_19a9827b_4767_4aad_9ab7_606ff46bec5d_ip6, action=allow-related, log=False, may_exist=True, severity=[], name=[], meter=[], external_ids={'neutron:security_group_rule_id': '3de95fc6-2bfd-42f7-a684-c29121c0d7e3'}) {{(pid=87539) do_commit /opt/stack/data/venv/lib/python3.12/site-packages/ovsdbapp/backend/ovs_idl/transaction.py:89}}
Jul 15 13:17:37.676558 np0000005192 devstack@neutron-api.service[87539]: DEBUG ovsdbapp.backend.ovs_idl.transaction [None req-94f7d56d-5006-45b4-8bde-b40b9029d1c5 None None] Running txn n=1 command(idx=3): PgAclAddCommand(_result=None, entity=pg_19a9827b_4767_4aad_9ab7_606ff46bec5d, direction=from-lport, priority=1002, match=inport == @pg_19a9827b_4767_4aad_9ab7_606ff46bec5d && ip6, action=allow-related, log=False, may_exist=True, severity=[], name=[], meter=[], external_ids={'neutron:security_group_rule_id': 'c76bb190-897f-4523-aaf4-dfef105351dc'}) {{(pid=87539) do_commit /opt/stack/data/venv/lib/python3.12/site-packages/ovsdbapp/backend/ovs_idl/transaction.py:89}}
Jul 15 13:17:37.676877 np0000005192 devstack@neutron-api.service[87539]: DEBUG ovsdbapp.backend.ovs_idl.transaction [None req-94f7d56d-5006-45b4-8bde-b40b9029d1c5 None None] Running txn n=1 command(idx=4): PgAclAddCommand(_result=None, entity=pg_19a9827b_4767_4aad_9ab7_606ff46bec5d, direction=from-lport, priority=1002, match=inport == @pg_19a9827b_4767_4aad_9ab7_606ff46bec5d && ip4, action=allow-related, log=False, may_exist=True, severity=[], name=[], meter=[], external_ids={'neutron:security_group_rule_id': 'dab9933a-e3a2-48b3-8f87-99f3108b50ef'}) {{(pid=87539) do_commit /opt/stack/data/venv/lib/python3.12/site-packages/ovsdbapp/backend/ovs_idl/transaction.py:89}}
Jul 15 13:17:37.680829 np0000005192 devstack@neutron-api.service[87539]: DEBUG neutron.plugins.ml2.drivers.ovn.mech_driver.ovsdb.ovsdb_monitor [None req-94f7d56d-5006-45b4-8bde-b40b9029d1c5 None None] Hash Ring: Node 226b24b9a17a5ab9aec1f9d17004eda6 (host: np0000005192) handling event "create" for row 69257d6a-91f4-4a9e-9c38-ce0d90d077b9 (table: ACL) {{(pid=87539) notify /opt/stack/neutron/neutron/plugins/ml2/drivers/ovn/mech_driver/ovsdb/ovsdb_monitor.py:1009}}
Jul 15 13:17:37.680829 np0000005192 devstack@neutron-api.service[87539]: DEBUG neutron.plugins.ml2.drivers.ovn.mech_driver.ovsdb.ovsdb_monitor [None req-94f7d56d-5006-45b4-8bde-b40b9029d1c5 None None] Hash Ring: Node 226b24b9a17a5ab9aec1f9d17004eda6 (host: np0000005192) handling event "create" for row ba82c528-8026-48f6-aa80-a2121e384476 (table: ACL) {{(pid=87539) notify /opt/stack/neutron/neutron/plugins/ml2/drivers/ovn/mech_driver/ovsdb/ovsdb_monitor.py:1009}}
Jul 15 13:17:37.681979 np0000005192 devstack@neutron-api.service[87540]: DEBUG neutron.plugins.ml2.drivers.ovn.mech_driver.ovsdb.ovsdb_monitor [None req-5292c33c-77ab-4ce8-8f53-eaca77ed52d8 None None] Hash Ring: Node 2231e44ccd20565e95f9047c89d64afe (host: np0000005192) handling event "create" for row 4cd72904-d996-4cb5-8f91-622028dfb64a (table: ACL) {{(pid=87540) notify /opt/stack/neutron/neutron/plugins/ml2/drivers/ovn/mech_driver/ovsdb/ovsdb_monitor.py:1009}}
Jul 15 13:17:37.684530 np0000005192 devstack@neutron-api.service[87540]: DEBUG neutron.plugins.ml2.drivers.ovn.mech_driver.ovsdb.ovsdb_monitor [None req-5292c33c-77ab-4ce8-8f53-eaca77ed52d8 None None] Hash Ring: Node 2231e44ccd20565e95f9047c89d64afe (host: np0000005192) handling event "create" for row 8073a591-e655-464e-8c36-939e03f14e7b (table: Port_Group) {{(pid=87540) notify /opt/stack/neutron/neutron/plugins/ml2/drivers/ovn/mech_driver/ovsdb/ovsdb_monitor.py:1009}}
Jul 15 13:17:37.686412 np0000005192 devstack@neutron-api.service[87541]: DEBUG neutron.plugins.ml2.drivers.ovn.mech_driver.ovsdb.ovsdb_monitor [None req-fe116732-ca3f-46d6-949d-f28604648586 None None] Hash Ring: Node a281a403539e56ec8f1b78321ac221d4 (host: np0000005192) handling event "create" for row c9e3f3f9-eb4d-4442-87b8-0c62fb7a6785 (table: ACL) {{(pid=87541) notify /opt/stack/neutron/neutron/plugins/ml2/drivers/ovn/mech_driver/ovsdb/ovsdb_monitor.py:1009}}
Jul 15 13:17:37.686903 np0000005192 devstack@neutron-api.service[87541]: DEBUG neutron.api.rpc.handlers.resources_rpc [None req-1a8288e5-ba32-4d92-bf13-0d7aae6665f5 admin admin] Pushing event updated for resources: {'Network': ['ID=029aceef-f4dc-41de-972e-efbb2b81c440,revision_number=1']} {{(pid=87541) push /opt/stack/neutron/neutron/api/rpc/handlers/resources_rpc.py:237}}
Jul 15 13:17:37.688962 np0000005192 devstack@neutron-api.service[87540]: DEBUG neutron_lib.callbacks.manager [None req-5c4e3418-ce8e-4775-884b-ab26e0abe37e admin admin] Publish callbacks ['neutron.plugins.ml2.ovo_rpc._ObjectChangeHandler.handle_event-1763229'] for port (06e7fb70-6388-4215-acfe-432decee8a17), after_create {{(pid=87540) _notify_loop /opt/stack/data/venv/lib/python3.12/site-packages/neutron_lib/callbacks/manager.py:184}}
Jul 15 13:17:37.693474 np0000005192 devstack@neutron-api.service[87541]: DEBUG ovsdbapp.backend.ovs_idl.transaction [None req-fe116732-ca3f-46d6-949d-f28604648586 None None] Running txn n=1 command(idx=0): AddNetworkCommand(_result=None, network_uuid=029aceef-f4dc-41de-972e-efbb2b81c440, may_exist=True, columns={'external_ids': {'neutron:network_name': 'tempest-VolumesAdminNegativeTest-635277950-network', 'neutron:mtu': '1372', 'neutron:revision_number': '1', 'neutron:availability_zone_hints': '', 'neutron:provnet-network-type': 'geneve'}, 'other_config': {'mcast_snoop': 'false', 'mcast_flood_unregistered': 'false', 'vlan-passthru': 'false'}}) {{(pid=87541) do_commit /opt/stack/data/venv/lib/python3.12/site-packages/ovsdbapp/backend/ovs_idl/transaction.py:89}}
Jul 15 13:17:37.693619 np0000005192 devstack@neutron-api.service[87541]: DEBUG neutron.common.ovn.utils [None req-fe116732-ca3f-46d6-949d-f28604648586 None None] OVS persist_uuid supported=True {{(pid=87541) ovs_persist_uuid_supported /opt/stack/neutron/neutron/common/ovn/utils.py:1564}}
Jul 15 13:17:37.699201 np0000005192 devstack@neutron-api.service[87540]: DEBUG neutron.plugins.ml2.drivers.ovn.mech_driver.ovsdb.ovsdb_monitor [None req-5292c33c-77ab-4ce8-8f53-eaca77ed52d8 None None] Hash Ring: Node 2231e44ccd20565e95f9047c89d64afe (host: np0000005192) handling event "create" for row 029aceef-f4dc-41de-972e-efbb2b81c440 (table: Logical_Switch) {{(pid=87540) notify /opt/stack/neutron/neutron/plugins/ml2/drivers/ovn/mech_driver/ovsdb/ovsdb_monitor.py:1009}}
Jul 15 13:17:37.701893 np0000005192 devstack@neutron-api.service[87541]: DEBUG neutron.plugins.ml2.drivers.ovn.mech_driver.ovsdb.ovsdb_monitor [None req-aca6bba9-2a0f-4273-8273-88c92f632020 None None] Hash Ring: Node a281a403539e56ec8f1b78321ac221d4 (host: np0000005192) handling event "create" for row 374b427d-2a2c-4170-922a-946e304e6a11 (table: Datapath_Binding) {{(pid=87541) notify /opt/stack/neutron/neutron/plugins/ml2/drivers/ovn/mech_driver/ovsdb/ovsdb_monitor.py:1009}}
Jul 15 13:17:37.704898 np0000005192 devstack@neutron-api.service[87539]: INFO neutron.db.ovn_revision_numbers_db [None req-86702d3a-47c6-451c-b0f8-73187b939544 admin admin] Successfully bumped revision number for resource 19a9827b-4767-4aad-9ab7-606ff46bec5d (type: security_groups) to 1
Jul 15 13:17:37.712885 np0000005192 devstack@neutron-api.service[87541]: INFO neutron.db.ovn_revision_numbers_db [None req-1a8288e5-ba32-4d92-bf13-0d7aae6665f5 admin admin] Successfully bumped revision number for resource 029aceef-f4dc-41de-972e-efbb2b81c440 (type: networks) to 1
Jul 15 13:17:37.717211 np0000005192 devstack@neutron-api.service[87539]: INFO neutron.db.ovn_revision_numbers_db [None req-86702d3a-47c6-451c-b0f8-73187b939544 admin admin] Successfully bumped revision number for resource 26cf0478-540c-4d23-9eca-ffb9493607d2 (type: security_group_rules) to 0
Jul 15 13:17:37.726388 np0000005192 devstack@neutron-api.service[87540]: DEBUG neutron.api.rpc.handlers.resources_rpc [None req-5c4e3418-ce8e-4775-884b-ab26e0abe37e admin admin] Pushing event updated for resources: {'Port': ['ID=06e7fb70-6388-4215-acfe-432decee8a17,revision_number=1']} {{(pid=87540) push /opt/stack/neutron/neutron/api/rpc/handlers/resources_rpc.py:237}}
Jul 15 13:17:37.730957 np0000005192 devstack@neutron-api.service[87539]: INFO neutron.db.ovn_revision_numbers_db [None req-86702d3a-47c6-451c-b0f8-73187b939544 admin admin] Successfully bumped revision number for resource 3de95fc6-2bfd-42f7-a684-c29121c0d7e3 (type: security_group_rules) to 0
Jul 15 13:17:37.731471 np0000005192 devstack@neutron-api.service[87540]: DEBUG neutron.plugins.ml2.drivers.ovn.mech_driver.ovsdb.commands [None req-5c4e3418-ce8e-4775-884b-ab26e0abe37e admin admin] Converting tag [] to a tag_request {{(pid=87540) _tag_column_to_tag_request /opt/stack/neutron/neutron/plugins/ml2/drivers/ovn/mech_driver/ovsdb/commands.py:205}}
Jul 15 13:17:37.731988 np0000005192 devstack@neutron-api.service[87540]: DEBUG ovsdbapp.backend.ovs_idl.transaction [None req-5292c33c-77ab-4ce8-8f53-eaca77ed52d8 None None] Running txn n=1 command(idx=0): AddLSwitchPortCommand(_result=None, lport=06e7fb70-6388-4215-acfe-432decee8a17, lswitch=neutron-ea586f29-3be5-4def-8d39-dff0ce79c5b5, may_exist=True, network_uuid=ea586f29-3be5-4def-8d39-dff0ce79c5b5, columns={'addresses': ['fa:16:3e:1e:9c:61'], 'external_ids': {'neutron:port_name': '', 'neutron:device_id': 'ovnmeta-ea586f29-3be5-4def-8d39-dff0ce79c5b5', 'neutron:project_id': '82a5193b0e554efe82e652427332321f', 'neutron:cidrs': '', 'neutron:device_owner': 'network:distributed', 'neutron:subnet_pool_addr_scope4': '', 'neutron:subnet_pool_addr_scope6': '', 'neutron:network_name': 'neutron-ea586f29-3be5-4def-8d39-dff0ce79c5b5', 'neutron:security_group_ids': '', 'neutron:revision_number': '1', 'neutron:vnic_type': 'normal', 'neutron:port_capabilities': '', 'neutron:mtu': '1372'}, 'parent_name': [], 'enabled': True, 'options': {}, 'type': 'localport', 'port_security': [], 'dhcpv4_options': [], 'dhcpv6_options': [], 'tag_request': []}) {{(pid=87540) do_commit /opt/stack/data/venv/lib/python3.12/site-packages/ovsdbapp/backend/ovs_idl/transaction.py:89}}
Jul 15 13:17:37.732334 np0000005192 devstack@neutron-api.service[87540]: DEBUG ovsdbapp.backend.ovs_idl.transaction [None req-5292c33c-77ab-4ce8-8f53-eaca77ed52d8 None None] Running txn n=1 command(idx=1): QoSDelCommand(_result=None, switch=neutron-ea586f29-3be5-4def-8d39-dff0ce79c5b5, conditions=[('direction', '=', 'to-lport'), ('priority', '=', 2002), ('match', '=', 'outport == "06e7fb70-6388-4215-acfe-432decee8a17"')], if_exists=True) {{(pid=87540) do_commit /opt/stack/data/venv/lib/python3.12/site-packages/ovsdbapp/backend/ovs_idl/transaction.py:89}}
Jul 15 13:17:37.732473 np0000005192 devstack@neutron-api.service[87540]: DEBUG ovsdbapp.backend.ovs_idl.transaction [None req-5292c33c-77ab-4ce8-8f53-eaca77ed52d8 None None] Running txn n=1 command(idx=2): QoSDelCommand(_result=None, switch=neutron-ea586f29-3be5-4def-8d39-dff0ce79c5b5, conditions=[('direction', '=', 'from-lport'), ('priority', '=', 2002), ('match', '=', 'inport == "06e7fb70-6388-4215-acfe-432decee8a17"')], if_exists=True) {{(pid=87540) do_commit /opt/stack/data/venv/lib/python3.12/site-packages/ovsdbapp/backend/ovs_idl/transaction.py:89}}
Jul 15 13:17:37.740706 np0000005192 devstack@neutron-api.service[87539]: DEBUG neutron.plugins.ml2.drivers.ovn.mech_driver.ovsdb.ovsdb_monitor [None req-1141391f-124d-4744-b278-1694cfdec5f5 None None] Hash Ring: Node 226b24b9a17a5ab9aec1f9d17004eda6 (host: np0000005192) handling event "create" for row 7573b82a-8fed-44d6-b0cf-20afb07faa9a (table: Port_Binding) {{(pid=87539) notify /opt/stack/neutron/neutron/plugins/ml2/drivers/ovn/mech_driver/ovsdb/ovsdb_monitor.py:1009}}
Jul 15 13:17:37.742641 np0000005192 devstack@neutron-api.service[87541]: DEBUG neutron.plugins.ml2.drivers.ovn.mech_driver.ovsdb.ovsdb_monitor [None req-fe116732-ca3f-46d6-949d-f28604648586 None None] Hash Ring: Node a281a403539e56ec8f1b78321ac221d4 (host: np0000005192) handling event "update" for row ea586f29-3be5-4def-8d39-dff0ce79c5b5 (table: Logical_Switch) {{(pid=87541) notify /opt/stack/neutron/neutron/plugins/ml2/drivers/ovn/mech_driver/ovsdb/ovsdb_monitor.py:1009}}
Jul 15 13:17:37.743115 np0000005192 devstack@neutron-api.service[87541]: DEBUG neutron.plugins.ml2.drivers.ovn.mech_driver.ovsdb.ovsdb_monitor [None req-fe116732-ca3f-46d6-949d-f28604648586 None None] Hash Ring: Node a281a403539e56ec8f1b78321ac221d4 (host: np0000005192) handling event "create" for row a393ac79-96dd-4b7f-8144-851bf494c69b (table: Logical_Switch_Port) {{(pid=87541) notify /opt/stack/neutron/neutron/plugins/ml2/drivers/ovn/mech_driver/ovsdb/ovsdb_monitor.py:1009}}
Jul 15 13:17:37.744222 np0000005192 devstack@neutron-api.service[87541]: DEBUG ovsdbapp.backend.ovs_idl.event [None req-fe116732-ca3f-46d6-949d-f28604648586 None None] Matched CREATE: LogicalSwitchPortCreateEvent(events=('create',), table='Logical_Switch_Port', conditions=[], old_conditions=None), priority=20 to row=Logical_Switch_Port(uuid=a393ac79-96dd-4b7f-8144-851bf494c69b, addresses=['fa:16:3e:1e:9c:61'], dhcpv4_options=[], dhcpv6_options=[], dynamic_addresses=[], enabled=True, external_ids={'neutron:cidrs': '', 'neutron:device_id': 'ovnmeta-ea586f29-3be5-4def-8d39-dff0ce79c5b5', 'neutron:device_owner': 'network:distributed', 'neutron:mtu': '1372', 'neutron:network_name': 'neutron-ea586f29-3be5-4def-8d39-dff0ce79c5b5', 'neutron:port_capabilities': '', 'neutron:port_name': '', 'neutron:project_id': '82a5193b0e554efe82e652427332321f', 'neutron:revision_number': '1', 'neutron:security_group_ids': '', 'neutron:subnet_pool_addr_scope4': '', 'neutron:subnet_pool_addr_scope6': '', 'neutron:vnic_type': 'normal'}, ha_chassis_group=[], mirror_rules=[], name='06e7fb70-6388-4215-acfe-432decee8a17', options={}, parent_name=[], port_security=[], tag=[], tag_request=[], type='localport', up=[]) old= {{(pid=87541) matches /opt/stack/data/venv/lib/python3.12/site-packages/ovsdbapp/backend/ovs_idl/event.py:55}}
Jul 15 13:17:37.746962 np0000005192 devstack@neutron-api.service[87541]: INFO neutron.plugins.ml2.drivers.ovn.mech_driver.mech_driver [None req-950b89e5-c011-4587-a12a-e4b4cd6a3f65 None None] OVN reports status down for port: 06e7fb70-6388-4215-acfe-432decee8a17
Jul 15 13:17:37.750263 np0000005192 devstack@neutron-api.service[87539]: INFO neutron.db.ovn_revision_numbers_db [None req-86702d3a-47c6-451c-b0f8-73187b939544 admin admin] Successfully bumped revision number for resource c76bb190-897f-4523-aaf4-dfef105351dc (type: security_group_rules) to 0
Jul 15 13:17:37.753474 np0000005192 devstack@neutron-api.service[87541]: DEBUG neutron.plugins.ml2.drivers.ovn.mech_driver.ovsdb.ovsdb_monitor [None req-fe116732-ca3f-46d6-949d-f28604648586 None None] Hash Ring: Node a281a403539e56ec8f1b78321ac221d4 (host: np0000005192) handling event "update" for row a393ac79-96dd-4b7f-8144-851bf494c69b (table: Logical_Switch_Port) {{(pid=87541) notify /opt/stack/neutron/neutron/plugins/ml2/drivers/ovn/mech_driver/ovsdb/ovsdb_monitor.py:1009}}
Jul 15 13:17:37.760651 np0000005192 devstack@neutron-api.service[87539]: INFO neutron.db.ovn_revision_numbers_db [None req-86702d3a-47c6-451c-b0f8-73187b939544 admin admin] Successfully bumped revision number for resource dab9933a-e3a2-48b3-8f87-99f3108b50ef (type: security_group_rules) to 0
Jul 15 13:17:37.771225 np0000005192 devstack@neutron-api.service[87540]: INFO neutron.db.ovn_revision_numbers_db [None req-5c4e3418-ce8e-4775-884b-ab26e0abe37e admin admin] Successfully bumped revision number for resource 06e7fb70-6388-4215-acfe-432decee8a17 (type: ports) to 1
Jul 15 13:17:37.772313 np0000005192 devstack@neutron-api.service[87541]: DEBUG neutron_lib.callbacks.manager [None req-1a8288e5-ba32-4d92-bf13-0d7aae6665f5 admin admin] Publish callbacks ['neutron.plugins.ml2.plugin.SecurityGroupDbMixin._ensure_default_security_group_handler-309742'] for port (None), before_create {{(pid=87541) _notify_loop /opt/stack/data/venv/lib/python3.12/site-packages/neutron_lib/callbacks/manager.py:184}}
Jul 15 13:17:37.777935 np0000005192 devstack@neutron-api.service[87540]: DEBUG neutron.pecan_wsgi.hooks.policy_enforcement [None req-5c4e3418-ce8e-4775-884b-ab26e0abe37e admin admin] Attributes excluded by policy engine: ['standard_attr_id'] {{(pid=87540) _exclude_attributes_by_policy /opt/stack/neutron/neutron/pecan_wsgi/hooks/policy_enforcement.py:259}}
Jul 15 13:17:37.778259 np0000005192 devstack@neutron-api.service[87540]: DEBUG neutron_lib.callbacks.manager [None req-5c4e3418-ce8e-4775-884b-ab26e0abe37e admin admin] Publish callbacks [] for network (None), before_response {{(pid=87540) _notify_loop /opt/stack/data/venv/lib/python3.12/site-packages/neutron_lib/callbacks/manager.py:184}}
Jul 15 13:17:37.781320 np0000005192 devstack@neutron-api.service[87539]: DEBUG neutron.api.rpc.handlers.resources_rpc [None req-86702d3a-47c6-451c-b0f8-73187b939544 admin admin] Pushing event updated for resources: {'SecurityGroup': ['ID=19a9827b-4767-4aad-9ab7-606ff46bec5d,revision_number=1']} {{(pid=87539) push /opt/stack/neutron/neutron/api/rpc/handlers/resources_rpc.py:237}}
Jul 15 13:17:37.787306 np0000005192 devstack@neutron-api.service[87539]: DEBUG neutron.api.rpc.callbacks.version_manager [None req-86702d3a-47c6-451c-b0f8-73187b939544 admin admin] Tracked resource versions report:
Jul 15 13:17:37.787306 np0000005192 devstack@neutron-api.service[87539]: pushed versions:
Jul 15 13:17:37.787306 np0000005192 devstack@neutron-api.service[87539]: { 'AddressGroup': {'1.2'},
Jul 15 13:17:37.787306 np0000005192 devstack@neutron-api.service[87539]: 'Agent': {'1.1'},
Jul 15 13:17:37.787306 np0000005192 devstack@neutron-api.service[87539]: 'ConntrackHelper': {'1.0'},
Jul 15 13:17:37.787306 np0000005192 devstack@neutron-api.service[87539]: 'LocalIPAssociation': {'1.0'},
Jul 15 13:17:37.787306 np0000005192 devstack@neutron-api.service[87539]: 'Log': {'1.0'},
Jul 15 13:17:37.787306 np0000005192 devstack@neutron-api.service[87539]: 'NDPProxy': {'1.0'},
Jul 15 13:17:37.787306 np0000005192 devstack@neutron-api.service[87539]: 'Network': {'1.3'},
Jul 15 13:17:37.787306 np0000005192 devstack@neutron-api.service[87539]: 'Port': {'1.11'},
Jul 15 13:17:37.787306 np0000005192 devstack@neutron-api.service[87539]: 'PortForwarding': {'1.3'},
Jul 15 13:17:37.787306 np0000005192 devstack@neutron-api.service[87539]: 'QosPolicy': {'1.10'},
Jul 15 13:17:37.787306 np0000005192 devstack@neutron-api.service[87539]: 'SecurityGroup': {'1.6'},
Jul 15 13:17:37.787306 np0000005192 devstack@neutron-api.service[87539]: 'SecurityGroupRule': {'1.3'},
Jul 15 13:17:37.787306 np0000005192 devstack@neutron-api.service[87539]: 'SubPort': {'1.0'},
Jul 15 13:17:37.787306 np0000005192 devstack@neutron-api.service[87539]: 'Subnet': {'1.2'},
Jul 15 13:17:37.787306 np0000005192 devstack@neutron-api.service[87539]: 'Trunk': {'1.1'}}
Jul 15 13:17:37.787306 np0000005192 devstack@neutron-api.service[87539]: consumer versions:
Jul 15 13:17:37.787306 np0000005192 devstack@neutron-api.service[87539]: { OVN Neutron agent@np0000005192: {},
Jul 15 13:17:37.787306 np0000005192 devstack@neutron-api.service[87539]: OVN Controller Gateway agent@np0000005192: {}}
Jul 15 13:17:37.787306 np0000005192 devstack@neutron-api.service[87539]: {{(pid=87539) report /opt/stack/neutron/neutron/api/rpc/callbacks/version_manager.py:183}}
Jul 15 13:17:37.788687 np0000005192 devstack@neutron-api.service[87540]: [pid: 87540|app: 0|req: 16/44] 10.4.3.196 () {68 vars in 1277 bytes} [Wed Jul 15 13:17:36 2026] POST /networking/v2.0/networks => generated 723 bytes in 823 msecs (HTTP/1.1 201) 4 headers in 162 bytes (1 switches on core 0)
Jul 15 13:17:37.817902 np0000005192 devstack@neutron-api.service[87539]: DEBUG neutron.plugins.ml2.drivers.helpers [None req-86702d3a-47c6-451c-b0f8-73187b939544 admin admin] geneve segment allocate from pool success with {'geneve_vni': 45736} {{(pid=87539) allocate_partially_specified_segment /opt/stack/neutron/neutron/plugins/ml2/drivers/helpers.py:142}}
Jul 15 13:17:37.823955 np0000005192 devstack@neutron-api.service[87539]: DEBUG neutron_lib.callbacks.manager [None req-86702d3a-47c6-451c-b0f8-73187b939544 admin admin] Publish callbacks ['neutron.plugins.ml2.plugin.Ml2Plugin._handle_segment_change-16274480'] for segment (be3312e2-b98d-45c6-9b57-d3b307b0f30d), precommit_create {{(pid=87539) _notify_loop /opt/stack/data/venv/lib/python3.12/site-packages/neutron_lib/callbacks/manager.py:184}}
Jul 15 13:17:37.824184 np0000005192 devstack@neutron-api.service[87539]: INFO neutron.db.segments_db [None req-86702d3a-47c6-451c-b0f8-73187b939544 admin admin] Added segment be3312e2-b98d-45c6-9b57-d3b307b0f30d of type geneve for network 4351e326-ce8a-4208-a9f5-be2e0f69d173
Jul 15 13:17:37.833946 np0000005192 devstack@neutron-api.service[87541]: DEBUG neutron.db.provisioning_blocks [None req-950b89e5-c011-4587-a12a-e4b4cd6a3f65 None None] Transition to ACTIVE for port object 06e7fb70-6388-4215-acfe-432decee8a17 will not be triggered until provisioned by entity L2. {{(pid=87541) add_provisioning_component /opt/stack/neutron/neutron/db/provisioning_blocks.py:74}}
