Jun 27 17:07:55.439358 np0000003842 nova-scheduler[96339]: DEBUG cotyledon.oslo_config_glue [-] profiler.es_scroll_time = 2m {{(pid=96339) log_opt_values /opt/stack/data/venv/lib/python3.12/site-packages/oslo_config/cfg.py:3253}}
Jun 27 17:07:55.439358 np0000003842 nova-scheduler[96339]: DEBUG cotyledon.oslo_config_glue [-] profiler.filter_error_trace = False {{(pid=96339) log_opt_values /opt/stack/data/venv/lib/python3.12/site-packages/oslo_config/cfg.py:3253}}
Jun 27 17:07:55.439358 np0000003842 nova-scheduler[96339]: DEBUG cotyledon.oslo_config_glue [-] profiler.hmac_keys = **** {{(pid=96339) log_opt_values /opt/stack/data/venv/lib/python3.12/site-packages/oslo_config/cfg.py:3253}}
Jun 27 17:07:55.439358 np0000003842 nova-scheduler[96339]: DEBUG cotyledon.oslo_config_glue [-] profiler.sentinel_service_name = mymaster {{(pid=96339) log_opt_values /opt/stack/data/venv/lib/python3.12/site-packages/oslo_config/cfg.py:3253}}
Jun 27 17:07:55.439358 np0000003842 nova-scheduler[96339]: DEBUG cotyledon.oslo_config_glue [-] profiler.socket_timeout = 0.1 {{(pid=96339) log_opt_values /opt/stack/data/venv/lib/python3.12/site-packages/oslo_config/cfg.py:3253}}
Jun 27 17:07:55.439656 np0000003842 nova-scheduler[96339]: DEBUG cotyledon.oslo_config_glue [-] profiler.trace_requests = False {{(pid=96339) log_opt_values /opt/stack/data/venv/lib/python3.12/site-packages/oslo_config/cfg.py:3253}}
Jun 27 17:07:55.439656 np0000003842 nova-scheduler[96339]: DEBUG cotyledon.oslo_config_glue [-] profiler.trace_sqlalchemy = False {{(pid=96339) log_opt_values /opt/stack/data/venv/lib/python3.12/site-packages/oslo_config/cfg.py:3253}}
Jun 27 17:07:55.439656 np0000003842 nova-scheduler[96339]: DEBUG cotyledon.oslo_config_glue [-] profiler_jaeger.process_tags = {} {{(pid=96339) log_opt_values /opt/stack/data/venv/lib/python3.12/site-packages/oslo_config/cfg.py:3253}}
Jun 27 17:07:55.439656 np0000003842 nova-scheduler[96339]: DEBUG cotyledon.oslo_config_glue [-] profiler_jaeger.service_name_prefix = None {{(pid=96339) log_opt_values /opt/stack/data/venv/lib/python3.12/site-packages/oslo_config/cfg.py:3253}}
Jun 27 17:07:55.439656 np0000003842 nova-scheduler[96339]: DEBUG cotyledon.oslo_config_glue [-] profiler_otlp.service_name_prefix = None {{(pid=96339) log_opt_values /opt/stack/data/venv/lib/python3.12/site-packages/oslo_config/cfg.py:3253}}
Jun 27 17:07:55.439656 np0000003842 nova-scheduler[96339]: DEBUG cotyledon.oslo_config_glue [-] oslo_messaging_rabbit.amqp_auto_delete = False {{(pid=96339) log_opt_values /opt/stack/data/venv/lib/python3.12/site-packages/oslo_config/cfg.py:3253}}
Jun 27 17:07:55.439656 np0000003842 nova-scheduler[96339]: DEBUG cotyledon.oslo_config_glue [-] oslo_messaging_rabbit.amqp_durable_queues = False {{(pid=96339) log_opt_values /opt/stack/data/venv/lib/python3.12/site-packages/oslo_config/cfg.py:3253}}
Jun 27 17:07:55.439656 np0000003842 nova-scheduler[96339]: DEBUG cotyledon.oslo_config_glue [-] oslo_messaging_rabbit.conn_pool_min_size = 2 {{(pid=96339) log_opt_values /opt/stack/data/venv/lib/python3.12/site-packages/oslo_config/cfg.py:3253}}
Jun 27 17:07:55.439656 np0000003842 nova-scheduler[96339]: DEBUG cotyledon.oslo_config_glue [-] oslo_messaging_rabbit.conn_pool_ttl = 1200 {{(pid=96339) log_opt_values /opt/stack/data/venv/lib/python3.12/site-packages/oslo_config/cfg.py:3253}}
Jun 27 17:07:55.439887 np0000003842 nova-scheduler[96339]: DEBUG cotyledon.oslo_config_glue [-] oslo_messaging_rabbit.direct_mandatory_flag = True {{(pid=96339) log_opt_values /opt/stack/data/venv/lib/python3.12/site-packages/oslo_config/cfg.py:3253}}
Jun 27 17:07:55.439887 np0000003842 nova-scheduler[96339]: DEBUG cotyledon.oslo_config_glue [-] oslo_messaging_rabbit.enable_cancel_on_failover = False {{(pid=96339) log_opt_values /opt/stack/data/venv/lib/python3.12/site-packages/oslo_config/cfg.py:3253}}
Jun 27 17:07:55.439887 np0000003842 nova-scheduler[96339]: DEBUG cotyledon.oslo_config_glue [-] oslo_messaging_rabbit.heartbeat_rate = 3 {{(pid=96339) log_opt_values /opt/stack/data/venv/lib/python3.12/site-packages/oslo_config/cfg.py:3253}}
Jun 27 17:07:55.439887 np0000003842 nova-scheduler[96339]: DEBUG cotyledon.oslo_config_glue [-] oslo_messaging_rabbit.heartbeat_timeout_threshold = 60 {{(pid=96339) log_opt_values /opt/stack/data/venv/lib/python3.12/site-packages/oslo_config/cfg.py:3253}}
Jun 27 17:07:55.439887 np0000003842 nova-scheduler[96339]: DEBUG cotyledon.oslo_config_glue [-] oslo_messaging_rabbit.hostname = np0000003842 {{(pid=96339) log_opt_values /opt/stack/data/venv/lib/python3.12/site-packages/oslo_config/cfg.py:3253}}
Jun 27 17:07:55.439887 np0000003842 nova-scheduler[96339]: DEBUG cotyledon.oslo_config_glue [-] oslo_messaging_rabbit.kombu_compression = None {{(pid=96339) log_opt_values /opt/stack/data/venv/lib/python3.12/site-packages/oslo_config/cfg.py:3253}}
Jun 27 17:07:55.439887 np0000003842 nova-scheduler[96339]: DEBUG cotyledon.oslo_config_glue [-] oslo_messaging_rabbit.kombu_failover_strategy = round-robin {{(pid=96339) log_opt_values /opt/stack/data/venv/lib/python3.12/site-packages/oslo_config/cfg.py:3253}}
Jun 27 17:07:55.440047 np0000003842 nova-scheduler[96348]: INFO dbcounter [None req-be268204-fcd9-4fd3-bcaa-e2ebe11e2bcf None None] Registered counter for database nova_cell0
Jun 27 17:07:55.440106 np0000003842 nova-scheduler[96339]: DEBUG cotyledon.oslo_config_glue [-] oslo_messaging_rabbit.kombu_missing_consumer_retry_timeout = 60 {{(pid=96339) log_opt_values /opt/stack/data/venv/lib/python3.12/site-packages/oslo_config/cfg.py:3253}}
Jun 27 17:07:55.440106 np0000003842 nova-scheduler[96339]: DEBUG cotyledon.oslo_config_glue [-] oslo_messaging_rabbit.kombu_reconnect_delay = 1.0 {{(pid=96339) log_opt_values /opt/stack/data/venv/lib/python3.12/site-packages/oslo_config/cfg.py:3253}}
Jun 27 17:07:55.440106 np0000003842 nova-scheduler[96339]: DEBUG cotyledon.oslo_config_glue [-] oslo_messaging_rabbit.kombu_reconnect_splay = 0.0 {{(pid=96339) log_opt_values /opt/stack/data/venv/lib/python3.12/site-packages/oslo_config/cfg.py:3253}}
Jun 27 17:07:55.440106 np0000003842 nova-scheduler[96339]: DEBUG cotyledon.oslo_config_glue [-] oslo_messaging_rabbit.processname = nova-scheduler {{(pid=96339) log_opt_values /opt/stack/data/venv/lib/python3.12/site-packages/oslo_config/cfg.py:3253}}
Jun 27 17:07:55.440106 np0000003842 nova-scheduler[96339]: DEBUG cotyledon.oslo_config_glue [-] oslo_messaging_rabbit.rabbit_ha_queues = False {{(pid=96339) log_opt_values /opt/stack/data/venv/lib/python3.12/site-packages/oslo_config/cfg.py:3253}}
Jun 27 17:07:55.440106 np0000003842 nova-scheduler[96339]: DEBUG cotyledon.oslo_config_glue [-] oslo_messaging_rabbit.rabbit_interval_max = 30 {{(pid=96339) log_opt_values /opt/stack/data/venv/lib/python3.12/site-packages/oslo_config/cfg.py:3253}}
Jun 27 17:07:55.440106 np0000003842 nova-scheduler[96339]: DEBUG cotyledon.oslo_config_glue [-] oslo_messaging_rabbit.rabbit_login_method = AMQPLAIN {{(pid=96339) log_opt_values /opt/stack/data/venv/lib/python3.12/site-packages/oslo_config/cfg.py:3253}}
Jun 27 17:07:55.440106 np0000003842 nova-scheduler[96339]: DEBUG cotyledon.oslo_config_glue [-] oslo_messaging_rabbit.rabbit_qos_prefetch_count = 0 {{(pid=96339) log_opt_values /opt/stack/data/venv/lib/python3.12/site-packages/oslo_config/cfg.py:3253}}
Jun 27 17:07:55.440106 np0000003842 nova-scheduler[96339]: DEBUG cotyledon.oslo_config_glue [-] oslo_messaging_rabbit.rabbit_quorum_delivery_limit = 0 {{(pid=96339) log_opt_values /opt/stack/data/venv/lib/python3.12/site-packages/oslo_config/cfg.py:3253}}
Jun 27 17:07:55.440355 np0000003842 nova-scheduler[96339]: DEBUG cotyledon.oslo_config_glue [-] oslo_messaging_rabbit.rabbit_quorum_max_memory_bytes = 0 {{(pid=96339) log_opt_values /opt/stack/data/venv/lib/python3.12/site-packages/oslo_config/cfg.py:3253}}
Jun 27 17:07:55.440355 np0000003842 nova-scheduler[96339]: DEBUG cotyledon.oslo_config_glue [-] oslo_messaging_rabbit.rabbit_quorum_max_memory_length = 0 {{(pid=96339) log_opt_values /opt/stack/data/venv/lib/python3.12/site-packages/oslo_config/cfg.py:3253}}
Jun 27 17:07:55.440355 np0000003842 nova-scheduler[96339]: DEBUG cotyledon.oslo_config_glue [-] oslo_messaging_rabbit.rabbit_quorum_queue = False {{(pid=96339) log_opt_values /opt/stack/data/venv/lib/python3.12/site-packages/oslo_config/cfg.py:3253}}
Jun 27 17:07:55.440355 np0000003842 nova-scheduler[96339]: DEBUG cotyledon.oslo_config_glue [-] oslo_messaging_rabbit.rabbit_retry_backoff = 2 {{(pid=96339) log_opt_values /opt/stack/data/venv/lib/python3.12/site-packages/oslo_config/cfg.py:3253}}
Jun 27 17:07:55.440355 np0000003842 nova-scheduler[96339]: DEBUG cotyledon.oslo_config_glue [-] oslo_messaging_rabbit.rabbit_retry_interval = 1 {{(pid=96339) log_opt_values /opt/stack/data/venv/lib/python3.12/site-packages/oslo_config/cfg.py:3253}}
Jun 27 17:07:55.440355 np0000003842 nova-scheduler[96339]: DEBUG cotyledon.oslo_config_glue [-] oslo_messaging_rabbit.rabbit_stream_fanout = False {{(pid=96339) log_opt_values /opt/stack/data/venv/lib/python3.12/site-packages/oslo_config/cfg.py:3253}}
Jun 27 17:07:55.440355 np0000003842 nova-scheduler[96339]: DEBUG cotyledon.oslo_config_glue [-] oslo_messaging_rabbit.rabbit_transient_queues_ttl = 1800 {{(pid=96339) log_opt_values /opt/stack/data/venv/lib/python3.12/site-packages/oslo_config/cfg.py:3253}}
Jun 27 17:07:55.440355 np0000003842 nova-scheduler[96339]: DEBUG cotyledon.oslo_config_glue [-] oslo_messaging_rabbit.rabbit_transient_quorum_queue = False {{(pid=96339) log_opt_values /opt/stack/data/venv/lib/python3.12/site-packages/oslo_config/cfg.py:3253}}
Jun 27 17:07:55.440614 np0000003842 nova-scheduler[96339]: DEBUG cotyledon.oslo_config_glue [-] oslo_messaging_rabbit.rpc_conn_pool_size = 30 {{(pid=96339) log_opt_values /opt/stack/data/venv/lib/python3.12/site-packages/oslo_config/cfg.py:3253}}
Jun 27 17:07:55.440614 np0000003842 nova-scheduler[96339]: DEBUG cotyledon.oslo_config_glue [-] oslo_messaging_rabbit.ssl = False {{(pid=96339) log_opt_values /opt/stack/data/venv/lib/python3.12/site-packages/oslo_config/cfg.py:3253}}
Jun 27 17:07:55.440614 np0000003842 nova-scheduler[96339]: DEBUG cotyledon.oslo_config_glue [-] oslo_messaging_rabbit.ssl_ca_file = {{(pid=96339) log_opt_values /opt/stack/data/venv/lib/python3.12/site-packages/oslo_config/cfg.py:3253}}
Jun 27 17:07:55.440614 np0000003842 nova-scheduler[96339]: DEBUG cotyledon.oslo_config_glue [-] oslo_messaging_rabbit.ssl_cert_file = {{(pid=96339) log_opt_values /opt/stack/data/venv/lib/python3.12/site-packages/oslo_config/cfg.py:3253}}
Jun 27 17:07:55.440614 np0000003842 nova-scheduler[96339]: DEBUG cotyledon.oslo_config_glue [-] oslo_messaging_rabbit.ssl_enforce_fips_mode = False {{(pid=96339) log_opt_values /opt/stack/data/venv/lib/python3.12/site-packages/oslo_config/cfg.py:3253}}
Jun 27 17:07:55.440614 np0000003842 nova-scheduler[96339]: DEBUG cotyledon.oslo_config_glue [-] oslo_messaging_rabbit.ssl_enforce_hostname_verification = True {{(pid=96339) log_opt_values /opt/stack/data/venv/lib/python3.12/site-packages/oslo_config/cfg.py:3253}}
Jun 27 17:07:55.440614 np0000003842 nova-scheduler[96339]: DEBUG cotyledon.oslo_config_glue [-] oslo_messaging_rabbit.ssl_key_file = {{(pid=96339) log_opt_values /opt/stack/data/venv/lib/python3.12/site-packages/oslo_config/cfg.py:3253}}
Jun 27 17:07:55.440614 np0000003842 nova-scheduler[96339]: DEBUG cotyledon.oslo_config_glue [-] oslo_messaging_rabbit.ssl_version = {{(pid=96339) log_opt_values /opt/stack/data/venv/lib/python3.12/site-packages/oslo_config/cfg.py:3253}}
Jun 27 17:07:55.440614 np0000003842 nova-scheduler[96339]: DEBUG cotyledon.oslo_config_glue [-] oslo_messaging_rabbit.use_queue_manager = False {{(pid=96339) log_opt_values /opt/stack/data/venv/lib/python3.12/site-packages/oslo_config/cfg.py:3253}}
Jun 27 17:07:55.440934 np0000003842 nova-scheduler[96339]: DEBUG cotyledon.oslo_config_glue [-] oslo_messaging_notifications.driver = ['messagingv2'] {{(pid=96339) log_opt_values /opt/stack/data/venv/lib/python3.12/site-packages/oslo_config/cfg.py:3253}}
Jun 27 17:07:55.440934 np0000003842 nova-scheduler[96339]: DEBUG cotyledon.oslo_config_glue [-] oslo_messaging_notifications.retry = -1 {{(pid=96339) log_opt_values /opt/stack/data/venv/lib/python3.12/site-packages/oslo_config/cfg.py:3253}}
Jun 27 17:07:55.440934 np0000003842 nova-scheduler[96339]: DEBUG cotyledon.oslo_config_glue [-] oslo_messaging_notifications.topics = ['notifications'] {{(pid=96339) log_opt_values /opt/stack/data/venv/lib/python3.12/site-packages/oslo_config/cfg.py:3253}}
Jun 27 17:07:55.440934 np0000003842 nova-scheduler[96339]: DEBUG cotyledon.oslo_config_glue [-] oslo_messaging_notifications.transport_url = **** {{(pid=96339) log_opt_values /opt/stack/data/venv/lib/python3.12/site-packages/oslo_config/cfg.py:3253}}
Jun 27 17:07:55.440934 np0000003842 nova-scheduler[96339]: DEBUG cotyledon.oslo_config_glue [-] oslo_limit.auth_section = None {{(pid=96339) log_opt_values /opt/stack/data/venv/lib/python3.12/site-packages/oslo_config/cfg.py:3253}}
Jun 27 17:07:55.440934 np0000003842 nova-scheduler[96339]: DEBUG cotyledon.oslo_config_glue [-] oslo_limit.auth_type = None {{(pid=96339) log_opt_values /opt/stack/data/venv/lib/python3.12/site-packages/oslo_config/cfg.py:3253}}
Jun 27 17:07:55.440934 np0000003842 nova-scheduler[96339]: DEBUG cotyledon.oslo_config_glue [-] oslo_limit.cafile = None {{(pid=96339) log_opt_values /opt/stack/data/venv/lib/python3.12/site-packages/oslo_config/cfg.py:3253}}
Jun 27 17:07:55.440934 np0000003842 nova-scheduler[96339]: DEBUG cotyledon.oslo_config_glue [-] oslo_limit.certfile = None {{(pid=96339) log_opt_values /opt/stack/data/venv/lib/python3.12/site-packages/oslo_config/cfg.py:3253}}
Jun 27 17:07:55.440934 np0000003842 nova-scheduler[96339]: DEBUG cotyledon.oslo_config_glue [-] oslo_limit.collect_timing = False {{(pid=96339) log_opt_values /opt/stack/data/venv/lib/python3.12/site-packages/oslo_config/cfg.py:3253}}
Jun 27 17:07:55.441301 np0000003842 nova-scheduler[96339]: DEBUG cotyledon.oslo_config_glue [-] oslo_limit.connect_retries = None {{(pid=96339) log_opt_values /opt/stack/data/venv/lib/python3.12/site-packages/oslo_config/cfg.py:3253}}
Jun 27 17:07:55.441301 np0000003842 nova-scheduler[96339]: DEBUG cotyledon.oslo_config_glue [-] oslo_limit.connect_retry_delay = None {{(pid=96339) log_opt_values /opt/stack/data/venv/lib/python3.12/site-packages/oslo_config/cfg.py:3253}}
Jun 27 17:07:55.441301 np0000003842 nova-scheduler[96339]: DEBUG cotyledon.oslo_config_glue [-] oslo_limit.endpoint_id = None {{(pid=96339) log_opt_values /opt/stack/data/venv/lib/python3.12/site-packages/oslo_config/cfg.py:3253}}
Jun 27 17:07:55.441301 np0000003842 nova-scheduler[96339]: DEBUG cotyledon.oslo_config_glue [-] oslo_limit.endpoint_interface = public {{(pid=96339) log_opt_values /opt/stack/data/venv/lib/python3.12/site-packages/oslo_config/cfg.py:3253}}
Jun 27 17:07:55.441301 np0000003842 nova-scheduler[96339]: DEBUG cotyledon.oslo_config_glue [-] oslo_limit.endpoint_override = None {{(pid=96339) log_opt_values /opt/stack/data/venv/lib/python3.12/site-packages/oslo_config/cfg.py:3253}}
Jun 27 17:07:55.441301 np0000003842 nova-scheduler[96339]: DEBUG cotyledon.oslo_config_glue [-] oslo_limit.endpoint_region_name = None {{(pid=96339) log_opt_values /opt/stack/data/venv/lib/python3.12/site-packages/oslo_config/cfg.py:3253}}
Jun 27 17:07:55.441301 np0000003842 nova-scheduler[96339]: DEBUG cotyledon.oslo_config_glue [-] oslo_limit.endpoint_service_name = None {{(pid=96339) log_opt_values /opt/stack/data/venv/lib/python3.12/site-packages/oslo_config/cfg.py:3253}}
Jun 27 17:07:55.441301 np0000003842 nova-scheduler[96339]: DEBUG cotyledon.oslo_config_glue [-] oslo_limit.endpoint_service_type = None {{(pid=96339) log_opt_values /opt/stack/data/venv/lib/python3.12/site-packages/oslo_config/cfg.py:3253}}
Jun 27 17:07:55.441301 np0000003842 nova-scheduler[96339]: DEBUG cotyledon.oslo_config_glue [-] oslo_limit.insecure = False {{(pid=96339) log_opt_values /opt/stack/data/venv/lib/python3.12/site-packages/oslo_config/cfg.py:3253}}
Jun 27 17:07:55.441580 np0000003842 nova-scheduler[96339]: DEBUG cotyledon.oslo_config_glue [-] oslo_limit.keyfile = None {{(pid=96339) log_opt_values /opt/stack/data/venv/lib/python3.12/site-packages/oslo_config/cfg.py:3253}}
Jun 27 17:07:55.441580 np0000003842 nova-scheduler[96339]: DEBUG cotyledon.oslo_config_glue [-] oslo_limit.max_version = None {{(pid=96339) log_opt_values /opt/stack/data/venv/lib/python3.12/site-packages/oslo_config/cfg.py:3253}}
Jun 27 17:07:55.441580 np0000003842 nova-scheduler[96339]: DEBUG cotyledon.oslo_config_glue [-] oslo_limit.min_version = None {{(pid=96339) log_opt_values /opt/stack/data/venv/lib/python3.12/site-packages/oslo_config/cfg.py:3253}}
Jun 27 17:07:55.441580 np0000003842 nova-scheduler[96339]: DEBUG cotyledon.oslo_config_glue [-] oslo_limit.region_name = None {{(pid=96339) log_opt_values /opt/stack/data/venv/lib/python3.12/site-packages/oslo_config/cfg.py:3253}}
Jun 27 17:07:55.441580 np0000003842 nova-scheduler[96339]: DEBUG cotyledon.oslo_config_glue [-] oslo_limit.retriable_status_codes = None {{(pid=96339) log_opt_values /opt/stack/data/venv/lib/python3.12/site-packages/oslo_config/cfg.py:3253}}
Jun 27 17:07:55.441580 np0000003842 nova-scheduler[96339]: DEBUG cotyledon.oslo_config_glue [-] oslo_limit.service_name = None {{(pid=96339) log_opt_values /opt/stack/data/venv/lib/python3.12/site-packages/oslo_config/cfg.py:3253}}
Jun 27 17:07:55.441580 np0000003842 nova-scheduler[96339]: DEBUG cotyledon.oslo_config_glue [-] oslo_limit.service_type = None {{(pid=96339) log_opt_values /opt/stack/data/venv/lib/python3.12/site-packages/oslo_config/cfg.py:3253}}
Jun 27 17:07:55.441580 np0000003842 nova-scheduler[96339]: DEBUG cotyledon.oslo_config_glue [-] oslo_limit.split_loggers = False {{(pid=96339) log_opt_values /opt/stack/data/venv/lib/python3.12/site-packages/oslo_config/cfg.py:3253}}
Jun 27 17:07:55.441580 np0000003842 nova-scheduler[96339]: DEBUG cotyledon.oslo_config_glue [-] oslo_limit.status_code_retries = None {{(pid=96339) log_opt_values /opt/stack/data/venv/lib/python3.12/site-packages/oslo_config/cfg.py:3253}}
Jun 27 17:07:55.441905 np0000003842 nova-scheduler[96339]: DEBUG cotyledon.oslo_config_glue [-] oslo_limit.status_code_retry_delay = None {{(pid=96339) log_opt_values /opt/stack/data/venv/lib/python3.12/site-packages/oslo_config/cfg.py:3253}}
Jun 27 17:07:55.441905 np0000003842 nova-scheduler[96339]: DEBUG cotyledon.oslo_config_glue [-] oslo_limit.timeout = None {{(pid=96339) log_opt_values /opt/stack/data/venv/lib/python3.12/site-packages/oslo_config/cfg.py:3253}}
Jun 27 17:07:55.441905 np0000003842 nova-scheduler[96339]: DEBUG cotyledon.oslo_config_glue [-] oslo_limit.valid_interfaces = None {{(pid=96339) log_opt_values /opt/stack/data/venv/lib/python3.12/site-packages/oslo_config/cfg.py:3253}}
Jun 27 17:07:55.441905 np0000003842 nova-scheduler[96339]: DEBUG cotyledon.oslo_config_glue [-] oslo_limit.version = None {{(pid=96339) log_opt_values /opt/stack/data/venv/lib/python3.12/site-packages/oslo_config/cfg.py:3253}}
Jun 27 17:07:55.441905 np0000003842 nova-scheduler[96339]: DEBUG cotyledon.oslo_config_glue [-] oslo_reports.file_event_handler = None {{(pid=96339) log_opt_values /opt/stack/data/venv/lib/python3.12/site-packages/oslo_config/cfg.py:3253}}
Jun 27 17:07:55.441905 np0000003842 nova-scheduler[96339]: DEBUG cotyledon.oslo_config_glue [-] oslo_reports.file_event_handler_interval = 1 {{(pid=96339) log_opt_values /opt/stack/data/venv/lib/python3.12/site-packages/oslo_config/cfg.py:3253}}
Jun 27 17:07:55.441905 np0000003842 nova-scheduler[96339]: DEBUG cotyledon.oslo_config_glue [-] oslo_reports.log_dir = None {{(pid=96339) log_opt_values /opt/stack/data/venv/lib/python3.12/site-packages/oslo_config/cfg.py:3253}}
Jun 27 17:07:55.441905 np0000003842 nova-scheduler[96339]: DEBUG cotyledon.oslo_config_glue [-] ******************************************************************************** {{(pid=96339) log_opt_values /opt/stack/data/venv/lib/python3.12/site-packages/oslo_config/cfg.py:3260}}
Jun 27 17:07:55.441905 np0000003842 nova-scheduler[96339]: DEBUG cotyledon._service_worker [-] Run service ServiceWrapper(1) [96339] {{(pid=96339) wait_forever /opt/stack/data/venv/lib/python3.12/site-packages/cotyledon/_service_worker.py:218}}
Jun 27 17:07:55.442232 np0000003842 nova-scheduler[96339]: INFO nova.service [-] Starting scheduler node (version 33.1.0)
Jun 27 17:07:55.442232 np0000003842 nova-scheduler[96339]: INFO dbcounter [None req-46040394-5b30-4f76-8f57-d31e0f468e57 None None] Registered counter for database nova_cell0
Jun 27 17:07:55.442308 np0000003842 nova-scheduler[96337]: DEBUG oslo_db.sqlalchemy.engines [None req-82c1dc7e-36a0-4aad-9d47-e5b2aa8703ad None None] MySQL server mode set to STRICT_TRANS_TABLES,STRICT_ALL_TABLES,NO_ZERO_IN_DATE,NO_ZERO_DATE,ERROR_FOR_DIVISION_BY_ZERO,TRADITIONAL,NO_ENGINE_SUBSTITUTION {{(pid=96337) _check_effective_sql_mode /opt/stack/data/venv/lib/python3.12/site-packages/oslo_db/sqlalchemy/engines.py:325}}
Jun 27 17:07:55.442308 np0000003842 nova-scheduler[96337]: DEBUG dbcounter [-] [96337] Writer thread running {{(pid=96337) stat_writer /opt/stack/data/venv/lib/python3.12/site-packages/dbcounter.py:102}}
Jun 27 17:07:55.442386 np0000003842 nova-scheduler[96345]: DEBUG oslo_db.sqlalchemy.engines [None req-2a1f90d4-bb62-4841-be6d-f6b548cc5b53 None None] MySQL server mode set to STRICT_TRANS_TABLES,STRICT_ALL_TABLES,NO_ZERO_IN_DATE,NO_ZERO_DATE,ERROR_FOR_DIVISION_BY_ZERO,TRADITIONAL,NO_ENGINE_SUBSTITUTION {{(pid=96345) _check_effective_sql_mode /opt/stack/data/venv/lib/python3.12/site-packages/oslo_db/sqlalchemy/engines.py:325}}
Jun 27 17:07:55.443518 np0000003842 nova-scheduler[96348]: DEBUG oslo_db.sqlalchemy.engines [None req-be268204-fcd9-4fd3-bcaa-e2ebe11e2bcf None None] MySQL server mode set to STRICT_TRANS_TABLES,STRICT_ALL_TABLES,NO_ZERO_IN_DATE,NO_ZERO_DATE,ERROR_FOR_DIVISION_BY_ZERO,TRADITIONAL,NO_ENGINE_SUBSTITUTION {{(pid=96348) _check_effective_sql_mode /opt/stack/data/venv/lib/python3.12/site-packages/oslo_db/sqlalchemy/engines.py:325}}
Jun 27 17:07:55.448960 np0000003842 nova-scheduler[96339]: DEBUG oslo_db.sqlalchemy.engines [None req-46040394-5b30-4f76-8f57-d31e0f468e57 None None] MySQL server mode set to STRICT_TRANS_TABLES,STRICT_ALL_TABLES,NO_ZERO_IN_DATE,NO_ZERO_DATE,ERROR_FOR_DIVISION_BY_ZERO,TRADITIONAL,NO_ENGINE_SUBSTITUTION {{(pid=96339) _check_effective_sql_mode /opt/stack/data/venv/lib/python3.12/site-packages/oslo_db/sqlalchemy/engines.py:325}}
Jun 27 17:07:55.452069 np0000003842 nova-scheduler[96345]: DEBUG dbcounter [-] [96345] Writer thread running {{(pid=96345) stat_writer /opt/stack/data/venv/lib/python3.12/site-packages/dbcounter.py:102}}
Jun 27 17:07:55.454173 np0000003842 nova-scheduler[96348]: DEBUG dbcounter [-] [96348] Writer thread running {{(pid=96348) stat_writer /opt/stack/data/venv/lib/python3.12/site-packages/dbcounter.py:102}}
Jun 27 17:07:55.454295 np0000003842 nova-scheduler[96337]: DEBUG nova.service [None req-82c1dc7e-36a0-4aad-9d47-e5b2aa8703ad None None] Creating RPC server for service: nova-scheduler on topic: scheduler {{(pid=96337) start /opt/stack/nova/nova/service.py:196}}
Jun 27 17:07:55.456413 np0000003842 nova-scheduler[96345]: DEBUG nova.service [None req-2a1f90d4-bb62-4841-be6d-f6b548cc5b53 None None] Creating RPC server for service: nova-scheduler on topic: scheduler {{(pid=96345) start /opt/stack/nova/nova/service.py:196}}
Jun 27 17:07:55.457452 np0000003842 nova-scheduler[96348]: DEBUG nova.service [None req-be268204-fcd9-4fd3-bcaa-e2ebe11e2bcf None None] Creating RPC server for service: nova-scheduler on topic: scheduler {{(pid=96348) start /opt/stack/nova/nova/service.py:196}}
Jun 27 17:07:55.460223 np0000003842 nova-scheduler[96339]: DEBUG dbcounter [-] [96339] Writer thread running {{(pid=96339) stat_writer /opt/stack/data/venv/lib/python3.12/site-packages/dbcounter.py:102}}
Jun 27 17:07:55.463619 np0000003842 nova-scheduler[96339]: DEBUG nova.service [None req-46040394-5b30-4f76-8f57-d31e0f468e57 None None] Creating RPC server for service: nova-scheduler on topic: scheduler {{(pid=96339) start /opt/stack/nova/nova/service.py:196}}
Jun 27 17:07:55.482656 np0000003842 nova-scheduler[96348]: DEBUG nova.service [None req-be268204-fcd9-4fd3-bcaa-e2ebe11e2bcf None None] Join ServiceGroup membership for this service scheduler {{(pid=96348) start /opt/stack/nova/nova/service.py:222}}
Jun 27 17:07:55.482844 np0000003842 nova-scheduler[96337]: DEBUG nova.service [None req-82c1dc7e-36a0-4aad-9d47-e5b2aa8703ad None None] Join ServiceGroup membership for this service scheduler {{(pid=96337) start /opt/stack/nova/nova/service.py:222}}
Jun 27 17:07:55.482844 np0000003842 nova-scheduler[96337]: DEBUG nova.servicegroup.drivers.db [None req-82c1dc7e-36a0-4aad-9d47-e5b2aa8703ad None None] DB_Driver: join new ServiceGroup member np0000003842 to the scheduler group, service = {{(pid=96337) join /opt/stack/nova/nova/servicegroup/drivers/db.py:44}}
Jun 27 17:07:55.482947 np0000003842 nova-scheduler[96348]: DEBUG nova.servicegroup.drivers.db [None req-be268204-fcd9-4fd3-bcaa-e2ebe11e2bcf None None] DB_Driver: join new ServiceGroup member np0000003842 to the scheduler group, service = {{(pid=96348) join /opt/stack/nova/nova/servicegroup/drivers/db.py:44}}
Jun 27 17:07:55.485484 np0000003842 nova-scheduler[96339]: DEBUG nova.service [None req-46040394-5b30-4f76-8f57-d31e0f468e57 None None] Join ServiceGroup membership for this service scheduler {{(pid=96339) start /opt/stack/nova/nova/service.py:222}}
Jun 27 17:07:55.485804 np0000003842 nova-scheduler[96339]: DEBUG nova.servicegroup.drivers.db [None req-46040394-5b30-4f76-8f57-d31e0f468e57 None None] DB_Driver: join new ServiceGroup member np0000003842 to the scheduler group, service = {{(pid=96339) join /opt/stack/nova/nova/servicegroup/drivers/db.py:44}}
Jun 27 17:07:55.489803 np0000003842 nova-scheduler[96345]: DEBUG nova.service [None req-2a1f90d4-bb62-4841-be6d-f6b548cc5b53 None None] Join ServiceGroup membership for this service scheduler {{(pid=96345) start /opt/stack/nova/nova/service.py:222}}
Jun 27 17:07:55.489985 np0000003842 nova-scheduler[96345]: DEBUG nova.servicegroup.drivers.db [None req-2a1f90d4-bb62-4841-be6d-f6b548cc5b53 None None] DB_Driver: join new ServiceGroup member np0000003842 to the scheduler group, service = {{(pid=96345) join /opt/stack/nova/nova/servicegroup/drivers/db.py:44}}
Jun 27 17:08:00.503030 np0000003842 nova-scheduler[96337]: DEBUG oslo.service.backend._threading.loopingcall [-] Fixed interval looping call 'nova.servicegroup.drivers.db.DbDriver._report_state' sleeping for 119.98 seconds {{(pid=96337) _run_loop /opt/stack/data/venv/lib/python3.12/site-packages/oslo_service/backend/_threading/loopingcall.py:125}}
Jun 27 17:08:00.503418 np0000003842 nova-scheduler[96348]: DEBUG oslo.service.backend._threading.loopingcall [-] Fixed interval looping call 'nova.servicegroup.drivers.db.DbDriver._report_state' sleeping for 119.98 seconds {{(pid=96348) _run_loop /opt/stack/data/venv/lib/python3.12/site-packages/oslo_service/backend/_threading/loopingcall.py:125}}
Jun 27 17:08:00.503991 np0000003842 nova-scheduler[96339]: DEBUG oslo.service.backend._threading.loopingcall [-] Fixed interval looping call 'nova.servicegroup.drivers.db.DbDriver._report_state' sleeping for 119.98 seconds {{(pid=96339) _run_loop /opt/stack/data/venv/lib/python3.12/site-packages/oslo_service/backend/_threading/loopingcall.py:125}}
Jun 27 17:08:00.507941 np0000003842 nova-scheduler[96345]: DEBUG oslo.service.backend._threading.loopingcall [-] Fixed interval looping call 'nova.servicegroup.drivers.db.DbDriver._report_state' sleeping for 119.98 seconds {{(pid=96345) _run_loop /opt/stack/data/venv/lib/python3.12/site-packages/oslo_service/backend/_threading/loopingcall.py:125}}
Jun 27 17:08:04.001012 np0000003842 nova-scheduler[95140]: DEBUG dbcounter [-] [95140] Writing DB stats nova_api:SELECT=3 {{(pid=95140) stat_writer /opt/stack/data/venv/lib/python3.12/site-packages/dbcounter.py:115}}
Jun 27 17:08:04.143865 np0000003842 nova-scheduler[95140]: DEBUG dbcounter [-] [95140] Writing DB stats nova_cell0:SELECT=1 {{(pid=95140) stat_writer /opt/stack/data/venv/lib/python3.12/site-packages/dbcounter.py:115}}
Jun 27 17:08:04.148251 np0000003842 nova-scheduler[95140]: DEBUG dbcounter [-] [95140] Writing DB stats nova_cell1:SELECT=1 {{(pid=95140) stat_writer /opt/stack/data/venv/lib/python3.12/site-packages/dbcounter.py:115}}
Jun 27 17:08:09.492531 np0000003842 nova-scheduler[96345]: DEBUG oslo.service.backend._threading.loopingcall [None req-2a849acb-6678-46db-bd68-780eef968267 None None] Dynamic interval looping call 'nova.service.Service.periodic_tasks' sleeping for 60.00 seconds {{(pid=96345) _run_loop /opt/stack/data/venv/lib/python3.12/site-packages/oslo_service/backend/_threading/loopingcall.py:125}}
Jun 27 17:08:10.495417 np0000003842 nova-scheduler[96337]: DEBUG dbcounter [-] [96337] Writing DB stats nova_cell0:SELECT=4,nova_cell0:INSERT=1,nova_cell0:UPDATE=1 {{(pid=96337) stat_writer /opt/stack/data/venv/lib/python3.12/site-packages/dbcounter.py:115}}
Jun 27 17:08:10.497759 np0000003842 nova-scheduler[96348]: DEBUG dbcounter [-] [96348] Writing DB stats nova_cell0:SELECT=3,nova_cell0:UPDATE=1 {{(pid=96348) stat_writer /opt/stack/data/venv/lib/python3.12/site-packages/dbcounter.py:115}}
Jun 27 17:08:10.499096 np0000003842 nova-scheduler[96339]: DEBUG dbcounter [-] [96339] Writing DB stats nova_cell0:SELECT=3,nova_cell0:UPDATE=1 {{(pid=96339) stat_writer /opt/stack/data/venv/lib/python3.12/site-packages/dbcounter.py:115}}
Jun 27 17:08:10.504156 np0000003842 nova-scheduler[96345]: DEBUG dbcounter [-] [96345] Writing DB stats nova_cell0:SELECT=3,nova_cell0:UPDATE=1 {{(pid=96345) stat_writer /opt/stack/data/venv/lib/python3.12/site-packages/dbcounter.py:115}}
Jun 27 17:08:32.487956 np0000003842 nova-scheduler[96339]: DEBUG oslo.service.backend._threading.loopingcall [None req-400dd6fb-31b2-41df-be7b-f5e0f604e4ef None None] Dynamic interval looping call 'nova.service.Service.periodic_tasks' sleeping for 60.00 seconds {{(pid=96339) _run_loop /opt/stack/data/venv/lib/python3.12/site-packages/oslo_service/backend/_threading/loopingcall.py:125}}
Jun 27 17:08:40.485796 np0000003842 nova-scheduler[96337]: DEBUG oslo.service.backend._threading.loopingcall [None req-ed3d658d-125b-4659-8477-94c99dc1ec2b None None] Dynamic interval looping call 'nova.service.Service.periodic_tasks' sleeping for 60.00 seconds {{(pid=96337) _run_loop /opt/stack/data/venv/lib/python3.12/site-packages/oslo_service/backend/_threading/loopingcall.py:125}}
Jun 27 17:08:48.485366 np0000003842 nova-scheduler[96348]: DEBUG oslo.service.backend._threading.loopingcall [None req-03e55215-9870-4663-8133-609997755362 None None] Dynamic interval looping call 'nova.service.Service.periodic_tasks' sleeping for 60.00 seconds {{(pid=96348) _run_loop /opt/stack/data/venv/lib/python3.12/site-packages/oslo_service/backend/_threading/loopingcall.py:125}}
Jun 27 17:09:09.493026 np0000003842 nova-scheduler[96345]: DEBUG oslo.service.backend._threading.loopingcall [None req-2a849acb-6678-46db-bd68-780eef968267 None None] Dynamic interval looping call 'nova.service.Service.periodic_tasks' sleeping for 60.00 seconds {{(pid=96345) _run_loop /opt/stack/data/venv/lib/python3.12/site-packages/oslo_service/backend/_threading/loopingcall.py:125}}
Jun 27 17:09:32.488446 np0000003842 nova-scheduler[96339]: DEBUG oslo.service.backend._threading.loopingcall [None req-400dd6fb-31b2-41df-be7b-f5e0f604e4ef None None] Dynamic interval looping call 'nova.service.Service.periodic_tasks' sleeping for 60.00 seconds {{(pid=96339) _run_loop /opt/stack/data/venv/lib/python3.12/site-packages/oslo_service/backend/_threading/loopingcall.py:125}}
Jun 27 17:09:40.486283 np0000003842 nova-scheduler[96337]: DEBUG oslo.service.backend._threading.loopingcall [None req-ed3d658d-125b-4659-8477-94c99dc1ec2b None None] Dynamic interval looping call 'nova.service.Service.periodic_tasks' sleeping for 60.00 seconds {{(pid=96337) _run_loop /opt/stack/data/venv/lib/python3.12/site-packages/oslo_service/backend/_threading/loopingcall.py:125}}
Jun 27 17:09:48.485924 np0000003842 nova-scheduler[96348]: DEBUG oslo.service.backend._threading.loopingcall [None req-03e55215-9870-4663-8133-609997755362 None None] Dynamic interval looping call 'nova.service.Service.periodic_tasks' sleeping for 60.00 seconds {{(pid=96348) _run_loop /opt/stack/data/venv/lib/python3.12/site-packages/oslo_service/backend/_threading/loopingcall.py:125}}
Jun 27 17:10:00.491545 np0000003842 nova-scheduler[96348]: DEBUG oslo.service.backend._threading.loopingcall [-] Fixed interval looping call 'nova.servicegroup.drivers.db.DbDriver._report_state' sleeping for 119.99 seconds {{(pid=96348) _run_loop /opt/stack/data/venv/lib/python3.12/site-packages/oslo_service/backend/_threading/loopingcall.py:125}}
Jun 27 17:10:00.492186 np0000003842 nova-scheduler[96337]: DEBUG oslo.service.backend._threading.loopingcall [-] Fixed interval looping call 'nova.servicegroup.drivers.db.DbDriver._report_state' sleeping for 119.99 seconds {{(pid=96337) _run_loop /opt/stack/data/venv/lib/python3.12/site-packages/oslo_service/backend/_threading/loopingcall.py:125}}
Jun 27 17:10:00.493195 np0000003842 nova-scheduler[96339]: DEBUG oslo.service.backend._threading.loopingcall [-] Fixed interval looping call 'nova.servicegroup.drivers.db.DbDriver._report_state' sleeping for 119.99 seconds {{(pid=96339) _run_loop /opt/stack/data/venv/lib/python3.12/site-packages/oslo_service/backend/_threading/loopingcall.py:125}}
Jun 27 17:10:00.493526 np0000003842 nova-scheduler[96345]: DEBUG oslo.service.backend._threading.loopingcall [-] Fixed interval looping call 'nova.servicegroup.drivers.db.DbDriver._report_state' sleeping for 120.00 seconds {{(pid=96345) _run_loop /opt/stack/data/venv/lib/python3.12/site-packages/oslo_service/backend/_threading/loopingcall.py:125}}
Jun 27 17:10:09.493568 np0000003842 nova-scheduler[96345]: DEBUG oslo.service.backend._threading.loopingcall [None req-2a849acb-6678-46db-bd68-780eef968267 None None] Dynamic interval looping call 'nova.service.Service.periodic_tasks' sleeping for 60.00 seconds {{(pid=96345) _run_loop /opt/stack/data/venv/lib/python3.12/site-packages/oslo_service/backend/_threading/loopingcall.py:125}}
Jun 27 17:10:10.486345 np0000003842 nova-scheduler[96337]: DEBUG dbcounter [-] [96337] Writing DB stats nova_cell0:SELECT=1,nova_cell0:UPDATE=1 {{(pid=96337) stat_writer /opt/stack/data/venv/lib/python3.12/site-packages/dbcounter.py:115}}
Jun 27 17:10:10.486803 np0000003842 nova-scheduler[96348]: DEBUG dbcounter [-] [96348] Writing DB stats nova_cell0:SELECT=1,nova_cell0:UPDATE=1 {{(pid=96348) stat_writer /opt/stack/data/venv/lib/python3.12/site-packages/dbcounter.py:115}}
Jun 27 17:10:10.487114 np0000003842 nova-scheduler[96339]: DEBUG dbcounter [-] [96339] Writing DB stats nova_cell0:SELECT=1,nova_cell0:UPDATE=1 {{(pid=96339) stat_writer /opt/stack/data/venv/lib/python3.12/site-packages/dbcounter.py:115}}
Jun 27 17:10:10.490193 np0000003842 nova-scheduler[96345]: DEBUG dbcounter [-] [96345] Writing DB stats nova_cell0:SELECT=1 {{(pid=96345) stat_writer /opt/stack/data/venv/lib/python3.12/site-packages/dbcounter.py:115}}
Jun 27 17:10:28.010859 np0000003842 nova-scheduler[96337]: DEBUG nova.scheduler.manager [None req-3114720b-c106-47a5-9259-c4abddad5079 tempest-ServerRescueNegativeTestJSON-441654110 tempest-ServerRescueNegativeTestJSON-441654110-project-member] Starting to schedule for instances: ['5f5307fe-bf86-4e8d-8b93-09fef1476673'] {{(pid=96337) select_destinations /opt/stack/nova/nova/scheduler/manager.py:210}}
Jun 27 17:10:28.012373 np0000003842 nova-scheduler[96337]: DEBUG nova.scheduler.request_filter [None req-3114720b-c106-47a5-9259-c4abddad5079 tempest-ServerRescueNegativeTestJSON-441654110 tempest-ServerRescueNegativeTestJSON-441654110-project-member] compute_status_filter request filter added forbidden trait COMPUTE_STATUS_DISABLED {{(pid=96337) compute_status_filter /opt/stack/nova/nova/scheduler/request_filter.py:253}}
Jun 27 17:10:28.012648 np0000003842 nova-scheduler[96337]: DEBUG nova.scheduler.request_filter [None req-3114720b-c106-47a5-9259-c4abddad5079 tempest-ServerRescueNegativeTestJSON-441654110 tempest-ServerRescueNegativeTestJSON-441654110-project-member] Request filter 'compute_status_filter' took 0.0 seconds {{(pid=96337) wrapper /opt/stack/nova/nova/scheduler/request_filter.py:46}}
Jun 27 17:10:28.012911 np0000003842 nova-scheduler[96337]: DEBUG nova.scheduler.request_filter [None req-3114720b-c106-47a5-9259-c4abddad5079 tempest-ServerRescueNegativeTestJSON-441654110 tempest-ServerRescueNegativeTestJSON-441654110-project-member] Request filter 'accelerators_filter' took 0.0 seconds {{(pid=96337) wrapper /opt/stack/nova/nova/scheduler/request_filter.py:46}}
Jun 27 17:10:28.013206 np0000003842 nova-scheduler[96337]: DEBUG nova.scheduler.request_filter [None req-3114720b-c106-47a5-9259-c4abddad5079 tempest-ServerRescueNegativeTestJSON-441654110 tempest-ServerRescueNegativeTestJSON-441654110-project-member] Request filter 'packed_virtqueue_filter' took 0.0 seconds {{(pid=96337) wrapper /opt/stack/nova/nova/scheduler/request_filter.py:46}}
Jun 27 17:10:28.013616 np0000003842 nova-scheduler[96337]: DEBUG nova.scheduler.request_filter [None req-3114720b-c106-47a5-9259-c4abddad5079 tempest-ServerRescueNegativeTestJSON-441654110 tempest-ServerRescueNegativeTestJSON-441654110-project-member] Request filter 'remote_managed_ports_filter' took 0.0 seconds {{(pid=96337) wrapper /opt/stack/nova/nova/scheduler/request_filter.py:46}}
Jun 27 17:10:28.013838 np0000003842 nova-scheduler[96337]: DEBUG nova.scheduler.request_filter [None req-3114720b-c106-47a5-9259-c4abddad5079 tempest-ServerRescueNegativeTestJSON-441654110 tempest-ServerRescueNegativeTestJSON-441654110-project-member] ephemeral_encryption_filter skipped {{(pid=96337) ephemeral_encryption_filter /opt/stack/nova/nova/scheduler/request_filter.py:426}}
Jun 27 17:10:28.014750 np0000003842 nova-scheduler[96337]: DEBUG nova.scheduler.request_filter [None req-3114720b-c106-47a5-9259-c4abddad5079 tempest-ServerRescueNegativeTestJSON-441654110 tempest-ServerRescueNegativeTestJSON-441654110-project-member] virtio_sound_filter skipped {{(pid=96337) virtio_sound_filter /opt/stack/nova/nova/scheduler/request_filter.py:460}}
Jun 27 17:10:28.014750 np0000003842 nova-scheduler[96337]: DEBUG nova.scheduler.request_filter [None req-3114720b-c106-47a5-9259-c4abddad5079 tempest-ServerRescueNegativeTestJSON-441654110 tempest-ServerRescueNegativeTestJSON-441654110-project-member] tpm_secret_security_filter skipped {{(pid=96337) tpm_secret_security_filter /opt/stack/nova/nova/scheduler/request_filter.py:477}}
Jun 27 17:10:28.561459 np0000003842 nova-scheduler[96337]: INFO nova.utils [None req-3114720b-c106-47a5-9259-c4abddad5079 tempest-ServerRescueNegativeTestJSON-441654110 tempest-ServerRescueNegativeTestJSON-441654110-project-member] The cell worker thread pool ForkProcess-1.cell_worker is initialized
Jun 27 17:10:28.561877 np0000003842 nova-scheduler[96337]: DEBUG oslo_concurrency.lockutils [None req-3114720b-c106-47a5-9259-c4abddad5079 tempest-ServerRescueNegativeTestJSON-441654110 tempest-ServerRescueNegativeTestJSON-441654110-project-member] Acquiring lock "d7c0366f-11cf-4c2a-8efe-bf251a6664b2" by "nova.context.set_target_cell..get_or_set_cached_cell_and_set_connections" {{(pid=96337) inner /opt/stack/data/venv/lib/python3.12/site-packages/oslo_concurrency/lockutils.py:511}}
Jun 27 17:10:28.562151 np0000003842 nova-scheduler[96337]: DEBUG oslo_concurrency.lockutils [None req-3114720b-c106-47a5-9259-c4abddad5079 tempest-ServerRescueNegativeTestJSON-441654110 tempest-ServerRescueNegativeTestJSON-441654110-project-member] Lock "d7c0366f-11cf-4c2a-8efe-bf251a6664b2" acquired by "nova.context.set_target_cell..get_or_set_cached_cell_and_set_connections" :: waited 0.000s {{(pid=96337) inner /opt/stack/data/venv/lib/python3.12/site-packages/oslo_concurrency/lockutils.py:524}}
Jun 27 17:10:28.563649 np0000003842 nova-scheduler[96337]: DEBUG oslo_concurrency.lockutils [None req-3114720b-c106-47a5-9259-c4abddad5079 tempest-ServerRescueNegativeTestJSON-441654110 tempest-ServerRescueNegativeTestJSON-441654110-project-member] Lock "d7c0366f-11cf-4c2a-8efe-bf251a6664b2" "released" by "nova.context.set_target_cell..get_or_set_cached_cell_and_set_connections" :: held 0.001s {{(pid=96337) inner /opt/stack/data/venv/lib/python3.12/site-packages/oslo_concurrency/lockutils.py:543}}
Jun 27 17:10:28.566716 np0000003842 nova-scheduler[96337]: INFO dbcounter [None req-3114720b-c106-47a5-9259-c4abddad5079 tempest-ServerRescueNegativeTestJSON-441654110 tempest-ServerRescueNegativeTestJSON-441654110-project-member] Registered counter for database nova_cell1
Jun 27 17:10:28.625922 np0000003842 nova-scheduler[96337]: DEBUG oslo_db.sqlalchemy.engines [None req-3114720b-c106-47a5-9259-c4abddad5079 tempest-ServerRescueNegativeTestJSON-441654110 tempest-ServerRescueNegativeTestJSON-441654110-project-member] MySQL server mode set to STRICT_TRANS_TABLES,STRICT_ALL_TABLES,NO_ZERO_IN_DATE,NO_ZERO_DATE,ERROR_FOR_DIVISION_BY_ZERO,TRADITIONAL,NO_ENGINE_SUBSTITUTION {{(pid=96337) _check_effective_sql_mode /opt/stack/data/venv/lib/python3.12/site-packages/oslo_db/sqlalchemy/engines.py:325}}
Jun 27 17:10:28.633059 np0000003842 nova-scheduler[96337]: DEBUG dbcounter [-] [96337] Writer thread running {{(pid=96337) stat_writer /opt/stack/data/venv/lib/python3.12/site-packages/dbcounter.py:102}}
Jun 27 17:10:28.650728 np0000003842 nova-scheduler[96337]: DEBUG oslo_db.sqlalchemy.engines [None req-3114720b-c106-47a5-9259-c4abddad5079 tempest-ServerRescueNegativeTestJSON-441654110 tempest-ServerRescueNegativeTestJSON-441654110-project-member] Parent process 95140 forked (96337) with an open database connection, which is being discarded and recreated. {{(pid=96337) checkout /opt/stack/data/venv/lib/python3.12/site-packages/oslo_db/sqlalchemy/engines.py:402}}
Jun 27 17:10:28.709224 np0000003842 nova-scheduler[96337]: DEBUG dbcounter [-] [96337] Writer thread running {{(pid=96337) stat_writer /opt/stack/data/venv/lib/python3.12/site-packages/dbcounter.py:102}}
Jun 27 17:10:28.712394 np0000003842 nova-scheduler[96337]: DEBUG oslo_concurrency.lockutils [None req-3114720b-c106-47a5-9259-c4abddad5079 tempest-ServerRescueNegativeTestJSON-441654110 tempest-ServerRescueNegativeTestJSON-441654110-project-member] Acquiring lock "d7c0366f-11cf-4c2a-8efe-bf251a6664b2" by "nova.context.set_target_cell..get_or_set_cached_cell_and_set_connections" {{(pid=96337) inner /opt/stack/data/venv/lib/python3.12/site-packages/oslo_concurrency/lockutils.py:511}}
Jun 27 17:10:28.712580 np0000003842 nova-scheduler[96337]: DEBUG oslo_concurrency.lockutils [None req-3114720b-c106-47a5-9259-c4abddad5079 tempest-ServerRescueNegativeTestJSON-441654110 tempest-ServerRescueNegativeTestJSON-441654110-project-member] Lock "d7c0366f-11cf-4c2a-8efe-bf251a6664b2" acquired by "nova.context.set_target_cell..get_or_set_cached_cell_and_set_connections" :: waited 0.000s {{(pid=96337) inner /opt/stack/data/venv/lib/python3.12/site-packages/oslo_concurrency/lockutils.py:524}}
Jun 27 17:10:28.712727 np0000003842 nova-scheduler[96337]: DEBUG oslo_concurrency.lockutils [None req-3114720b-c106-47a5-9259-c4abddad5079 tempest-ServerRescueNegativeTestJSON-441654110 tempest-ServerRescueNegativeTestJSON-441654110-project-member] Lock "d7c0366f-11cf-4c2a-8efe-bf251a6664b2" "released" by "nova.context.set_target_cell..get_or_set_cached_cell_and_set_connections" :: held 0.000s {{(pid=96337) inner /opt/stack/data/venv/lib/python3.12/site-packages/oslo_concurrency/lockutils.py:543}}
Jun 27 17:10:28.716455 np0000003842 nova-scheduler[96337]: DEBUG oslo_concurrency.lockutils [None req-3114720b-c106-47a5-9259-c4abddad5079 tempest-ServerRescueNegativeTestJSON-441654110 tempest-ServerRescueNegativeTestJSON-441654110-project-member] Acquiring lock "np0000003842-np0000003842" by "nova.scheduler.host_manager.HostState.update.._locked_update" {{(pid=96337) inner /opt/stack/data/venv/lib/python3.12/site-packages/oslo_concurrency/lockutils.py:511}}
Jun 27 17:10:28.716587 np0000003842 nova-scheduler[96337]: DEBUG oslo_concurrency.lockutils [None req-3114720b-c106-47a5-9259-c4abddad5079 tempest-ServerRescueNegativeTestJSON-441654110 tempest-ServerRescueNegativeTestJSON-441654110-project-member] Lock "np0000003842-np0000003842" acquired by "nova.scheduler.host_manager.HostState.update.._locked_update" :: waited 0.000s {{(pid=96337) inner /opt/stack/data/venv/lib/python3.12/site-packages/oslo_concurrency/lockutils.py:524}}
Jun 27 17:10:28.717913 np0000003842 nova-scheduler[96337]: DEBUG nova.scheduler.host_manager [None req-3114720b-c106-47a5-9259-c4abddad5079 tempest-ServerRescueNegativeTestJSON-441654110 tempest-ServerRescueNegativeTestJSON-441654110-project-member] Update host state from compute node: ComputeNode(cpu_allocation_ratio=4.0,cpu_info='{"arch": "x86_64", "model": "EPYC-Milan", "vendor": "AMD", "topology": {"cells": 1, "sockets": 16, "cores": 1, "threads": 1}, "maxphysaddr": {"mode": "emulate", "bits": 40}, "features": ["tsc", "arat", "npt", "xsaves", "wbnoinvd", "de", "fma", "bmi2", "xgetbv1", "pause-filter", "popcnt", "svme-addr-chk", "amd-psfd", "amd-ssbd", "cr8legacy", "tsc-deadline", "xsavec", "ibpb", "vmcb-clean", "svm", "clzero", "ssse3", "x2apic", "apic", "virt-ssbd", "rdseed", "null-sel-clr-base", "skip-l1dfl-vmentry", "fsgsbase", "cx16", "mmx", "nrip-save", "pse36", "msr", "pse", "pae", "gds-no", "sep", "abm", "ibrs", "rdrand", "vaes", "mds-no", "spec-ctrl", "pschange-mc-no", "pat", "smap", "syscall", "rdtscp", "fxsr", "umip", "stibp-always-on", "xsaveerptr", "clwb", "amd-stibp", "rdctl-no", "sse", "lm", "xsaveopt", "bmi1", "cmp_legacy", "pge", "smep", "avx", "xsave", "aes", "mce", "tsc_adjust", "tsc-scale", "clflush", "ssbd", "fxsr_opt", "no-nested-data-bp", "clflushopt", "stibp", "f16c", "topoext", "nx", "pclmuldq", "movbe", "vgif", "rdpid", "pcid", "vme", "cmov", "sse2", "flushbyasid", "lbrv", "mtrr", "hypervisor", "fsrm", "erms", "sse4.2", "pdpe1gb", "perfctr_core", "pni", "lahf_lm", "3dnowprefetch", "sse4a", "v-vmsave-vmload", "avx2", "mca", "mmxext", "osvw", "sha-ni", "vpclmulqdq", "adx", "cx8", "sse4.1", "lfence-always-serializing", "fpu", "invpcid", "pku", "arch-capabilities", "pfthreshold", "misalignsse"]}',created_at=2026-06-27T17:08:20Z,current_workload=0,deleted=False,deleted_at=None,disk_allocation_ratio=1.0,disk_available_least=74,free_disk_gb=95,free_ram_mb=63789,host='np0000003842',host_ip=10.4.3.143,hypervisor_hostname='np0000003842',hypervisor_type='QEMU',hypervisor_version=8002002,id=1,local_gb=95,local_gb_used=0,mapped=1,memory_mb=64301,memory_mb_used=512,metrics='[]',numa_topology='{"nova_object.name": "NUMATopology", "nova_object.namespace": "nova", "nova_object.version": "1.2", "nova_object.data": {"cells": [{"nova_object.name": "NUMACell", "nova_object.namespace": "nova", "nova_object.version": "1.5", "nova_object.data": {"id": 0, "cpuset": [0, 1, 2, 3, 4, 5, 6, 7, 8, 9, 10, 11, 12, 13, 14, 15], "pcpuset": [0, 1, 2, 3, 4, 5, 6, 7, 8, 9, 10, 11, 12, 13, 14, 15], "memory": 64301, "cpu_usage": 0, "memory_usage": 0, "pinned_cpus": [], "siblings": [[6], [12], [2], [15], [5], [11], [8], [14], [4], [1], [7], [10], [0], [13], [3], [9]], "mempages": [{"nova_object.name": "NUMAPagesTopology", "nova_object.namespace": "nova", "nova_object.version": "1.1", "nova_object.data": {"size_kb": 4, "total": 16461070, "used": 0, "reserved": 0}, "nova_object.changes": ["reserved", "used", "size_kb", "total"]}, {"nova_object.name": "NUMAPagesTopology", "nova_object.namespace": "nova", "nova_object.version": "1.1", "nova_object.data": {"size_kb": 2048, "total": 0, "used": 0, "reserved": 0}, "nova_object.changes": ["reserved", "used", "size_kb", "total"]}, {"nova_object.name": "NUMAPagesTopology", "nova_object.namespace": "nova", "nova_object.version": "1.1", "nova_object.data": {"size_kb": 1048576, "total": 0, "used": 0, "reserved": 0}, "nova_object.changes": ["reserved", "used", "size_kb", "total"]}], "network_metadata": {"nova_object.name": "NetworkMetadata", "nova_object.namespace": "nova", "nova_object.version": "1.0", "nova_object.data": {"physnets": [], "tunneled": false}, "nova_object.changes": ["tunneled", "physnets"]}, "socket": null}, "nova_object.changes": ["network_metadata", "pcpuset", "cpuset", "cpu_usage", "memory_usage", "memory", "siblings", "mempages", "pinned_cpus", "socket", "id"]}]}, "nova_object.changes": ["cells"]}',pci_device_pools=PciDevicePoolList,ram_allocation_ratio=1.0,running_vms=0,service_id=2,stats={failed_builds='0',uptime=' 17:10:06 up 25 min, 2 users, load average: 1.19, 1.45, 0.86
Jun 27 17:10:28.717913 np0000003842 nova-scheduler[96337]: '},supported_hv_specs=[HVSpec,HVSpec,HVSpec,HVSpec,HVSpec,HVSpec,HVSpec,HVSpec,HVSpec,HVSpec,HVSpec,HVSpec,HVSpec,HVSpec,HVSpec,HVSpec,HVSpec,HVSpec,HVSpec,HVSpec,HVSpec,HVSpec,HVSpec,HVSpec,HVSpec],updated_at=2026-06-27T17:10:08Z,uuid=ba5e742a-2293-44b2-a5ea-d6dc6e7438b9,vcpus=16,vcpus_used=0) {{(pid=96337) _locked_update /opt/stack/nova/nova/scheduler/host_manager.py:168}}
Jun 27 17:10:28.718836 np0000003842 nova-scheduler[96337]: DEBUG nova.scheduler.host_manager [None req-3114720b-c106-47a5-9259-c4abddad5079 tempest-ServerRescueNegativeTestJSON-441654110 tempest-ServerRescueNegativeTestJSON-441654110-project-member] Update host state with aggregates: [] {{(pid=96337) _locked_update /opt/stack/nova/nova/scheduler/host_manager.py:171}}
