Jun 30 08:03:42.010259 np0000003953 nova-scheduler[93388]: DEBUG cotyledon.oslo_config_glue [-] oslo_limit.cafile = None {{(pid=93388) log_opt_values /opt/stack/data/venv/lib/python3.12/site-packages/oslo_config/cfg.py:3253}}
Jun 30 08:03:42.010259 np0000003953 nova-scheduler[93388]: DEBUG cotyledon.oslo_config_glue [-] oslo_limit.certfile = None {{(pid=93388) log_opt_values /opt/stack/data/venv/lib/python3.12/site-packages/oslo_config/cfg.py:3253}}
Jun 30 08:03:42.010259 np0000003953 nova-scheduler[93388]: DEBUG cotyledon.oslo_config_glue [-] oslo_limit.collect_timing = False {{(pid=93388) log_opt_values /opt/stack/data/venv/lib/python3.12/site-packages/oslo_config/cfg.py:3253}}
Jun 30 08:03:42.010259 np0000003953 nova-scheduler[93388]: DEBUG cotyledon.oslo_config_glue [-] oslo_limit.connect_retries = None {{(pid=93388) log_opt_values /opt/stack/data/venv/lib/python3.12/site-packages/oslo_config/cfg.py:3253}}
Jun 30 08:03:42.010259 np0000003953 nova-scheduler[93388]: DEBUG cotyledon.oslo_config_glue [-] oslo_limit.connect_retry_delay = None {{(pid=93388) log_opt_values /opt/stack/data/venv/lib/python3.12/site-packages/oslo_config/cfg.py:3253}}
Jun 30 08:03:42.010432 np0000003953 nova-scheduler[93388]: DEBUG cotyledon.oslo_config_glue [-] oslo_limit.endpoint_id = None {{(pid=93388) log_opt_values /opt/stack/data/venv/lib/python3.12/site-packages/oslo_config/cfg.py:3253}}
Jun 30 08:03:42.010432 np0000003953 nova-scheduler[93388]: DEBUG cotyledon.oslo_config_glue [-] oslo_limit.endpoint_interface = public {{(pid=93388) log_opt_values /opt/stack/data/venv/lib/python3.12/site-packages/oslo_config/cfg.py:3253}}
Jun 30 08:03:42.010432 np0000003953 nova-scheduler[93388]: DEBUG cotyledon.oslo_config_glue [-] oslo_limit.endpoint_override = None {{(pid=93388) log_opt_values /opt/stack/data/venv/lib/python3.12/site-packages/oslo_config/cfg.py:3253}}
Jun 30 08:03:42.010432 np0000003953 nova-scheduler[93388]: DEBUG cotyledon.oslo_config_glue [-] oslo_limit.endpoint_region_name = None {{(pid=93388) log_opt_values /opt/stack/data/venv/lib/python3.12/site-packages/oslo_config/cfg.py:3253}}
Jun 30 08:03:42.010432 np0000003953 nova-scheduler[93388]: DEBUG cotyledon.oslo_config_glue [-] oslo_limit.endpoint_service_name = None {{(pid=93388) log_opt_values /opt/stack/data/venv/lib/python3.12/site-packages/oslo_config/cfg.py:3253}}
Jun 30 08:03:42.010432 np0000003953 nova-scheduler[93388]: DEBUG cotyledon.oslo_config_glue [-] oslo_limit.endpoint_service_type = None {{(pid=93388) log_opt_values /opt/stack/data/venv/lib/python3.12/site-packages/oslo_config/cfg.py:3253}}
Jun 30 08:03:42.010432 np0000003953 nova-scheduler[93388]: DEBUG cotyledon.oslo_config_glue [-] oslo_limit.insecure = False {{(pid=93388) log_opt_values /opt/stack/data/venv/lib/python3.12/site-packages/oslo_config/cfg.py:3253}}
Jun 30 08:03:42.010432 np0000003953 nova-scheduler[93388]: DEBUG cotyledon.oslo_config_glue [-] oslo_limit.keyfile = None {{(pid=93388) log_opt_values /opt/stack/data/venv/lib/python3.12/site-packages/oslo_config/cfg.py:3253}}
Jun 30 08:03:42.010432 np0000003953 nova-scheduler[93388]: DEBUG cotyledon.oslo_config_glue [-] oslo_limit.max_version = None {{(pid=93388) log_opt_values /opt/stack/data/venv/lib/python3.12/site-packages/oslo_config/cfg.py:3253}}
Jun 30 08:03:42.010605 np0000003953 nova-scheduler[93388]: DEBUG cotyledon.oslo_config_glue [-] oslo_limit.min_version = None {{(pid=93388) log_opt_values /opt/stack/data/venv/lib/python3.12/site-packages/oslo_config/cfg.py:3253}}
Jun 30 08:03:42.010605 np0000003953 nova-scheduler[93388]: DEBUG cotyledon.oslo_config_glue [-] oslo_limit.region_name = None {{(pid=93388) log_opt_values /opt/stack/data/venv/lib/python3.12/site-packages/oslo_config/cfg.py:3253}}
Jun 30 08:03:42.010605 np0000003953 nova-scheduler[93388]: DEBUG cotyledon.oslo_config_glue [-] oslo_limit.retriable_status_codes = None {{(pid=93388) log_opt_values /opt/stack/data/venv/lib/python3.12/site-packages/oslo_config/cfg.py:3253}}
Jun 30 08:03:42.010605 np0000003953 nova-scheduler[93388]: DEBUG cotyledon.oslo_config_glue [-] oslo_limit.service_name = None {{(pid=93388) log_opt_values /opt/stack/data/venv/lib/python3.12/site-packages/oslo_config/cfg.py:3253}}
Jun 30 08:03:42.010605 np0000003953 nova-scheduler[93388]: DEBUG cotyledon.oslo_config_glue [-] oslo_limit.service_type = None {{(pid=93388) log_opt_values /opt/stack/data/venv/lib/python3.12/site-packages/oslo_config/cfg.py:3253}}
Jun 30 08:03:42.010605 np0000003953 nova-scheduler[93388]: DEBUG cotyledon.oslo_config_glue [-] oslo_limit.split_loggers = False {{(pid=93388) log_opt_values /opt/stack/data/venv/lib/python3.12/site-packages/oslo_config/cfg.py:3253}}
Jun 30 08:03:42.010605 np0000003953 nova-scheduler[93388]: DEBUG cotyledon.oslo_config_glue [-] oslo_limit.status_code_retries = None {{(pid=93388) log_opt_values /opt/stack/data/venv/lib/python3.12/site-packages/oslo_config/cfg.py:3253}}
Jun 30 08:03:42.010605 np0000003953 nova-scheduler[93388]: DEBUG cotyledon.oslo_config_glue [-] oslo_limit.status_code_retry_delay = None {{(pid=93388) log_opt_values /opt/stack/data/venv/lib/python3.12/site-packages/oslo_config/cfg.py:3253}}
Jun 30 08:03:42.010605 np0000003953 nova-scheduler[93388]: DEBUG cotyledon.oslo_config_glue [-] oslo_limit.timeout = None {{(pid=93388) log_opt_values /opt/stack/data/venv/lib/python3.12/site-packages/oslo_config/cfg.py:3253}}
Jun 30 08:03:42.010799 np0000003953 nova-scheduler[93388]: DEBUG cotyledon.oslo_config_glue [-] oslo_limit.valid_interfaces = None {{(pid=93388) log_opt_values /opt/stack/data/venv/lib/python3.12/site-packages/oslo_config/cfg.py:3253}}
Jun 30 08:03:42.010799 np0000003953 nova-scheduler[93388]: DEBUG cotyledon.oslo_config_glue [-] oslo_limit.version = None {{(pid=93388) log_opt_values /opt/stack/data/venv/lib/python3.12/site-packages/oslo_config/cfg.py:3253}}
Jun 30 08:03:42.010799 np0000003953 nova-scheduler[93388]: DEBUG cotyledon.oslo_config_glue [-] oslo_reports.file_event_handler = None {{(pid=93388) log_opt_values /opt/stack/data/venv/lib/python3.12/site-packages/oslo_config/cfg.py:3253}}
Jun 30 08:03:42.010799 np0000003953 nova-scheduler[93388]: DEBUG cotyledon.oslo_config_glue [-] oslo_reports.file_event_handler_interval = 1 {{(pid=93388) log_opt_values /opt/stack/data/venv/lib/python3.12/site-packages/oslo_config/cfg.py:3253}}
Jun 30 08:03:42.010799 np0000003953 nova-scheduler[93388]: DEBUG cotyledon.oslo_config_glue [-] oslo_reports.log_dir = None {{(pid=93388) log_opt_values /opt/stack/data/venv/lib/python3.12/site-packages/oslo_config/cfg.py:3253}}
Jun 30 08:03:42.010799 np0000003953 nova-scheduler[93388]: DEBUG cotyledon.oslo_config_glue [-] ******************************************************************************** {{(pid=93388) log_opt_values /opt/stack/data/venv/lib/python3.12/site-packages/oslo_config/cfg.py:3260}}
Jun 30 08:03:42.010799 np0000003953 nova-scheduler[93388]: DEBUG cotyledon._service_worker [-] Run service ServiceWrapper(2) [93388] {{(pid=93388) wait_forever /opt/stack/data/venv/lib/python3.12/site-packages/cotyledon/_service_worker.py:218}}
Jun 30 08:03:42.010973 np0000003953 nova-scheduler[93386]: INFO dbcounter [None req-0dff6ef9-0a5c-4ccc-9fc0-05d7e89bf380 None None] Registered counter for database nova_cell0
Jun 30 08:03:42.010998 np0000003953 nova-scheduler[93388]: INFO nova.service [-] Starting scheduler node (version 33.1.0)
Jun 30 08:03:42.010998 np0000003953 nova-scheduler[93388]: INFO dbcounter [None req-b07f42b8-2d1b-4960-b02b-7bd7682dd572 None None] Registered counter for database nova_cell0
Jun 30 08:03:42.014770 np0000003953 nova-scheduler[93384]: DEBUG oslo_db.sqlalchemy.engines [None req-2c4eca66-5d48-4c38-9f01-93c45304279b None None] MySQL server mode set to STRICT_TRANS_TABLES,STRICT_ALL_TABLES,NO_ZERO_IN_DATE,NO_ZERO_DATE,ERROR_FOR_DIVISION_BY_ZERO,TRADITIONAL,NO_ENGINE_SUBSTITUTION {{(pid=93384) _check_effective_sql_mode /opt/stack/data/venv/lib/python3.12/site-packages/oslo_db/sqlalchemy/engines.py:325}}
Jun 30 08:03:42.024686 np0000003953 nova-scheduler[93384]: DEBUG dbcounter [-] [93384] Writer thread running {{(pid=93384) stat_writer /opt/stack/data/venv/lib/python3.12/site-packages/dbcounter.py:102}}
Jun 30 08:03:42.040856 np0000003953 nova-scheduler[93386]: DEBUG oslo_db.sqlalchemy.engines [None req-0dff6ef9-0a5c-4ccc-9fc0-05d7e89bf380 None None] MySQL server mode set to STRICT_TRANS_TABLES,STRICT_ALL_TABLES,NO_ZERO_IN_DATE,NO_ZERO_DATE,ERROR_FOR_DIVISION_BY_ZERO,TRADITIONAL,NO_ENGINE_SUBSTITUTION {{(pid=93386) _check_effective_sql_mode /opt/stack/data/venv/lib/python3.12/site-packages/oslo_db/sqlalchemy/engines.py:325}}
Jun 30 08:03:42.042742 np0000003953 nova-scheduler[93384]: DEBUG nova.service [None req-2c4eca66-5d48-4c38-9f01-93c45304279b None None] Creating RPC server for service: nova-scheduler on topic: scheduler {{(pid=93384) start /opt/stack/nova/nova/service.py:196}}
Jun 30 08:03:42.046205 np0000003953 nova-scheduler[93388]: DEBUG oslo_db.sqlalchemy.engines [None req-b07f42b8-2d1b-4960-b02b-7bd7682dd572 None None] MySQL server mode set to STRICT_TRANS_TABLES,STRICT_ALL_TABLES,NO_ZERO_IN_DATE,NO_ZERO_DATE,ERROR_FOR_DIVISION_BY_ZERO,TRADITIONAL,NO_ENGINE_SUBSTITUTION {{(pid=93388) _check_effective_sql_mode /opt/stack/data/venv/lib/python3.12/site-packages/oslo_db/sqlalchemy/engines.py:325}}
Jun 30 08:03:42.051295 np0000003953 nova-scheduler[93386]: DEBUG dbcounter [-] [93386] Writer thread running {{(pid=93386) stat_writer /opt/stack/data/venv/lib/python3.12/site-packages/dbcounter.py:102}}
Jun 30 08:03:42.054171 np0000003953 nova-scheduler[93386]: DEBUG nova.service [None req-0dff6ef9-0a5c-4ccc-9fc0-05d7e89bf380 None None] Creating RPC server for service: nova-scheduler on topic: scheduler {{(pid=93386) start /opt/stack/nova/nova/service.py:196}}
Jun 30 08:03:42.056237 np0000003953 nova-scheduler[93388]: DEBUG dbcounter [-] [93388] Writer thread running {{(pid=93388) stat_writer /opt/stack/data/venv/lib/python3.12/site-packages/dbcounter.py:102}}
Jun 30 08:03:42.059481 np0000003953 nova-scheduler[93388]: DEBUG nova.service [None req-b07f42b8-2d1b-4960-b02b-7bd7682dd572 None None] Creating RPC server for service: nova-scheduler on topic: scheduler {{(pid=93388) start /opt/stack/nova/nova/service.py:196}}
Jun 30 08:03:42.066540 np0000003953 nova-scheduler[93384]: DEBUG nova.service [None req-2c4eca66-5d48-4c38-9f01-93c45304279b None None] Join ServiceGroup membership for this service scheduler {{(pid=93384) start /opt/stack/nova/nova/service.py:222}}
Jun 30 08:03:42.067454 np0000003953 nova-scheduler[93384]: DEBUG nova.servicegroup.drivers.db [None req-2c4eca66-5d48-4c38-9f01-93c45304279b None None] DB_Driver: join new ServiceGroup member np0000003953 to the scheduler group, service = {{(pid=93384) join /opt/stack/nova/nova/servicegroup/drivers/db.py:44}}
Jun 30 08:03:42.073937 np0000003953 nova-scheduler[93386]: DEBUG nova.service [None req-0dff6ef9-0a5c-4ccc-9fc0-05d7e89bf380 None None] Join ServiceGroup membership for this service scheduler {{(pid=93386) start /opt/stack/nova/nova/service.py:222}}
Jun 30 08:03:42.074164 np0000003953 nova-scheduler[93386]: DEBUG nova.servicegroup.drivers.db [None req-0dff6ef9-0a5c-4ccc-9fc0-05d7e89bf380 None None] DB_Driver: join new ServiceGroup member np0000003953 to the scheduler group, service = {{(pid=93386) join /opt/stack/nova/nova/servicegroup/drivers/db.py:44}}
Jun 30 08:03:42.077453 np0000003953 nova-scheduler[93388]: DEBUG nova.service [None req-b07f42b8-2d1b-4960-b02b-7bd7682dd572 None None] Join ServiceGroup membership for this service scheduler {{(pid=93388) start /opt/stack/nova/nova/service.py:222}}
Jun 30 08:03:42.077697 np0000003953 nova-scheduler[93388]: DEBUG nova.servicegroup.drivers.db [None req-b07f42b8-2d1b-4960-b02b-7bd7682dd572 None None] DB_Driver: join new ServiceGroup member np0000003953 to the scheduler group, service = {{(pid=93388) join /opt/stack/nova/nova/servicegroup/drivers/db.py:44}}
Jun 30 08:03:47.092886 np0000003953 nova-scheduler[93384]: DEBUG oslo.service.backend._threading.loopingcall [-] Fixed interval looping call 'nova.servicegroup.drivers.db.DbDriver._report_state' sleeping for 119.98 seconds {{(pid=93384) _run_loop /opt/stack/data/venv/lib/python3.12/site-packages/oslo_service/backend/_threading/loopingcall.py:125}}
Jun 30 08:03:47.093805 np0000003953 nova-scheduler[93388]: DEBUG oslo.service.backend._threading.loopingcall [-] Fixed interval looping call 'nova.servicegroup.drivers.db.DbDriver._report_state' sleeping for 119.99 seconds {{(pid=93388) _run_loop /opt/stack/data/venv/lib/python3.12/site-packages/oslo_service/backend/_threading/loopingcall.py:125}}
Jun 30 08:03:47.094470 np0000003953 nova-scheduler[93386]: DEBUG oslo.service.backend._threading.loopingcall [-] Fixed interval looping call 'nova.servicegroup.drivers.db.DbDriver._report_state' sleeping for 119.98 seconds {{(pid=93386) _run_loop /opt/stack/data/venv/lib/python3.12/site-packages/oslo_service/backend/_threading/loopingcall.py:125}}
Jun 30 08:03:50.573972 np0000003953 nova-scheduler[92063]: DEBUG dbcounter [-] [92063] Writing DB stats nova_api:SELECT=3 {{(pid=92063) stat_writer /opt/stack/data/venv/lib/python3.12/site-packages/dbcounter.py:115}}
Jun 30 08:03:50.728668 np0000003953 nova-scheduler[92063]: DEBUG dbcounter [-] [92063] Writing DB stats nova_cell1:SELECT=1 {{(pid=92063) stat_writer /opt/stack/data/venv/lib/python3.12/site-packages/dbcounter.py:115}}
Jun 30 08:03:50.731769 np0000003953 nova-scheduler[92063]: DEBUG dbcounter [-] [92063] Writing DB stats nova_cell0:SELECT=1 {{(pid=92063) stat_writer /opt/stack/data/venv/lib/python3.12/site-packages/dbcounter.py:115}}
Jun 30 08:03:57.078555 np0000003953 nova-scheduler[93384]: DEBUG dbcounter [-] [93384] Writing DB stats nova_cell0:SELECT=4,nova_cell0:INSERT=1,nova_cell0:UPDATE=1 {{(pid=93384) stat_writer /opt/stack/data/venv/lib/python3.12/site-packages/dbcounter.py:115}}
Jun 30 08:03:57.090856 np0000003953 nova-scheduler[93388]: DEBUG dbcounter [-] [93388] Writing DB stats nova_cell0:SELECT=3,nova_cell0:UPDATE=1 {{(pid=93388) stat_writer /opt/stack/data/venv/lib/python3.12/site-packages/dbcounter.py:115}}
Jun 30 08:03:57.091259 np0000003953 nova-scheduler[93386]: DEBUG dbcounter [-] [93386] Writing DB stats nova_cell0:SELECT=3,nova_cell0:UPDATE=1 {{(pid=93386) stat_writer /opt/stack/data/venv/lib/python3.12/site-packages/dbcounter.py:115}}
Jun 30 08:04:25.069771 np0000003953 nova-scheduler[93384]: DEBUG oslo.service.backend._threading.loopingcall [None req-7f8752e4-ef49-42e8-938c-3745eb2df0f1 None None] Dynamic interval looping call 'nova.service.Service.periodic_tasks' sleeping for 60.00 seconds {{(pid=93384) _run_loop /opt/stack/data/venv/lib/python3.12/site-packages/oslo_service/backend/_threading/loopingcall.py:125}}
Jun 30 08:04:29.079596 np0000003953 nova-scheduler[93388]: DEBUG oslo.service.backend._threading.loopingcall [None req-0c057bea-9258-4866-8b6d-a9215d0cb3f6 None None] Dynamic interval looping call 'nova.service.Service.periodic_tasks' sleeping for 60.00 seconds {{(pid=93388) _run_loop /opt/stack/data/venv/lib/python3.12/site-packages/oslo_service/backend/_threading/loopingcall.py:125}}
Jun 30 08:04:42.077590 np0000003953 nova-scheduler[93386]: DEBUG oslo.service.backend._threading.loopingcall [None req-3a4ffdb3-0f0e-4aa0-b0b0-d602bba6d19c None None] Dynamic interval looping call 'nova.service.Service.periodic_tasks' sleeping for 60.00 seconds {{(pid=93386) _run_loop /opt/stack/data/venv/lib/python3.12/site-packages/oslo_service/backend/_threading/loopingcall.py:125}}
Jun 30 08:05:25.070258 np0000003953 nova-scheduler[93384]: DEBUG oslo.service.backend._threading.loopingcall [None req-7f8752e4-ef49-42e8-938c-3745eb2df0f1 None None] Dynamic interval looping call 'nova.service.Service.periodic_tasks' sleeping for 60.00 seconds {{(pid=93384) _run_loop /opt/stack/data/venv/lib/python3.12/site-packages/oslo_service/backend/_threading/loopingcall.py:125}}
Jun 30 08:05:29.080147 np0000003953 nova-scheduler[93388]: DEBUG oslo.service.backend._threading.loopingcall [None req-0c057bea-9258-4866-8b6d-a9215d0cb3f6 None None] Dynamic interval looping call 'nova.service.Service.periodic_tasks' sleeping for 60.00 seconds {{(pid=93388) _run_loop /opt/stack/data/venv/lib/python3.12/site-packages/oslo_service/backend/_threading/loopingcall.py:125}}
Jun 30 08:05:42.078649 np0000003953 nova-scheduler[93386]: DEBUG oslo.service.backend._threading.loopingcall [None req-3a4ffdb3-0f0e-4aa0-b0b0-d602bba6d19c None None] Dynamic interval looping call 'nova.service.Service.periodic_tasks' sleeping for 60.00 seconds {{(pid=93386) _run_loop /opt/stack/data/venv/lib/python3.12/site-packages/oslo_service/backend/_threading/loopingcall.py:125}}
Jun 30 08:05:47.084850 np0000003953 nova-scheduler[93386]: DEBUG oslo.service.backend._threading.loopingcall [-] Fixed interval looping call 'nova.servicegroup.drivers.db.DbDriver._report_state' sleeping for 119.99 seconds {{(pid=93386) _run_loop /opt/stack/data/venv/lib/python3.12/site-packages/oslo_service/backend/_threading/loopingcall.py:125}}
Jun 30 08:05:47.087960 np0000003953 nova-scheduler[93384]: DEBUG oslo.service.backend._threading.loopingcall [-] Fixed interval looping call 'nova.servicegroup.drivers.db.DbDriver._report_state' sleeping for 119.99 seconds {{(pid=93384) _run_loop /opt/stack/data/venv/lib/python3.12/site-packages/oslo_service/backend/_threading/loopingcall.py:125}}
Jun 30 08:05:47.088340 np0000003953 nova-scheduler[93388]: DEBUG oslo.service.backend._threading.loopingcall [-] Fixed interval looping call 'nova.servicegroup.drivers.db.DbDriver._report_state' sleeping for 120.00 seconds {{(pid=93388) _run_loop /opt/stack/data/venv/lib/python3.12/site-packages/oslo_service/backend/_threading/loopingcall.py:125}}
Jun 30 08:05:55.973563 np0000003953 nova-scheduler[93384]: DEBUG nova.scheduler.manager [None req-62a28793-e756-48a8-89e9-42d8e9f6fbf1 tempest-ServerStableDeviceRescueTest-1670651579 tempest-ServerStableDeviceRescueTest-1670651579-project-member] Starting to schedule for instances: ['65c82fdb-60a4-4ab0-950a-a3917f7ebf5e'] {{(pid=93384) select_destinations /opt/stack/nova/nova/scheduler/manager.py:209}}
Jun 30 08:05:55.974793 np0000003953 nova-scheduler[93384]: DEBUG nova.scheduler.request_filter [None req-62a28793-e756-48a8-89e9-42d8e9f6fbf1 tempest-ServerStableDeviceRescueTest-1670651579 tempest-ServerStableDeviceRescueTest-1670651579-project-member] compute_status_filter request filter added forbidden trait COMPUTE_STATUS_DISABLED {{(pid=93384) compute_status_filter /opt/stack/nova/nova/scheduler/request_filter.py:253}}
Jun 30 08:05:55.974793 np0000003953 nova-scheduler[93384]: DEBUG nova.scheduler.request_filter [None req-62a28793-e756-48a8-89e9-42d8e9f6fbf1 tempest-ServerStableDeviceRescueTest-1670651579 tempest-ServerStableDeviceRescueTest-1670651579-project-member] Request filter 'compute_status_filter' took 0.0 seconds {{(pid=93384) wrapper /opt/stack/nova/nova/scheduler/request_filter.py:46}}
Jun 30 08:05:55.974793 np0000003953 nova-scheduler[93384]: DEBUG nova.scheduler.request_filter [None req-62a28793-e756-48a8-89e9-42d8e9f6fbf1 tempest-ServerStableDeviceRescueTest-1670651579 tempest-ServerStableDeviceRescueTest-1670651579-project-member] Request filter 'accelerators_filter' took 0.0 seconds {{(pid=93384) wrapper /opt/stack/nova/nova/scheduler/request_filter.py:46}}
Jun 30 08:05:55.975040 np0000003953 nova-scheduler[93384]: DEBUG nova.scheduler.request_filter [None req-62a28793-e756-48a8-89e9-42d8e9f6fbf1 tempest-ServerStableDeviceRescueTest-1670651579 tempest-ServerStableDeviceRescueTest-1670651579-project-member] Request filter 'packed_virtqueue_filter' took 0.0 seconds {{(pid=93384) wrapper /opt/stack/nova/nova/scheduler/request_filter.py:46}}
Jun 30 08:05:55.975295 np0000003953 nova-scheduler[93384]: DEBUG nova.scheduler.request_filter [None req-62a28793-e756-48a8-89e9-42d8e9f6fbf1 tempest-ServerStableDeviceRescueTest-1670651579 tempest-ServerStableDeviceRescueTest-1670651579-project-member] Request filter 'remote_managed_ports_filter' took 0.0 seconds {{(pid=93384) wrapper /opt/stack/nova/nova/scheduler/request_filter.py:46}}
Jun 30 08:05:55.975448 np0000003953 nova-scheduler[93384]: DEBUG nova.scheduler.request_filter [None req-62a28793-e756-48a8-89e9-42d8e9f6fbf1 tempest-ServerStableDeviceRescueTest-1670651579 tempest-ServerStableDeviceRescueTest-1670651579-project-member] ephemeral_encryption_filter skipped {{(pid=93384) ephemeral_encryption_filter /opt/stack/nova/nova/scheduler/request_filter.py:426}}
Jun 30 08:05:55.975622 np0000003953 nova-scheduler[93384]: DEBUG nova.scheduler.request_filter [None req-62a28793-e756-48a8-89e9-42d8e9f6fbf1 tempest-ServerStableDeviceRescueTest-1670651579 tempest-ServerStableDeviceRescueTest-1670651579-project-member] virtio_sound_filter skipped {{(pid=93384) virtio_sound_filter /opt/stack/nova/nova/scheduler/request_filter.py:460}}
Jun 30 08:05:55.975682 np0000003953 nova-scheduler[93384]: DEBUG nova.scheduler.request_filter [None req-62a28793-e756-48a8-89e9-42d8e9f6fbf1 tempest-ServerStableDeviceRescueTest-1670651579 tempest-ServerStableDeviceRescueTest-1670651579-project-member] tpm_secret_security_filter skipped {{(pid=93384) tpm_secret_security_filter /opt/stack/nova/nova/scheduler/request_filter.py:477}}
Jun 30 08:05:56.024463 np0000003953 nova-scheduler[93386]: DEBUG nova.scheduler.manager [None req-a9461faf-388f-49a3-bc3a-86cb6ac9705d tempest-AttachVolumeShelveTestJSON-337693757 tempest-AttachVolumeShelveTestJSON-337693757-project-member] Starting to schedule for instances: ['ca92a080-88ac-4e25-b03b-11646aa8393a'] {{(pid=93386) select_destinations /opt/stack/nova/nova/scheduler/manager.py:209}}
Jun 30 08:05:56.024966 np0000003953 nova-scheduler[93386]: DEBUG nova.scheduler.request_filter [None req-a9461faf-388f-49a3-bc3a-86cb6ac9705d tempest-AttachVolumeShelveTestJSON-337693757 tempest-AttachVolumeShelveTestJSON-337693757-project-member] compute_status_filter request filter added forbidden trait COMPUTE_STATUS_DISABLED {{(pid=93386) compute_status_filter /opt/stack/nova/nova/scheduler/request_filter.py:253}}
Jun 30 08:05:56.025072 np0000003953 nova-scheduler[93386]: DEBUG nova.scheduler.request_filter [None req-a9461faf-388f-49a3-bc3a-86cb6ac9705d tempest-AttachVolumeShelveTestJSON-337693757 tempest-AttachVolumeShelveTestJSON-337693757-project-member] Request filter 'compute_status_filter' took 0.0 seconds {{(pid=93386) wrapper /opt/stack/nova/nova/scheduler/request_filter.py:46}}
Jun 30 08:05:56.025296 np0000003953 nova-scheduler[93386]: DEBUG nova.scheduler.request_filter [None req-a9461faf-388f-49a3-bc3a-86cb6ac9705d tempest-AttachVolumeShelveTestJSON-337693757 tempest-AttachVolumeShelveTestJSON-337693757-project-member] Request filter 'accelerators_filter' took 0.0 seconds {{(pid=93386) wrapper /opt/stack/nova/nova/scheduler/request_filter.py:46}}
Jun 30 08:05:56.025494 np0000003953 nova-scheduler[93386]: DEBUG nova.scheduler.request_filter [None req-a9461faf-388f-49a3-bc3a-86cb6ac9705d tempest-AttachVolumeShelveTestJSON-337693757 tempest-AttachVolumeShelveTestJSON-337693757-project-member] Request filter 'packed_virtqueue_filter' took 0.0 seconds {{(pid=93386) wrapper /opt/stack/nova/nova/scheduler/request_filter.py:46}}
Jun 30 08:05:56.025769 np0000003953 nova-scheduler[93386]: DEBUG nova.scheduler.request_filter [None req-a9461faf-388f-49a3-bc3a-86cb6ac9705d tempest-AttachVolumeShelveTestJSON-337693757 tempest-AttachVolumeShelveTestJSON-337693757-project-member] Request filter 'remote_managed_ports_filter' took 0.0 seconds {{(pid=93386) wrapper /opt/stack/nova/nova/scheduler/request_filter.py:46}}
Jun 30 08:05:56.026101 np0000003953 nova-scheduler[93386]: DEBUG nova.scheduler.request_filter [None req-a9461faf-388f-49a3-bc3a-86cb6ac9705d tempest-AttachVolumeShelveTestJSON-337693757 tempest-AttachVolumeShelveTestJSON-337693757-project-member] ephemeral_encryption_filter skipped {{(pid=93386) ephemeral_encryption_filter /opt/stack/nova/nova/scheduler/request_filter.py:426}}
Jun 30 08:05:56.026619 np0000003953 nova-scheduler[93386]: DEBUG nova.scheduler.request_filter [None req-a9461faf-388f-49a3-bc3a-86cb6ac9705d tempest-AttachVolumeShelveTestJSON-337693757 tempest-AttachVolumeShelveTestJSON-337693757-project-member] virtio_sound_filter skipped {{(pid=93386) virtio_sound_filter /opt/stack/nova/nova/scheduler/request_filter.py:460}}
Jun 30 08:05:56.026748 np0000003953 nova-scheduler[93386]: DEBUG nova.scheduler.request_filter [None req-a9461faf-388f-49a3-bc3a-86cb6ac9705d tempest-AttachVolumeShelveTestJSON-337693757 tempest-AttachVolumeShelveTestJSON-337693757-project-member] tpm_secret_security_filter skipped {{(pid=93386) tpm_secret_security_filter /opt/stack/nova/nova/scheduler/request_filter.py:477}}
Jun 30 08:05:56.507498 np0000003953 nova-scheduler[93386]: INFO nova.utils [None req-a9461faf-388f-49a3-bc3a-86cb6ac9705d tempest-AttachVolumeShelveTestJSON-337693757 tempest-AttachVolumeShelveTestJSON-337693757-project-member] The cell worker thread pool ForkProcess-2.cell_worker is initialized
Jun 30 08:05:56.508600 np0000003953 nova-scheduler[93386]: DEBUG oslo_concurrency.lockutils [None req-a9461faf-388f-49a3-bc3a-86cb6ac9705d tempest-AttachVolumeShelveTestJSON-337693757 tempest-AttachVolumeShelveTestJSON-337693757-project-member] Acquiring lock "7b4697a7-6427-4876-a3e8-512fe608c38e" by "nova.context.set_target_cell..get_or_set_cached_cell_and_set_connections" {{(pid=93386) inner /opt/stack/data/venv/lib/python3.12/site-packages/oslo_concurrency/lockutils.py:511}}
Jun 30 08:05:56.508600 np0000003953 nova-scheduler[93386]: DEBUG oslo_concurrency.lockutils [None req-a9461faf-388f-49a3-bc3a-86cb6ac9705d tempest-AttachVolumeShelveTestJSON-337693757 tempest-AttachVolumeShelveTestJSON-337693757-project-member] Lock "7b4697a7-6427-4876-a3e8-512fe608c38e" acquired by "nova.context.set_target_cell..get_or_set_cached_cell_and_set_connections" :: waited 0.000s {{(pid=93386) inner /opt/stack/data/venv/lib/python3.12/site-packages/oslo_concurrency/lockutils.py:524}}
Jun 30 08:05:56.510200 np0000003953 nova-scheduler[93386]: DEBUG oslo_concurrency.lockutils [None req-a9461faf-388f-49a3-bc3a-86cb6ac9705d tempest-AttachVolumeShelveTestJSON-337693757 tempest-AttachVolumeShelveTestJSON-337693757-project-member] Lock "7b4697a7-6427-4876-a3e8-512fe608c38e" "released" by "nova.context.set_target_cell..get_or_set_cached_cell_and_set_connections" :: held 0.002s {{(pid=93386) inner /opt/stack/data/venv/lib/python3.12/site-packages/oslo_concurrency/lockutils.py:543}}
Jun 30 08:05:56.512434 np0000003953 nova-scheduler[93386]: INFO dbcounter [None req-a9461faf-388f-49a3-bc3a-86cb6ac9705d tempest-AttachVolumeShelveTestJSON-337693757 tempest-AttachVolumeShelveTestJSON-337693757-project-member] Registered counter for database nova_cell1
Jun 30 08:05:56.554380 np0000003953 nova-scheduler[93386]: DEBUG oslo_db.sqlalchemy.engines [None req-a9461faf-388f-49a3-bc3a-86cb6ac9705d tempest-AttachVolumeShelveTestJSON-337693757 tempest-AttachVolumeShelveTestJSON-337693757-project-member] MySQL server mode set to STRICT_TRANS_TABLES,STRICT_ALL_TABLES,NO_ZERO_IN_DATE,NO_ZERO_DATE,ERROR_FOR_DIVISION_BY_ZERO,TRADITIONAL,NO_ENGINE_SUBSTITUTION {{(pid=93386) _check_effective_sql_mode /opt/stack/data/venv/lib/python3.12/site-packages/oslo_db/sqlalchemy/engines.py:325}}
Jun 30 08:05:56.563993 np0000003953 nova-scheduler[93386]: DEBUG dbcounter [-] [93386] Writer thread running {{(pid=93386) stat_writer /opt/stack/data/venv/lib/python3.12/site-packages/dbcounter.py:102}}
Jun 30 08:05:56.576560 np0000003953 nova-scheduler[93386]: DEBUG oslo_db.sqlalchemy.engines [None req-a9461faf-388f-49a3-bc3a-86cb6ac9705d tempest-AttachVolumeShelveTestJSON-337693757 tempest-AttachVolumeShelveTestJSON-337693757-project-member] Parent process 92063 forked (93386) with an open database connection, which is being discarded and recreated. {{(pid=93386) checkout /opt/stack/data/venv/lib/python3.12/site-packages/oslo_db/sqlalchemy/engines.py:402}}
Jun 30 08:05:56.623044 np0000003953 nova-scheduler[93386]: DEBUG dbcounter [-] [93386] Writer thread running {{(pid=93386) stat_writer /opt/stack/data/venv/lib/python3.12/site-packages/dbcounter.py:102}}
Jun 30 08:05:56.625771 np0000003953 nova-scheduler[93386]: DEBUG oslo_concurrency.lockutils [None req-a9461faf-388f-49a3-bc3a-86cb6ac9705d tempest-AttachVolumeShelveTestJSON-337693757 tempest-AttachVolumeShelveTestJSON-337693757-project-member] Acquiring lock "7b4697a7-6427-4876-a3e8-512fe608c38e" by "nova.context.set_target_cell..get_or_set_cached_cell_and_set_connections" {{(pid=93386) inner /opt/stack/data/venv/lib/python3.12/site-packages/oslo_concurrency/lockutils.py:511}}
Jun 30 08:05:56.625975 np0000003953 nova-scheduler[93386]: DEBUG oslo_concurrency.lockutils [None req-a9461faf-388f-49a3-bc3a-86cb6ac9705d tempest-AttachVolumeShelveTestJSON-337693757 tempest-AttachVolumeShelveTestJSON-337693757-project-member] Lock "7b4697a7-6427-4876-a3e8-512fe608c38e" acquired by "nova.context.set_target_cell..get_or_set_cached_cell_and_set_connections" :: waited 0.000s {{(pid=93386) inner /opt/stack/data/venv/lib/python3.12/site-packages/oslo_concurrency/lockutils.py:524}}
Jun 30 08:05:56.626148 np0000003953 nova-scheduler[93386]: DEBUG oslo_concurrency.lockutils [None req-a9461faf-388f-49a3-bc3a-86cb6ac9705d tempest-AttachVolumeShelveTestJSON-337693757 tempest-AttachVolumeShelveTestJSON-337693757-project-member] Lock "7b4697a7-6427-4876-a3e8-512fe608c38e" "released" by "nova.context.set_target_cell..get_or_set_cached_cell_and_set_connections" :: held 0.000s {{(pid=93386) inner /opt/stack/data/venv/lib/python3.12/site-packages/oslo_concurrency/lockutils.py:543}}
Jun 30 08:05:56.629441 np0000003953 nova-scheduler[93386]: DEBUG oslo_concurrency.lockutils [None req-a9461faf-388f-49a3-bc3a-86cb6ac9705d tempest-AttachVolumeShelveTestJSON-337693757 tempest-AttachVolumeShelveTestJSON-337693757-project-member] Acquiring lock "np0000003953-np0000003953" by "nova.scheduler.host_manager.HostState.update.._locked_update" {{(pid=93386) inner /opt/stack/data/venv/lib/python3.12/site-packages/oslo_concurrency/lockutils.py:511}}
Jun 30 08:05:56.629722 np0000003953 nova-scheduler[93386]: DEBUG oslo_concurrency.lockutils [None req-a9461faf-388f-49a3-bc3a-86cb6ac9705d tempest-AttachVolumeShelveTestJSON-337693757 tempest-AttachVolumeShelveTestJSON-337693757-project-member] Lock "np0000003953-np0000003953" acquired by "nova.scheduler.host_manager.HostState.update.._locked_update" :: waited 0.000s {{(pid=93386) inner /opt/stack/data/venv/lib/python3.12/site-packages/oslo_concurrency/lockutils.py:524}}
Jun 30 08:05:56.631111 np0000003953 nova-scheduler[93386]: DEBUG nova.scheduler.host_manager [None req-a9461faf-388f-49a3-bc3a-86cb6ac9705d tempest-AttachVolumeShelveTestJSON-337693757 tempest-AttachVolumeShelveTestJSON-337693757-project-member] Update host state from compute node: ComputeNode(cpu_allocation_ratio=4.0,cpu_info='{"arch": "x86_64", "model": "EPYC-Milan", "vendor": "AMD", "topology": {"cells": 1, "sockets": 16, "cores": 1, "threads": 1}, "maxphysaddr": {"mode": "emulate", "bits": 40}, "features": ["arch-capabilities", "ibrs", "misalignsse", "rdseed", "cmov", "skip-l1dfl-vmentry", "lfence-always-serializing", "mmxext", "arat", "rdtscp", "fxsr", "tsc_adjust", "msr", "popcnt", "pschange-mc-no", "pae", "3dnowprefetch", "pclmuldq", "pdpe1gb", "smap", "clflush", "spec-ctrl", "osvw", "pause-filter", "de", "sse", "pse", "aes", "amd-stibp", "vme", "bmi1", "avx2", "pfthreshold", "ssse3", "ibpb", "nx", "cmp_legacy", "mce", "sep", "vmcb-clean", "mds-no", "stibp", "xsave", "fxsr_opt", "cr8legacy", "stibp-always-on", "svm", "fpu", "mtrr", "ssbd", "syscall", "apic", "fsrm", "topoext", "fma", "tsc-deadline", "pku", "perfctr_core", "movbe", "fsgsbase", "sse4a", "f16c", "clwb", "wbnoinvd", "xsaveopt", "sse2", "amd-ssbd", "x2apic", "cx8", "adx", "null-sel-clr-base", "bmi2", "erms", "no-nested-data-bp", "sse4.2", "amd-psfd", "v-vmsave-vmload", "lm", "lahf_lm", "svme-addr-chk", "rdctl-no", "mmx", "tsc", "xsaveerptr", "clflushopt", "pge", "sse4.1", "flushbyasid", "tsc-scale", "xsaves", "vaes", "rdpid", "umip", "pcid", "abm", "npt", "nrip-save", "pse36", "xgetbv1", "hypervisor", "invpcid", "clzero", "vpclmulqdq", "vgif", "gds-no", "mca", "rdrand", "smep", "lbrv", "pat", "cx16", "pni", "avx", "sha-ni", "virt-ssbd", "xsavec"]}',created_at=2026-06-30T08:04:07Z,current_workload=0,deleted=False,deleted_at=None,disk_allocation_ratio=1.0,disk_available_least=73,free_disk_gb=95,free_ram_mb=62765,host='np0000003953',host_ip=10.4.3.131,hypervisor_hostname='np0000003953',hypervisor_type='QEMU',hypervisor_version=8002002,id=1,local_gb=95,local_gb_used=0,mapped=1,memory_mb=63277,memory_mb_used=512,metrics='[]',numa_topology='{"nova_object.name": "NUMATopology", "nova_object.namespace": "nova", "nova_object.version": "1.2", "nova_object.data": {"cells": [{"nova_object.name": "NUMACell", "nova_object.namespace": "nova", "nova_object.version": "1.5", "nova_object.data": {"id": 0, "cpuset": [0, 1, 2, 3, 4, 5, 6, 7, 8, 9, 10, 11, 12, 13, 14, 15], "pcpuset": [0, 1, 2, 3, 4, 5, 6, 7, 8, 9, 10, 11, 12, 13, 14, 15], "memory": 63277, "cpu_usage": 0, "memory_usage": 0, "pinned_cpus": [], "siblings": [[6], [12], [2], [15], [5], [11], [8], [14], [4], [1], [7], [10], [0], [13], [3], [9]], "mempages": [{"nova_object.name": "NUMAPagesTopology", "nova_object.namespace": "nova", "nova_object.version": "1.1", "nova_object.data": {"size_kb": 4, "total": 16177929, "used": 0, "reserved": 0}, "nova_object.changes": ["size_kb", "total", "used", "reserved"]}, {"nova_object.name": "NUMAPagesTopology", "nova_object.namespace": "nova", "nova_object.version": "1.1", "nova_object.data": {"size_kb": 2048, "total": 41, "used": 0, "reserved": 0}, "nova_object.changes": ["size_kb", "total", "used", "reserved"]}, {"nova_object.name": "NUMAPagesTopology", "nova_object.namespace": "nova", "nova_object.version": "1.1", "nova_object.data": {"size_kb": 1048576, "total": 0, "used": 0, "reserved": 0}, "nova_object.changes": ["size_kb", "total", "used", "reserved"]}], "network_metadata": {"nova_object.name": "NetworkMetadata", "nova_object.namespace": "nova", "nova_object.version": "1.0", "nova_object.data": {"physnets": [], "tunneled": false}, "nova_object.changes": ["physnets", "tunneled"]}, "socket": null}, "nova_object.changes": ["socket", "cpuset", "network_metadata", "siblings", "mempages", "cpu_usage", "id", "pinned_cpus", "pcpuset", "memory_usage", "memory"]}]}, "nova_object.changes": ["cells"]}',pci_device_pools=PciDevicePoolList,ram_allocation_ratio=1.0,running_vms=0,service_id=3,stats={failed_builds='0',uptime=' 08:05:52 up 13 min, 2 users, load average: 3.08, 1.78, 0.92
Jun 30 08:05:56.631111 np0000003953 nova-scheduler[93386]: '},supported_hv_specs=[HVSpec,HVSpec,HVSpec,HVSpec,HVSpec,HVSpec,HVSpec,HVSpec,HVSpec,HVSpec,HVSpec,HVSpec,HVSpec,HVSpec,HVSpec,HVSpec,HVSpec,HVSpec,HVSpec,HVSpec,HVSpec,HVSpec,HVSpec,HVSpec,HVSpec],updated_at=2026-06-30T08:05:54Z,uuid=ad33dbdf-dafc-4058-b47c-c1ce7bc6e2a8,vcpus=16,vcpus_used=0) {{(pid=93386) _locked_update /opt/stack/nova/nova/scheduler/host_manager.py:168}}
Jun 30 08:05:56.632013 np0000003953 nova-scheduler[93386]: DEBUG nova.scheduler.host_manager [None req-a9461faf-388f-49a3-bc3a-86cb6ac9705d tempest-AttachVolumeShelveTestJSON-337693757 tempest-AttachVolumeShelveTestJSON-337693757-project-member] Update host state with aggregates: [] {{(pid=93386) _locked_update /opt/stack/nova/nova/scheduler/host_manager.py:171}}
Jun 30 08:05:56.632138 np0000003953 nova-scheduler[93386]: DEBUG nova.scheduler.host_manager [None req-a9461faf-388f-49a3-bc3a-86cb6ac9705d tempest-AttachVolumeShelveTestJSON-337693757 tempest-AttachVolumeShelveTestJSON-337693757-project-member] Update host state with service dict: {'id': 3, 'uuid': '8abd773b-843d-49d1-93df-b2519ecbfcc1', 'host': 'np0000003953', 'binary': 'nova-compute', 'topic': 'compute', 'report_count': 1, 'disabled': False, 'disabled_reason': None, 'last_seen_up': datetime.datetime(2026, 6, 30, 8, 4, 16, tzinfo=datetime.timezone.utc), 'forced_down': False, 'version': 72, 'created_at': datetime.datetime(2026, 6, 30, 8, 4, 6, tzinfo=datetime.timezone.utc), 'updated_at': datetime.datetime(2026, 6, 30, 8, 4, 16, tzinfo=datetime.timezone.utc), 'deleted_at': None, 'deleted': False} {{(pid=93386) _locked_update /opt/stack/nova/nova/scheduler/host_manager.py:174}}
Jun 30 08:05:56.632282 np0000003953 nova-scheduler[93386]: DEBUG nova.scheduler.host_manager [None req-a9461faf-388f-49a3-bc3a-86cb6ac9705d tempest-AttachVolumeShelveTestJSON-337693757 tempest-AttachVolumeShelveTestJSON-337693757-project-member] Update host state with instances: [] {{(pid=93386) _locked_update /opt/stack/nova/nova/scheduler/host_manager.py:177}}
Jun 30 08:05:56.632429 np0000003953 nova-scheduler[93386]: DEBUG oslo_concurrency.lockutils [None req-a9461faf-388f-49a3-bc3a-86cb6ac9705d tempest-AttachVolumeShelveTestJSON-337693757 tempest-AttachVolumeShelveTestJSON-337693757-project-member] Lock "np0000003953-np0000003953" "released" by "nova.scheduler.host_manager.HostState.update.._locked_update" :: held 0.003s {{(pid=93386) inner /opt/stack/data/venv/lib/python3.12/site-packages/oslo_concurrency/lockutils.py:543}}
Jun 30 08:05:56.632886 np0000003953 nova-scheduler[93386]: DEBUG nova.filters [None req-a9461faf-388f-49a3-bc3a-86cb6ac9705d tempest-AttachVolumeShelveTestJSON-337693757 tempest-AttachVolumeShelveTestJSON-337693757-project-member] Starting with 1 host(s) {{(pid=93386) get_filtered_objects /opt/stack/nova/nova/filters.py:70}}
Jun 30 08:05:56.633121 np0000003953 nova-scheduler[93386]: DEBUG nova.filters [None req-a9461faf-388f-49a3-bc3a-86cb6ac9705d tempest-AttachVolumeShelveTestJSON-337693757 tempest-AttachVolumeShelveTestJSON-337693757-project-member] Filter ComputeFilter returned 1 host(s) {{(pid=93386) get_filtered_objects /opt/stack/nova/nova/filters.py:102}}
Jun 30 08:05:56.633524 np0000003953 nova-scheduler[93386]: DEBUG nova.filters [None req-a9461faf-388f-49a3-bc3a-86cb6ac9705d tempest-AttachVolumeShelveTestJSON-337693757 tempest-AttachVolumeShelveTestJSON-337693757-project-member] Filter ComputeCapabilitiesFilter returned 1 host(s) {{(pid=93386) get_filtered_objects /opt/stack/nova/nova/filters.py:102}}
Jun 30 08:05:56.633802 np0000003953 nova-scheduler[93386]: DEBUG nova.filters [None req-a9461faf-388f-49a3-bc3a-86cb6ac9705d tempest-AttachVolumeShelveTestJSON-337693757 tempest-AttachVolumeShelveTestJSON-337693757-project-member] Filter ImagePropertiesFilter returned 1 host(s) {{(pid=93386) get_filtered_objects /opt/stack/nova/nova/filters.py:102}}
Jun 30 08:05:56.633993 np0000003953 nova-scheduler[93386]: DEBUG nova.filters [None req-a9461faf-388f-49a3-bc3a-86cb6ac9705d tempest-AttachVolumeShelveTestJSON-337693757 tempest-AttachVolumeShelveTestJSON-337693757-project-member] Filter ServerGroupAntiAffinityFilter returned 1 host(s) {{(pid=93386) get_filtered_objects /opt/stack/nova/nova/filters.py:102}}
Jun 30 08:05:56.634318 np0000003953 nova-scheduler[93386]: DEBUG nova.filters [None req-a9461faf-388f-49a3-bc3a-86cb6ac9705d tempest-AttachVolumeShelveTestJSON-337693757 tempest-AttachVolumeShelveTestJSON-337693757-project-member] Filter ServerGroupAffinityFilter returned 1 host(s) {{(pid=93386) get_filtered_objects /opt/stack/nova/nova/filters.py:102}}
Jun 30 08:05:56.634488 np0000003953 nova-scheduler[93386]: DEBUG nova.filters [None req-a9461faf-388f-49a3-bc3a-86cb6ac9705d tempest-AttachVolumeShelveTestJSON-337693757 tempest-AttachVolumeShelveTestJSON-337693757-project-member] Filter SameHostFilter returned 1 host(s) {{(pid=93386) get_filtered_objects /opt/stack/nova/nova/filters.py:102}}
Jun 30 08:05:56.634632 np0000003953 nova-scheduler[93386]: DEBUG nova.filters [None req-a9461faf-388f-49a3-bc3a-86cb6ac9705d tempest-AttachVolumeShelveTestJSON-337693757 tempest-AttachVolumeShelveTestJSON-337693757-project-member] Filter DifferentHostFilter returned 1 host(s) {{(pid=93386) get_filtered_objects /opt/stack/nova/nova/filters.py:102}}
Jun 30 08:05:56.634806 np0000003953 nova-scheduler[93386]: DEBUG nova.scheduler.manager [None req-a9461faf-388f-49a3-bc3a-86cb6ac9705d tempest-AttachVolumeShelveTestJSON-337693757 tempest-AttachVolumeShelveTestJSON-337693757-project-member] Filtered [(np0000003953, np0000003953) ram: 62765MB disk: 74752MB io_ops: 0 instances: 0, allocation_candidates: 1] {{(pid=93386) _get_sorted_hosts /opt/stack/nova/nova/scheduler/manager.py:742}}
Jun 30 08:05:56.635026 np0000003953 nova-scheduler[93386]: DEBUG nova.scheduler.manager [None req-a9461faf-388f-49a3-bc3a-86cb6ac9705d tempest-AttachVolumeShelveTestJSON-337693757 tempest-AttachVolumeShelveTestJSON-337693757-project-member] Weighed [WeighedHost [host: (np0000003953, np0000003953) ram: 62765MB disk: 74752MB io_ops: 0 instances: 0, allocation_candidates: 1, weight: 0.0]] {{(pid=93386) _get_sorted_hosts /opt/stack/nova/nova/scheduler/manager.py:764}}
Jun 30 08:05:56.635234 np0000003953 nova-scheduler[93386]: DEBUG nova.scheduler.utils [None req-a9461faf-388f-49a3-bc3a-86cb6ac9705d tempest-AttachVolumeShelveTestJSON-337693757 tempest-AttachVolumeShelveTestJSON-337693757-project-member] Attempting to claim resources in the placement API for instance ca92a080-88ac-4e25-b03b-11646aa8393a {{(pid=93386) claim_resources /opt/stack/nova/nova/scheduler/utils.py:1345}}
Jun 30 08:05:56.661531 np0000003953 nova-scheduler[93384]: INFO nova.utils [None req-62a28793-e756-48a8-89e9-42d8e9f6fbf1 tempest-ServerStableDeviceRescueTest-1670651579 tempest-ServerStableDeviceRescueTest-1670651579-project-member] The cell worker thread pool ForkProcess-1.cell_worker is initialized
Jun 30 08:05:56.661899 np0000003953 nova-scheduler[93384]: DEBUG oslo_concurrency.lockutils [None req-62a28793-e756-48a8-89e9-42d8e9f6fbf1 tempest-ServerStableDeviceRescueTest-1670651579 tempest-ServerStableDeviceRescueTest-1670651579-project-member] Acquiring lock "7b4697a7-6427-4876-a3e8-512fe608c38e" by "nova.context.set_target_cell..get_or_set_cached_cell_and_set_connections" {{(pid=93384) inner /opt/stack/data/venv/lib/python3.12/site-packages/oslo_concurrency/lockutils.py:511}}
Jun 30 08:05:56.662166 np0000003953 nova-scheduler[93384]: DEBUG oslo_concurrency.lockutils [None req-62a28793-e756-48a8-89e9-42d8e9f6fbf1 tempest-ServerStableDeviceRescueTest-1670651579 tempest-ServerStableDeviceRescueTest-1670651579-project-member] Lock "7b4697a7-6427-4876-a3e8-512fe608c38e" acquired by "nova.context.set_target_cell..get_or_set_cached_cell_and_set_connections" :: waited 0.000s {{(pid=93384) inner /opt/stack/data/venv/lib/python3.12/site-packages/oslo_concurrency/lockutils.py:524}}
Jun 30 08:05:56.663650 np0000003953 nova-scheduler[93384]: DEBUG oslo_concurrency.lockutils [None req-62a28793-e756-48a8-89e9-42d8e9f6fbf1 tempest-ServerStableDeviceRescueTest-1670651579 tempest-ServerStableDeviceRescueTest-1670651579-project-member] Lock "7b4697a7-6427-4876-a3e8-512fe608c38e" "released" by "nova.context.set_target_cell..get_or_set_cached_cell_and_set_connections" :: held 0.001s {{(pid=93384) inner /opt/stack/data/venv/lib/python3.12/site-packages/oslo_concurrency/lockutils.py:543}}
Jun 30 08:05:56.665879 np0000003953 nova-scheduler[93384]: INFO dbcounter [None req-62a28793-e756-48a8-89e9-42d8e9f6fbf1 tempest-ServerStableDeviceRescueTest-1670651579 tempest-ServerStableDeviceRescueTest-1670651579-project-member] Registered counter for database nova_cell1
Jun 30 08:05:56.708448 np0000003953 nova-scheduler[93384]: DEBUG oslo_db.sqlalchemy.engines [None req-62a28793-e756-48a8-89e9-42d8e9f6fbf1 tempest-ServerStableDeviceRescueTest-1670651579 tempest-ServerStableDeviceRescueTest-1670651579-project-member] MySQL server mode set to STRICT_TRANS_TABLES,STRICT_ALL_TABLES,NO_ZERO_IN_DATE,NO_ZERO_DATE,ERROR_FOR_DIVISION_BY_ZERO,TRADITIONAL,NO_ENGINE_SUBSTITUTION {{(pid=93384) _check_effective_sql_mode /opt/stack/data/venv/lib/python3.12/site-packages/oslo_db/sqlalchemy/engines.py:325}}
Jun 30 08:05:56.718727 np0000003953 nova-scheduler[93384]: DEBUG dbcounter [-] [93384] Writer thread running {{(pid=93384) stat_writer /opt/stack/data/venv/lib/python3.12/site-packages/dbcounter.py:102}}
Jun 30 08:05:56.773867 np0000003953 nova-scheduler[93384]: DEBUG dbcounter [-] [93384] Writer thread running {{(pid=93384) stat_writer /opt/stack/data/venv/lib/python3.12/site-packages/dbcounter.py:102}}
Jun 30 08:05:56.776686 np0000003953 nova-scheduler[93384]: DEBUG oslo_concurrency.lockutils [None req-62a28793-e756-48a8-89e9-42d8e9f6fbf1 tempest-ServerStableDeviceRescueTest-1670651579 tempest-ServerStableDeviceRescueTest-1670651579-project-member] Acquiring lock "7b4697a7-6427-4876-a3e8-512fe608c38e" by "nova.context.set_target_cell..get_or_set_cached_cell_and_set_connections" {{(pid=93384) inner /opt/stack/data/venv/lib/python3.12/site-packages/oslo_concurrency/lockutils.py:511}}
Jun 30 08:05:56.776850 np0000003953 nova-scheduler[93384]: DEBUG oslo_concurrency.lockutils [None req-62a28793-e756-48a8-89e9-42d8e9f6fbf1 tempest-ServerStableDeviceRescueTest-1670651579 tempest-ServerStableDeviceRescueTest-1670651579-project-member] Lock "7b4697a7-6427-4876-a3e8-512fe608c38e" acquired by "nova.context.set_target_cell..get_or_set_cached_cell_and_set_connections" :: waited 0.000s {{(pid=93384) inner /opt/stack/data/venv/lib/python3.12/site-packages/oslo_concurrency/lockutils.py:524}}
Jun 30 08:05:56.776948 np0000003953 nova-scheduler[93384]: DEBUG oslo_concurrency.lockutils [None req-62a28793-e756-48a8-89e9-42d8e9f6fbf1 tempest-ServerStableDeviceRescueTest-1670651579 tempest-ServerStableDeviceRescueTest-1670651579-project-member] Lock "7b4697a7-6427-4876-a3e8-512fe608c38e" "released" by "nova.context.set_target_cell..get_or_set_cached_cell_and_set_connections" :: held 0.000s {{(pid=93384) inner /opt/stack/data/venv/lib/python3.12/site-packages/oslo_concurrency/lockutils.py:543}}
Jun 30 08:05:56.779988 np0000003953 nova-scheduler[93384]: DEBUG oslo_concurrency.lockutils [None req-62a28793-e756-48a8-89e9-42d8e9f6fbf1 tempest-ServerStableDeviceRescueTest-1670651579 tempest-ServerStableDeviceRescueTest-1670651579-project-member] Acquiring lock "np0000003953-np0000003953" by "nova.scheduler.host_manager.HostState.update.._locked_update" {{(pid=93384) inner /opt/stack/data/venv/lib/python3.12/site-packages/oslo_concurrency/lockutils.py:511}}
Jun 30 08:05:56.780172 np0000003953 nova-scheduler[93384]: DEBUG oslo_concurrency.lockutils [None req-62a28793-e756-48a8-89e9-42d8e9f6fbf1 tempest-ServerStableDeviceRescueTest-1670651579 tempest-ServerStableDeviceRescueTest-1670651579-project-member] Lock "np0000003953-np0000003953" acquired by "nova.scheduler.host_manager.HostState.update.._locked_update" :: waited 0.000s {{(pid=93384) inner /opt/stack/data/venv/lib/python3.12/site-packages/oslo_concurrency/lockutils.py:524}}
