Jun 12 16:53:46.144458 np0000002726 devstack@placement-api.service[89216]: DEBUG placement.requestlog [req-d051c01f-ecf6-4992-aca6-a6b1073b8a92 req-58da5e76-7c39-4381-a0d1-aa1fae75edf7 None None] Starting request: 10.4.3.90 "GET /placement/resource_providers/76de3a29-206d-4313-8ef5-eea0f3223f98/allocations" {{(pid=89216) __call__ /opt/stack/placement/placement/requestlog.py:55}}
Jun 12 16:53:46.171224 np0000002726 devstack@placement-api.service[89216]: INFO placement.requestlog [req-d051c01f-ecf6-4992-aca6-a6b1073b8a92 req-58da5e76-7c39-4381-a0d1-aa1fae75edf7 service nova] 10.4.3.90 "GET /placement/resource_providers/76de3a29-206d-4313-8ef5-eea0f3223f98/allocations" status: 200 len: 725 microversion: 1.0
Jun 12 16:53:46.171224 np0000002726 devstack@placement-api.service[89216]: [pid: 89216|app: 0|req: 398/804] 10.4.3.90 () {66 vars in 1505 bytes} [Fri Jun 12 16:53:46 2026] GET /placement/resource_providers/76de3a29-206d-4313-8ef5-eea0f3223f98/allocations => generated 725 bytes in 28 msecs (HTTP/1.1 200) 6 headers in 224 bytes (1 switches on core 0)
Jun 12 16:53:46.213945 np0000002726 devstack@placement-api.service[89215]: DEBUG placement.requestlog [req-d051c01f-ecf6-4992-aca6-a6b1073b8a92 req-f869c1ce-4bf5-4b58-9c30-bcc9874be7ee None None] Starting request: 10.4.3.90 "GET /placement/allocations/e3e9c496-1114-46c4-a8dc-a26d25a2b9fb" {{(pid=89215) __call__ /opt/stack/placement/placement/requestlog.py:55}}
Jun 12 16:53:46.232317 np0000002726 devstack@placement-api.service[89215]: INFO placement.requestlog [req-d051c01f-ecf6-4992-aca6-a6b1073b8a92 req-f869c1ce-4bf5-4b58-9c30-bcc9874be7ee service nova] 10.4.3.90 "GET /placement/allocations/e3e9c496-1114-46c4-a8dc-a26d25a2b9fb" status: 200 len: 258 microversion: 1.28
Jun 12 16:53:46.233262 np0000002726 devstack@placement-api.service[89215]: [pid: 89215|app: 0|req: 407/805] 10.4.3.90 () {68 vars in 1492 bytes} [Fri Jun 12 16:53:46 2026] GET /placement/allocations/e3e9c496-1114-46c4-a8dc-a26d25a2b9fb => generated 258 bytes in 19 msecs (HTTP/1.1 200) 8 headers in 296 bytes (1 switches on core 0)
Jun 12 16:53:46.270250 np0000002726 devstack@placement-api.service[89216]: DEBUG placement.requestlog [req-d051c01f-ecf6-4992-aca6-a6b1073b8a92 req-c38b543d-d5ac-499d-a5af-16c60cb2518c None None] Starting request: 10.4.3.90 "GET /placement/allocations/081fad31-2c6a-4fbf-92d0-da06c90c888e" {{(pid=89216) __call__ /opt/stack/placement/placement/requestlog.py:55}}
Jun 12 16:53:46.287317 np0000002726 devstack@placement-api.service[89216]: INFO placement.requestlog [req-d051c01f-ecf6-4992-aca6-a6b1073b8a92 req-c38b543d-d5ac-499d-a5af-16c60cb2518c service nova] 10.4.3.90 "GET /placement/allocations/081fad31-2c6a-4fbf-92d0-da06c90c888e" status: 200 len: 258 microversion: 1.28
Jun 12 16:53:46.287655 np0000002726 devstack@placement-api.service[89216]: [pid: 89216|app: 0|req: 399/806] 10.4.3.90 () {68 vars in 1492 bytes} [Fri Jun 12 16:53:46 2026] GET /placement/allocations/081fad31-2c6a-4fbf-92d0-da06c90c888e => generated 258 bytes in 17 msecs (HTTP/1.1 200) 8 headers in 296 bytes (1 switches on core 0)
Jun 12 16:53:46.338523 np0000002726 devstack@placement-api.service[89215]: DEBUG placement.requestlog [req-d051c01f-ecf6-4992-aca6-a6b1073b8a92 req-6a070d91-e53d-4d7f-97d4-46a68a3d3172 None None] Starting request: 10.4.3.90 "GET /placement/allocations/0d63ed07-83f3-44dd-a2bc-1681c0e17218" {{(pid=89215) __call__ /opt/stack/placement/placement/requestlog.py:55}}
Jun 12 16:53:46.366166 np0000002726 devstack@placement-api.service[89215]: INFO placement.requestlog [req-d051c01f-ecf6-4992-aca6-a6b1073b8a92 req-6a070d91-e53d-4d7f-97d4-46a68a3d3172 service nova] 10.4.3.90 "GET /placement/allocations/0d63ed07-83f3-44dd-a2bc-1681c0e17218" status: 200 len: 244 microversion: 1.28
Jun 12 16:53:46.366387 np0000002726 devstack@placement-api.service[89215]: [pid: 89215|app: 0|req: 408/807] 10.4.3.90 () {68 vars in 1492 bytes} [Fri Jun 12 16:53:46 2026] GET /placement/allocations/0d63ed07-83f3-44dd-a2bc-1681c0e17218 => generated 244 bytes in 28 msecs (HTTP/1.1 200) 8 headers in 296 bytes (1 switches on core 0)
Jun 12 16:53:46.407251 np0000002726 devstack@placement-api.service[89216]: DEBUG placement.requestlog [req-d051c01f-ecf6-4992-aca6-a6b1073b8a92 req-35ebefb5-8293-4c25-9fa7-98ce94807579 None None] Starting request: 10.4.3.90 "GET /placement/allocations/4ca499a6-c53e-4ab2-971d-a5af42570123" {{(pid=89216) __call__ /opt/stack/placement/placement/requestlog.py:55}}
Jun 12 16:53:46.423813 np0000002726 devstack@placement-api.service[89216]: INFO placement.requestlog [req-d051c01f-ecf6-4992-aca6-a6b1073b8a92 req-35ebefb5-8293-4c25-9fa7-98ce94807579 service nova] 10.4.3.90 "GET /placement/allocations/4ca499a6-c53e-4ab2-971d-a5af42570123" status: 200 len: 258 microversion: 1.28
Jun 12 16:53:46.424366 np0000002726 devstack@placement-api.service[89216]: [pid: 89216|app: 0|req: 400/808] 10.4.3.90 () {68 vars in 1492 bytes} [Fri Jun 12 16:53:46 2026] GET /placement/allocations/4ca499a6-c53e-4ab2-971d-a5af42570123 => generated 258 bytes in 17 msecs (HTTP/1.1 200) 8 headers in 296 bytes (1 switches on core 0)
Jun 12 16:53:46.484913 np0000002726 devstack@placement-api.service[89215]: DEBUG placement.requestlog [req-d051c01f-ecf6-4992-aca6-a6b1073b8a92 req-5549aaad-b89b-48c9-ac40-e0aae7045cc6 None None] Starting request: 10.4.3.90 "GET /placement/allocations/ea60ca50-6bce-4674-a461-872e7dc753b4" {{(pid=89215) __call__ /opt/stack/placement/placement/requestlog.py:55}}
Jun 12 16:53:46.502611 np0000002726 devstack@placement-api.service[89215]: INFO placement.requestlog [req-d051c01f-ecf6-4992-aca6-a6b1073b8a92 req-5549aaad-b89b-48c9-ac40-e0aae7045cc6 service nova] 10.4.3.90 "GET /placement/allocations/ea60ca50-6bce-4674-a461-872e7dc753b4" status: 200 len: 258 microversion: 1.28
Jun 12 16:53:46.503787 np0000002726 devstack@placement-api.service[89215]: [pid: 89215|app: 0|req: 409/809] 10.4.3.90 () {68 vars in 1492 bytes} [Fri Jun 12 16:53:46 2026] GET /placement/allocations/ea60ca50-6bce-4674-a461-872e7dc753b4 => generated 258 bytes in 19 msecs (HTTP/1.1 200) 8 headers in 296 bytes (1 switches on core 0)
Jun 12 16:53:46.542662 np0000002726 devstack@placement-api.service[89216]: DEBUG placement.requestlog [req-d051c01f-ecf6-4992-aca6-a6b1073b8a92 req-37d3b280-ac2c-4fc7-8f95-a6fd8f6f8834 None None] Starting request: 10.4.3.90 "GET /placement/allocations/70f6c792-2c99-4f47-b6b6-c19c376decc3" {{(pid=89216) __call__ /opt/stack/placement/placement/requestlog.py:55}}
Jun 12 16:53:46.559524 np0000002726 devstack@placement-api.service[89216]: INFO placement.requestlog [req-d051c01f-ecf6-4992-aca6-a6b1073b8a92 req-37d3b280-ac2c-4fc7-8f95-a6fd8f6f8834 service nova] 10.4.3.90 "GET /placement/allocations/70f6c792-2c99-4f47-b6b6-c19c376decc3" status: 200 len: 244 microversion: 1.28
Jun 12 16:53:46.559890 np0000002726 devstack@placement-api.service[89216]: [pid: 89216|app: 0|req: 401/810] 10.4.3.90 () {68 vars in 1492 bytes} [Fri Jun 12 16:53:46 2026] GET /placement/allocations/70f6c792-2c99-4f47-b6b6-c19c376decc3 => generated 244 bytes in 17 msecs (HTTP/1.1 200) 8 headers in 296 bytes (1 switches on core 0)
Jun 12 16:53:46.616984 np0000002726 devstack@placement-api.service[89215]: DEBUG placement.requestlog [req-d051c01f-ecf6-4992-aca6-a6b1073b8a92 req-24186830-f839-4877-9ec0-b6ed086b2156 None None] Starting request: 10.4.3.90 "GET /placement/allocations/967cfffe-7f59-4f5d-82fd-fb24f13315c9" {{(pid=89215) __call__ /opt/stack/placement/placement/requestlog.py:55}}
Jun 12 16:53:46.628641 np0000002726 devstack@placement-api.service[89215]: INFO placement.requestlog [req-d051c01f-ecf6-4992-aca6-a6b1073b8a92 req-24186830-f839-4877-9ec0-b6ed086b2156 service nova] 10.4.3.90 "GET /placement/allocations/967cfffe-7f59-4f5d-82fd-fb24f13315c9" status: 200 len: 258 microversion: 1.28
Jun 12 16:53:46.629394 np0000002726 devstack@placement-api.service[89215]: [pid: 89215|app: 0|req: 410/811] 10.4.3.90 () {68 vars in 1492 bytes} [Fri Jun 12 16:53:46 2026] GET /placement/allocations/967cfffe-7f59-4f5d-82fd-fb24f13315c9 => generated 258 bytes in 13 msecs (HTTP/1.1 200) 8 headers in 296 bytes (1 switches on core 0)
Jun 12 16:53:49.169735 np0000002726 devstack@placement-api.service[89216]: DEBUG placement.requestlog [req-52168979-67d0-4869-98a0-c449423116af req-28ff36ec-5bb1-4fad-8cf4-8cec9aee64ec None None] Starting request: 10.4.3.90 "GET /placement/resource_providers/76de3a29-206d-4313-8ef5-eea0f3223f98/allocations" {{(pid=89216) __call__ /opt/stack/placement/placement/requestlog.py:55}}
Jun 12 16:53:49.190185 np0000002726 devstack@placement-api.service[89216]: INFO placement.requestlog [req-52168979-67d0-4869-98a0-c449423116af req-28ff36ec-5bb1-4fad-8cf4-8cec9aee64ec service nova] 10.4.3.90 "GET /placement/resource_providers/76de3a29-206d-4313-8ef5-eea0f3223f98/allocations" status: 200 len: 725 microversion: 1.0
Jun 12 16:53:49.190742 np0000002726 devstack@placement-api.service[89216]: [pid: 89216|app: 0|req: 402/812] 10.4.3.90 () {66 vars in 1505 bytes} [Fri Jun 12 16:53:49 2026] GET /placement/resource_providers/76de3a29-206d-4313-8ef5-eea0f3223f98/allocations => generated 725 bytes in 21 msecs (HTTP/1.1 200) 6 headers in 224 bytes (1 switches on core 0)
Jun 12 16:53:49.247250 np0000002726 devstack@placement-api.service[89215]: DEBUG placement.requestlog [req-52168979-67d0-4869-98a0-c449423116af req-59e0945f-4303-4b1f-b7e0-0563ce7d7163 None None] Starting request: 10.4.3.90 "GET /placement/allocations/e3e9c496-1114-46c4-a8dc-a26d25a2b9fb" {{(pid=89215) __call__ /opt/stack/placement/placement/requestlog.py:55}}
Jun 12 16:53:49.258078 np0000002726 devstack@placement-api.service[89215]: INFO placement.requestlog [req-52168979-67d0-4869-98a0-c449423116af req-59e0945f-4303-4b1f-b7e0-0563ce7d7163 service nova] 10.4.3.90 "GET /placement/allocations/e3e9c496-1114-46c4-a8dc-a26d25a2b9fb" status: 200 len: 258 microversion: 1.28
Jun 12 16:53:49.258269 np0000002726 devstack@placement-api.service[89215]: [pid: 89215|app: 0|req: 411/813] 10.4.3.90 () {68 vars in 1492 bytes} [Fri Jun 12 16:53:49 2026] GET /placement/allocations/e3e9c496-1114-46c4-a8dc-a26d25a2b9fb => generated 258 bytes in 11 msecs (HTTP/1.1 200) 8 headers in 296 bytes (1 switches on core 0)
Jun 12 16:53:49.303549 np0000002726 devstack@placement-api.service[89216]: DEBUG placement.requestlog [req-52168979-67d0-4869-98a0-c449423116af req-d463750b-966a-4423-b8e2-9af31d763ede None None] Starting request: 10.4.3.90 "GET /placement/allocations/081fad31-2c6a-4fbf-92d0-da06c90c888e" {{(pid=89216) __call__ /opt/stack/placement/placement/requestlog.py:55}}
Jun 12 16:53:49.313220 np0000002726 devstack@placement-api.service[89216]: INFO placement.requestlog [req-52168979-67d0-4869-98a0-c449423116af req-d463750b-966a-4423-b8e2-9af31d763ede service nova] 10.4.3.90 "GET /placement/allocations/081fad31-2c6a-4fbf-92d0-da06c90c888e" status: 200 len: 258 microversion: 1.28
Jun 12 16:53:49.313740 np0000002726 devstack@placement-api.service[89216]: [pid: 89216|app: 0|req: 403/814] 10.4.3.90 () {68 vars in 1492 bytes} [Fri Jun 12 16:53:49 2026] GET /placement/allocations/081fad31-2c6a-4fbf-92d0-da06c90c888e => generated 258 bytes in 11 msecs (HTTP/1.1 200) 8 headers in 296 bytes (1 switches on core 0)
Jun 12 16:53:49.348830 np0000002726 devstack@placement-api.service[89215]: DEBUG placement.requestlog [req-52168979-67d0-4869-98a0-c449423116af req-1bb28c2c-6066-4d11-bf67-b1f00bf645be None None] Starting request: 10.4.3.90 "GET /placement/allocations/0d63ed07-83f3-44dd-a2bc-1681c0e17218" {{(pid=89215) __call__ /opt/stack/placement/placement/requestlog.py:55}}
Jun 12 16:53:49.361722 np0000002726 devstack@placement-api.service[89215]: INFO placement.requestlog [req-52168979-67d0-4869-98a0-c449423116af req-1bb28c2c-6066-4d11-bf67-b1f00bf645be service nova] 10.4.3.90 "GET /placement/allocations/0d63ed07-83f3-44dd-a2bc-1681c0e17218" status: 200 len: 244 microversion: 1.28
Jun 12 16:53:49.361938 np0000002726 devstack@placement-api.service[89215]: [pid: 89215|app: 0|req: 412/815] 10.4.3.90 () {68 vars in 1492 bytes} [Fri Jun 12 16:53:49 2026] GET /placement/allocations/0d63ed07-83f3-44dd-a2bc-1681c0e17218 => generated 244 bytes in 13 msecs (HTTP/1.1 200) 8 headers in 296 bytes (1 switches on core 0)
Jun 12 16:53:49.403969 np0000002726 devstack@placement-api.service[89216]: DEBUG placement.requestlog [req-52168979-67d0-4869-98a0-c449423116af req-350c27d3-ba80-4d7b-b22b-d6452c5f3684 None None] Starting request: 10.4.3.90 "GET /placement/allocations/4ca499a6-c53e-4ab2-971d-a5af42570123" {{(pid=89216) __call__ /opt/stack/placement/placement/requestlog.py:55}}
Jun 12 16:53:49.419645 np0000002726 devstack@placement-api.service[89216]: INFO placement.requestlog [req-52168979-67d0-4869-98a0-c449423116af req-350c27d3-ba80-4d7b-b22b-d6452c5f3684 service nova] 10.4.3.90 "GET /placement/allocations/4ca499a6-c53e-4ab2-971d-a5af42570123" status: 200 len: 258 microversion: 1.28
Jun 12 16:53:49.422444 np0000002726 devstack@placement-api.service[89216]: [pid: 89216|app: 0|req: 404/816] 10.4.3.90 () {68 vars in 1492 bytes} [Fri Jun 12 16:53:49 2026] GET /placement/allocations/4ca499a6-c53e-4ab2-971d-a5af42570123 => generated 258 bytes in 18 msecs (HTTP/1.1 200) 8 headers in 296 bytes (1 switches on core 0)
Jun 12 16:53:49.469206 np0000002726 devstack@placement-api.service[89215]: DEBUG placement.requestlog [req-52168979-67d0-4869-98a0-c449423116af req-37b9b5ce-a631-4c49-98ce-ef8d7986eb76 None None] Starting request: 10.4.3.90 "GET /placement/allocations/ea60ca50-6bce-4674-a461-872e7dc753b4" {{(pid=89215) __call__ /opt/stack/placement/placement/requestlog.py:55}}
Jun 12 16:53:49.478138 np0000002726 devstack@placement-api.service[89215]: INFO placement.requestlog [req-52168979-67d0-4869-98a0-c449423116af req-37b9b5ce-a631-4c49-98ce-ef8d7986eb76 service nova] 10.4.3.90 "GET /placement/allocations/ea60ca50-6bce-4674-a461-872e7dc753b4" status: 200 len: 258 microversion: 1.28
Jun 12 16:53:49.478859 np0000002726 devstack@placement-api.service[89215]: [pid: 89215|app: 0|req: 413/817] 10.4.3.90 () {68 vars in 1492 bytes} [Fri Jun 12 16:53:49 2026] GET /placement/allocations/ea60ca50-6bce-4674-a461-872e7dc753b4 => generated 258 bytes in 10 msecs (HTTP/1.1 200) 8 headers in 296 bytes (2 switches on core 0)
Jun 12 16:53:49.512492 np0000002726 devstack@placement-api.service[89216]: DEBUG placement.requestlog [req-52168979-67d0-4869-98a0-c449423116af req-e662b70a-2135-451a-b8f9-5f16dfd596d2 None None] Starting request: 10.4.3.90 "GET /placement/allocations/70f6c792-2c99-4f47-b6b6-c19c376decc3" {{(pid=89216) __call__ /opt/stack/placement/placement/requestlog.py:55}}
Jun 12 16:53:49.527501 np0000002726 devstack@placement-api.service[89216]: INFO placement.requestlog [req-52168979-67d0-4869-98a0-c449423116af req-e662b70a-2135-451a-b8f9-5f16dfd596d2 service nova] 10.4.3.90 "GET /placement/allocations/70f6c792-2c99-4f47-b6b6-c19c376decc3" status: 200 len: 244 microversion: 1.28
Jun 12 16:53:49.527501 np0000002726 devstack@placement-api.service[89216]: [pid: 89216|app: 0|req: 405/818] 10.4.3.90 () {68 vars in 1492 bytes} [Fri Jun 12 16:53:49 2026] GET /placement/allocations/70f6c792-2c99-4f47-b6b6-c19c376decc3 => generated 244 bytes in 15 msecs (HTTP/1.1 200) 8 headers in 296 bytes (1 switches on core 0)
Jun 12 16:53:49.574652 np0000002726 devstack@placement-api.service[89215]: DEBUG placement.requestlog [req-52168979-67d0-4869-98a0-c449423116af req-d7922ba4-3b0c-4897-ad7c-e28e4c12767b None None] Starting request: 10.4.3.90 "GET /placement/allocations/967cfffe-7f59-4f5d-82fd-fb24f13315c9" {{(pid=89215) __call__ /opt/stack/placement/placement/requestlog.py:55}}
Jun 12 16:53:49.588817 np0000002726 devstack@placement-api.service[89215]: INFO placement.requestlog [req-52168979-67d0-4869-98a0-c449423116af req-d7922ba4-3b0c-4897-ad7c-e28e4c12767b service nova] 10.4.3.90 "GET /placement/allocations/967cfffe-7f59-4f5d-82fd-fb24f13315c9" status: 200 len: 258 microversion: 1.28
Jun 12 16:53:49.589515 np0000002726 devstack@placement-api.service[89215]: [pid: 89215|app: 0|req: 414/819] 10.4.3.90 () {68 vars in 1492 bytes} [Fri Jun 12 16:53:49 2026] GET /placement/allocations/967cfffe-7f59-4f5d-82fd-fb24f13315c9 => generated 258 bytes in 14 msecs (HTTP/1.1 200) 8 headers in 296 bytes (1 switches on core 0)
Jun 12 16:53:50.692788 np0000002726 devstack@placement-api.service[89216]: DEBUG placement.requestlog [req-52168979-67d0-4869-98a0-c449423116af req-47ffc9c8-d6e3-42a7-a816-e010d48f7fc0 None None] Starting request: 10.4.3.90 "DELETE /placement/allocations/0d63ed07-83f3-44dd-a2bc-1681c0e17218" {{(pid=89216) __call__ /opt/stack/placement/placement/requestlog.py:55}}
Jun 12 16:53:50.731542 np0000002726 devstack@placement-api.service[89216]: DEBUG placement.handlers.allocation [req-52168979-67d0-4869-98a0-c449423116af req-47ffc9c8-d6e3-42a7-a816-e010d48f7fc0 service nova] Successfully deleted allocations [, ] {{(pid=89216) delete_allocations /opt/stack/placement/placement/handlers/allocation.py:627}}
Jun 12 16:53:50.731839 np0000002726 devstack@placement-api.service[89216]: INFO placement.requestlog [req-52168979-67d0-4869-98a0-c449423116af req-47ffc9c8-d6e3-42a7-a816-e010d48f7fc0 service nova] 10.4.3.90 "DELETE /placement/allocations/0d63ed07-83f3-44dd-a2bc-1681c0e17218" status: 204 len: 0 microversion: 1.0
Jun 12 16:53:50.732160 np0000002726 devstack@placement-api.service[89216]: [pid: 89216|app: 0|req: 406/820] 10.4.3.90 () {68 vars in 1470 bytes} [Fri Jun 12 16:53:50 2026] DELETE /placement/allocations/0d63ed07-83f3-44dd-a2bc-1681c0e17218 => generated 0 bytes in 39 msecs (HTTP/1.1 204) 5 headers in 198 bytes (1 switches on core 0)
Jun 12 16:53:55.144552 np0000002726 devstack@placement-api.service[89215]: DEBUG placement.requestlog [req-299d27a5-9f92-4da8-9721-18701a62d5c4 req-79feb81c-7df6-4f3b-bee6-67ca809706cb None None] Starting request: 10.4.3.90 "GET /placement/resource_providers/76de3a29-206d-4313-8ef5-eea0f3223f98/allocations" {{(pid=89215) __call__ /opt/stack/placement/placement/requestlog.py:55}}
Jun 12 16:53:55.177181 np0000002726 devstack@placement-api.service[89215]: INFO placement.requestlog [req-299d27a5-9f92-4da8-9721-18701a62d5c4 req-79feb81c-7df6-4f3b-bee6-67ca809706cb service nova] 10.4.3.90 "GET /placement/resource_providers/76de3a29-206d-4313-8ef5-eea0f3223f98/allocations" status: 200 len: 639 microversion: 1.0
Jun 12 16:53:55.177587 np0000002726 devstack@placement-api.service[89215]: [pid: 89215|app: 0|req: 415/821] 10.4.3.90 () {66 vars in 1505 bytes} [Fri Jun 12 16:53:55 2026] GET /placement/resource_providers/76de3a29-206d-4313-8ef5-eea0f3223f98/allocations => generated 639 bytes in 33 msecs (HTTP/1.1 200) 6 headers in 224 bytes (1 switches on core 0)
Jun 12 16:53:55.253741 np0000002726 devstack@placement-api.service[89216]: DEBUG placement.requestlog [req-299d27a5-9f92-4da8-9721-18701a62d5c4 req-d47a9fa0-9dbc-43b0-9b75-2bc2d6370f54 None None] Starting request: 10.4.3.90 "GET /placement/allocations/e3e9c496-1114-46c4-a8dc-a26d25a2b9fb" {{(pid=89216) __call__ /opt/stack/placement/placement/requestlog.py:55}}
Jun 12 16:53:55.259403 np0000002726 devstack@placement-api.service[89216]: DEBUG dbcounter [-] [89216] Writing DB stats placement:SELECT=211,placement:DELETE=12,placement:INSERT=10,placement:UPDATE=4 {{(pid=89216) stat_writer /opt/stack/data/venv/lib/python3.12/site-packages/dbcounter.py:115}}
Jun 12 16:53:55.267234 np0000002726 devstack@placement-api.service[89216]: INFO placement.requestlog [req-299d27a5-9f92-4da8-9721-18701a62d5c4 req-d47a9fa0-9dbc-43b0-9b75-2bc2d6370f54 service nova] 10.4.3.90 "GET /placement/allocations/e3e9c496-1114-46c4-a8dc-a26d25a2b9fb" status: 200 len: 258 microversion: 1.28
Jun 12 16:53:55.267486 np0000002726 devstack@placement-api.service[89216]: [pid: 89216|app: 0|req: 407/822] 10.4.3.90 () {68 vars in 1492 bytes} [Fri Jun 12 16:53:55 2026] GET /placement/allocations/e3e9c496-1114-46c4-a8dc-a26d25a2b9fb => generated 258 bytes in 14 msecs (HTTP/1.1 200) 8 headers in 296 bytes (2 switches on core 0)
Jun 12 16:53:55.314115 np0000002726 devstack@placement-api.service[89215]: DEBUG placement.requestlog [req-299d27a5-9f92-4da8-9721-18701a62d5c4 req-a7920bde-77ee-499f-b499-1987717bf7ad None None] Starting request: 10.4.3.90 "GET /placement/allocations/081fad31-2c6a-4fbf-92d0-da06c90c888e" {{(pid=89215) __call__ /opt/stack/placement/placement/requestlog.py:55}}
Jun 12 16:53:55.324134 np0000002726 devstack@placement-api.service[89215]: INFO placement.requestlog [req-299d27a5-9f92-4da8-9721-18701a62d5c4 req-a7920bde-77ee-499f-b499-1987717bf7ad service nova] 10.4.3.90 "GET /placement/allocations/081fad31-2c6a-4fbf-92d0-da06c90c888e" status: 200 len: 258 microversion: 1.28
Jun 12 16:53:55.324622 np0000002726 devstack@placement-api.service[89215]: [pid: 89215|app: 0|req: 416/823] 10.4.3.90 () {68 vars in 1492 bytes} [Fri Jun 12 16:53:55 2026] GET /placement/allocations/081fad31-2c6a-4fbf-92d0-da06c90c888e => generated 258 bytes in 11 msecs (HTTP/1.1 200) 8 headers in 296 bytes (1 switches on core 0)
Jun 12 16:53:55.368661 np0000002726 devstack@placement-api.service[89216]: DEBUG placement.requestlog [req-299d27a5-9f92-4da8-9721-18701a62d5c4 req-b5f4d99c-bbcd-4f1f-bb30-6cf93d135818 None None] Starting request: 10.4.3.90 "GET /placement/allocations/4ca499a6-c53e-4ab2-971d-a5af42570123" {{(pid=89216) __call__ /opt/stack/placement/placement/requestlog.py:55}}
Jun 12 16:53:55.379961 np0000002726 devstack@placement-api.service[89216]: INFO placement.requestlog [req-299d27a5-9f92-4da8-9721-18701a62d5c4 req-b5f4d99c-bbcd-4f1f-bb30-6cf93d135818 service nova] 10.4.3.90 "GET /placement/allocations/4ca499a6-c53e-4ab2-971d-a5af42570123" status: 200 len: 258 microversion: 1.28
Jun 12 16:53:55.379961 np0000002726 devstack@placement-api.service[89216]: [pid: 89216|app: 0|req: 408/824] 10.4.3.90 () {68 vars in 1492 bytes} [Fri Jun 12 16:53:55 2026] GET /placement/allocations/4ca499a6-c53e-4ab2-971d-a5af42570123 => generated 258 bytes in 11 msecs (HTTP/1.1 200) 8 headers in 296 bytes (1 switches on core 0)
Jun 12 16:53:55.420729 np0000002726 devstack@placement-api.service[89215]: DEBUG placement.requestlog [req-299d27a5-9f92-4da8-9721-18701a62d5c4 req-1b134f99-e32c-4e5e-9f84-eacc0501688f None None] Starting request: 10.4.3.90 "GET /placement/allocations/ea60ca50-6bce-4674-a461-872e7dc753b4" {{(pid=89215) __call__ /opt/stack/placement/placement/requestlog.py:55}}
Jun 12 16:53:55.429433 np0000002726 devstack@placement-api.service[89215]: INFO placement.requestlog [req-299d27a5-9f92-4da8-9721-18701a62d5c4 req-1b134f99-e32c-4e5e-9f84-eacc0501688f service nova] 10.4.3.90 "GET /placement/allocations/ea60ca50-6bce-4674-a461-872e7dc753b4" status: 200 len: 258 microversion: 1.28
Jun 12 16:53:55.429648 np0000002726 devstack@placement-api.service[89215]: [pid: 89215|app: 0|req: 417/825] 10.4.3.90 () {68 vars in 1492 bytes} [Fri Jun 12 16:53:55 2026] GET /placement/allocations/ea60ca50-6bce-4674-a461-872e7dc753b4 => generated 258 bytes in 9 msecs (HTTP/1.1 200) 8 headers in 296 bytes (1 switches on core 0)
Jun 12 16:53:55.491504 np0000002726 devstack@placement-api.service[89216]: DEBUG placement.requestlog [req-299d27a5-9f92-4da8-9721-18701a62d5c4 req-89e2a6d6-1819-42e2-8635-65ee03339518 None None] Starting request: 10.4.3.90 "GET /placement/allocations/70f6c792-2c99-4f47-b6b6-c19c376decc3" {{(pid=89216) __call__ /opt/stack/placement/placement/requestlog.py:55}}
Jun 12 16:53:55.509023 np0000002726 devstack@placement-api.service[89216]: INFO placement.requestlog [req-299d27a5-9f92-4da8-9721-18701a62d5c4 req-89e2a6d6-1819-42e2-8635-65ee03339518 service nova] 10.4.3.90 "GET /placement/allocations/70f6c792-2c99-4f47-b6b6-c19c376decc3" status: 200 len: 244 microversion: 1.28
Jun 12 16:53:55.509023 np0000002726 devstack@placement-api.service[89216]: [pid: 89216|app: 0|req: 409/826] 10.4.3.90 () {68 vars in 1492 bytes} [Fri Jun 12 16:53:55 2026] GET /placement/allocations/70f6c792-2c99-4f47-b6b6-c19c376decc3 => generated 244 bytes in 18 msecs (HTTP/1.1 200) 8 headers in 296 bytes (1 switches on core 0)
Jun 12 16:53:55.590483 np0000002726 devstack@placement-api.service[89215]: DEBUG placement.requestlog [req-299d27a5-9f92-4da8-9721-18701a62d5c4 req-054efa0d-4a66-4e5c-b138-d3145d788af1 None None] Starting request: 10.4.3.90 "GET /placement/allocations/967cfffe-7f59-4f5d-82fd-fb24f13315c9" {{(pid=89215) __call__ /opt/stack/placement/placement/requestlog.py:55}}
Jun 12 16:53:55.608258 np0000002726 devstack@placement-api.service[89215]: INFO placement.requestlog [req-299d27a5-9f92-4da8-9721-18701a62d5c4 req-054efa0d-4a66-4e5c-b138-d3145d788af1 service nova] 10.4.3.90 "GET /placement/allocations/967cfffe-7f59-4f5d-82fd-fb24f13315c9" status: 200 len: 258 microversion: 1.28
Jun 12 16:53:55.608553 np0000002726 devstack@placement-api.service[89215]: [pid: 89215|app: 0|req: 418/827] 10.4.3.90 () {68 vars in 1492 bytes} [Fri Jun 12 16:53:55 2026] GET /placement/allocations/967cfffe-7f59-4f5d-82fd-fb24f13315c9 => generated 258 bytes in 18 msecs (HTTP/1.1 200) 8 headers in 296 bytes (1 switches on core 0)
Jun 12 16:53:56.178287 np0000002726 devstack@placement-api.service[89216]: DEBUG placement.requestlog [req-b42e6f4b-103a-4ce9-a4d3-0ee310570f2a req-bb894bce-707a-4dbd-81f3-3bf84580578a None None] Starting request: 10.4.3.90 "GET /placement/allocation_candidates?limit=1000&resources=DISK_GB%3A1%2CMEMORY_MB%3A192%2CVCPU%3A1&root_required=%21COMPUTE_STATUS_DISABLED" {{(pid=89216) __call__ /opt/stack/placement/placement/requestlog.py:55}}
Jun 12 16:53:56.218964 np0000002726 devstack@placement-api.service[89216]: DEBUG placement.objects.research_context [req-b42e6f4b-103a-4ce9-a4d3-0ee310570f2a req-bb894bce-707a-4dbd-81f3-3bf84580578a service nova] getting providers with 1 DISK_GB {{(pid=89216) __init__ /opt/stack/placement/placement/objects/research_context.py:137}}
Jun 12 16:53:56.225517 np0000002726 devstack@placement-api.service[89216]: DEBUG placement.objects.research_context [req-b42e6f4b-103a-4ce9-a4d3-0ee310570f2a req-bb894bce-707a-4dbd-81f3-3bf84580578a service nova] getting providers with 192 MEMORY_MB {{(pid=89216) __init__ /opt/stack/placement/placement/objects/research_context.py:137}}
Jun 12 16:53:56.228723 np0000002726 devstack@placement-api.service[89216]: DEBUG placement.objects.research_context [req-b42e6f4b-103a-4ce9-a4d3-0ee310570f2a req-bb894bce-707a-4dbd-81f3-3bf84580578a service nova] getting providers with 1 VCPU {{(pid=89216) __init__ /opt/stack/placement/placement/objects/research_context.py:137}}
Jun 12 16:53:56.233658 np0000002726 devstack@placement-api.service[89216]: DEBUG placement.objects.research_context [req-b42e6f4b-103a-4ce9-a4d3-0ee310570f2a req-bb894bce-707a-4dbd-81f3-3bf84580578a service nova] found 1 providers with available 1 DISK_GB {{(pid=89216) get_provider_ids_matching /opt/stack/placement/placement/objects/research_context.py:563}}
Jun 12 16:53:56.233853 np0000002726 devstack@placement-api.service[89216]: DEBUG placement.objects.research_context [req-b42e6f4b-103a-4ce9-a4d3-0ee310570f2a req-bb894bce-707a-4dbd-81f3-3bf84580578a service nova] found 1 providers with available 192 MEMORY_MB {{(pid=89216) get_provider_ids_matching /opt/stack/placement/placement/objects/research_context.py:563}}
Jun 12 16:53:56.234044 np0000002726 devstack@placement-api.service[89216]: DEBUG placement.objects.research_context [req-b42e6f4b-103a-4ce9-a4d3-0ee310570f2a req-bb894bce-707a-4dbd-81f3-3bf84580578a service nova] found 1 providers after filtering by previous result {{(pid=89216) get_provider_ids_matching /opt/stack/placement/placement/objects/research_context.py:594}}
Jun 12 16:53:56.234172 np0000002726 devstack@placement-api.service[89216]: DEBUG placement.objects.research_context [req-b42e6f4b-103a-4ce9-a4d3-0ee310570f2a req-bb894bce-707a-4dbd-81f3-3bf84580578a service nova] found 1 providers with available 1 VCPU {{(pid=89216) get_provider_ids_matching /opt/stack/placement/placement/objects/research_context.py:563}}
Jun 12 16:53:56.234398 np0000002726 devstack@placement-api.service[89216]: DEBUG placement.objects.research_context [req-b42e6f4b-103a-4ce9-a4d3-0ee310570f2a req-bb894bce-707a-4dbd-81f3-3bf84580578a service nova] found 1 providers after filtering by previous result {{(pid=89216) get_provider_ids_matching /opt/stack/placement/placement/objects/research_context.py:594}}
Jun 12 16:53:56.242247 np0000002726 devstack@placement-api.service[89216]: DEBUG placement.objects.allocation_candidate [req-b42e6f4b-103a-4ce9-a4d3-0ee310570f2a req-bb894bce-707a-4dbd-81f3-3bf84580578a service nova] RequestGroup(use_same_provider=False, resources={DISK_GB:1, MEMORY_MB:192, VCPU:1}, traits=(), aggregates=[]) (suffix '') returned 1 matches {{(pid=89216) _get_by_requests /opt/stack/placement/placement/objects/allocation_candidate.py:158}}
Jun 12 16:53:56.242668 np0000002726 devstack@placement-api.service[89216]: DEBUG placement.objects.allocation_candidate [req-b42e6f4b-103a-4ce9-a4d3-0ee310570f2a req-bb894bce-707a-4dbd-81f3-3bf84580578a service nova] Merging candidates yields 1 allocation requests and 1 provider summaries {{(pid=89216) _merge_candidates /opt/stack/placement/placement/objects/allocation_candidate.py:908}}
Jun 12 16:53:56.243681 np0000002726 devstack@placement-api.service[89216]: INFO placement.requestlog [req-b42e6f4b-103a-4ce9-a4d3-0ee310570f2a req-bb894bce-707a-4dbd-81f3-3bf84580578a service nova] 10.4.3.90 "GET /placement/allocation_candidates?limit=1000&resources=DISK_GB%3A1%2CMEMORY_MB%3A192%2CVCPU%3A1&root_required=%21COMPUTE_STATUS_DISABLED" status: 200 len: 2493 microversion: 1.36
Jun 12 16:53:56.244233 np0000002726 devstack@placement-api.service[89216]: [pid: 89216|app: 0|req: 410/828] 10.4.3.90 () {68 vars in 1618 bytes} [Fri Jun 12 16:53:56 2026] GET /placement/allocation_candidates?limit=1000&resources=DISK_GB%3A1%2CMEMORY_MB%3A192%2CVCPU%3A1&root_required=%21COMPUTE_STATUS_DISABLED => generated 2493 bytes in 66 msecs (HTTP/1.1 200) 8 headers in 297 bytes (1 switches on core 0)
Jun 12 16:53:56.306393 np0000002726 devstack@placement-api.service[89215]: DEBUG placement.requestlog [req-b42e6f4b-103a-4ce9-a4d3-0ee310570f2a req-f56206aa-c5a4-4798-bd7a-2404a809e5eb None None] Starting request: 10.4.3.90 "GET /placement/allocations/21f08576-fbad-49ed-a272-b5ee7c463e8b" {{(pid=89215) __call__ /opt/stack/placement/placement/requestlog.py:55}}
Jun 12 16:53:56.324938 np0000002726 devstack@placement-api.service[89215]: INFO placement.requestlog [req-b42e6f4b-103a-4ce9-a4d3-0ee310570f2a req-f56206aa-c5a4-4798-bd7a-2404a809e5eb service nova] 10.4.3.90 "GET /placement/allocations/21f08576-fbad-49ed-a272-b5ee7c463e8b" status: 200 len: 19 microversion: 1.28
Jun 12 16:53:56.325522 np0000002726 devstack@placement-api.service[89215]: [pid: 89215|app: 0|req: 419/829] 10.4.3.90 () {68 vars in 1494 bytes} [Fri Jun 12 16:53:56 2026] GET /placement/allocations/21f08576-fbad-49ed-a272-b5ee7c463e8b => generated 19 bytes in 19 msecs (HTTP/1.1 200) 8 headers in 295 bytes (1 switches on core 0)
Jun 12 16:53:56.359096 np0000002726 devstack@placement-api.service[89216]: DEBUG placement.requestlog [req-b42e6f4b-103a-4ce9-a4d3-0ee310570f2a req-c8c5bf78-5f4f-4c6d-8e7b-71ed28fe62ef None None] Starting request: 10.4.3.90 "PUT /placement/allocations/21f08576-fbad-49ed-a272-b5ee7c463e8b" {{(pid=89216) __call__ /opt/stack/placement/placement/requestlog.py:55}}
Jun 12 16:53:56.420367 np0000002726 devstack@placement-api.service[89216]: DEBUG placement.handlers.allocation [req-b42e6f4b-103a-4ce9-a4d3-0ee310570f2a req-c8c5bf78-5f4f-4c6d-8e7b-71ed28fe62ef service nova] Successfully wrote allocations [, , ] {{(pid=89216) _update_consumers_and_create_allocations /opt/stack/placement/placement/handlers/allocation.py:462}}
Jun 12 16:53:56.424173 np0000002726 devstack@placement-api.service[89216]: INFO placement.requestlog [req-b42e6f4b-103a-4ce9-a4d3-0ee310570f2a req-c8c5bf78-5f4f-4c6d-8e7b-71ed28fe62ef service nova] 10.4.3.90 "PUT /placement/allocations/21f08576-fbad-49ed-a272-b5ee7c463e8b" status: 204 len: 0 microversion: 1.36
Jun 12 16:53:56.424173 np0000002726 devstack@placement-api.service[89216]: [pid: 89216|app: 0|req: 411/830] 10.4.3.90 () {72 vars in 1547 bytes} [Fri Jun 12 16:53:56 2026] PUT /placement/allocations/21f08576-fbad-49ed-a272-b5ee7c463e8b => generated 0 bytes in 65 msecs (HTTP/1.1 204) 5 headers in 199 bytes (1 switches on core 0)
Jun 12 16:53:57.861585 np0000002726 devstack@placement-api.service[89215]: DEBUG placement.requestlog [req-b42e6f4b-103a-4ce9-a4d3-0ee310570f2a req-bc2fedef-6fa8-4ca8-b9ca-4f3641e3cdd8 None None] Starting request: 10.4.3.90 "GET /placement/allocations/21f08576-fbad-49ed-a272-b5ee7c463e8b" {{(pid=89215) __call__ /opt/stack/placement/placement/requestlog.py:55}}
Jun 12 16:53:57.875480 np0000002726 devstack@placement-api.service[89215]: INFO placement.requestlog [req-b42e6f4b-103a-4ce9-a4d3-0ee310570f2a req-bc2fedef-6fa8-4ca8-b9ca-4f3641e3cdd8 service nova] 10.4.3.90 "GET /placement/allocations/21f08576-fbad-49ed-a272-b5ee7c463e8b" status: 200 len: 258 microversion: 1.28
Jun 12 16:53:57.876076 np0000002726 devstack@placement-api.service[89215]: [pid: 89215|app: 0|req: 420/831] 10.4.3.90 () {68 vars in 1492 bytes} [Fri Jun 12 16:53:57 2026] GET /placement/allocations/21f08576-fbad-49ed-a272-b5ee7c463e8b => generated 258 bytes in 15 msecs (HTTP/1.1 200) 8 headers in 296 bytes (1 switches on core 0)
Jun 12 16:53:59.317006 np0000002726 devstack@placement-api.service[89216]: DEBUG placement.requestlog [req-299d27a5-9f92-4da8-9721-18701a62d5c4 req-22ab92dd-aeac-4a9d-a17a-30a1aa739f68 None None] Starting request: 10.4.3.90 "GET /placement/allocations/4ca499a6-c53e-4ab2-971d-a5af42570123" {{(pid=89216) __call__ /opt/stack/placement/placement/requestlog.py:55}}
Jun 12 16:53:59.317006 np0000002726 devstack@placement-api.service[89216]: INFO placement.requestlog [req-299d27a5-9f92-4da8-9721-18701a62d5c4 req-22ab92dd-aeac-4a9d-a17a-30a1aa739f68 service nova] 10.4.3.90 "GET /placement/allocations/4ca499a6-c53e-4ab2-971d-a5af42570123" status: 200 len: 258 microversion: 1.28
Jun 12 16:53:59.317006 np0000002726 devstack@placement-api.service[89216]: [pid: 89216|app: 0|req: 412/832] 10.4.3.90 () {68 vars in 1492 bytes} [Fri Jun 12 16:53:58 2026] GET /placement/allocations/4ca499a6-c53e-4ab2-971d-a5af42570123 => generated 258 bytes in 12 msecs (HTTP/1.1 200) 8 headers in 296 bytes (1 switches on core 0)
Jun 12 16:53:59.329532 np0000002726 devstack@placement-api.service[89215]: DEBUG placement.requestlog [req-299d27a5-9f92-4da8-9721-18701a62d5c4 req-dfcbfdf2-4ffb-4ffc-a32d-542a963f0906 None None] Starting request: 10.4.3.90 "GET /placement/allocations/4ca499a6-c53e-4ab2-971d-a5af42570123" {{(pid=89215) __call__ /opt/stack/placement/placement/requestlog.py:55}}
Jun 12 16:53:59.329532 np0000002726 devstack@placement-api.service[89215]: INFO placement.requestlog [req-299d27a5-9f92-4da8-9721-18701a62d5c4 req-dfcbfdf2-4ffb-4ffc-a32d-542a963f0906 service nova] 10.4.3.90 "GET /placement/allocations/4ca499a6-c53e-4ab2-971d-a5af42570123" status: 200 len: 258 microversion: 1.28
Jun 12 16:53:59.329532 np0000002726 devstack@placement-api.service[89215]: [pid: 89215|app: 0|req: 421/833] 10.4.3.90 () {68 vars in 1492 bytes} [Fri Jun 12 16:53:58 2026] GET /placement/allocations/4ca499a6-c53e-4ab2-971d-a5af42570123 => generated 258 bytes in 11 msecs (HTTP/1.1 200) 8 headers in 296 bytes (1 switches on core 0)
Jun 12 16:53:59.332637 np0000002726 devstack@placement-api.service[89216]: DEBUG placement.requestlog [req-299d27a5-9f92-4da8-9721-18701a62d5c4 req-ec617781-a754-41ce-9665-ae6f0d667809 None None] Starting request: 10.4.3.90 "GET /placement/allocations/e3e9c496-1114-46c4-a8dc-a26d25a2b9fb" {{(pid=89216) __call__ /opt/stack/placement/placement/requestlog.py:55}}
Jun 12 16:53:59.332637 np0000002726 devstack@placement-api.service[89216]: INFO placement.requestlog [req-299d27a5-9f92-4da8-9721-18701a62d5c4 req-ec617781-a754-41ce-9665-ae6f0d667809 service nova] 10.4.3.90 "GET /placement/allocations/e3e9c496-1114-46c4-a8dc-a26d25a2b9fb" status: 200 len: 258 microversion: 1.28
Jun 12 16:53:59.332637 np0000002726 devstack@placement-api.service[89216]: [pid: 89216|app: 0|req: 413/834] 10.4.3.90 () {68 vars in 1492 bytes} [Fri Jun 12 16:53:58 2026] GET /placement/allocations/e3e9c496-1114-46c4-a8dc-a26d25a2b9fb => generated 258 bytes in 10 msecs (HTTP/1.1 200) 8 headers in 296 bytes (1 switches on core 0)
Jun 12 16:53:59.336357 np0000002726 devstack@placement-api.service[89215]: DEBUG placement.requestlog [req-299d27a5-9f92-4da8-9721-18701a62d5c4 req-cb11a5c3-c04b-4ff5-9a6f-8b0f1d5f7ab0 None None] Starting request: 10.4.3.90 "POST /placement/allocations" {{(pid=89215) __call__ /opt/stack/placement/placement/requestlog.py:55}}
Jun 12 16:53:59.337208 np0000002726 devstack@placement-api.service[89216]: DEBUG placement.requestlog [req-b42e6f4b-103a-4ce9-a4d3-0ee310570f2a req-7eea6637-b78f-4336-be16-efdf3d53f3ea None None] Starting request: 10.4.3.90 "GET /placement/resource_providers/76de3a29-206d-4313-8ef5-eea0f3223f98/allocations" {{(pid=89216) __call__ /opt/stack/placement/placement/requestlog.py:55}}
Jun 12 16:53:59.337805 np0000002726 devstack@placement-api.service[89215]: DEBUG placement.handlers.allocation [req-299d27a5-9f92-4da8-9721-18701a62d5c4 req-cb11a5c3-c04b-4ff5-9a6f-8b0f1d5f7ab0 service nova] Successfully wrote allocations [, , , , , ] {{(pid=89215) _update_consumers_and_create_allocations /opt/stack/placement/placement/handlers/allocation.py:572}}
Jun 12 16:53:59.337805 np0000002726 devstack@placement-api.service[89215]: INFO placement.requestlog [req-299d27a5-9f92-4da8-9721-18701a62d5c4 req-cb11a5c3-c04b-4ff5-9a6f-8b0f1d5f7ab0 service nova] 10.4.3.90 "POST /placement/allocations" status: 204 len: 0 microversion: 1.28
Jun 12 16:53:59.337805 np0000002726 devstack@placement-api.service[89215]: [pid: 89215|app: 0|req: 422/835] 10.4.3.90 () {72 vars in 1435 bytes} [Fri Jun 12 16:53:58 2026] POST /placement/allocations => generated 0 bytes in 71 msecs (HTTP/1.1 204) 5 headers in 199 bytes (1 switches on core 0)
Jun 12 16:53:59.338763 np0000002726 devstack@placement-api.service[89216]: INFO placement.requestlog [req-b42e6f4b-103a-4ce9-a4d3-0ee310570f2a req-7eea6637-b78f-4336-be16-efdf3d53f3ea service nova] 10.4.3.90 "GET /placement/resource_providers/76de3a29-206d-4313-8ef5-eea0f3223f98/allocations" status: 200 len: 639 microversion: 1.0
Jun 12 16:53:59.338763 np0000002726 devstack@placement-api.service[89216]: [pid: 89216|app: 0|req: 414/836] 10.4.3.90 () {66 vars in 1505 bytes} [Fri Jun 12 16:53:58 2026] GET /placement/resource_providers/76de3a29-206d-4313-8ef5-eea0f3223f98/allocations => generated 639 bytes in 22 msecs (HTTP/1.1 200) 6 headers in 224 bytes (1 switches on core 0)
Jun 12 16:53:59.339462 np0000002726 devstack@placement-api.service[89215]: DEBUG placement.requestlog [req-b42e6f4b-103a-4ce9-a4d3-0ee310570f2a req-8587906f-6b78-497c-979a-4a1285c1523b None None] Starting request: 10.4.3.90 "GET /placement/allocations/21f08576-fbad-49ed-a272-b5ee7c463e8b" {{(pid=89215) __call__ /opt/stack/placement/placement/requestlog.py:55}}
Jun 12 16:53:59.339462 np0000002726 devstack@placement-api.service[89215]: INFO placement.requestlog [req-b42e6f4b-103a-4ce9-a4d3-0ee310570f2a req-8587906f-6b78-497c-979a-4a1285c1523b service nova] 10.4.3.90 "GET /placement/allocations/21f08576-fbad-49ed-a272-b5ee7c463e8b" status: 200 len: 258 microversion: 1.28
Jun 12 16:53:59.339462 np0000002726 devstack@placement-api.service[89215]: [pid: 89215|app: 0|req: 423/837] 10.4.3.90 () {68 vars in 1492 bytes} [Fri Jun 12 16:53:59 2026] GET /placement/allocations/21f08576-fbad-49ed-a272-b5ee7c463e8b => generated 258 bytes in 27 msecs (HTTP/1.1 200) 8 headers in 296 bytes (1 switches on core 0)
Jun 12 16:53:59.341293 np0000002726 devstack@placement-api.service[89216]: DEBUG placement.requestlog [req-b42e6f4b-103a-4ce9-a4d3-0ee310570f2a req-52594481-e2a3-446c-a3c9-995f925edae1 None None] Starting request: 10.4.3.90 "GET /placement/allocations/e3e9c496-1114-46c4-a8dc-a26d25a2b9fb" {{(pid=89216) __call__ /opt/stack/placement/placement/requestlog.py:55}}
Jun 12 16:53:59.341293 np0000002726 devstack@placement-api.service[89216]: INFO placement.requestlog [req-b42e6f4b-103a-4ce9-a4d3-0ee310570f2a req-52594481-e2a3-446c-a3c9-995f925edae1 service nova] 10.4.3.90 "GET /placement/allocations/e3e9c496-1114-46c4-a8dc-a26d25a2b9fb" status: 200 len: 258 microversion: 1.28
Jun 12 16:53:59.341293 np0000002726 devstack@placement-api.service[89216]: [pid: 89216|app: 0|req: 415/838] 10.4.3.90 () {68 vars in 1492 bytes} [Fri Jun 12 16:53:59 2026] GET /placement/allocations/e3e9c496-1114-46c4-a8dc-a26d25a2b9fb => generated 258 bytes in 16 msecs (HTTP/1.1 200) 8 headers in 296 bytes (1 switches on core 0)
Jun 12 16:53:59.342582 np0000002726 devstack@placement-api.service[89215]: DEBUG placement.requestlog [req-8e05de79-7315-4cab-b74c-ddc5d18171dd req-7bf6f4a7-6ff5-4812-9066-16f50a95c887 None None] Starting request: 10.4.3.90 "GET /placement/allocation_candidates?limit=1000&resources=MEMORY_MB%3A192%2CVCPU%3A1&root_required=%21COMPUTE_STATUS_DISABLED" {{(pid=89215) __call__ /opt/stack/placement/placement/requestlog.py:55}}
Jun 12 16:53:59.342582 np0000002726 devstack@placement-api.service[89215]: DEBUG placement.objects.research_context [req-8e05de79-7315-4cab-b74c-ddc5d18171dd req-7bf6f4a7-6ff5-4812-9066-16f50a95c887 service nova] getting providers with 192 MEMORY_MB {{(pid=89215) __init__ /opt/stack/placement/placement/objects/research_context.py:137}}
Jun 12 16:53:59.343927 np0000002726 devstack@placement-api.service[89216]: DEBUG placement.requestlog [req-b42e6f4b-103a-4ce9-a4d3-0ee310570f2a req-5246ad8f-f2e0-43a1-bb6a-0fdbd68ea51b None None] Starting request: 10.4.3.90 "GET /placement/allocations/081fad31-2c6a-4fbf-92d0-da06c90c888e" {{(pid=89216) __call__ /opt/stack/placement/placement/requestlog.py:55}}
Jun 12 16:53:59.344514 np0000002726 devstack@placement-api.service[89215]: DEBUG placement.objects.research_context [req-8e05de79-7315-4cab-b74c-ddc5d18171dd req-7bf6f4a7-6ff5-4812-9066-16f50a95c887 service nova] getting providers with 1 VCPU {{(pid=89215) __init__ /opt/stack/placement/placement/objects/research_context.py:137}}
Jun 12 16:53:59.344514 np0000002726 devstack@placement-api.service[89215]: DEBUG placement.objects.research_context [req-8e05de79-7315-4cab-b74c-ddc5d18171dd req-7bf6f4a7-6ff5-4812-9066-16f50a95c887 service nova] found 1 providers with available 192 MEMORY_MB {{(pid=89215) get_provider_ids_matching /opt/stack/placement/placement/objects/research_context.py:563}}
Jun 12 16:53:59.344514 np0000002726 devstack@placement-api.service[89215]: DEBUG placement.objects.research_context [req-8e05de79-7315-4cab-b74c-ddc5d18171dd req-7bf6f4a7-6ff5-4812-9066-16f50a95c887 service nova] found 1 providers with available 1 VCPU {{(pid=89215) get_provider_ids_matching /opt/stack/placement/placement/objects/research_context.py:563}}
Jun 12 16:53:59.344514 np0000002726 devstack@placement-api.service[89215]: DEBUG placement.objects.research_context [req-8e05de79-7315-4cab-b74c-ddc5d18171dd req-7bf6f4a7-6ff5-4812-9066-16f50a95c887 service nova] found 1 providers after filtering by previous result {{(pid=89215) get_provider_ids_matching /opt/stack/placement/placement/objects/research_context.py:594}}
Jun 12 16:53:59.344514 np0000002726 devstack@placement-api.service[89215]: DEBUG placement.objects.allocation_candidate [req-8e05de79-7315-4cab-b74c-ddc5d18171dd req-7bf6f4a7-6ff5-4812-9066-16f50a95c887 service nova] RequestGroup(use_same_provider=False, resources={MEMORY_MB:192, VCPU:1}, traits=(), aggregates=[]) (suffix '') returned 1 matches {{(pid=89215) _get_by_requests /opt/stack/placement/placement/objects/allocation_candidate.py:158}}
Jun 12 16:53:59.344514 np0000002726 devstack@placement-api.service[89215]: DEBUG placement.objects.allocation_candidate [req-8e05de79-7315-4cab-b74c-ddc5d18171dd req-7bf6f4a7-6ff5-4812-9066-16f50a95c887 service nova] Merging candidates yields 1 allocation requests and 1 provider summaries {{(pid=89215) _merge_candidates /opt/stack/placement/placement/objects/allocation_candidate.py:908}}
Jun 12 16:53:59.345598 np0000002726 devstack@placement-api.service[89216]: INFO placement.requestlog [req-b42e6f4b-103a-4ce9-a4d3-0ee310570f2a req-5246ad8f-f2e0-43a1-bb6a-0fdbd68ea51b service nova] 10.4.3.90 "GET /placement/allocations/081fad31-2c6a-4fbf-92d0-da06c90c888e" status: 200 len: 258 microversion: 1.28
Jun 12 16:53:59.346474 np0000002726 devstack@placement-api.service[89215]: INFO placement.requestlog [req-8e05de79-7315-4cab-b74c-ddc5d18171dd req-7bf6f4a7-6ff5-4812-9066-16f50a95c887 service nova] 10.4.3.90 "GET /placement/allocation_candidates?limit=1000&resources=MEMORY_MB%3A192%2CVCPU%3A1&root_required=%21COMPUTE_STATUS_DISABLED" status: 200 len: 2479 microversion: 1.36
Jun 12 16:53:59.346575 np0000002726 devstack@placement-api.service[89216]: [pid: 89216|app: 0|req: 416/839] 10.4.3.90 () {68 vars in 1492 bytes} [Fri Jun 12 16:53:59 2026] GET /placement/allocations/081fad31-2c6a-4fbf-92d0-da06c90c888e => generated 258 bytes in 24 msecs (HTTP/1.1 200) 8 headers in 296 bytes (1 switches on core 0)
Jun 12 16:53:59.346695 np0000002726 devstack@placement-api.service[89215]: [pid: 89215|app: 0|req: 424/840] 10.4.3.90 () {68 vars in 1590 bytes} [Fri Jun 12 16:53:59 2026] GET /placement/allocation_candidates?limit=1000&resources=MEMORY_MB%3A192%2CVCPU%3A1&root_required=%21COMPUTE_STATUS_DISABLED => generated 2479 bytes in 72 msecs (HTTP/1.1 200) 8 headers in 297 bytes (1 switches on core 0)
Jun 12 16:53:59.346796 np0000002726 devstack@placement-api.service[89216]: DEBUG placement.requestlog [req-b42e6f4b-103a-4ce9-a4d3-0ee310570f2a req-8a7ad996-17fb-44cd-a94d-d9d890d0d09b None None] Starting request: 10.4.3.90 "GET /placement/allocations/ea60ca50-6bce-4674-a461-872e7dc753b4" {{(pid=89216) __call__ /opt/stack/placement/placement/requestlog.py:55}}
Jun 12 16:53:59.346890 np0000002726 devstack@placement-api.service[89215]: DEBUG placement.requestlog [req-8e05de79-7315-4cab-b74c-ddc5d18171dd req-c5a0bf3a-83bf-44d3-a134-d3a88317c2cf None None] Starting request: 10.4.3.90 "GET /placement/allocations/c20094e3-ea28-44da-bbd8-853a4c9a2073" {{(pid=89215) __call__ /opt/stack/placement/placement/requestlog.py:55}}
Jun 12 16:53:59.351511 np0000002726 devstack@placement-api.service[89215]: INFO placement.requestlog [req-8e05de79-7315-4cab-b74c-ddc5d18171dd req-c5a0bf3a-83bf-44d3-a134-d3a88317c2cf service nova] 10.4.3.90 "GET /placement/allocations/c20094e3-ea28-44da-bbd8-853a4c9a2073" status: 200 len: 19 microversion: 1.28
Jun 12 16:53:59.351806 np0000002726 devstack@placement-api.service[89215]: [pid: 89215|app: 0|req: 425/841] 10.4.3.90 () {68 vars in 1494 bytes} [Fri Jun 12 16:53:59 2026] GET /placement/allocations/c20094e3-ea28-44da-bbd8-853a4c9a2073 => generated 19 bytes in 7 msecs (HTTP/1.1 200) 8 headers in 295 bytes (1 switches on core 0)
Jun 12 16:53:59.359539 np0000002726 devstack@placement-api.service[89216]: INFO placement.requestlog [req-b42e6f4b-103a-4ce9-a4d3-0ee310570f2a req-8a7ad996-17fb-44cd-a94d-d9d890d0d09b service nova] 10.4.3.90 "GET /placement/allocations/ea60ca50-6bce-4674-a461-872e7dc753b4" status: 200 len: 258 microversion: 1.28
Jun 12 16:53:59.359787 np0000002726 devstack@placement-api.service[89216]: [pid: 89216|app: 0|req: 417/842] 10.4.3.90 () {68 vars in 1492 bytes} [Fri Jun 12 16:53:59 2026] GET /placement/allocations/ea60ca50-6bce-4674-a461-872e7dc753b4 => generated 258 bytes in 32 msecs (HTTP/1.1 200) 8 headers in 296 bytes (1 switches on core 0)
Jun 12 16:53:59.389447 np0000002726 devstack@placement-api.service[89215]: DEBUG placement.requestlog [req-8e05de79-7315-4cab-b74c-ddc5d18171dd req-ddd63af3-fb16-4375-98c0-5fc320b2a24f None None] Starting request: 10.4.3.90 "PUT /placement/allocations/c20094e3-ea28-44da-bbd8-853a4c9a2073" {{(pid=89215) __call__ /opt/stack/placement/placement/requestlog.py:55}}
Jun 12 16:53:59.417518 np0000002726 devstack@placement-api.service[89216]: DEBUG placement.requestlog [req-b42e6f4b-103a-4ce9-a4d3-0ee310570f2a req-2e5ac8c0-c4fc-4820-975f-265f24819ca5 None None] Starting request: 10.4.3.90 "GET /placement/allocations/70f6c792-2c99-4f47-b6b6-c19c376decc3" {{(pid=89216) __call__ /opt/stack/placement/placement/requestlog.py:55}}
Jun 12 16:53:59.428942 np0000002726 devstack@placement-api.service[89216]: INFO placement.requestlog [req-b42e6f4b-103a-4ce9-a4d3-0ee310570f2a req-2e5ac8c0-c4fc-4820-975f-265f24819ca5 service nova] 10.4.3.90 "GET /placement/allocations/70f6c792-2c99-4f47-b6b6-c19c376decc3" status: 200 len: 244 microversion: 1.28
Jun 12 16:53:59.429240 np0000002726 devstack@placement-api.service[89216]: [pid: 89216|app: 0|req: 418/843] 10.4.3.90 () {68 vars in 1492 bytes} [Fri Jun 12 16:53:59 2026] GET /placement/allocations/70f6c792-2c99-4f47-b6b6-c19c376decc3 => generated 244 bytes in 13 msecs (HTTP/1.1 200) 8 headers in 296 bytes (1 switches on core 0)
Jun 12 16:53:59.462353 np0000002726 devstack@placement-api.service[89215]: DEBUG placement.handlers.allocation [req-8e05de79-7315-4cab-b74c-ddc5d18171dd req-ddd63af3-fb16-4375-98c0-5fc320b2a24f service nova] Successfully wrote allocations [, ] {{(pid=89215) _update_consumers_and_create_allocations /opt/stack/placement/placement/handlers/allocation.py:462}}
Jun 12 16:53:59.467042 np0000002726 devstack@placement-api.service[89215]: INFO placement.requestlog [req-8e05de79-7315-4cab-b74c-ddc5d18171dd req-ddd63af3-fb16-4375-98c0-5fc320b2a24f service nova] 10.4.3.90 "PUT /placement/allocations/c20094e3-ea28-44da-bbd8-853a4c9a2073" status: 204 len: 0 microversion: 1.36
Jun 12 16:53:59.467339 np0000002726 devstack@placement-api.service[89215]: [pid: 89215|app: 0|req: 426/844] 10.4.3.90 () {72 vars in 1547 bytes} [Fri Jun 12 16:53:59 2026] PUT /placement/allocations/c20094e3-ea28-44da-bbd8-853a4c9a2073 => generated 0 bytes in 78 msecs (HTTP/1.1 204) 5 headers in 199 bytes (1 switches on core 0)
