Jul 11 08:35:10.683978 np0000005072 devstack@g-api.service[102860]: DEBUG glance.common.config [None req-ca2a302f-6189-4ab9-93d9-1eada070101d None None] database.sqlite_synchronous = True {{(pid=102860) log_opt_values /opt/stack/data/venv/lib/python3.12/site-packages/oslo_config/cfg.py:3253}}
Jul 11 08:35:10.684001 np0000005072 devstack@g-api.service[102863]: DEBUG glance.common.config [None req-f9139d38-5dfe-4af5-83d5-bc923ccf61a1 None None] barbican_service_user.keyfile = None {{(pid=102863) log_opt_values /opt/stack/data/venv/lib/python3.12/site-packages/oslo_config/cfg.py:3253}}
Jul 11 08:35:10.684112 np0000005072 devstack@g-api.service[102860]: DEBUG glance.common.config [None req-ca2a302f-6189-4ab9-93d9-1eada070101d None None] database.synchronous_reader = True {{(pid=102860) log_opt_values /opt/stack/data/venv/lib/python3.12/site-packages/oslo_config/cfg.py:3253}}
Jul 11 08:35:10.684152 np0000005072 devstack@g-api.service[102863]: DEBUG glance.common.config [None req-f9139d38-5dfe-4af5-83d5-bc923ccf61a1 None None] barbican_service_user.split_loggers = False {{(pid=102863) log_opt_values /opt/stack/data/venv/lib/python3.12/site-packages/oslo_config/cfg.py:3253}}
Jul 11 08:35:10.684177 np0000005072 devstack@g-api.service[102860]: DEBUG glance.common.config [None req-ca2a302f-6189-4ab9-93d9-1eada070101d None None] database.use_db_reconnect = False {{(pid=102860) log_opt_values /opt/stack/data/venv/lib/python3.12/site-packages/oslo_config/cfg.py:3253}}
Jul 11 08:35:10.684198 np0000005072 devstack@g-api.service[102863]: DEBUG glance.common.config [None req-f9139d38-5dfe-4af5-83d5-bc923ccf61a1 None None] barbican_service_user.timeout = None {{(pid=102863) log_opt_values /opt/stack/data/venv/lib/python3.12/site-packages/oslo_config/cfg.py:3253}}
Jul 11 08:35:10.684223 np0000005072 devstack@g-api.service[102860]: DEBUG glance.common.config [None req-ca2a302f-6189-4ab9-93d9-1eada070101d None None] healthcheck.allowed_source_ranges = [] {{(pid=102860) log_opt_values /opt/stack/data/venv/lib/python3.12/site-packages/oslo_config/cfg.py:3253}}
Jul 11 08:35:10.684244 np0000005072 devstack@g-api.service[102863]: DEBUG glance.common.config [None req-f9139d38-5dfe-4af5-83d5-bc923ccf61a1 None None] database.asyncio_connection = **** {{(pid=102863) log_opt_values /opt/stack/data/venv/lib/python3.12/site-packages/oslo_config/cfg.py:3253}}
Jul 11 08:35:10.684267 np0000005072 devstack@g-api.service[102860]: DEBUG glance.common.config [None req-ca2a302f-6189-4ab9-93d9-1eada070101d None None] healthcheck.backends = ['disable_by_file'] {{(pid=102860) log_opt_values /opt/stack/data/venv/lib/python3.12/site-packages/oslo_config/cfg.py:3253}}
Jul 11 08:35:10.684302 np0000005072 devstack@g-api.service[102863]: DEBUG glance.common.config [None req-f9139d38-5dfe-4af5-83d5-bc923ccf61a1 None None] database.asyncio_slave_connection = **** {{(pid=102863) log_opt_values /opt/stack/data/venv/lib/python3.12/site-packages/oslo_config/cfg.py:3253}}
Jul 11 08:35:10.684332 np0000005072 devstack@g-api.service[102860]: DEBUG glance.common.config [None req-ca2a302f-6189-4ab9-93d9-1eada070101d None None] healthcheck.detailed = False {{(pid=102860) log_opt_values /opt/stack/data/venv/lib/python3.12/site-packages/oslo_config/cfg.py:3253}}
Jul 11 08:35:10.684358 np0000005072 devstack@g-api.service[102863]: DEBUG glance.common.config [None req-f9139d38-5dfe-4af5-83d5-bc923ccf61a1 None None] database.backend = sqlalchemy {{(pid=102863) log_opt_values /opt/stack/data/venv/lib/python3.12/site-packages/oslo_config/cfg.py:3253}}
Jul 11 08:35:10.684393 np0000005072 devstack@g-api.service[102860]: DEBUG glance.common.config [None req-ca2a302f-6189-4ab9-93d9-1eada070101d None None] healthcheck.disable_by_file_path = None {{(pid=102860) log_opt_values /opt/stack/data/venv/lib/python3.12/site-packages/oslo_config/cfg.py:3253}}
Jul 11 08:35:10.684422 np0000005072 devstack@g-api.service[102863]: DEBUG glance.common.config [None req-f9139d38-5dfe-4af5-83d5-bc923ccf61a1 None None] database.connection = **** {{(pid=102863) log_opt_values /opt/stack/data/venv/lib/python3.12/site-packages/oslo_config/cfg.py:3253}}
Jul 11 08:35:10.684449 np0000005072 devstack@g-api.service[102860]: DEBUG glance.common.config [None req-ca2a302f-6189-4ab9-93d9-1eada070101d None None] healthcheck.ignore_proxied_requests = False {{(pid=102860) log_opt_values /opt/stack/data/venv/lib/python3.12/site-packages/oslo_config/cfg.py:3253}}
Jul 11 08:35:10.684478 np0000005072 devstack@g-api.service[102863]: DEBUG glance.common.config [None req-f9139d38-5dfe-4af5-83d5-bc923ccf61a1 None None] database.connection_debug = 0 {{(pid=102863) log_opt_values /opt/stack/data/venv/lib/python3.12/site-packages/oslo_config/cfg.py:3253}}
Jul 11 08:35:10.684503 np0000005072 devstack@g-api.service[102860]: DEBUG glance.common.config [None req-ca2a302f-6189-4ab9-93d9-1eada070101d None None] ******************************************************************************** {{(pid=102860) log_opt_values /opt/stack/data/venv/lib/python3.12/site-packages/oslo_config/cfg.py:3260}}
Jul 11 08:35:10.684528 np0000005072 devstack@g-api.service[102863]: DEBUG glance.common.config [None req-f9139d38-5dfe-4af5-83d5-bc923ccf61a1 None None] database.connection_parameters = {{(pid=102863) log_opt_values /opt/stack/data/venv/lib/python3.12/site-packages/oslo_config/cfg.py:3253}}
Jul 11 08:35:10.684557 np0000005072 devstack@g-api.service[102860]: WSGI app 0 (mountpoint='') ready in 2 seconds on interpreter 0x760e020a4668 pid: 102860 (default app)
Jul 11 08:35:10.684583 np0000005072 devstack@g-api.service[102863]: DEBUG glance.common.config [None req-f9139d38-5dfe-4af5-83d5-bc923ccf61a1 None None] database.connection_recycle_time = 3600 {{(pid=102863) log_opt_values /opt/stack/data/venv/lib/python3.12/site-packages/oslo_config/cfg.py:3253}}
Jul 11 08:35:10.684583 np0000005072 devstack@g-api.service[102863]: DEBUG glance.common.config [None req-f9139d38-5dfe-4af5-83d5-bc923ccf61a1 None None] database.connection_trace = False {{(pid=102863) log_opt_values /opt/stack/data/venv/lib/python3.12/site-packages/oslo_config/cfg.py:3253}}
Jul 11 08:35:10.684583 np0000005072 devstack@g-api.service[102863]: DEBUG glance.common.config [None req-f9139d38-5dfe-4af5-83d5-bc923ccf61a1 None None] database.db_inc_retry_interval = True {{(pid=102863) log_opt_values /opt/stack/data/venv/lib/python3.12/site-packages/oslo_config/cfg.py:3253}}
Jul 11 08:35:10.684583 np0000005072 devstack@g-api.service[102863]: DEBUG glance.common.config [None req-f9139d38-5dfe-4af5-83d5-bc923ccf61a1 None None] database.db_max_retries = 20 {{(pid=102863) log_opt_values /opt/stack/data/venv/lib/python3.12/site-packages/oslo_config/cfg.py:3253}}
Jul 11 08:35:10.684583 np0000005072 devstack@g-api.service[102863]: DEBUG glance.common.config [None req-f9139d38-5dfe-4af5-83d5-bc923ccf61a1 None None] database.db_max_retry_interval = 10 {{(pid=102863) log_opt_values /opt/stack/data/venv/lib/python3.12/site-packages/oslo_config/cfg.py:3253}}
Jul 11 08:35:10.684583 np0000005072 devstack@g-api.service[102863]: DEBUG glance.common.config [None req-f9139d38-5dfe-4af5-83d5-bc923ccf61a1 None None] database.db_retry_interval = 1 {{(pid=102863) log_opt_values /opt/stack/data/venv/lib/python3.12/site-packages/oslo_config/cfg.py:3253}}
Jul 11 08:35:10.684583 np0000005072 devstack@g-api.service[102863]: DEBUG glance.common.config [None req-f9139d38-5dfe-4af5-83d5-bc923ccf61a1 None None] database.max_overflow = 50 {{(pid=102863) log_opt_values /opt/stack/data/venv/lib/python3.12/site-packages/oslo_config/cfg.py:3253}}
Jul 11 08:35:10.684816 np0000005072 devstack@g-api.service[102863]: DEBUG glance.common.config [None req-f9139d38-5dfe-4af5-83d5-bc923ccf61a1 None None] database.max_pool_size = 5 {{(pid=102863) log_opt_values /opt/stack/data/venv/lib/python3.12/site-packages/oslo_config/cfg.py:3253}}
Jul 11 08:35:10.684816 np0000005072 devstack@g-api.service[102863]: DEBUG glance.common.config [None req-f9139d38-5dfe-4af5-83d5-bc923ccf61a1 None None] database.max_retries = 10 {{(pid=102863) log_opt_values /opt/stack/data/venv/lib/python3.12/site-packages/oslo_config/cfg.py:3253}}
Jul 11 08:35:10.684816 np0000005072 devstack@g-api.service[102863]: DEBUG glance.common.config [None req-f9139d38-5dfe-4af5-83d5-bc923ccf61a1 None None] database.mysql_sql_mode = TRADITIONAL {{(pid=102863) log_opt_values /opt/stack/data/venv/lib/python3.12/site-packages/oslo_config/cfg.py:3253}}
Jul 11 08:35:10.684816 np0000005072 devstack@g-api.service[102863]: DEBUG glance.common.config [None req-f9139d38-5dfe-4af5-83d5-bc923ccf61a1 None None] database.mysql_wsrep_sync_wait = None {{(pid=102863) log_opt_values /opt/stack/data/venv/lib/python3.12/site-packages/oslo_config/cfg.py:3253}}
Jul 11 08:35:10.684816 np0000005072 devstack@g-api.service[102863]: DEBUG glance.common.config [None req-f9139d38-5dfe-4af5-83d5-bc923ccf61a1 None None] database.pool_timeout = None {{(pid=102863) log_opt_values /opt/stack/data/venv/lib/python3.12/site-packages/oslo_config/cfg.py:3253}}
Jul 11 08:35:10.684816 np0000005072 devstack@g-api.service[102863]: DEBUG glance.common.config [None req-f9139d38-5dfe-4af5-83d5-bc923ccf61a1 None None] database.retry_interval = 10 {{(pid=102863) log_opt_values /opt/stack/data/venv/lib/python3.12/site-packages/oslo_config/cfg.py:3253}}
Jul 11 08:35:10.684816 np0000005072 devstack@g-api.service[102863]: DEBUG glance.common.config [None req-f9139d38-5dfe-4af5-83d5-bc923ccf61a1 None None] database.slave_connection = **** {{(pid=102863) log_opt_values /opt/stack/data/venv/lib/python3.12/site-packages/oslo_config/cfg.py:3253}}
Jul 11 08:35:10.685071 np0000005072 devstack@g-api.service[102863]: DEBUG glance.common.config [None req-f9139d38-5dfe-4af5-83d5-bc923ccf61a1 None None] database.sqlite_synchronous = True {{(pid=102863) log_opt_values /opt/stack/data/venv/lib/python3.12/site-packages/oslo_config/cfg.py:3253}}
Jul 11 08:35:10.685071 np0000005072 devstack@g-api.service[102863]: DEBUG glance.common.config [None req-f9139d38-5dfe-4af5-83d5-bc923ccf61a1 None None] database.synchronous_reader = True {{(pid=102863) log_opt_values /opt/stack/data/venv/lib/python3.12/site-packages/oslo_config/cfg.py:3253}}
Jul 11 08:35:10.685071 np0000005072 devstack@g-api.service[102863]: DEBUG glance.common.config [None req-f9139d38-5dfe-4af5-83d5-bc923ccf61a1 None None] database.use_db_reconnect = False {{(pid=102863) log_opt_values /opt/stack/data/venv/lib/python3.12/site-packages/oslo_config/cfg.py:3253}}
Jul 11 08:35:10.685071 np0000005072 devstack@g-api.service[102863]: DEBUG glance.common.config [None req-f9139d38-5dfe-4af5-83d5-bc923ccf61a1 None None] healthcheck.allowed_source_ranges = [] {{(pid=102863) log_opt_values /opt/stack/data/venv/lib/python3.12/site-packages/oslo_config/cfg.py:3253}}
Jul 11 08:35:10.685071 np0000005072 devstack@g-api.service[102863]: DEBUG glance.common.config [None req-f9139d38-5dfe-4af5-83d5-bc923ccf61a1 None None] healthcheck.backends = ['disable_by_file'] {{(pid=102863) log_opt_values /opt/stack/data/venv/lib/python3.12/site-packages/oslo_config/cfg.py:3253}}
Jul 11 08:35:10.685071 np0000005072 devstack@g-api.service[102863]: DEBUG glance.common.config [None req-f9139d38-5dfe-4af5-83d5-bc923ccf61a1 None None] healthcheck.detailed = False {{(pid=102863) log_opt_values /opt/stack/data/venv/lib/python3.12/site-packages/oslo_config/cfg.py:3253}}
Jul 11 08:35:10.685071 np0000005072 devstack@g-api.service[102863]: DEBUG glance.common.config [None req-f9139d38-5dfe-4af5-83d5-bc923ccf61a1 None None] healthcheck.disable_by_file_path = None {{(pid=102863) log_opt_values /opt/stack/data/venv/lib/python3.12/site-packages/oslo_config/cfg.py:3253}}
Jul 11 08:35:10.685235 np0000005072 devstack@g-api.service[102863]: DEBUG glance.common.config [None req-f9139d38-5dfe-4af5-83d5-bc923ccf61a1 None None] healthcheck.ignore_proxied_requests = False {{(pid=102863) log_opt_values /opt/stack/data/venv/lib/python3.12/site-packages/oslo_config/cfg.py:3253}}
Jul 11 08:35:10.685235 np0000005072 devstack@g-api.service[102863]: DEBUG glance.common.config [None req-f9139d38-5dfe-4af5-83d5-bc923ccf61a1 None None] ******************************************************************************** {{(pid=102863) log_opt_values /opt/stack/data/venv/lib/python3.12/site-packages/oslo_config/cfg.py:3260}}
Jul 11 08:35:10.685235 np0000005072 devstack@g-api.service[102863]: WSGI app 0 (mountpoint='') ready in 2 seconds on interpreter 0x760e020a4668 pid: 102863 (default app)
Jul 11 08:35:11.900418 np0000005072 devstack@g-api.service[102861]: DEBUG glance.api.middleware.version_negotiation [None req-f9044fee-72c7-4721-b21f-eb3f47cf8b03 None None] Determining version of request: GET / Accept: application/json {{(pid=102861) process_request /opt/stack/glance/glance/api/middleware/version_negotiation.py:44}}
Jul 11 08:35:11.900890 np0000005072 devstack@g-api.service[102861]: DEBUG glance.api.middleware.version_negotiation [None req-f9044fee-72c7-4721-b21f-eb3f47cf8b03 None None] Using url versioning {{(pid=102861) process_request /opt/stack/glance/glance/api/middleware/version_negotiation.py:57}}
Jul 11 08:35:11.900890 np0000005072 devstack@g-api.service[102861]: DEBUG glance.api.middleware.version_negotiation [None req-f9044fee-72c7-4721-b21f-eb3f47cf8b03 None None] Unknown version. Returning version choices. {{(pid=102861) process_request /opt/stack/glance/glance/api/middleware/version_negotiation.py:64}}
Jul 11 08:35:11.901223 np0000005072 devstack@g-api.service[102861]: [pid: 102861|app: 0|req: 2/2] 127.0.0.1 () {36 vars in 569 bytes} [Sat Jul 11 08:35:11 2026] GET / => generated 1501 bytes in 1 msecs (HTTP/1.1 300) 3 headers in 106 bytes (1 switches on core 0)
Jul 11 08:35:11.911926 np0000005072 devstack@g-api.service[102862]: DEBUG glance.api.middleware.version_negotiation [None req-0e154814-2d59-4571-9f3e-c97b03f344ec None None] Determining version of request: POST /v2/images Accept: */* {{(pid=102862) process_request /opt/stack/glance/glance/api/middleware/version_negotiation.py:44}}
Jul 11 08:35:11.911926 np0000005072 devstack@g-api.service[102862]: DEBUG glance.api.middleware.version_negotiation [None req-0e154814-2d59-4571-9f3e-c97b03f344ec None None] Using url versioning {{(pid=102862) process_request /opt/stack/glance/glance/api/middleware/version_negotiation.py:57}}
Jul 11 08:35:11.912328 np0000005072 devstack@g-api.service[102862]: DEBUG glance.api.middleware.version_negotiation [None req-0e154814-2d59-4571-9f3e-c97b03f344ec None None] Matched version: v2 {{(pid=102862) process_request /opt/stack/glance/glance/api/middleware/version_negotiation.py:69}}
Jul 11 08:35:11.912444 np0000005072 devstack@g-api.service[102862]: DEBUG glance.api.middleware.version_negotiation [None req-0e154814-2d59-4571-9f3e-c97b03f344ec None None] new path /v2/images {{(pid=102862) process_request /opt/stack/glance/glance/api/middleware/version_negotiation.py:70}}
Jul 11 08:35:12.964736 np0000005072 devstack@g-api.service[102862]: [pid: 102862|app: 0|req: 1/3] 127.0.0.1 () {42 vars in 832 bytes} [Sat Jul 11 08:35:11 2026] POST /v2/images => generated 807 bytes in 1054 msecs (HTTP/1.1 201) 6 headers in 315 bytes (1 switches on core 0)
Jul 11 08:35:12.973817 np0000005072 devstack@g-api.service[102860]: DEBUG glance.api.middleware.version_negotiation [None req-ca2a302f-6189-4ab9-93d9-1eada070101d None None] Determining version of request: PUT /v2/images/e278ee25-008c-45f1-9b4c-322f4edea97d/stage Accept: {{(pid=102860) process_request /opt/stack/glance/glance/api/middleware/version_negotiation.py:44}}
Jul 11 08:35:12.974167 np0000005072 devstack@g-api.service[102860]: DEBUG glance.api.middleware.version_negotiation [None req-ca2a302f-6189-4ab9-93d9-1eada070101d None None] Using url versioning {{(pid=102860) process_request /opt/stack/glance/glance/api/middleware/version_negotiation.py:57}}
Jul 11 08:35:12.974440 np0000005072 devstack@g-api.service[102860]: DEBUG glance.api.middleware.version_negotiation [None req-ca2a302f-6189-4ab9-93d9-1eada070101d None None] Matched version: v2 {{(pid=102860) process_request /opt/stack/glance/glance/api/middleware/version_negotiation.py:69}}
Jul 11 08:35:12.974540 np0000005072 devstack@g-api.service[102860]: DEBUG glance.api.middleware.version_negotiation [None req-ca2a302f-6189-4ab9-93d9-1eada070101d None None] new path /v2/images/e278ee25-008c-45f1-9b4c-322f4edea97d/stage {{(pid=102860) process_request /opt/stack/glance/glance/api/middleware/version_negotiation.py:70}}
Jul 11 08:35:13.581171 np0000005072 devstack@g-api.service[102860]: DEBUG glance_store.backend [None req-c50172d7-5687-4ff1-8fb1-a6fb650463dc admin admin] Attempting to import store cinder {{(pid=102860) _load_store /opt/stack/data/venv/lib/python3.12/site-packages/glance_store/backend.py:215}}
Jul 11 08:35:13.581336 np0000005072 devstack@g-api.service[102860]: DEBUG glance_store.backend [None req-c50172d7-5687-4ff1-8fb1-a6fb650463dc admin admin] Attempting to import store file {{(pid=102860) _load_store /opt/stack/data/venv/lib/python3.12/site-packages/glance_store/backend.py:215}}
Jul 11 08:35:13.581497 np0000005072 devstack@g-api.service[102860]: DEBUG glance_store.backend [None req-c50172d7-5687-4ff1-8fb1-a6fb650463dc admin admin] Attempting to import store glance.store.cinder.Store {{(pid=102860) _load_store /opt/stack/data/venv/lib/python3.12/site-packages/glance_store/backend.py:215}}
Jul 11 08:35:13.581560 np0000005072 devstack@g-api.service[102860]: DEBUG glance_store.backend [None req-c50172d7-5687-4ff1-8fb1-a6fb650463dc admin admin] Attempting to import store glance.store.filesystem.Store {{(pid=102860) _load_store /opt/stack/data/venv/lib/python3.12/site-packages/glance_store/backend.py:215}}
Jul 11 08:35:13.581630 np0000005072 devstack@g-api.service[102860]: DEBUG glance_store.backend [None req-c50172d7-5687-4ff1-8fb1-a6fb650463dc admin admin] Attempting to import store glance.store.http.Store {{(pid=102860) _load_store /opt/stack/data/venv/lib/python3.12/site-packages/glance_store/backend.py:215}}
Jul 11 08:35:13.581717 np0000005072 devstack@g-api.service[102860]: DEBUG glance_store.backend [None req-c50172d7-5687-4ff1-8fb1-a6fb650463dc admin admin] Attempting to import store glance.store.rbd.Store {{(pid=102860) _load_store /opt/stack/data/venv/lib/python3.12/site-packages/glance_store/backend.py:215}}
Jul 11 08:35:13.581817 np0000005072 devstack@g-api.service[102860]: DEBUG glance_store.backend [None req-c50172d7-5687-4ff1-8fb1-a6fb650463dc admin admin] Attempting to import store glance.store.s3.Store {{(pid=102860) _load_store /opt/stack/data/venv/lib/python3.12/site-packages/glance_store/backend.py:215}}
Jul 11 08:35:13.581989 np0000005072 devstack@g-api.service[102860]: DEBUG glance_store.backend [None req-c50172d7-5687-4ff1-8fb1-a6fb650463dc admin admin] Attempting to import store glance.store.swift.Store {{(pid=102860) _load_store /opt/stack/data/venv/lib/python3.12/site-packages/glance_store/backend.py:215}}
Jul 11 08:35:13.582061 np0000005072 devstack@g-api.service[102860]: DEBUG glance_store.backend [None req-c50172d7-5687-4ff1-8fb1-a6fb650463dc admin admin] Attempting to import store glance.store.vmware_datastore.Store {{(pid=102860) _load_store /opt/stack/data/venv/lib/python3.12/site-packages/glance_store/backend.py:215}}
Jul 11 08:35:13.582204 np0000005072 devstack@g-api.service[102860]: DEBUG glance_store.backend [None req-c50172d7-5687-4ff1-8fb1-a6fb650463dc admin admin] Attempting to import store http {{(pid=102860) _load_store /opt/stack/data/venv/lib/python3.12/site-packages/glance_store/backend.py:215}}
Jul 11 08:35:13.582399 np0000005072 devstack@g-api.service[102860]: DEBUG glance_store.backend [None req-c50172d7-5687-4ff1-8fb1-a6fb650463dc admin admin] Attempting to import store no_conf {{(pid=102860) _load_store /opt/stack/data/venv/lib/python3.12/site-packages/glance_store/backend.py:215}}
Jul 11 08:35:13.582439 np0000005072 devstack@g-api.service[102860]: DEBUG glance_store.backend [None req-c50172d7-5687-4ff1-8fb1-a6fb650463dc admin admin] Attempting to import store rbd {{(pid=102860) _load_store /opt/stack/data/venv/lib/python3.12/site-packages/glance_store/backend.py:215}}
Jul 11 08:35:13.582527 np0000005072 devstack@g-api.service[102860]: DEBUG glance_store.backend [None req-c50172d7-5687-4ff1-8fb1-a6fb650463dc admin admin] Attempting to import store s3 {{(pid=102860) _load_store /opt/stack/data/venv/lib/python3.12/site-packages/glance_store/backend.py:215}}
Jul 11 08:35:13.582616 np0000005072 devstack@g-api.service[102860]: DEBUG glance_store.backend [None req-c50172d7-5687-4ff1-8fb1-a6fb650463dc admin admin] Attempting to import store swift {{(pid=102860) _load_store /opt/stack/data/venv/lib/python3.12/site-packages/glance_store/backend.py:215}}
Jul 11 08:35:13.582699 np0000005072 devstack@g-api.service[102860]: DEBUG glance_store.backend [None req-c50172d7-5687-4ff1-8fb1-a6fb650463dc admin admin] Attempting to import store vmware {{(pid=102860) _load_store /opt/stack/data/venv/lib/python3.12/site-packages/glance_store/backend.py:215}}
Jul 11 08:35:13.582782 np0000005072 devstack@g-api.service[102860]: DEBUG glance_store.backend [None req-c50172d7-5687-4ff1-8fb1-a6fb650463dc admin admin] Registering options for group glance_store {{(pid=102860) register_opts /opt/stack/data/venv/lib/python3.12/site-packages/glance_store/backend.py:144}}
Jul 11 08:35:13.582897 np0000005072 devstack@g-api.service[102860]: DEBUG glance_store.backend [None req-c50172d7-5687-4ff1-8fb1-a6fb650463dc admin admin] Registering options for group glance_store {{(pid=102860) register_opts /opt/stack/data/venv/lib/python3.12/site-packages/glance_store/backend.py:144}}
Jul 11 08:35:13.583247 np0000005072 devstack@g-api.service[102860]: DEBUG glance_store.backend [None req-c50172d7-5687-4ff1-8fb1-a6fb650463dc admin admin] Attempting to import store file {{(pid=102860) _load_store /opt/stack/data/venv/lib/python3.12/site-packages/glance_store/backend.py:215}}
Jul 11 08:35:13.583605 np0000005072 devstack@g-api.service[102860]: INFO glance_store._drivers.filesystem [None req-c50172d7-5687-4ff1-8fb1-a6fb650463dc admin admin] Directory to write image files does not exist (/tmp/staging/). Creating.
Jul 11 08:35:13.583816 np0000005072 devstack@g-api.service[102860]: DEBUG glance_store.capabilities [None req-c50172d7-5687-4ff1-8fb1-a6fb650463dc admin admin] Store glance_store._drivers.filesystem.Store doesn't support updating dynamic storage capabilities. Please overwrite 'update_capabilities' method of the store to implement updating logics if needed. {{(pid=102860) update_capabilities /opt/stack/data/venv/lib/python3.12/site-packages/glance_store/capabilities.py:91}}
Jul 11 08:35:14.181410 np0000005072 devstack@g-api.service[102860]: DEBUG glance_store._drivers.filesystem [None req-c50172d7-5687-4ff1-8fb1-a6fb650463dc admin admin] Wrote 21430272 bytes to /tmp/staging/e278ee25-008c-45f1-9b4c-322f4edea97d with checksum c8fc807773e5354afe61636071771906 and multihash c8fc807773e5354afe61636071771906 {{(pid=102860) add /opt/stack/data/venv/lib/python3.12/site-packages/glance_store/_drivers/filesystem.py:899}}
Jul 11 08:35:14.202908 np0000005072 devstack@g-api.service[102860]: [pid: 102860|app: 0|req: 1/4] 127.0.0.1 () {42 vars in 927 bytes} [Sat Jul 11 08:35:12 2026] PUT /v2/images/e278ee25-008c-45f1-9b4c-322f4edea97d/stage => generated 0 bytes in 1229 msecs (HTTP/1.1 204) 4 headers in 171 bytes (1 switches on core 0)
Jul 11 08:35:14.211984 np0000005072 devstack@g-api.service[102863]: DEBUG glance.api.middleware.version_negotiation [None req-f9139d38-5dfe-4af5-83d5-bc923ccf61a1 None None] Determining version of request: POST /v2/images/e278ee25-008c-45f1-9b4c-322f4edea97d/import Accept: */* {{(pid=102863) process_request /opt/stack/glance/glance/api/middleware/version_negotiation.py:44}}
Jul 11 08:35:14.212316 np0000005072 devstack@g-api.service[102863]: DEBUG glance.api.middleware.version_negotiation [None req-f9139d38-5dfe-4af5-83d5-bc923ccf61a1 None None] Using url versioning {{(pid=102863) process_request /opt/stack/glance/glance/api/middleware/version_negotiation.py:57}}
Jul 11 08:35:14.212771 np0000005072 devstack@g-api.service[102863]: DEBUG glance.api.middleware.version_negotiation [None req-f9139d38-5dfe-4af5-83d5-bc923ccf61a1 None None] Matched version: v2 {{(pid=102863) process_request /opt/stack/glance/glance/api/middleware/version_negotiation.py:69}}
Jul 11 08:35:14.212929 np0000005072 devstack@g-api.service[102863]: DEBUG glance.api.middleware.version_negotiation [None req-f9139d38-5dfe-4af5-83d5-bc923ccf61a1 None None] new path /v2/images/e278ee25-008c-45f1-9b4c-322f4edea97d/import {{(pid=102863) process_request /opt/stack/glance/glance/api/middleware/version_negotiation.py:70}}
Jul 11 08:35:14.871090 np0000005072 devstack@g-api.service[102863]: DEBUG glance.domain [None req-cbe30794-75f9-45fe-b48e-029c4999d740 admin admin] Loading taskflow executor {{(pid=102863) new_task_executor /opt/stack/glance/glance/domain/__init__.py:515}}
Jul 11 08:35:15.051817 np0000005072 devstack@g-api.service[102863]: DEBUG oslo_concurrency.lockutils [None req-cbe30794-75f9-45fe-b48e-029c4999d740 admin admin] Acquiring lock "tasks_pool" by "glance.api.common.memoize..memoizer_wrapper..memoizer" {{(pid=102863) inner /opt/stack/data/venv/lib/python3.12/site-packages/oslo_concurrency/lockutils.py:511}}
Jul 11 08:35:15.051943 np0000005072 devstack@g-api.service[102863]: DEBUG oslo_concurrency.lockutils [None req-cbe30794-75f9-45fe-b48e-029c4999d740 admin admin] Lock "tasks_pool" acquired by "glance.api.common.memoize..memoizer_wrapper..memoizer" :: waited 0.001s {{(pid=102863) inner /opt/stack/data/venv/lib/python3.12/site-packages/oslo_concurrency/lockutils.py:524}}
Jul 11 08:35:15.052343 np0000005072 devstack@g-api.service[102863]: DEBUG glance.api.common [None req-cbe30794-75f9-45fe-b48e-029c4999d740 admin admin] Initializing named threadpool 'tasks_pool' {{(pid=102863) _get_thread_pool /opt/stack/glance/glance/api/common.py:242}}
Jul 11 08:35:15.052784 np0000005072 devstack@g-api.service[102863]: DEBUG glance.async_ [None req-cbe30794-75f9-45fe-b48e-029c4999d740 admin admin] Creating threadpool model 'ThreadPoolExecutor' with size 16 {{(pid=102863) __init__ /opt/stack/glance/glance/async_/__init__.py:100}}
Jul 11 08:35:15.052923 np0000005072 devstack@g-api.service[102863]: DEBUG oslo_concurrency.lockutils [None req-cbe30794-75f9-45fe-b48e-029c4999d740 admin admin] Lock "tasks_pool" "released" by "glance.api.common.memoize..memoizer_wrapper..memoizer" :: held 0.001s {{(pid=102863) inner /opt/stack/data/venv/lib/python3.12/site-packages/oslo_concurrency/lockutils.py:543}}
Jul 11 08:35:15.053060 np0000005072 devstack@g-api.service[102863]: DEBUG glance.async_ [None req-cbe30794-75f9-45fe-b48e-029c4999d740 admin admin] Spawning with ThreadPoolExecutor: >((,), {}) {{(pid=102863) spawn /opt/stack/glance/glance/async_/__init__.py:106}}
Jul 11 08:35:15.055195 np0000005072 devstack@g-api.service[102863]: [pid: 102863|app: 0|req: 1/5] 127.0.0.1 () {42 vars in 919 bytes} [Sat Jul 11 08:35:14 2026] POST /v2/images/e278ee25-008c-45f1-9b4c-322f4edea97d/import => generated 0 bytes in 843 msecs (HTTP/1.1 202) 4 headers in 169 bytes (1 switches on core 0)
Jul 11 08:35:15.058431 np0000005072 devstack@g-api.service[102863]: INFO glance.domain [-] Task [64b2cf28-cac8-4d4d-a339-119275c9db25] status changing from pending to processing
Jul 11 08:35:15.065209 np0000005072 devstack@g-api.service[102861]: DEBUG glance.api.middleware.version_negotiation [None req-f9044fee-72c7-4721-b21f-eb3f47cf8b03 None None] Determining version of request: GET /v2/images/e278ee25-008c-45f1-9b4c-322f4edea97d Accept: */* {{(pid=102861) process_request /opt/stack/glance/glance/api/middleware/version_negotiation.py:44}}
Jul 11 08:35:15.065486 np0000005072 devstack@g-api.service[102861]: DEBUG glance.api.middleware.version_negotiation [None req-f9044fee-72c7-4721-b21f-eb3f47cf8b03 None None] Using url versioning {{(pid=102861) process_request /opt/stack/glance/glance/api/middleware/version_negotiation.py:57}}
Jul 11 08:35:15.065639 np0000005072 devstack@g-api.service[102861]: DEBUG glance.api.middleware.version_negotiation [None req-f9044fee-72c7-4721-b21f-eb3f47cf8b03 None None] Matched version: v2 {{(pid=102861) process_request /opt/stack/glance/glance/api/middleware/version_negotiation.py:69}}
Jul 11 08:35:15.065764 np0000005072 devstack@g-api.service[102861]: DEBUG glance.api.middleware.version_negotiation [None req-f9044fee-72c7-4721-b21f-eb3f47cf8b03 None None] new path /v2/images/e278ee25-008c-45f1-9b4c-322f4edea97d {{(pid=102861) process_request /opt/stack/glance/glance/api/middleware/version_negotiation.py:70}}
Jul 11 08:35:15.072241 np0000005072 devstack@g-api.service[102863]: DEBUG glance.async_.taskflow_executor [-] Taskflow executor picked up the execution of task ID 64b2cf28-cac8-4d4d-a339-119275c9db25 of task type api_image_import {{(pid=102863) _run /opt/stack/glance/glance/async_/taskflow_executor.py:175}}
Jul 11 08:35:15.093278 np0000005072 devstack@g-api.service[102863]: DEBUG glance_store.backend [-] Attempting to import store cinder {{(pid=102863) _load_store /opt/stack/data/venv/lib/python3.12/site-packages/glance_store/backend.py:215}}
Jul 11 08:35:15.093467 np0000005072 devstack@g-api.service[102863]: DEBUG glance_store.backend [-] Attempting to import store file {{(pid=102863) _load_store /opt/stack/data/venv/lib/python3.12/site-packages/glance_store/backend.py:215}}
Jul 11 08:35:15.093467 np0000005072 devstack@g-api.service[102863]: DEBUG glance_store.backend [-] Attempting to import store glance.store.cinder.Store {{(pid=102863) _load_store /opt/stack/data/venv/lib/python3.12/site-packages/glance_store/backend.py:215}}
Jul 11 08:35:15.093576 np0000005072 devstack@g-api.service[102863]: DEBUG glance_store.backend [-] Attempting to import store glance.store.filesystem.Store {{(pid=102863) _load_store /opt/stack/data/venv/lib/python3.12/site-packages/glance_store/backend.py:215}}
Jul 11 08:35:15.093638 np0000005072 devstack@g-api.service[102863]: DEBUG glance_store.backend [-] Attempting to import store glance.store.http.Store {{(pid=102863) _load_store /opt/stack/data/venv/lib/python3.12/site-packages/glance_store/backend.py:215}}
Jul 11 08:35:15.093752 np0000005072 devstack@g-api.service[102863]: DEBUG glance_store.backend [-] Attempting to import store glance.store.rbd.Store {{(pid=102863) _load_store /opt/stack/data/venv/lib/python3.12/site-packages/glance_store/backend.py:215}}
Jul 11 08:35:15.093831 np0000005072 devstack@g-api.service[102863]: DEBUG glance_store.backend [-] Attempting to import store glance.store.s3.Store {{(pid=102863) _load_store /opt/stack/data/venv/lib/python3.12/site-packages/glance_store/backend.py:215}}
Jul 11 08:35:15.093962 np0000005072 devstack@g-api.service[102863]: DEBUG glance_store.backend [-] Attempting to import store glance.store.swift.Store {{(pid=102863) _load_store /opt/stack/data/venv/lib/python3.12/site-packages/glance_store/backend.py:215}}
Jul 11 08:35:15.094079 np0000005072 devstack@g-api.service[102863]: DEBUG glance_store.backend [-] Attempting to import store glance.store.vmware_datastore.Store {{(pid=102863) _load_store /opt/stack/data/venv/lib/python3.12/site-packages/glance_store/backend.py:215}}
Jul 11 08:35:15.094190 np0000005072 devstack@g-api.service[102863]: DEBUG glance_store.backend [-] Attempting to import store http {{(pid=102863) _load_store /opt/stack/data/venv/lib/python3.12/site-packages/glance_store/backend.py:215}}
Jul 11 08:35:15.094297 np0000005072 devstack@g-api.service[102863]: DEBUG glance_store.backend [-] Attempting to import store no_conf {{(pid=102863) _load_store /opt/stack/data/venv/lib/python3.12/site-packages/glance_store/backend.py:215}}
Jul 11 08:35:15.094421 np0000005072 devstack@g-api.service[102863]: DEBUG glance_store.backend [-] Attempting to import store rbd {{(pid=102863) _load_store /opt/stack/data/venv/lib/python3.12/site-packages/glance_store/backend.py:215}}
Jul 11 08:35:15.094525 np0000005072 devstack@g-api.service[102863]: DEBUG glance_store.backend [-] Attempting to import store s3 {{(pid=102863) _load_store /opt/stack/data/venv/lib/python3.12/site-packages/glance_store/backend.py:215}}
Jul 11 08:35:15.094628 np0000005072 devstack@g-api.service[102863]: DEBUG glance_store.backend [-] Attempting to import store swift {{(pid=102863) _load_store /opt/stack/data/venv/lib/python3.12/site-packages/glance_store/backend.py:215}}
Jul 11 08:35:15.094738 np0000005072 devstack@g-api.service[102863]: DEBUG glance_store.backend [-] Attempting to import store vmware {{(pid=102863) _load_store /opt/stack/data/venv/lib/python3.12/site-packages/glance_store/backend.py:215}}
Jul 11 08:35:15.094844 np0000005072 devstack@g-api.service[102863]: DEBUG glance_store.backend [-] Registering options for group glance_store {{(pid=102863) register_opts /opt/stack/data/venv/lib/python3.12/site-packages/glance_store/backend.py:144}}
Jul 11 08:35:15.094948 np0000005072 devstack@g-api.service[102863]: DEBUG glance_store.backend [-] Registering options for group glance_store {{(pid=102863) register_opts /opt/stack/data/venv/lib/python3.12/site-packages/glance_store/backend.py:144}}
Jul 11 08:35:15.095310 np0000005072 devstack@g-api.service[102863]: DEBUG glance_store.backend [-] Attempting to import store file {{(pid=102863) _load_store /opt/stack/data/venv/lib/python3.12/site-packages/glance_store/backend.py:215}}
Jul 11 08:35:15.095809 np0000005072 devstack@g-api.service[102863]: DEBUG glance_store.capabilities [-] Store glance_store._drivers.filesystem.Store doesn't support updating dynamic storage capabilities. Please overwrite 'update_capabilities' method of the store to implement updating logics if needed. {{(pid=102863) update_capabilities /opt/stack/data/venv/lib/python3.12/site-packages/glance_store/capabilities.py:91}}
Jul 11 08:35:15.102139 np0000005072 devstack@g-api.service[102861]: [pid: 102861|app: 0|req: 3/6] 127.0.0.1 () {38 vars in 852 bytes} [Sat Jul 11 08:35:15 2026] GET /v2/images/e278ee25-008c-45f1-9b4c-322f4edea97d => generated 879 bytes in 37 msecs (HTTP/1.1 200) 4 headers in 157 bytes (1 switches on core 0)
Jul 11 08:35:15.102305 np0000005072 devstack@g-api.service[102863]: DEBUG glance.async_.flows.api_image_import [-] Image e278ee25-008c-45f1-9b4c-322f4edea97d os_glance_importing_to_stores= {{(pid=102863) merge_store_list /opt/stack/glance/glance/async_/flows/api_image_import.py:297}}
Jul 11 08:35:15.102434 np0000005072 devstack@g-api.service[102863]: DEBUG glance.async_.flows.api_image_import [-] Image e278ee25-008c-45f1-9b4c-322f4edea97d os_glance_failed_import= {{(pid=102863) merge_store_list /opt/stack/glance/glance/async_/flows/api_image_import.py:297}}
Jul 11 08:35:15.107072 np0000005072 devstack@g-api.service[102863]: DEBUG glance.async_.flows.api_image_import [-] Image e278ee25-008c-45f1-9b4c-322f4edea97d status changing from uploading to importing {{(pid=102863) __exit__ /opt/stack/glance/glance/async_/flows/api_image_import.py:184}}
Jul 11 08:35:15.583637 np0000005072 devstack@g-api.service[102863]: DEBUG glance.async_ [-] Creating threadpool model 'ThreadPoolExecutor' with size 10 {{(pid=102863) __init__ /opt/stack/glance/glance/async_/__init__.py:100}}
Jul 11 08:35:15.597116 np0000005072 devstack@g-api.service[102863]: DEBUG glance.async_.taskflow_executor [-] Flow 'api_image_import' (dfebd54f-9b17-430e-94cf-9ef6d5fcc162) transitioned into state 'RUNNING' from state 'PENDING' {{(pid=102863) _flow_receiver /opt/stack/data/venv/lib/python3.12/site-packages/taskflow/listeners/logging.py:160}}
Jul 11 08:35:15.598967 np0000005072 devstack@g-api.service[102863]: DEBUG glance.async_.taskflow_executor [-] Task 'api_image_import-ImageLock-64b2cf28-cac8-4d4d-a339-119275c9db25' (b385de40-9be1-4f6d-bd66-d9741abc751e) transitioned into state 'RUNNING' from state 'PENDING' {{(pid=102863) _task_receiver /opt/stack/data/venv/lib/python3.12/site-packages/taskflow/listeners/logging.py:242}}
Jul 11 08:35:15.606621 np0000005072 devstack@g-api.service[102863]: DEBUG glance.async_.flows.api_image_import [-] Image e278ee25-008c-45f1-9b4c-322f4edea97d import task 64b2cf28-cac8-4d4d-a339-119275c9db25 lock confirmed {{(pid=102863) execute /opt/stack/glance/glance/async_/flows/api_image_import.py:497}}
Jul 11 08:35:15.607328 np0000005072 devstack@g-api.service[102863]: DEBUG glance.async_.taskflow_executor [-] Task 'api_image_import-ImageLock-64b2cf28-cac8-4d4d-a339-119275c9db25' (b385de40-9be1-4f6d-bd66-d9741abc751e) transitioned into state 'SUCCESS' from state 'RUNNING' with result 'None' {{(pid=102863) _task_receiver /opt/stack/data/venv/lib/python3.12/site-packages/taskflow/listeners/logging.py:218}}
Jul 11 08:35:15.608035 np0000005072 devstack@g-api.service[102863]: DEBUG glance.async_.taskflow_executor [-] Task 'api_image_import-ConfigureStaging-64b2cf28-cac8-4d4d-a339-119275c9db25' (70c4b6e5-cec6-49de-83bb-f501e0f239f5) transitioned into state 'RUNNING' from state 'PENDING' {{(pid=102863) _task_receiver /opt/stack/data/venv/lib/python3.12/site-packages/taskflow/listeners/logging.py:242}}
Jul 11 08:35:15.608692 np0000005072 devstack@g-api.service[102863]: DEBUG glance.async_.taskflow_executor [-] Task 'api_image_import-ConfigureStaging-64b2cf28-cac8-4d4d-a339-119275c9db25' (70c4b6e5-cec6-49de-83bb-f501e0f239f5) transitioned into state 'SUCCESS' from state 'RUNNING' with result 'file:///tmp/staging/e278ee25-008c-45f1-9b4c-322f4edea97d' {{(pid=102863) _task_receiver /opt/stack/data/venv/lib/python3.12/site-packages/taskflow/listeners/logging.py:218}}
Jul 11 08:35:15.609375 np0000005072 devstack@g-api.service[102863]: DEBUG glance.async_.taskflow_executor [-] Task 'api_image_import--ImportToStore-64b2cf28-cac8-4d4d-a339-119275c9db25' (e3bb99e2-03fd-4040-9a6d-3576cee8ea98) transitioned into state 'RUNNING' from state 'PENDING' {{(pid=102863) _task_receiver /opt/stack/data/venv/lib/python3.12/site-packages/taskflow/listeners/logging.py:242}}
Jul 11 08:35:15.614401 np0000005072 devstack@g-api.service[102863]: INFO glance.common.scripts.image_import.main [-] Task 64b2cf28-cac8-4d4d-a339-119275c9db25: Got image data uri file:///tmp/staging/e278ee25-008c-45f1-9b4c-322f4edea97d to be imported
Jul 11 08:35:15.615736 np0000005072 devstack@g-api.service[102863]: DEBUG glance.location [-] Enabling in-flight format inspection for qcow2 {{(pid=102863) set_data /opt/stack/glance/glance/location.py:596}}
Jul 11 08:35:15.616154 np0000005072 devstack@g-api.service[102863]: DEBUG glance_store.backend [-] Attempting to import store swift {{(pid=102863) _load_store /opt/stack/data/venv/lib/python3.12/site-packages/glance_store/backend.py:215}}
Jul 11 08:35:15.617515 np0000005072 devstack@g-api.service[102863]: DEBUG glance_store.capabilities [-] Store glance_store._drivers.swift.store.SingleTenantStore doesn't support updating dynamic storage capabilities. Please overwrite 'update_capabilities' method of the store to implement updating logics if needed. {{(pid=102863) update_capabilities /opt/stack/data/venv/lib/python3.12/site-packages/glance_store/capabilities.py:91}}
Jul 11 08:35:15.617582 np0000005072 devstack@g-api.service[102863]: DEBUG glance_store.driver [-] Late loading location class glance_store._drivers.swift.store.StoreLocation {{(pid=102863) get_store_location_class /opt/stack/data/venv/lib/python3.12/site-packages/glance_store/driver.py:134}}
Jul 11 08:35:15.617659 np0000005072 devstack@g-api.service[102863]: DEBUG glance_store.location [-] Registering scheme swift+https with {'store': , 'location_class': , 'store_entry': 'swift'} {{(pid=102863) register_scheme_map /opt/stack/data/venv/lib/python3.12/site-packages/glance_store/location.py:146}}
Jul 11 08:35:15.617722 np0000005072 devstack@g-api.service[102863]: DEBUG glance_store.location [-] Registering scheme swift+https with {'store': , 'location_class': , 'store_entry': 'swift'} {{(pid=102863) register_scheme_map /opt/stack/data/venv/lib/python3.12/site-packages/glance_store/location.py:146}}
Jul 11 08:35:15.617768 np0000005072 devstack@g-api.service[102863]: DEBUG glance_store.location [-] Registering scheme swift with {'store': , 'location_class': , 'store_entry': 'swift'} {{(pid=102863) register_scheme_map /opt/stack/data/venv/lib/python3.12/site-packages/glance_store/location.py:146}}
Jul 11 08:35:15.617848 np0000005072 devstack@g-api.service[102863]: DEBUG glance_store.location [-] Registering scheme swift+https with {'store': , 'location_class': , 'store_entry': 'swift'} {{(pid=102863) register_scheme_map /opt/stack/data/venv/lib/python3.12/site-packages/glance_store/location.py:146}}
Jul 11 08:35:15.617893 np0000005072 devstack@g-api.service[102863]: DEBUG glance_store.location [-] Registering scheme swift with {'store': , 'location_class': , 'store_entry': 'swift'} {{(pid=102863) register_scheme_map /opt/stack/data/venv/lib/python3.12/site-packages/glance_store/location.py:146}}
Jul 11 08:35:15.617983 np0000005072 devstack@g-api.service[102863]: DEBUG glance_store.location [-] Registering scheme swift+http with {'store': , 'location_class': , 'store_entry': 'swift'} {{(pid=102863) register_scheme_map /opt/stack/data/venv/lib/python3.12/site-packages/glance_store/location.py:146}}
Jul 11 08:35:15.617983 np0000005072 devstack@g-api.service[102863]: DEBUG glance_store.location [-] Registering scheme swift+https with {'store': , 'location_class': , 'store_entry': 'swift'} {{(pid=102863) register_scheme_map /opt/stack/data/venv/lib/python3.12/site-packages/glance_store/location.py:146}}
Jul 11 08:35:15.618049 np0000005072 devstack@g-api.service[102863]: DEBUG glance_store.location [-] Registering scheme swift with {'store': , 'location_class': , 'store_entry': 'swift'} {{(pid=102863) register_scheme_map /opt/stack/data/venv/lib/python3.12/site-packages/glance_store/location.py:146}}
Jul 11 08:35:15.618093 np0000005072 devstack@g-api.service[102863]: DEBUG glance_store.location [-] Registering scheme swift+http with {'store': , 'location_class': , 'store_entry': 'swift'} {{(pid=102863) register_scheme_map /opt/stack/data/venv/lib/python3.12/site-packages/glance_store/location.py:146}}
Jul 11 08:35:15.618145 np0000005072 devstack@g-api.service[102863]: DEBUG glance_store.location [-] Registering scheme swift+config with {'store': , 'location_class': , 'store_entry': 'swift'} {{(pid=102863) register_scheme_map /opt/stack/data/venv/lib/python3.12/site-packages/glance_store/location.py:146}}
Jul 11 08:35:16.098115 np0000005072 devstack@g-api.service[102863]: INFO swiftclient [-] REQ: curl -i https://10.4.3.78:8080/v1/AUTH_594d5e8b16c64ac8b5472b3aa401bcc6/glance -I -H "X-Auth-Token: gAAAAABqUgBDuUzJ..."
Jul 11 08:35:16.098181 np0000005072 devstack@g-api.service[102863]: INFO swiftclient [-] RESP STATUS: 404 Not Found
Jul 11 08:35:16.098294 np0000005072 devstack@g-api.service[102863]: INFO swiftclient [-] RESP HEADERS: {'Date': 'Sat, 11 Jul 2026 08:35:16 GMT', 'Server': 'Apache/2.4.58 (Ubuntu)', 'Content-Type': 'text/html; charset=UTF-8', 'X-Trans-Id': 'tx35d793bf20aa4e96ae1f8-006a520043', 'X-Openstack-Request-Id': 'tx35d793bf20aa4e96ae1f8-006a520043', 'Connection': 'close'}
Jul 11 08:35:16.098534 np0000005072 devstack@g-api.service[102863]: INFO glance_store._drivers.swift.store [-] Creating swift container glance
Jul 11 08:35:16.159436 np0000005072 devstack@g-api.service[102863]: DEBUG swiftclient [-] REQ: curl -i https://10.4.3.78:8080/v1/AUTH_594d5e8b16c64ac8b5472b3aa401bcc6/glance -X PUT -H "X-Auth-Token: gAAAAABqUgBDuUzJ..." -H "Content-Length: 0" {{(pid=102863) http_log /opt/stack/data/venv/lib/python3.12/site-packages/swiftclient/client.py:160}}
Jul 11 08:35:16.159519 np0000005072 devstack@g-api.service[102863]: DEBUG swiftclient [-] RESP STATUS: 201 Created {{(pid=102863) http_log /opt/stack/data/venv/lib/python3.12/site-packages/swiftclient/client.py:161}}
Jul 11 08:35:16.159648 np0000005072 devstack@g-api.service[102863]: DEBUG swiftclient [-] RESP HEADERS: {'Date': 'Sat, 11 Jul 2026 08:35:16 GMT', 'Server': 'Apache/2.4.58 (Ubuntu)', 'Content-Type': 'text/html; charset=UTF-8', 'Content-Length': '0', 'X-Trans-Id': 'tx38372ddc1f60450db3bd9-006a520044', 'X-Openstack-Request-Id': 'tx38372ddc1f60450db3bd9-006a520044', 'Connection': 'close'} {{(pid=102863) http_log /opt/stack/data/venv/lib/python3.12/site-packages/swiftclient/client.py:162}}
Jul 11 08:35:16.159784 np0000005072 devstack@g-api.service[102863]: DEBUG glance_store._drivers.swift.store [-] Adding image object 'e278ee25-008c-45f1-9b4c-322f4edea97d' to Swift {{(pid=102863) add /opt/stack/data/venv/lib/python3.12/site-packages/glance_store/_drivers/swift/store.py:970}}
Jul 11 08:35:16.165246 np0000005072 devstack@g-api.service[102863]: DEBUG oslo_utils.imageutils.format_inspector [-] Format inspector for vmdk does not match, excluding from consideration (Signature KDMV not found: b'QFI\xfb') {{(pid=102863) _process_chunk /opt/stack/data/venv/lib/python3.12/site-packages/oslo_utils/imageutils/format_inspector.py:1758}}
Jul 11 08:35:16.169206 np0000005072 devstack@g-api.service[102863]: DEBUG oslo_utils.imageutils.format_inspector [-] Format inspector for vhdx does not match, excluding from consideration (Region signature not found at 30000) {{(pid=102863) _process_chunk /opt/stack/data/venv/lib/python3.12/site-packages/oslo_utils/imageutils/format_inspector.py:1758}}
Jul 11 08:35:16.379503 np0000005072 devstack@g-api.service[102862]: DEBUG glance.api.middleware.version_negotiation [None req-27bf08df-a71b-4079-b794-2d223e48f272 admin admin] Determining version of request: POST /v2/images Accept: */* {{(pid=102862) process_request /opt/stack/glance/glance/api/middleware/version_negotiation.py:44}}
Jul 11 08:35:16.379939 np0000005072 devstack@g-api.service[102862]: DEBUG glance.api.middleware.version_negotiation [None req-27bf08df-a71b-4079-b794-2d223e48f272 admin admin] Using url versioning {{(pid=102862) process_request /opt/stack/glance/glance/api/middleware/version_negotiation.py:57}}
Jul 11 08:35:16.379939 np0000005072 devstack@g-api.service[102862]: DEBUG glance.api.middleware.version_negotiation [None req-27bf08df-a71b-4079-b794-2d223e48f272 admin admin] Matched version: v2 {{(pid=102862) process_request /opt/stack/glance/glance/api/middleware/version_negotiation.py:69}}
Jul 11 08:35:16.379939 np0000005072 devstack@g-api.service[102862]: DEBUG glance.api.middleware.version_negotiation [None req-27bf08df-a71b-4079-b794-2d223e48f272 admin admin] new path /v2/images {{(pid=102862) process_request /opt/stack/glance/glance/api/middleware/version_negotiation.py:70}}
Jul 11 08:35:16.494928 np0000005072 devstack@g-api.service[102863]: DEBUG swiftclient [-] REQ: curl -i https://10.4.3.78:8080/v1/AUTH_594d5e8b16c64ac8b5472b3aa401bcc6/glance/e278ee25-008c-45f1-9b4c-322f4edea97d -X PUT -H "X-Auth-Token: gAAAAABqUgBDuUzJ..." -H "Content-Length: 21430272" {{(pid=102863) http_log /opt/stack/data/venv/lib/python3.12/site-packages/swiftclient/client.py:160}}
Jul 11 08:35:16.494995 np0000005072 devstack@g-api.service[102863]: DEBUG swiftclient [-] RESP STATUS: 201 Created {{(pid=102863) http_log /opt/stack/data/venv/lib/python3.12/site-packages/swiftclient/client.py:161}}
Jul 11 08:35:16.495506 np0000005072 devstack@g-api.service[102863]: DEBUG swiftclient [-] RESP HEADERS: {'Date': 'Sat, 11 Jul 2026 08:35:16 GMT', 'Server': 'Apache/2.4.58 (Ubuntu)', 'Content-Type': 'text/html; charset=UTF-8', 'Content-Length': '0', 'Etag': 'c8fc807773e5354afe61636071771906', 'Last-Modified': 'Sat, 11 Jul 2026 08:35:17 GMT', 'X-Trans-Id': 'txaab11e0fca9d4e3bb6945-006a520044', 'X-Openstack-Request-Id': 'txaab11e0fca9d4e3bb6945-006a520044', 'Connection': 'close'} {{(pid=102863) http_log /opt/stack/data/venv/lib/python3.12/site-packages/swiftclient/client.py:162}}
Jul 11 08:35:16.508261 np0000005072 devstack@g-api.service[102863]: INFO glance.location [-] Image format matched and virtual size computed: 117440512
Jul 11 08:35:16.514859 np0000005072 devstack@g-api.service[102863]: DEBUG glance.async_.flows.api_image_import [-] Image e278ee25-008c-45f1-9b4c-322f4edea97d status changing from importing to active {{(pid=102863) __exit__ /opt/stack/glance/glance/async_/flows/api_image_import.py:184}}
Jul 11 08:35:16.536724 np0000005072 devstack@g-api.service[102863]: DEBUG glance_store.backend [-] Attempting to import store swift {{(pid=102863) _load_store /opt/stack/data/venv/lib/python3.12/site-packages/glance_store/backend.py:215}}
Jul 11 08:35:16.537869 np0000005072 devstack@g-api.service[102863]: DEBUG glance_store.capabilities [-] Store glance_store._drivers.swift.store.SingleTenantStore doesn't support updating dynamic storage capabilities. Please overwrite 'update_capabilities' method of the store to implement updating logics if needed. {{(pid=102863) update_capabilities /opt/stack/data/venv/lib/python3.12/site-packages/glance_store/capabilities.py:91}}
Jul 11 08:35:16.537928 np0000005072 devstack@g-api.service[102863]: DEBUG glance_store.driver [-] Late loading location class glance_store._drivers.swift.store.StoreLocation {{(pid=102863) get_store_location_class /opt/stack/data/venv/lib/python3.12/site-packages/glance_store/driver.py:134}}
Jul 11 08:35:16.538003 np0000005072 devstack@g-api.service[102863]: DEBUG glance_store.location [-] Registering scheme swift+https with {'store': , 'location_class': , 'store_entry': 'swift'} {{(pid=102863) register_scheme_map /opt/stack/data/venv/lib/python3.12/site-packages/glance_store/location.py:146}}
Jul 11 08:35:16.538079 np0000005072 devstack@g-api.service[102863]: DEBUG glance_store.location [-] Registering scheme swift+https with {'store': , 'location_class': , 'store_entry': 'swift'} {{(pid=102863) register_scheme_map /opt/stack/data/venv/lib/python3.12/site-packages/glance_store/location.py:146}}
