Jul 11 08:34:52.580644 np0000005072 nova-conductor[98970]: DEBUG cotyledon.oslo_config_glue [-] workarounds.reserve_disk_resource_for_image_cache = False {{(pid=98970) log_opt_values /opt/stack/data/venv/lib/python3.12/site-packages/oslo_config/cfg.py:3253}}
Jul 11 08:34:52.580644 np0000005072 nova-conductor[98970]: DEBUG cotyledon.oslo_config_glue [-] workarounds.skip_cpu_compare_at_startup = False {{(pid=98970) log_opt_values /opt/stack/data/venv/lib/python3.12/site-packages/oslo_config/cfg.py:3253}}
Jul 11 08:34:52.580644 np0000005072 nova-conductor[98970]: DEBUG cotyledon.oslo_config_glue [-] workarounds.skip_cpu_compare_on_dest = False {{(pid=98970) log_opt_values /opt/stack/data/venv/lib/python3.12/site-packages/oslo_config/cfg.py:3253}}
Jul 11 08:34:52.580644 np0000005072 nova-conductor[98970]: DEBUG cotyledon.oslo_config_glue [-] workarounds.skip_hypervisor_version_check_on_lm = False {{(pid=98970) log_opt_values /opt/stack/data/venv/lib/python3.12/site-packages/oslo_config/cfg.py:3253}}
Jul 11 08:34:52.580644 np0000005072 nova-conductor[98970]: DEBUG cotyledon.oslo_config_glue [-] workarounds.skip_reserve_in_use_ironic_nodes = False {{(pid=98970) log_opt_values /opt/stack/data/venv/lib/python3.12/site-packages/oslo_config/cfg.py:3253}}
Jul 11 08:34:52.580644 np0000005072 nova-conductor[98970]: DEBUG cotyledon.oslo_config_glue [-] workarounds.unified_limits_count_pcpu_as_vcpu = False {{(pid=98970) log_opt_values /opt/stack/data/venv/lib/python3.12/site-packages/oslo_config/cfg.py:3253}}
Jul 11 08:34:52.581027 np0000005072 nova-conductor[98970]: DEBUG cotyledon.oslo_config_glue [-] workarounds.wait_for_vif_plugged_event_during_hard_reboot = [] {{(pid=98970) log_opt_values /opt/stack/data/venv/lib/python3.12/site-packages/oslo_config/cfg.py:3253}}
Jul 11 08:34:52.581027 np0000005072 nova-conductor[98970]: DEBUG cotyledon.oslo_config_glue [-] wsgi.api_paste_config = /etc/nova/api-paste.ini {{(pid=98970) log_opt_values /opt/stack/data/venv/lib/python3.12/site-packages/oslo_config/cfg.py:3253}}
Jul 11 08:34:52.581027 np0000005072 nova-conductor[98970]: DEBUG cotyledon.oslo_config_glue [-] wsgi.secure_proxy_ssl_header = None {{(pid=98970) log_opt_values /opt/stack/data/venv/lib/python3.12/site-packages/oslo_config/cfg.py:3253}}
Jul 11 08:34:52.581027 np0000005072 nova-conductor[98970]: DEBUG cotyledon.oslo_config_glue [-] zvm.ca_file = None {{(pid=98970) log_opt_values /opt/stack/data/venv/lib/python3.12/site-packages/oslo_config/cfg.py:3253}}
Jul 11 08:34:52.581027 np0000005072 nova-conductor[98970]: DEBUG cotyledon.oslo_config_glue [-] zvm.cloud_connector_url = None {{(pid=98970) log_opt_values /opt/stack/data/venv/lib/python3.12/site-packages/oslo_config/cfg.py:3253}}
Jul 11 08:34:52.581027 np0000005072 nova-conductor[98970]: DEBUG cotyledon.oslo_config_glue [-] zvm.image_tmp_path = /opt/stack/data/nova/images {{(pid=98970) log_opt_values /opt/stack/data/venv/lib/python3.12/site-packages/oslo_config/cfg.py:3253}}
Jul 11 08:34:52.581027 np0000005072 nova-conductor[98970]: DEBUG cotyledon.oslo_config_glue [-] zvm.reachable_timeout = 300 {{(pid=98970) log_opt_values /opt/stack/data/venv/lib/python3.12/site-packages/oslo_config/cfg.py:3253}}
Jul 11 08:34:52.581027 np0000005072 nova-conductor[98970]: DEBUG cotyledon.oslo_config_glue [-] oslo_versionedobjects.fatal_exception_format_errors = False {{(pid=98970) log_opt_values /opt/stack/data/venv/lib/python3.12/site-packages/oslo_config/cfg.py:3253}}
Jul 11 08:34:52.581027 np0000005072 nova-conductor[98970]: DEBUG cotyledon.oslo_config_glue [-] oslo_middleware.http_basic_auth_user_file = /etc/htpasswd {{(pid=98970) log_opt_values /opt/stack/data/venv/lib/python3.12/site-packages/oslo_config/cfg.py:3253}}
Jul 11 08:34:52.581408 np0000005072 nova-conductor[98970]: DEBUG cotyledon.oslo_config_glue [-] profiler.connection_string = messaging:// {{(pid=98970) log_opt_values /opt/stack/data/venv/lib/python3.12/site-packages/oslo_config/cfg.py:3253}}
Jul 11 08:34:52.581408 np0000005072 nova-conductor[98970]: DEBUG cotyledon.oslo_config_glue [-] profiler.enabled = False {{(pid=98970) log_opt_values /opt/stack/data/venv/lib/python3.12/site-packages/oslo_config/cfg.py:3253}}
Jul 11 08:34:52.581408 np0000005072 nova-conductor[98970]: DEBUG cotyledon.oslo_config_glue [-] profiler.es_doc_type = notification {{(pid=98970) log_opt_values /opt/stack/data/venv/lib/python3.12/site-packages/oslo_config/cfg.py:3253}}
Jul 11 08:34:52.581408 np0000005072 nova-conductor[98970]: DEBUG cotyledon.oslo_config_glue [-] profiler.es_scroll_size = 10000 {{(pid=98970) log_opt_values /opt/stack/data/venv/lib/python3.12/site-packages/oslo_config/cfg.py:3253}}
Jul 11 08:34:52.581408 np0000005072 nova-conductor[98970]: DEBUG cotyledon.oslo_config_glue [-] profiler.es_scroll_time = 2m {{(pid=98970) log_opt_values /opt/stack/data/venv/lib/python3.12/site-packages/oslo_config/cfg.py:3253}}
Jul 11 08:34:52.581408 np0000005072 nova-conductor[98970]: DEBUG cotyledon.oslo_config_glue [-] profiler.filter_error_trace = False {{(pid=98970) log_opt_values /opt/stack/data/venv/lib/python3.12/site-packages/oslo_config/cfg.py:3253}}
Jul 11 08:34:52.581408 np0000005072 nova-conductor[98970]: DEBUG cotyledon.oslo_config_glue [-] profiler.hmac_keys = **** {{(pid=98970) log_opt_values /opt/stack/data/venv/lib/python3.12/site-packages/oslo_config/cfg.py:3253}}
Jul 11 08:34:52.581408 np0000005072 nova-conductor[98970]: DEBUG cotyledon.oslo_config_glue [-] profiler.sentinel_service_name = mymaster {{(pid=98970) log_opt_values /opt/stack/data/venv/lib/python3.12/site-packages/oslo_config/cfg.py:3253}}
Jul 11 08:34:52.581408 np0000005072 nova-conductor[98970]: DEBUG cotyledon.oslo_config_glue [-] profiler.socket_timeout = 0.1 {{(pid=98970) log_opt_values /opt/stack/data/venv/lib/python3.12/site-packages/oslo_config/cfg.py:3253}}
Jul 11 08:34:52.581701 np0000005072 nova-conductor[98970]: DEBUG cotyledon.oslo_config_glue [-] profiler.trace_requests = False {{(pid=98970) log_opt_values /opt/stack/data/venv/lib/python3.12/site-packages/oslo_config/cfg.py:3253}}
Jul 11 08:34:52.581701 np0000005072 nova-conductor[98970]: DEBUG cotyledon.oslo_config_glue [-] profiler.trace_sqlalchemy = False {{(pid=98970) log_opt_values /opt/stack/data/venv/lib/python3.12/site-packages/oslo_config/cfg.py:3253}}
Jul 11 08:34:52.581701 np0000005072 nova-conductor[98970]: DEBUG cotyledon.oslo_config_glue [-] profiler_jaeger.process_tags = {} {{(pid=98970) log_opt_values /opt/stack/data/venv/lib/python3.12/site-packages/oslo_config/cfg.py:3253}}
Jul 11 08:34:52.581701 np0000005072 nova-conductor[98970]: DEBUG cotyledon.oslo_config_glue [-] profiler_jaeger.service_name_prefix = None {{(pid=98970) log_opt_values /opt/stack/data/venv/lib/python3.12/site-packages/oslo_config/cfg.py:3253}}
Jul 11 08:34:52.581701 np0000005072 nova-conductor[98970]: DEBUG cotyledon.oslo_config_glue [-] profiler_otlp.service_name_prefix = None {{(pid=98970) log_opt_values /opt/stack/data/venv/lib/python3.12/site-packages/oslo_config/cfg.py:3253}}
Jul 11 08:34:52.581701 np0000005072 nova-conductor[98970]: DEBUG cotyledon.oslo_config_glue [-] oslo_messaging_rabbit.amqp_auto_delete = False {{(pid=98970) log_opt_values /opt/stack/data/venv/lib/python3.12/site-packages/oslo_config/cfg.py:3253}}
Jul 11 08:34:52.581701 np0000005072 nova-conductor[98970]: DEBUG cotyledon.oslo_config_glue [-] oslo_messaging_rabbit.amqp_durable_queues = False {{(pid=98970) log_opt_values /opt/stack/data/venv/lib/python3.12/site-packages/oslo_config/cfg.py:3253}}
Jul 11 08:34:52.581701 np0000005072 nova-conductor[98970]: DEBUG cotyledon.oslo_config_glue [-] oslo_messaging_rabbit.conn_pool_min_size = 2 {{(pid=98970) log_opt_values /opt/stack/data/venv/lib/python3.12/site-packages/oslo_config/cfg.py:3253}}
Jul 11 08:34:52.581701 np0000005072 nova-conductor[98970]: DEBUG cotyledon.oslo_config_glue [-] oslo_messaging_rabbit.conn_pool_ttl = 1200 {{(pid=98970) log_opt_values /opt/stack/data/venv/lib/python3.12/site-packages/oslo_config/cfg.py:3253}}
Jul 11 08:34:52.582003 np0000005072 nova-conductor[98970]: DEBUG cotyledon.oslo_config_glue [-] oslo_messaging_rabbit.direct_mandatory_flag = True {{(pid=98970) log_opt_values /opt/stack/data/venv/lib/python3.12/site-packages/oslo_config/cfg.py:3253}}
Jul 11 08:34:52.582003 np0000005072 nova-conductor[98970]: DEBUG cotyledon.oslo_config_glue [-] oslo_messaging_rabbit.enable_cancel_on_failover = False {{(pid=98970) log_opt_values /opt/stack/data/venv/lib/python3.12/site-packages/oslo_config/cfg.py:3253}}
Jul 11 08:34:52.582003 np0000005072 nova-conductor[98970]: DEBUG cotyledon.oslo_config_glue [-] oslo_messaging_rabbit.heartbeat_rate = 3 {{(pid=98970) log_opt_values /opt/stack/data/venv/lib/python3.12/site-packages/oslo_config/cfg.py:3253}}
Jul 11 08:34:52.582003 np0000005072 nova-conductor[98970]: DEBUG cotyledon.oslo_config_glue [-] oslo_messaging_rabbit.heartbeat_timeout_threshold = 60 {{(pid=98970) log_opt_values /opt/stack/data/venv/lib/python3.12/site-packages/oslo_config/cfg.py:3253}}
Jul 11 08:34:52.582003 np0000005072 nova-conductor[98970]: DEBUG cotyledon.oslo_config_glue [-] oslo_messaging_rabbit.hostname = np0000005072 {{(pid=98970) log_opt_values /opt/stack/data/venv/lib/python3.12/site-packages/oslo_config/cfg.py:3253}}
Jul 11 08:34:52.582003 np0000005072 nova-conductor[98970]: DEBUG cotyledon.oslo_config_glue [-] oslo_messaging_rabbit.kombu_compression = None {{(pid=98970) log_opt_values /opt/stack/data/venv/lib/python3.12/site-packages/oslo_config/cfg.py:3253}}
Jul 11 08:34:52.582003 np0000005072 nova-conductor[98970]: DEBUG cotyledon.oslo_config_glue [-] oslo_messaging_rabbit.kombu_failover_strategy = round-robin {{(pid=98970) log_opt_values /opt/stack/data/venv/lib/python3.12/site-packages/oslo_config/cfg.py:3253}}
Jul 11 08:34:52.582003 np0000005072 nova-conductor[98970]: DEBUG cotyledon.oslo_config_glue [-] oslo_messaging_rabbit.kombu_missing_consumer_retry_timeout = 60 {{(pid=98970) log_opt_values /opt/stack/data/venv/lib/python3.12/site-packages/oslo_config/cfg.py:3253}}
Jul 11 08:34:52.582003 np0000005072 nova-conductor[98970]: DEBUG cotyledon.oslo_config_glue [-] oslo_messaging_rabbit.kombu_reconnect_delay = 1.0 {{(pid=98970) log_opt_values /opt/stack/data/venv/lib/python3.12/site-packages/oslo_config/cfg.py:3253}}
Jul 11 08:34:52.582302 np0000005072 nova-conductor[98970]: DEBUG cotyledon.oslo_config_glue [-] oslo_messaging_rabbit.kombu_reconnect_splay = 0.0 {{(pid=98970) log_opt_values /opt/stack/data/venv/lib/python3.12/site-packages/oslo_config/cfg.py:3253}}
Jul 11 08:34:52.582302 np0000005072 nova-conductor[98970]: DEBUG cotyledon.oslo_config_glue [-] oslo_messaging_rabbit.processname = nova-conductor {{(pid=98970) log_opt_values /opt/stack/data/venv/lib/python3.12/site-packages/oslo_config/cfg.py:3253}}
Jul 11 08:34:52.582302 np0000005072 nova-conductor[98970]: DEBUG cotyledon.oslo_config_glue [-] oslo_messaging_rabbit.rabbit_ha_queues = False {{(pid=98970) log_opt_values /opt/stack/data/venv/lib/python3.12/site-packages/oslo_config/cfg.py:3253}}
Jul 11 08:34:52.582302 np0000005072 nova-conductor[98970]: DEBUG cotyledon.oslo_config_glue [-] oslo_messaging_rabbit.rabbit_interval_max = 30 {{(pid=98970) log_opt_values /opt/stack/data/venv/lib/python3.12/site-packages/oslo_config/cfg.py:3253}}
Jul 11 08:34:52.582302 np0000005072 nova-conductor[98970]: DEBUG cotyledon.oslo_config_glue [-] oslo_messaging_rabbit.rabbit_login_method = AMQPLAIN {{(pid=98970) log_opt_values /opt/stack/data/venv/lib/python3.12/site-packages/oslo_config/cfg.py:3253}}
Jul 11 08:34:52.582302 np0000005072 nova-conductor[98970]: DEBUG cotyledon.oslo_config_glue [-] oslo_messaging_rabbit.rabbit_qos_prefetch_count = 0 {{(pid=98970) log_opt_values /opt/stack/data/venv/lib/python3.12/site-packages/oslo_config/cfg.py:3253}}
Jul 11 08:34:52.582302 np0000005072 nova-conductor[98970]: DEBUG cotyledon.oslo_config_glue [-] oslo_messaging_rabbit.rabbit_quorum_delivery_limit = 0 {{(pid=98970) log_opt_values /opt/stack/data/venv/lib/python3.12/site-packages/oslo_config/cfg.py:3253}}
Jul 11 08:34:52.582302 np0000005072 nova-conductor[98970]: DEBUG cotyledon.oslo_config_glue [-] oslo_messaging_rabbit.rabbit_quorum_max_memory_bytes = 0 {{(pid=98970) log_opt_values /opt/stack/data/venv/lib/python3.12/site-packages/oslo_config/cfg.py:3253}}
Jul 11 08:34:52.582302 np0000005072 nova-conductor[98970]: DEBUG cotyledon.oslo_config_glue [-] oslo_messaging_rabbit.rabbit_quorum_max_memory_length = 0 {{(pid=98970) log_opt_values /opt/stack/data/venv/lib/python3.12/site-packages/oslo_config/cfg.py:3253}}
Jul 11 08:34:52.582598 np0000005072 nova-conductor[98970]: DEBUG cotyledon.oslo_config_glue [-] oslo_messaging_rabbit.rabbit_quorum_queue = False {{(pid=98970) log_opt_values /opt/stack/data/venv/lib/python3.12/site-packages/oslo_config/cfg.py:3253}}
Jul 11 08:34:52.582598 np0000005072 nova-conductor[98970]: DEBUG cotyledon.oslo_config_glue [-] oslo_messaging_rabbit.rabbit_retry_backoff = 2 {{(pid=98970) log_opt_values /opt/stack/data/venv/lib/python3.12/site-packages/oslo_config/cfg.py:3253}}
Jul 11 08:34:52.582598 np0000005072 nova-conductor[98970]: DEBUG cotyledon.oslo_config_glue [-] oslo_messaging_rabbit.rabbit_retry_interval = 1 {{(pid=98970) log_opt_values /opt/stack/data/venv/lib/python3.12/site-packages/oslo_config/cfg.py:3253}}
Jul 11 08:34:52.582598 np0000005072 nova-conductor[98970]: DEBUG cotyledon.oslo_config_glue [-] oslo_messaging_rabbit.rabbit_stream_fanout = False {{(pid=98970) log_opt_values /opt/stack/data/venv/lib/python3.12/site-packages/oslo_config/cfg.py:3253}}
Jul 11 08:34:52.582598 np0000005072 nova-conductor[98970]: DEBUG cotyledon.oslo_config_glue [-] oslo_messaging_rabbit.rabbit_transient_queues_ttl = 1800 {{(pid=98970) log_opt_values /opt/stack/data/venv/lib/python3.12/site-packages/oslo_config/cfg.py:3253}}
Jul 11 08:34:52.582598 np0000005072 nova-conductor[98970]: DEBUG cotyledon.oslo_config_glue [-] oslo_messaging_rabbit.rabbit_transient_quorum_queue = False {{(pid=98970) log_opt_values /opt/stack/data/venv/lib/python3.12/site-packages/oslo_config/cfg.py:3253}}
Jul 11 08:34:52.582598 np0000005072 nova-conductor[98970]: DEBUG cotyledon.oslo_config_glue [-] oslo_messaging_rabbit.rpc_conn_pool_size = 30 {{(pid=98970) log_opt_values /opt/stack/data/venv/lib/python3.12/site-packages/oslo_config/cfg.py:3253}}
Jul 11 08:34:52.582598 np0000005072 nova-conductor[98970]: DEBUG cotyledon.oslo_config_glue [-] oslo_messaging_rabbit.ssl = False {{(pid=98970) log_opt_values /opt/stack/data/venv/lib/python3.12/site-packages/oslo_config/cfg.py:3253}}
Jul 11 08:34:52.582598 np0000005072 nova-conductor[98970]: DEBUG cotyledon.oslo_config_glue [-] oslo_messaging_rabbit.ssl_ca_file = {{(pid=98970) log_opt_values /opt/stack/data/venv/lib/python3.12/site-packages/oslo_config/cfg.py:3253}}
Jul 11 08:34:52.582825 np0000005072 nova-conductor[98970]: DEBUG cotyledon.oslo_config_glue [-] oslo_messaging_rabbit.ssl_cert_file = {{(pid=98970) log_opt_values /opt/stack/data/venv/lib/python3.12/site-packages/oslo_config/cfg.py:3253}}
Jul 11 08:34:52.582825 np0000005072 nova-conductor[98970]: DEBUG cotyledon.oslo_config_glue [-] oslo_messaging_rabbit.ssl_enforce_fips_mode = False {{(pid=98970) log_opt_values /opt/stack/data/venv/lib/python3.12/site-packages/oslo_config/cfg.py:3253}}
Jul 11 08:34:52.582825 np0000005072 nova-conductor[98970]: DEBUG cotyledon.oslo_config_glue [-] oslo_messaging_rabbit.ssl_enforce_hostname_verification = True {{(pid=98970) log_opt_values /opt/stack/data/venv/lib/python3.12/site-packages/oslo_config/cfg.py:3253}}
Jul 11 08:34:52.582825 np0000005072 nova-conductor[98970]: DEBUG cotyledon.oslo_config_glue [-] oslo_messaging_rabbit.ssl_key_file = {{(pid=98970) log_opt_values /opt/stack/data/venv/lib/python3.12/site-packages/oslo_config/cfg.py:3253}}
Jul 11 08:34:52.582825 np0000005072 nova-conductor[98970]: DEBUG cotyledon.oslo_config_glue [-] oslo_messaging_rabbit.ssl_version = {{(pid=98970) log_opt_values /opt/stack/data/venv/lib/python3.12/site-packages/oslo_config/cfg.py:3253}}
Jul 11 08:34:52.582825 np0000005072 nova-conductor[98970]: DEBUG cotyledon.oslo_config_glue [-] oslo_messaging_rabbit.use_queue_manager = False {{(pid=98970) log_opt_values /opt/stack/data/venv/lib/python3.12/site-packages/oslo_config/cfg.py:3253}}
Jul 11 08:34:52.582825 np0000005072 nova-conductor[98970]: DEBUG cotyledon.oslo_config_glue [-] oslo_messaging_notifications.driver = ['messagingv2'] {{(pid=98970) log_opt_values /opt/stack/data/venv/lib/python3.12/site-packages/oslo_config/cfg.py:3253}}
Jul 11 08:34:52.582825 np0000005072 nova-conductor[98970]: DEBUG cotyledon.oslo_config_glue [-] oslo_messaging_notifications.retry = -1 {{(pid=98970) log_opt_values /opt/stack/data/venv/lib/python3.12/site-packages/oslo_config/cfg.py:3253}}
Jul 11 08:34:52.582825 np0000005072 nova-conductor[98970]: DEBUG cotyledon.oslo_config_glue [-] oslo_messaging_notifications.topics = ['notifications'] {{(pid=98970) log_opt_values /opt/stack/data/venv/lib/python3.12/site-packages/oslo_config/cfg.py:3253}}
Jul 11 08:34:52.583137 np0000005072 nova-conductor[98970]: DEBUG cotyledon.oslo_config_glue [-] oslo_messaging_notifications.transport_url = **** {{(pid=98970) log_opt_values /opt/stack/data/venv/lib/python3.12/site-packages/oslo_config/cfg.py:3253}}
Jul 11 08:34:52.583137 np0000005072 nova-conductor[98970]: DEBUG cotyledon.oslo_config_glue [-] oslo_limit.auth_section = None {{(pid=98970) log_opt_values /opt/stack/data/venv/lib/python3.12/site-packages/oslo_config/cfg.py:3253}}
Jul 11 08:34:52.583137 np0000005072 nova-conductor[98970]: DEBUG cotyledon.oslo_config_glue [-] oslo_limit.auth_type = None {{(pid=98970) log_opt_values /opt/stack/data/venv/lib/python3.12/site-packages/oslo_config/cfg.py:3253}}
Jul 11 08:34:52.583137 np0000005072 nova-conductor[98970]: DEBUG cotyledon.oslo_config_glue [-] oslo_limit.cafile = None {{(pid=98970) log_opt_values /opt/stack/data/venv/lib/python3.12/site-packages/oslo_config/cfg.py:3253}}
Jul 11 08:34:52.583137 np0000005072 nova-conductor[98970]: DEBUG cotyledon.oslo_config_glue [-] oslo_limit.certfile = None {{(pid=98970) log_opt_values /opt/stack/data/venv/lib/python3.12/site-packages/oslo_config/cfg.py:3253}}
Jul 11 08:34:52.583137 np0000005072 nova-conductor[98970]: DEBUG cotyledon.oslo_config_glue [-] oslo_limit.collect_timing = False {{(pid=98970) log_opt_values /opt/stack/data/venv/lib/python3.12/site-packages/oslo_config/cfg.py:3253}}
Jul 11 08:34:52.583137 np0000005072 nova-conductor[98970]: DEBUG cotyledon.oslo_config_glue [-] oslo_limit.connect_retries = None {{(pid=98970) log_opt_values /opt/stack/data/venv/lib/python3.12/site-packages/oslo_config/cfg.py:3253}}
Jul 11 08:34:52.583137 np0000005072 nova-conductor[98970]: DEBUG cotyledon.oslo_config_glue [-] oslo_limit.connect_retry_delay = None {{(pid=98970) log_opt_values /opt/stack/data/venv/lib/python3.12/site-packages/oslo_config/cfg.py:3253}}
Jul 11 08:34:52.583137 np0000005072 nova-conductor[98970]: DEBUG cotyledon.oslo_config_glue [-] oslo_limit.endpoint_id = None {{(pid=98970) log_opt_values /opt/stack/data/venv/lib/python3.12/site-packages/oslo_config/cfg.py:3253}}
Jul 11 08:34:52.584058 np0000005072 nova-conductor[98970]: DEBUG cotyledon.oslo_config_glue [-] oslo_limit.endpoint_interface = public {{(pid=98970) log_opt_values /opt/stack/data/venv/lib/python3.12/site-packages/oslo_config/cfg.py:3253}}
Jul 11 08:34:52.584058 np0000005072 nova-conductor[98970]: DEBUG cotyledon.oslo_config_glue [-] oslo_limit.endpoint_override = None {{(pid=98970) log_opt_values /opt/stack/data/venv/lib/python3.12/site-packages/oslo_config/cfg.py:3253}}
Jul 11 08:34:52.584058 np0000005072 nova-conductor[98970]: DEBUG cotyledon.oslo_config_glue [-] oslo_limit.endpoint_region_name = None {{(pid=98970) log_opt_values /opt/stack/data/venv/lib/python3.12/site-packages/oslo_config/cfg.py:3253}}
Jul 11 08:34:52.584058 np0000005072 nova-conductor[98970]: DEBUG cotyledon.oslo_config_glue [-] oslo_limit.endpoint_service_name = None {{(pid=98970) log_opt_values /opt/stack/data/venv/lib/python3.12/site-packages/oslo_config/cfg.py:3253}}
Jul 11 08:34:52.584058 np0000005072 nova-conductor[98970]: DEBUG cotyledon.oslo_config_glue [-] oslo_limit.endpoint_service_type = None {{(pid=98970) log_opt_values /opt/stack/data/venv/lib/python3.12/site-packages/oslo_config/cfg.py:3253}}
Jul 11 08:34:52.584058 np0000005072 nova-conductor[98970]: DEBUG cotyledon.oslo_config_glue [-] oslo_limit.insecure = False {{(pid=98970) log_opt_values /opt/stack/data/venv/lib/python3.12/site-packages/oslo_config/cfg.py:3253}}
Jul 11 08:34:52.584058 np0000005072 nova-conductor[98970]: DEBUG cotyledon.oslo_config_glue [-] oslo_limit.keyfile = None {{(pid=98970) log_opt_values /opt/stack/data/venv/lib/python3.12/site-packages/oslo_config/cfg.py:3253}}
Jul 11 08:34:52.584058 np0000005072 nova-conductor[98970]: DEBUG cotyledon.oslo_config_glue [-] oslo_limit.max_version = None {{(pid=98970) log_opt_values /opt/stack/data/venv/lib/python3.12/site-packages/oslo_config/cfg.py:3253}}
Jul 11 08:34:52.584058 np0000005072 nova-conductor[98970]: DEBUG cotyledon.oslo_config_glue [-] oslo_limit.min_version = None {{(pid=98970) log_opt_values /opt/stack/data/venv/lib/python3.12/site-packages/oslo_config/cfg.py:3253}}
Jul 11 08:34:52.584361 np0000005072 nova-conductor[98970]: DEBUG cotyledon.oslo_config_glue [-] oslo_limit.region_name = None {{(pid=98970) log_opt_values /opt/stack/data/venv/lib/python3.12/site-packages/oslo_config/cfg.py:3253}}
Jul 11 08:34:52.584361 np0000005072 nova-conductor[98970]: DEBUG cotyledon.oslo_config_glue [-] oslo_limit.retriable_status_codes = None {{(pid=98970) log_opt_values /opt/stack/data/venv/lib/python3.12/site-packages/oslo_config/cfg.py:3253}}
Jul 11 08:34:52.584361 np0000005072 nova-conductor[98970]: DEBUG cotyledon.oslo_config_glue [-] oslo_limit.service_name = None {{(pid=98970) log_opt_values /opt/stack/data/venv/lib/python3.12/site-packages/oslo_config/cfg.py:3253}}
Jul 11 08:34:52.584361 np0000005072 nova-conductor[98970]: DEBUG cotyledon.oslo_config_glue [-] oslo_limit.service_type = None {{(pid=98970) log_opt_values /opt/stack/data/venv/lib/python3.12/site-packages/oslo_config/cfg.py:3253}}
Jul 11 08:34:52.584361 np0000005072 nova-conductor[98970]: DEBUG cotyledon.oslo_config_glue [-] oslo_limit.split_loggers = False {{(pid=98970) log_opt_values /opt/stack/data/venv/lib/python3.12/site-packages/oslo_config/cfg.py:3253}}
Jul 11 08:34:52.584361 np0000005072 nova-conductor[98970]: DEBUG cotyledon.oslo_config_glue [-] oslo_limit.status_code_retries = None {{(pid=98970) log_opt_values /opt/stack/data/venv/lib/python3.12/site-packages/oslo_config/cfg.py:3253}}
Jul 11 08:34:52.584361 np0000005072 nova-conductor[98970]: DEBUG cotyledon.oslo_config_glue [-] oslo_limit.status_code_retry_delay = None {{(pid=98970) log_opt_values /opt/stack/data/venv/lib/python3.12/site-packages/oslo_config/cfg.py:3253}}
Jul 11 08:34:52.584361 np0000005072 nova-conductor[98970]: DEBUG cotyledon.oslo_config_glue [-] oslo_limit.timeout = None {{(pid=98970) log_opt_values /opt/stack/data/venv/lib/python3.12/site-packages/oslo_config/cfg.py:3253}}
Jul 11 08:34:52.584361 np0000005072 nova-conductor[98970]: DEBUG cotyledon.oslo_config_glue [-] oslo_limit.valid_interfaces = None {{(pid=98970) log_opt_values /opt/stack/data/venv/lib/python3.12/site-packages/oslo_config/cfg.py:3253}}
Jul 11 08:34:52.584701 np0000005072 nova-conductor[98970]: DEBUG cotyledon.oslo_config_glue [-] oslo_limit.version = None {{(pid=98970) log_opt_values /opt/stack/data/venv/lib/python3.12/site-packages/oslo_config/cfg.py:3253}}
Jul 11 08:34:52.584701 np0000005072 nova-conductor[98970]: DEBUG cotyledon.oslo_config_glue [-] oslo_reports.file_event_handler = None {{(pid=98970) log_opt_values /opt/stack/data/venv/lib/python3.12/site-packages/oslo_config/cfg.py:3253}}
Jul 11 08:34:52.584701 np0000005072 nova-conductor[98970]: DEBUG cotyledon.oslo_config_glue [-] oslo_reports.file_event_handler_interval = 1 {{(pid=98970) log_opt_values /opt/stack/data/venv/lib/python3.12/site-packages/oslo_config/cfg.py:3253}}
Jul 11 08:34:52.584701 np0000005072 nova-conductor[98970]: DEBUG cotyledon.oslo_config_glue [-] oslo_reports.log_dir = None {{(pid=98970) log_opt_values /opt/stack/data/venv/lib/python3.12/site-packages/oslo_config/cfg.py:3253}}
Jul 11 08:34:52.584701 np0000005072 nova-conductor[98970]: DEBUG cotyledon.oslo_config_glue [-] ******************************************************************************** {{(pid=98970) log_opt_values /opt/stack/data/venv/lib/python3.12/site-packages/oslo_config/cfg.py:3260}}
Jul 11 08:34:52.584701 np0000005072 nova-conductor[98970]: DEBUG cotyledon._service_worker [-] Run service ServiceWrapper(3) [98970] {{(pid=98970) wait_forever /opt/stack/data/venv/lib/python3.12/site-packages/cotyledon/_service_worker.py:218}}
Jul 11 08:34:52.584936 np0000005072 nova-conductor[98936]: DEBUG dbcounter [-] [98936] Writer thread running {{(pid=98936) stat_writer /opt/stack/data/venv/lib/python3.12/site-packages/dbcounter.py:102}}
Jul 11 08:34:52.584990 np0000005072 nova-conductor[98970]: INFO nova.service [-] Starting conductor node (version 33.1.0)
Jul 11 08:34:52.585047 np0000005072 nova-conductor[98939]: DEBUG oslo_db.sqlalchemy.engines [None req-5af891aa-c491-4516-9bbe-9a57ced34db4 None None] MySQL server mode set to STRICT_TRANS_TABLES,STRICT_ALL_TABLES,NO_ZERO_IN_DATE,NO_ZERO_DATE,ERROR_FOR_DIVISION_BY_ZERO,TRADITIONAL,NO_ENGINE_SUBSTITUTION {{(pid=98939) _check_effective_sql_mode /opt/stack/data/venv/lib/python3.12/site-packages/oslo_db/sqlalchemy/engines.py:325}}
Jul 11 08:34:52.585117 np0000005072 nova-conductor[98970]: INFO dbcounter [None req-09385d9b-85fe-4274-9779-34d346bbac6a None None] Registered counter for database nova_cell0
Jul 11 08:34:52.585158 np0000005072 nova-conductor[98939]: DEBUG dbcounter [-] [98939] Writer thread running {{(pid=98939) stat_writer /opt/stack/data/venv/lib/python3.12/site-packages/dbcounter.py:102}}
Jul 11 08:34:52.585198 np0000005072 nova-conductor[98936]: DEBUG nova.service [None req-94b88948-bb74-4a60-930a-bc0bf4730b79 None None] Creating RPC server for service: nova-conductor on topic: conductor {{(pid=98936) start /opt/stack/nova/nova/service.py:196}}
Jul 11 08:34:52.585253 np0000005072 nova-conductor[98939]: DEBUG nova.service [None req-5af891aa-c491-4516-9bbe-9a57ced34db4 None None] Creating RPC server for service: nova-conductor on topic: conductor {{(pid=98939) start /opt/stack/nova/nova/service.py:196}}
Jul 11 08:34:52.590773 np0000005072 nova-conductor[98941]: DEBUG oslo_db.sqlalchemy.engines [None req-b349e499-ac97-46fe-a372-f4d65ac3e85a None None] MySQL server mode set to STRICT_TRANS_TABLES,STRICT_ALL_TABLES,NO_ZERO_IN_DATE,NO_ZERO_DATE,ERROR_FOR_DIVISION_BY_ZERO,TRADITIONAL,NO_ENGINE_SUBSTITUTION {{(pid=98941) _check_effective_sql_mode /opt/stack/data/venv/lib/python3.12/site-packages/oslo_db/sqlalchemy/engines.py:325}}
Jul 11 08:34:52.606274 np0000005072 nova-conductor[98941]: DEBUG dbcounter [-] [98941] Writer thread running {{(pid=98941) stat_writer /opt/stack/data/venv/lib/python3.12/site-packages/dbcounter.py:102}}
Jul 11 08:34:52.607183 np0000005072 nova-conductor[98939]: DEBUG nova.service [None req-5af891aa-c491-4516-9bbe-9a57ced34db4 None None] Join ServiceGroup membership for this service conductor {{(pid=98939) start /opt/stack/nova/nova/service.py:222}}
Jul 11 08:34:52.607375 np0000005072 nova-conductor[98939]: DEBUG nova.servicegroup.drivers.db [None req-5af891aa-c491-4516-9bbe-9a57ced34db4 None None] DB_Driver: join new ServiceGroup member np0000005072 to the conductor group, service = {{(pid=98939) join /opt/stack/nova/nova/servicegroup/drivers/db.py:44}}
Jul 11 08:34:52.607534 np0000005072 nova-conductor[98936]: DEBUG nova.service [None req-94b88948-bb74-4a60-930a-bc0bf4730b79 None None] Join ServiceGroup membership for this service conductor {{(pid=98936) start /opt/stack/nova/nova/service.py:222}}
Jul 11 08:34:52.607769 np0000005072 nova-conductor[98936]: DEBUG nova.servicegroup.drivers.db [None req-94b88948-bb74-4a60-930a-bc0bf4730b79 None None] DB_Driver: join new ServiceGroup member np0000005072 to the conductor group, service = {{(pid=98936) join /opt/stack/nova/nova/servicegroup/drivers/db.py:44}}
Jul 11 08:34:52.609625 np0000005072 nova-conductor[98941]: DEBUG nova.service [None req-b349e499-ac97-46fe-a372-f4d65ac3e85a None None] Creating RPC server for service: nova-conductor on topic: conductor {{(pid=98941) start /opt/stack/nova/nova/service.py:196}}
Jul 11 08:34:52.621149 np0000005072 nova-conductor[98970]: DEBUG oslo_db.sqlalchemy.engines [None req-09385d9b-85fe-4274-9779-34d346bbac6a None None] MySQL server mode set to STRICT_TRANS_TABLES,STRICT_ALL_TABLES,NO_ZERO_IN_DATE,NO_ZERO_DATE,ERROR_FOR_DIVISION_BY_ZERO,TRADITIONAL,NO_ENGINE_SUBSTITUTION {{(pid=98970) _check_effective_sql_mode /opt/stack/data/venv/lib/python3.12/site-packages/oslo_db/sqlalchemy/engines.py:325}}
Jul 11 08:34:52.631541 np0000005072 nova-conductor[98941]: DEBUG nova.service [None req-b349e499-ac97-46fe-a372-f4d65ac3e85a None None] Join ServiceGroup membership for this service conductor {{(pid=98941) start /opt/stack/nova/nova/service.py:222}}
Jul 11 08:34:52.631742 np0000005072 nova-conductor[98941]: DEBUG nova.servicegroup.drivers.db [None req-b349e499-ac97-46fe-a372-f4d65ac3e85a None None] DB_Driver: join new ServiceGroup member np0000005072 to the conductor group, service = {{(pid=98941) join /opt/stack/nova/nova/servicegroup/drivers/db.py:44}}
Jul 11 08:34:52.632046 np0000005072 nova-conductor[98970]: DEBUG dbcounter [-] [98970] Writer thread running {{(pid=98970) stat_writer /opt/stack/data/venv/lib/python3.12/site-packages/dbcounter.py:102}}
Jul 11 08:34:52.635117 np0000005072 nova-conductor[98970]: DEBUG nova.service [None req-09385d9b-85fe-4274-9779-34d346bbac6a None None] Creating RPC server for service: nova-conductor on topic: conductor {{(pid=98970) start /opt/stack/nova/nova/service.py:196}}
Jul 11 08:34:52.650995 np0000005072 nova-conductor[98970]: DEBUG nova.service [None req-09385d9b-85fe-4274-9779-34d346bbac6a None None] Join ServiceGroup membership for this service conductor {{(pid=98970) start /opt/stack/nova/nova/service.py:222}}
Jul 11 08:34:52.651213 np0000005072 nova-conductor[98970]: DEBUG nova.servicegroup.drivers.db [None req-09385d9b-85fe-4274-9779-34d346bbac6a None None] DB_Driver: join new ServiceGroup member np0000005072 to the conductor group, service = {{(pid=98970) join /opt/stack/nova/nova/servicegroup/drivers/db.py:44}}
Jul 11 08:34:57.628801 np0000005072 nova-conductor[98936]: DEBUG oslo.service.backend._threading.loopingcall [-] Fixed interval looping call 'nova.servicegroup.drivers.db.DbDriver._report_state' sleeping for 119.98 seconds {{(pid=98936) _run_loop /opt/stack/data/venv/lib/python3.12/site-packages/oslo_service/backend/_threading/loopingcall.py:125}}
Jul 11 08:34:57.638310 np0000005072 nova-conductor[98939]: DEBUG oslo.service.backend._threading.loopingcall [-] Fixed interval looping call 'nova.servicegroup.drivers.db.DbDriver._report_state' sleeping for 119.97 seconds {{(pid=98939) _run_loop /opt/stack/data/venv/lib/python3.12/site-packages/oslo_service/backend/_threading/loopingcall.py:125}}
Jul 11 08:34:57.645758 np0000005072 nova-conductor[98941]: DEBUG oslo.service.backend._threading.loopingcall [-] Fixed interval looping call 'nova.servicegroup.drivers.db.DbDriver._report_state' sleeping for 119.99 seconds {{(pid=98941) _run_loop /opt/stack/data/venv/lib/python3.12/site-packages/oslo_service/backend/_threading/loopingcall.py:125}}
Jul 11 08:34:57.662375 np0000005072 nova-conductor[98970]: DEBUG oslo.service.backend._threading.loopingcall [-] Fixed interval looping call 'nova.servicegroup.drivers.db.DbDriver._report_state' sleeping for 119.99 seconds {{(pid=98970) _run_loop /opt/stack/data/venv/lib/python3.12/site-packages/oslo_service/backend/_threading/loopingcall.py:125}}
Jul 11 08:35:01.152996 np0000005072 nova-conductor[97427]: DEBUG dbcounter [-] [97427] Writing DB stats nova_api:SELECT=1 {{(pid=97427) stat_writer /opt/stack/data/venv/lib/python3.12/site-packages/dbcounter.py:115}}
Jul 11 08:35:01.286946 np0000005072 nova-conductor[97427]: DEBUG dbcounter [-] [97427] Writing DB stats nova_cell0:SELECT=1 {{(pid=97427) stat_writer /opt/stack/data/venv/lib/python3.12/site-packages/dbcounter.py:115}}
Jul 11 08:35:01.299187 np0000005072 nova-conductor[97427]: DEBUG dbcounter [-] [97427] Writing DB stats nova_cell1:SELECT=1 {{(pid=97427) stat_writer /opt/stack/data/venv/lib/python3.12/site-packages/dbcounter.py:115}}
Jul 11 08:35:07.618860 np0000005072 nova-conductor[98936]: DEBUG dbcounter [-] [98936] Writing DB stats nova_cell0:SELECT=4,nova_cell0:INSERT=1,nova_cell0:UPDATE=1 {{(pid=98936) stat_writer /opt/stack/data/venv/lib/python3.12/site-packages/dbcounter.py:115}}
Jul 11 08:35:07.636457 np0000005072 nova-conductor[98939]: DEBUG dbcounter [-] [98939] Writing DB stats nova_cell0:SELECT=3,nova_cell0:UPDATE=1 {{(pid=98939) stat_writer /opt/stack/data/venv/lib/python3.12/site-packages/dbcounter.py:115}}
Jul 11 08:35:07.642710 np0000005072 nova-conductor[98941]: DEBUG dbcounter [-] [98941] Writing DB stats nova_cell0:SELECT=3 {{(pid=98941) stat_writer /opt/stack/data/venv/lib/python3.12/site-packages/dbcounter.py:115}}
Jul 11 08:35:07.659732 np0000005072 nova-conductor[98970]: DEBUG dbcounter [-] [98970] Writing DB stats nova_cell0:SELECT=3 {{(pid=98970) stat_writer /opt/stack/data/venv/lib/python3.12/site-packages/dbcounter.py:115}}
Jul 11 08:35:08.653551 np0000005072 nova-conductor[98970]: DEBUG oslo.service.backend._threading.loopingcall [None req-3b9bc670-653e-4899-9fd7-05824e329218 None None] Dynamic interval looping call 'nova.service.Service.periodic_tasks' sleeping for 60.00 seconds {{(pid=98970) _run_loop /opt/stack/data/venv/lib/python3.12/site-packages/oslo_service/backend/_threading/loopingcall.py:125}}
Jul 11 08:35:30.634224 np0000005072 nova-conductor[98941]: DEBUG oslo.service.backend._threading.loopingcall [None req-72a2423b-f0c1-45bb-9aa1-7c9b42e98101 None None] Dynamic interval looping call 'nova.service.Service.periodic_tasks' sleeping for 60.00 seconds {{(pid=98941) _run_loop /opt/stack/data/venv/lib/python3.12/site-packages/oslo_service/backend/_threading/loopingcall.py:125}}
Jul 11 08:35:36.610127 np0000005072 nova-conductor[98936]: DEBUG oslo.service.backend._threading.loopingcall [None req-207ce0b2-fb9d-477f-95e9-d777535632b9 None None] Dynamic interval looping call 'nova.service.Service.periodic_tasks' sleeping for 60.00 seconds {{(pid=98936) _run_loop /opt/stack/data/venv/lib/python3.12/site-packages/oslo_service/backend/_threading/loopingcall.py:125}}
Jul 11 08:35:50.609416 np0000005072 nova-conductor[98939]: DEBUG oslo.service.backend._threading.loopingcall [None req-823d1925-80ac-41aa-92ed-9d2aab4bb802 None None] Dynamic interval looping call 'nova.service.Service.periodic_tasks' sleeping for 60.00 seconds {{(pid=98939) _run_loop /opt/stack/data/venv/lib/python3.12/site-packages/oslo_service/backend/_threading/loopingcall.py:125}}
Jul 11 08:36:08.653929 np0000005072 nova-conductor[98970]: DEBUG oslo.service.backend._threading.loopingcall [None req-3b9bc670-653e-4899-9fd7-05824e329218 None None] Dynamic interval looping call 'nova.service.Service.periodic_tasks' sleeping for 60.00 seconds {{(pid=98970) _run_loop /opt/stack/data/venv/lib/python3.12/site-packages/oslo_service/backend/_threading/loopingcall.py:125}}
Jul 11 08:36:30.634678 np0000005072 nova-conductor[98941]: DEBUG oslo.service.backend._threading.loopingcall [None req-72a2423b-f0c1-45bb-9aa1-7c9b42e98101 None None] Dynamic interval looping call 'nova.service.Service.periodic_tasks' sleeping for 60.00 seconds {{(pid=98941) _run_loop /opt/stack/data/venv/lib/python3.12/site-packages/oslo_service/backend/_threading/loopingcall.py:125}}
Jul 11 08:36:36.610765 np0000005072 nova-conductor[98936]: DEBUG oslo.service.backend._threading.loopingcall [None req-207ce0b2-fb9d-477f-95e9-d777535632b9 None None] Dynamic interval looping call 'nova.service.Service.periodic_tasks' sleeping for 60.00 seconds {{(pid=98936) _run_loop /opt/stack/data/venv/lib/python3.12/site-packages/oslo_service/backend/_threading/loopingcall.py:125}}
Jul 11 08:36:50.609979 np0000005072 nova-conductor[98939]: DEBUG oslo.service.backend._threading.loopingcall [None req-823d1925-80ac-41aa-92ed-9d2aab4bb802 None None] Dynamic interval looping call 'nova.service.Service.periodic_tasks' sleeping for 60.00 seconds {{(pid=98939) _run_loop /opt/stack/data/venv/lib/python3.12/site-packages/oslo_service/backend/_threading/loopingcall.py:125}}
Jul 11 08:36:57.616211 np0000005072 nova-conductor[98939]: DEBUG oslo.service.backend._threading.loopingcall [-] Fixed interval looping call 'nova.servicegroup.drivers.db.DbDriver._report_state' sleeping for 119.99 seconds {{(pid=98939) _run_loop /opt/stack/data/venv/lib/python3.12/site-packages/oslo_service/backend/_threading/loopingcall.py:125}}
Jul 11 08:36:57.616744 np0000005072 nova-conductor[98936]: DEBUG oslo.service.backend._threading.loopingcall [-] Fixed interval looping call 'nova.servicegroup.drivers.db.DbDriver._report_state' sleeping for 119.99 seconds {{(pid=98936) _run_loop /opt/stack/data/venv/lib/python3.12/site-packages/oslo_service/backend/_threading/loopingcall.py:125}}
Jul 11 08:36:57.639582 np0000005072 nova-conductor[98941]: DEBUG oslo.service.backend._threading.loopingcall [-] Fixed interval looping call 'nova.servicegroup.drivers.db.DbDriver._report_state' sleeping for 120.00 seconds {{(pid=98941) _run_loop /opt/stack/data/venv/lib/python3.12/site-packages/oslo_service/backend/_threading/loopingcall.py:125}}
Jul 11 08:36:57.656445 np0000005072 nova-conductor[98970]: DEBUG oslo.service.backend._threading.loopingcall [-] Fixed interval looping call 'nova.servicegroup.drivers.db.DbDriver._report_state' sleeping for 120.00 seconds {{(pid=98970) _run_loop /opt/stack/data/venv/lib/python3.12/site-packages/oslo_service/backend/_threading/loopingcall.py:125}}
Jul 11 08:37:07.613631 np0000005072 nova-conductor[98939]: DEBUG dbcounter [-] [98939] Writing DB stats nova_cell0:SELECT=1,nova_cell0:UPDATE=1 {{(pid=98939) stat_writer /opt/stack/data/venv/lib/python3.12/site-packages/dbcounter.py:115}}
Jul 11 08:37:07.614489 np0000005072 nova-conductor[98936]: DEBUG dbcounter [-] [98936] Writing DB stats nova_cell0:SELECT=1,nova_cell0:UPDATE=1 {{(pid=98936) stat_writer /opt/stack/data/venv/lib/python3.12/site-packages/dbcounter.py:115}}
Jul 11 08:37:07.639210 np0000005072 nova-conductor[98941]: DEBUG dbcounter [-] [98941] Writing DB stats nova_cell0:SELECT=1 {{(pid=98941) stat_writer /opt/stack/data/venv/lib/python3.12/site-packages/dbcounter.py:115}}
Jul 11 08:37:07.655093 np0000005072 nova-conductor[98970]: DEBUG dbcounter [-] [98970] Writing DB stats nova_cell0:SELECT=1 {{(pid=98970) stat_writer /opt/stack/data/venv/lib/python3.12/site-packages/dbcounter.py:115}}
Jul 11 08:37:08.654545 np0000005072 nova-conductor[98970]: DEBUG oslo.service.backend._threading.loopingcall [None req-3b9bc670-653e-4899-9fd7-05824e329218 None None] Dynamic interval looping call 'nova.service.Service.periodic_tasks' sleeping for 60.00 seconds {{(pid=98970) _run_loop /opt/stack/data/venv/lib/python3.12/site-packages/oslo_service/backend/_threading/loopingcall.py:125}}
Jul 11 08:37:16.208943 np0000005072 nova-conductor[98939]: DEBUG oslo_db.sqlalchemy.engines [None req-7685c9fe-217a-4409-b76e-063701ee87e1 tempest-ServerRescueNegativeTestJSON-2053772337 tempest-ServerRescueNegativeTestJSON-2053772337-project-member] Parent process 97427 forked (98939) with an open database connection, which is being discarded and recreated. {{(pid=98939) checkout /opt/stack/data/venv/lib/python3.12/site-packages/oslo_db/sqlalchemy/engines.py:402}}
Jul 11 08:37:16.255576 np0000005072 nova-conductor[98939]: DEBUG dbcounter [-] [98939] Writer thread running {{(pid=98939) stat_writer /opt/stack/data/venv/lib/python3.12/site-packages/dbcounter.py:102}}
Jul 11 08:37:16.280399 np0000005072 nova-conductor[98936]: DEBUG dbcounter [-] [98936] Writer thread running {{(pid=98936) stat_writer /opt/stack/data/venv/lib/python3.12/site-packages/dbcounter.py:102}}
Jul 11 08:37:17.046155 np0000005072 nova-conductor[98941]: DEBUG dbcounter [-] [98941] Writer thread running {{(pid=98941) stat_writer /opt/stack/data/venv/lib/python3.12/site-packages/dbcounter.py:102}}
Jul 11 08:37:17.790032 np0000005072 nova-conductor[98939]: DEBUG nova.conductor.manager [None req-7685c9fe-217a-4409-b76e-063701ee87e1 tempest-ServerRescueNegativeTestJSON-2053772337 tempest-ServerRescueNegativeTestJSON-2053772337-project-member] Took 1.53 seconds to select destinations for 1 instance(s). {{(pid=98939) _schedule_instances /opt/stack/nova/nova/conductor/manager.py:968}}
Jul 11 08:37:17.818566 np0000005072 nova-conductor[98939]: DEBUG oslo_concurrency.lockutils [None req-7685c9fe-217a-4409-b76e-063701ee87e1 tempest-ServerRescueNegativeTestJSON-2053772337 tempest-ServerRescueNegativeTestJSON-2053772337-project-member] Acquiring lock "40fb443b-dc08-4834-afd7-1660c140d3b1" by "nova.context.set_target_cell..get_or_set_cached_cell_and_set_connections" {{(pid=98939) inner /opt/stack/data/venv/lib/python3.12/site-packages/oslo_concurrency/lockutils.py:511}}
Jul 11 08:37:17.819445 np0000005072 nova-conductor[98939]: DEBUG oslo_concurrency.lockutils [None req-7685c9fe-217a-4409-b76e-063701ee87e1 tempest-ServerRescueNegativeTestJSON-2053772337 tempest-ServerRescueNegativeTestJSON-2053772337-project-member] Lock "40fb443b-dc08-4834-afd7-1660c140d3b1" acquired by "nova.context.set_target_cell..get_or_set_cached_cell_and_set_connections" :: waited 0.000s {{(pid=98939) inner /opt/stack/data/venv/lib/python3.12/site-packages/oslo_concurrency/lockutils.py:524}}
Jul 11 08:37:17.820657 np0000005072 nova-conductor[98939]: DEBUG oslo_concurrency.lockutils [None req-7685c9fe-217a-4409-b76e-063701ee87e1 tempest-ServerRescueNegativeTestJSON-2053772337 tempest-ServerRescueNegativeTestJSON-2053772337-project-member] Lock "40fb443b-dc08-4834-afd7-1660c140d3b1" "released" by "nova.context.set_target_cell..get_or_set_cached_cell_and_set_connections" :: held 0.002s {{(pid=98939) inner /opt/stack/data/venv/lib/python3.12/site-packages/oslo_concurrency/lockutils.py:543}}
Jul 11 08:37:17.823147 np0000005072 nova-conductor[98939]: INFO dbcounter [None req-7685c9fe-217a-4409-b76e-063701ee87e1 tempest-ServerRescueNegativeTestJSON-2053772337 tempest-ServerRescueNegativeTestJSON-2053772337-project-member] Registered counter for database nova_cell1
Jul 11 08:37:17.823746 np0000005072 nova-conductor[98936]: DEBUG nova.conductor.manager [None req-f86f591b-3e75-4939-ab98-6e0cf1007165 tempest-ServerBootFromVolumeStableRescueTest-216333238 tempest-ServerBootFromVolumeStableRescueTest-216333238-project-member] Took 1.54 seconds to select destinations for 1 instance(s). {{(pid=98936) _schedule_instances /opt/stack/nova/nova/conductor/manager.py:968}}
Jul 11 08:37:17.859961 np0000005072 nova-conductor[98936]: DEBUG oslo_concurrency.lockutils [None req-f86f591b-3e75-4939-ab98-6e0cf1007165 tempest-ServerBootFromVolumeStableRescueTest-216333238 tempest-ServerBootFromVolumeStableRescueTest-216333238-project-member] Acquiring lock "40fb443b-dc08-4834-afd7-1660c140d3b1" by "nova.context.set_target_cell..get_or_set_cached_cell_and_set_connections" {{(pid=98936) inner /opt/stack/data/venv/lib/python3.12/site-packages/oslo_concurrency/lockutils.py:511}}
Jul 11 08:37:17.860211 np0000005072 nova-conductor[98936]: DEBUG oslo_concurrency.lockutils [None req-f86f591b-3e75-4939-ab98-6e0cf1007165 tempest-ServerBootFromVolumeStableRescueTest-216333238 tempest-ServerBootFromVolumeStableRescueTest-216333238-project-member] Lock "40fb443b-dc08-4834-afd7-1660c140d3b1" acquired by "nova.context.set_target_cell..get_or_set_cached_cell_and_set_connections" :: waited 0.000s {{(pid=98936) inner /opt/stack/data/venv/lib/python3.12/site-packages/oslo_concurrency/lockutils.py:524}}
Jul 11 08:37:17.861464 np0000005072 nova-conductor[98936]: DEBUG oslo_concurrency.lockutils [None req-f86f591b-3e75-4939-ab98-6e0cf1007165 tempest-ServerBootFromVolumeStableRescueTest-216333238 tempest-ServerBootFromVolumeStableRescueTest-216333238-project-member] Lock "40fb443b-dc08-4834-afd7-1660c140d3b1" "released" by "nova.context.set_target_cell..get_or_set_cached_cell_and_set_connections" :: held 0.001s {{(pid=98936) inner /opt/stack/data/venv/lib/python3.12/site-packages/oslo_concurrency/lockutils.py:543}}
Jul 11 08:37:17.863037 np0000005072 nova-conductor[98936]: INFO dbcounter [None req-f86f591b-3e75-4939-ab98-6e0cf1007165 tempest-ServerBootFromVolumeStableRescueTest-216333238 tempest-ServerBootFromVolumeStableRescueTest-216333238-project-member] Registered counter for database nova_cell1
Jul 11 08:37:17.880789 np0000005072 nova-conductor[98939]: DEBUG oslo_db.sqlalchemy.engines [None req-7685c9fe-217a-4409-b76e-063701ee87e1 tempest-ServerRescueNegativeTestJSON-2053772337 tempest-ServerRescueNegativeTestJSON-2053772337-project-member] MySQL server mode set to STRICT_TRANS_TABLES,STRICT_ALL_TABLES,NO_ZERO_IN_DATE,NO_ZERO_DATE,ERROR_FOR_DIVISION_BY_ZERO,TRADITIONAL,NO_ENGINE_SUBSTITUTION {{(pid=98939) _check_effective_sql_mode /opt/stack/data/venv/lib/python3.12/site-packages/oslo_db/sqlalchemy/engines.py:325}}
Jul 11 08:37:17.890780 np0000005072 nova-conductor[98939]: DEBUG dbcounter [-] [98939] Writer thread running {{(pid=98939) stat_writer /opt/stack/data/venv/lib/python3.12/site-packages/dbcounter.py:102}}
Jul 11 08:37:17.898177 np0000005072 nova-conductor[98936]: DEBUG oslo_db.sqlalchemy.engines [None req-f86f591b-3e75-4939-ab98-6e0cf1007165 tempest-ServerBootFromVolumeStableRescueTest-216333238 tempest-ServerBootFromVolumeStableRescueTest-216333238-project-member] MySQL server mode set to STRICT_TRANS_TABLES,STRICT_ALL_TABLES,NO_ZERO_IN_DATE,NO_ZERO_DATE,ERROR_FOR_DIVISION_BY_ZERO,TRADITIONAL,NO_ENGINE_SUBSTITUTION {{(pid=98936) _check_effective_sql_mode /opt/stack/data/venv/lib/python3.12/site-packages/oslo_db/sqlalchemy/engines.py:325}}
Jul 11 08:37:17.908536 np0000005072 nova-conductor[98936]: DEBUG dbcounter [-] [98936] Writer thread running {{(pid=98936) stat_writer /opt/stack/data/venv/lib/python3.12/site-packages/dbcounter.py:102}}
Jul 11 08:37:17.979429 np0000005072 nova-conductor[98939]: INFO nova.utils [None req-7685c9fe-217a-4409-b76e-063701ee87e1 tempest-ServerRescueNegativeTestJSON-2053772337 tempest-ServerRescueNegativeTestJSON-2053772337-project-member] The cell worker thread pool ForkProcess-2.cell_worker is initialized
Jul 11 08:37:17.979590 np0000005072 nova-conductor[98939]: DEBUG oslo_concurrency.lockutils [None req-7685c9fe-217a-4409-b76e-063701ee87e1 tempest-ServerRescueNegativeTestJSON-2053772337 tempest-ServerRescueNegativeTestJSON-2053772337-project-member] Acquiring lock "00000000-0000-0000-0000-000000000000" by "nova.context.set_target_cell..get_or_set_cached_cell_and_set_connections" {{(pid=98939) inner /opt/stack/data/venv/lib/python3.12/site-packages/oslo_concurrency/lockutils.py:511}}
Jul 11 08:37:17.979742 np0000005072 nova-conductor[98939]: DEBUG oslo_concurrency.lockutils [None req-7685c9fe-217a-4409-b76e-063701ee87e1 tempest-ServerRescueNegativeTestJSON-2053772337 tempest-ServerRescueNegativeTestJSON-2053772337-project-member] Lock "00000000-0000-0000-0000-000000000000" acquired by "nova.context.set_target_cell..get_or_set_cached_cell_and_set_connections" :: waited 0.000s {{(pid=98939) inner /opt/stack/data/venv/lib/python3.12/site-packages/oslo_concurrency/lockutils.py:524}}
Jul 11 08:37:17.980197 np0000005072 nova-conductor[98939]: DEBUG oslo_concurrency.lockutils [None req-7685c9fe-217a-4409-b76e-063701ee87e1 tempest-ServerRescueNegativeTestJSON-2053772337 tempest-ServerRescueNegativeTestJSON-2053772337-project-member] Lock "00000000-0000-0000-0000-000000000000" "released" by "nova.context.set_target_cell..get_or_set_cached_cell_and_set_connections" :: held 0.000s {{(pid=98939) inner /opt/stack/data/venv/lib/python3.12/site-packages/oslo_concurrency/lockutils.py:543}}
Jul 11 08:37:17.981207 np0000005072 nova-conductor[98939]: DEBUG oslo_concurrency.lockutils [None req-7685c9fe-217a-4409-b76e-063701ee87e1 tempest-ServerRescueNegativeTestJSON-2053772337 tempest-ServerRescueNegativeTestJSON-2053772337-project-member] Acquiring lock "40fb443b-dc08-4834-afd7-1660c140d3b1" by "nova.context.set_target_cell..get_or_set_cached_cell_and_set_connections" {{(pid=98939) inner /opt/stack/data/venv/lib/python3.12/site-packages/oslo_concurrency/lockutils.py:511}}
Jul 11 08:37:17.981207 np0000005072 nova-conductor[98939]: DEBUG oslo_concurrency.lockutils [None req-7685c9fe-217a-4409-b76e-063701ee87e1 tempest-ServerRescueNegativeTestJSON-2053772337 tempest-ServerRescueNegativeTestJSON-2053772337-project-member] Lock "40fb443b-dc08-4834-afd7-1660c140d3b1" acquired by "nova.context.set_target_cell..get_or_set_cached_cell_and_set_connections" :: waited 0.000s {{(pid=98939) inner /opt/stack/data/venv/lib/python3.12/site-packages/oslo_concurrency/lockutils.py:524}}
Jul 11 08:37:17.981416 np0000005072 nova-conductor[98939]: DEBUG oslo_concurrency.lockutils [None req-7685c9fe-217a-4409-b76e-063701ee87e1 tempest-ServerRescueNegativeTestJSON-2053772337 tempest-ServerRescueNegativeTestJSON-2053772337-project-member] Lock "40fb443b-dc08-4834-afd7-1660c140d3b1" "released" by "nova.context.set_target_cell..get_or_set_cached_cell_and_set_connections" :: held 0.000s {{(pid=98939) inner /opt/stack/data/venv/lib/python3.12/site-packages/oslo_concurrency/lockutils.py:543}}
Jul 11 08:37:17.983280 np0000005072 nova-conductor[98939]: INFO dbcounter [None req-7685c9fe-217a-4409-b76e-063701ee87e1 tempest-ServerRescueNegativeTestJSON-2053772337 tempest-ServerRescueNegativeTestJSON-2053772337-project-member] Registered counter for database nova_cell0
