Jun 23 14:01:31.850199 np0000003467 nova-scheduler[93138]: DEBUG cotyledon.oslo_config_glue [-] oslo_limit.auth_section = None {{(pid=93138) log_opt_values /opt/stack/data/venv/lib/python3.12/site-packages/oslo_config/cfg.py:3253}}
Jun 23 14:01:31.850250 np0000003467 nova-scheduler[93138]: DEBUG cotyledon.oslo_config_glue [-] oslo_limit.auth_type = None {{(pid=93138) log_opt_values /opt/stack/data/venv/lib/python3.12/site-packages/oslo_config/cfg.py:3253}}
Jun 23 14:01:31.850290 np0000003467 nova-scheduler[93138]: DEBUG cotyledon.oslo_config_glue [-] oslo_limit.cafile = None {{(pid=93138) log_opt_values /opt/stack/data/venv/lib/python3.12/site-packages/oslo_config/cfg.py:3253}}
Jun 23 14:01:31.850328 np0000003467 nova-scheduler[93138]: DEBUG cotyledon.oslo_config_glue [-] oslo_limit.certfile = None {{(pid=93138) log_opt_values /opt/stack/data/venv/lib/python3.12/site-packages/oslo_config/cfg.py:3253}}
Jun 23 14:01:31.850356 np0000003467 nova-scheduler[93138]: DEBUG cotyledon.oslo_config_glue [-] oslo_limit.collect_timing = False {{(pid=93138) log_opt_values /opt/stack/data/venv/lib/python3.12/site-packages/oslo_config/cfg.py:3253}}
Jun 23 14:01:31.850407 np0000003467 nova-scheduler[93138]: DEBUG cotyledon.oslo_config_glue [-] oslo_limit.connect_retries = None {{(pid=93138) log_opt_values /opt/stack/data/venv/lib/python3.12/site-packages/oslo_config/cfg.py:3253}}
Jun 23 14:01:31.850465 np0000003467 nova-scheduler[93138]: DEBUG cotyledon.oslo_config_glue [-] oslo_limit.connect_retry_delay = None {{(pid=93138) log_opt_values /opt/stack/data/venv/lib/python3.12/site-packages/oslo_config/cfg.py:3253}}
Jun 23 14:01:31.850513 np0000003467 nova-scheduler[93138]: DEBUG cotyledon.oslo_config_glue [-] oslo_limit.endpoint_id = None {{(pid=93138) log_opt_values /opt/stack/data/venv/lib/python3.12/site-packages/oslo_config/cfg.py:3253}}
Jun 23 14:01:31.850578 np0000003467 nova-scheduler[93138]: DEBUG cotyledon.oslo_config_glue [-] oslo_limit.endpoint_interface = public {{(pid=93138) log_opt_values /opt/stack/data/venv/lib/python3.12/site-packages/oslo_config/cfg.py:3253}}
Jun 23 14:01:31.850624 np0000003467 nova-scheduler[93138]: DEBUG cotyledon.oslo_config_glue [-] oslo_limit.endpoint_override = None {{(pid=93138) log_opt_values /opt/stack/data/venv/lib/python3.12/site-packages/oslo_config/cfg.py:3253}}
Jun 23 14:01:31.850670 np0000003467 nova-scheduler[93138]: DEBUG cotyledon.oslo_config_glue [-] oslo_limit.endpoint_region_name = None {{(pid=93138) log_opt_values /opt/stack/data/venv/lib/python3.12/site-packages/oslo_config/cfg.py:3253}}
Jun 23 14:01:31.850722 np0000003467 nova-scheduler[93138]: DEBUG cotyledon.oslo_config_glue [-] oslo_limit.endpoint_service_name = None {{(pid=93138) log_opt_values /opt/stack/data/venv/lib/python3.12/site-packages/oslo_config/cfg.py:3253}}
Jun 23 14:01:31.850770 np0000003467 nova-scheduler[93138]: DEBUG cotyledon.oslo_config_glue [-] oslo_limit.endpoint_service_type = None {{(pid=93138) log_opt_values /opt/stack/data/venv/lib/python3.12/site-packages/oslo_config/cfg.py:3253}}
Jun 23 14:01:31.850805 np0000003467 nova-scheduler[93138]: DEBUG cotyledon.oslo_config_glue [-] oslo_limit.insecure = False {{(pid=93138) log_opt_values /opt/stack/data/venv/lib/python3.12/site-packages/oslo_config/cfg.py:3253}}
Jun 23 14:01:31.850848 np0000003467 nova-scheduler[93138]: DEBUG cotyledon.oslo_config_glue [-] oslo_limit.keyfile = None {{(pid=93138) log_opt_values /opt/stack/data/venv/lib/python3.12/site-packages/oslo_config/cfg.py:3253}}
Jun 23 14:01:31.850877 np0000003467 nova-scheduler[93138]: DEBUG cotyledon.oslo_config_glue [-] oslo_limit.max_version = None {{(pid=93138) log_opt_values /opt/stack/data/venv/lib/python3.12/site-packages/oslo_config/cfg.py:3253}}
Jun 23 14:01:31.850916 np0000003467 nova-scheduler[93138]: DEBUG cotyledon.oslo_config_glue [-] oslo_limit.min_version = None {{(pid=93138) log_opt_values /opt/stack/data/venv/lib/python3.12/site-packages/oslo_config/cfg.py:3253}}
Jun 23 14:01:31.850946 np0000003467 nova-scheduler[93138]: DEBUG cotyledon.oslo_config_glue [-] oslo_limit.region_name = None {{(pid=93138) log_opt_values /opt/stack/data/venv/lib/python3.12/site-packages/oslo_config/cfg.py:3253}}
Jun 23 14:01:31.850987 np0000003467 nova-scheduler[93138]: DEBUG cotyledon.oslo_config_glue [-] oslo_limit.retriable_status_codes = None {{(pid=93138) log_opt_values /opt/stack/data/venv/lib/python3.12/site-packages/oslo_config/cfg.py:3253}}
Jun 23 14:01:31.851033 np0000003467 nova-scheduler[93138]: DEBUG cotyledon.oslo_config_glue [-] oslo_limit.service_name = None {{(pid=93138) log_opt_values /opt/stack/data/venv/lib/python3.12/site-packages/oslo_config/cfg.py:3253}}
Jun 23 14:01:31.851078 np0000003467 nova-scheduler[93138]: DEBUG cotyledon.oslo_config_glue [-] oslo_limit.service_type = None {{(pid=93138) log_opt_values /opt/stack/data/venv/lib/python3.12/site-packages/oslo_config/cfg.py:3253}}
Jun 23 14:01:31.851117 np0000003467 nova-scheduler[93138]: DEBUG cotyledon.oslo_config_glue [-] oslo_limit.split_loggers = False {{(pid=93138) log_opt_values /opt/stack/data/venv/lib/python3.12/site-packages/oslo_config/cfg.py:3253}}
Jun 23 14:01:31.851160 np0000003467 nova-scheduler[93138]: DEBUG cotyledon.oslo_config_glue [-] oslo_limit.status_code_retries = None {{(pid=93138) log_opt_values /opt/stack/data/venv/lib/python3.12/site-packages/oslo_config/cfg.py:3253}}
Jun 23 14:01:31.851195 np0000003467 nova-scheduler[93138]: DEBUG cotyledon.oslo_config_glue [-] oslo_limit.status_code_retry_delay = None {{(pid=93138) log_opt_values /opt/stack/data/venv/lib/python3.12/site-packages/oslo_config/cfg.py:3253}}
Jun 23 14:01:31.851220 np0000003467 nova-scheduler[93138]: DEBUG cotyledon.oslo_config_glue [-] oslo_limit.timeout = None {{(pid=93138) log_opt_values /opt/stack/data/venv/lib/python3.12/site-packages/oslo_config/cfg.py:3253}}
Jun 23 14:01:31.851272 np0000003467 nova-scheduler[93138]: DEBUG cotyledon.oslo_config_glue [-] oslo_limit.valid_interfaces = None {{(pid=93138) log_opt_values /opt/stack/data/venv/lib/python3.12/site-packages/oslo_config/cfg.py:3253}}
Jun 23 14:01:31.851302 np0000003467 nova-scheduler[93138]: DEBUG cotyledon.oslo_config_glue [-] oslo_limit.version = None {{(pid=93138) log_opt_values /opt/stack/data/venv/lib/python3.12/site-packages/oslo_config/cfg.py:3253}}
Jun 23 14:01:31.851361 np0000003467 nova-scheduler[93138]: DEBUG cotyledon.oslo_config_glue [-] oslo_reports.file_event_handler = None {{(pid=93138) log_opt_values /opt/stack/data/venv/lib/python3.12/site-packages/oslo_config/cfg.py:3253}}
Jun 23 14:01:31.851422 np0000003467 nova-scheduler[93138]: DEBUG cotyledon.oslo_config_glue [-] oslo_reports.file_event_handler_interval = 1 {{(pid=93138) log_opt_values /opt/stack/data/venv/lib/python3.12/site-packages/oslo_config/cfg.py:3253}}
Jun 23 14:01:31.851492 np0000003467 nova-scheduler[93138]: DEBUG cotyledon.oslo_config_glue [-] oslo_reports.log_dir = None {{(pid=93138) log_opt_values /opt/stack/data/venv/lib/python3.12/site-packages/oslo_config/cfg.py:3253}}
Jun 23 14:01:31.851533 np0000003467 nova-scheduler[93138]: DEBUG cotyledon.oslo_config_glue [-] ******************************************************************************** {{(pid=93138) log_opt_values /opt/stack/data/venv/lib/python3.12/site-packages/oslo_config/cfg.py:3260}}
Jun 23 14:01:31.851661 np0000003467 nova-scheduler[93138]: DEBUG cotyledon._service_worker [-] Run service ServiceWrapper(2) [93138] {{(pid=93138) wait_forever /opt/stack/data/venv/lib/python3.12/site-packages/cotyledon/_service_worker.py:218}}
Jun 23 14:01:31.852939 np0000003467 nova-scheduler[93138]: INFO nova.service [-] Starting scheduler node (version 33.1.0)
Jun 23 14:01:31.861216 np0000003467 nova-scheduler[93138]: INFO dbcounter [None req-5f0a8f81-872d-4d97-bee7-c728ed7b8156 None None] Registered counter for database nova_cell0
Jun 23 14:01:31.879610 np0000003467 nova-scheduler[93133]: DEBUG oslo_db.sqlalchemy.engines [None req-9827e1b0-082c-4e24-bd22-2d0ce4ebcb30 None None] MySQL server mode set to STRICT_TRANS_TABLES,STRICT_ALL_TABLES,NO_ZERO_IN_DATE,NO_ZERO_DATE,ERROR_FOR_DIVISION_BY_ZERO,TRADITIONAL,NO_ENGINE_SUBSTITUTION {{(pid=93133) _check_effective_sql_mode /opt/stack/data/venv/lib/python3.12/site-packages/oslo_db/sqlalchemy/engines.py:325}}
Jun 23 14:01:31.883299 np0000003467 nova-scheduler[93136]: DEBUG oslo_db.sqlalchemy.engines [None req-65072691-67c0-472a-8b61-73c786548033 None None] MySQL server mode set to STRICT_TRANS_TABLES,STRICT_ALL_TABLES,NO_ZERO_IN_DATE,NO_ZERO_DATE,ERROR_FOR_DIVISION_BY_ZERO,TRADITIONAL,NO_ENGINE_SUBSTITUTION {{(pid=93136) _check_effective_sql_mode /opt/stack/data/venv/lib/python3.12/site-packages/oslo_db/sqlalchemy/engines.py:325}}
Jun 23 14:01:31.890750 np0000003467 nova-scheduler[93133]: DEBUG dbcounter [-] [93133] Writer thread running {{(pid=93133) stat_writer /opt/stack/data/venv/lib/python3.12/site-packages/dbcounter.py:102}}
Jun 23 14:01:31.893341 np0000003467 nova-scheduler[93136]: DEBUG dbcounter [-] [93136] Writer thread running {{(pid=93136) stat_writer /opt/stack/data/venv/lib/python3.12/site-packages/dbcounter.py:102}}
Jun 23 14:01:31.901039 np0000003467 nova-scheduler[93138]: DEBUG oslo_db.sqlalchemy.engines [None req-5f0a8f81-872d-4d97-bee7-c728ed7b8156 None None] MySQL server mode set to STRICT_TRANS_TABLES,STRICT_ALL_TABLES,NO_ZERO_IN_DATE,NO_ZERO_DATE,ERROR_FOR_DIVISION_BY_ZERO,TRADITIONAL,NO_ENGINE_SUBSTITUTION {{(pid=93138) _check_effective_sql_mode /opt/stack/data/venv/lib/python3.12/site-packages/oslo_db/sqlalchemy/engines.py:325}}
Jun 23 14:01:31.907038 np0000003467 nova-scheduler[93133]: DEBUG nova.service [None req-9827e1b0-082c-4e24-bd22-2d0ce4ebcb30 None None] Creating RPC server for service: nova-scheduler on topic: scheduler {{(pid=93133) start /opt/stack/nova/nova/service.py:196}}
Jun 23 14:01:31.910287 np0000003467 nova-scheduler[93136]: DEBUG nova.service [None req-65072691-67c0-472a-8b61-73c786548033 None None] Creating RPC server for service: nova-scheduler on topic: scheduler {{(pid=93136) start /opt/stack/nova/nova/service.py:196}}
Jun 23 14:01:31.912645 np0000003467 nova-scheduler[93138]: DEBUG dbcounter [-] [93138] Writer thread running {{(pid=93138) stat_writer /opt/stack/data/venv/lib/python3.12/site-packages/dbcounter.py:102}}
Jun 23 14:01:31.915631 np0000003467 nova-scheduler[93138]: DEBUG nova.service [None req-5f0a8f81-872d-4d97-bee7-c728ed7b8156 None None] Creating RPC server for service: nova-scheduler on topic: scheduler {{(pid=93138) start /opt/stack/nova/nova/service.py:196}}
Jun 23 14:01:31.931688 np0000003467 nova-scheduler[93133]: DEBUG nova.service [None req-9827e1b0-082c-4e24-bd22-2d0ce4ebcb30 None None] Join ServiceGroup membership for this service scheduler {{(pid=93133) start /opt/stack/nova/nova/service.py:222}}
Jun 23 14:01:31.932189 np0000003467 nova-scheduler[93138]: DEBUG nova.service [None req-5f0a8f81-872d-4d97-bee7-c728ed7b8156 None None] Join ServiceGroup membership for this service scheduler {{(pid=93138) start /opt/stack/nova/nova/service.py:222}}
Jun 23 14:01:31.932234 np0000003467 nova-scheduler[93133]: DEBUG nova.servicegroup.drivers.db [None req-9827e1b0-082c-4e24-bd22-2d0ce4ebcb30 None None] DB_Driver: join new ServiceGroup member np0000003467 to the scheduler group, service = {{(pid=93133) join /opt/stack/nova/nova/servicegroup/drivers/db.py:44}}
Jun 23 14:01:31.932302 np0000003467 nova-scheduler[93138]: DEBUG nova.servicegroup.drivers.db [None req-5f0a8f81-872d-4d97-bee7-c728ed7b8156 None None] DB_Driver: join new ServiceGroup member np0000003467 to the scheduler group, service = {{(pid=93138) join /opt/stack/nova/nova/servicegroup/drivers/db.py:44}}
Jun 23 14:01:31.933360 np0000003467 nova-scheduler[93136]: DEBUG nova.service [None req-65072691-67c0-472a-8b61-73c786548033 None None] Join ServiceGroup membership for this service scheduler {{(pid=93136) start /opt/stack/nova/nova/service.py:222}}
Jun 23 14:01:31.933601 np0000003467 nova-scheduler[93136]: DEBUG nova.servicegroup.drivers.db [None req-65072691-67c0-472a-8b61-73c786548033 None None] DB_Driver: join new ServiceGroup member np0000003467 to the scheduler group, service = {{(pid=93136) join /opt/stack/nova/nova/servicegroup/drivers/db.py:44}}
Jun 23 14:01:36.946700 np0000003467 nova-scheduler[93133]: DEBUG oslo.service.backend._threading.loopingcall [-] Fixed interval looping call 'nova.servicegroup.drivers.db.DbDriver._report_state' sleeping for 119.99 seconds {{(pid=93133) _run_loop /opt/stack/data/venv/lib/python3.12/site-packages/oslo_service/backend/_threading/loopingcall.py:125}}
Jun 23 14:01:36.947350 np0000003467 nova-scheduler[93136]: DEBUG oslo.service.backend._threading.loopingcall [-] Fixed interval looping call 'nova.servicegroup.drivers.db.DbDriver._report_state' sleeping for 119.99 seconds {{(pid=93136) _run_loop /opt/stack/data/venv/lib/python3.12/site-packages/oslo_service/backend/_threading/loopingcall.py:125}}
Jun 23 14:01:36.951742 np0000003467 nova-scheduler[93138]: DEBUG oslo.service.backend._threading.loopingcall [-] Fixed interval looping call 'nova.servicegroup.drivers.db.DbDriver._report_state' sleeping for 119.98 seconds {{(pid=93138) _run_loop /opt/stack/data/venv/lib/python3.12/site-packages/oslo_service/backend/_threading/loopingcall.py:125}}
Jun 23 14:01:37.934301 np0000003467 nova-scheduler[93133]: DEBUG oslo.service.backend._threading.loopingcall [None req-60e921b4-32ae-494c-84bc-18027f34d044 None None] Dynamic interval looping call 'nova.service.Service.periodic_tasks' sleeping for 60.00 seconds {{(pid=93133) _run_loop /opt/stack/data/venv/lib/python3.12/site-packages/oslo_service/backend/_threading/loopingcall.py:125}}
Jun 23 14:01:40.490960 np0000003467 nova-scheduler[91854]: DEBUG dbcounter [-] [91854] Writing DB stats nova_api:SELECT=3 {{(pid=91854) stat_writer /opt/stack/data/venv/lib/python3.12/site-packages/dbcounter.py:115}}
Jun 23 14:01:40.617743 np0000003467 nova-scheduler[91854]: DEBUG dbcounter [-] [91854] Writing DB stats nova_cell1:SELECT=1 {{(pid=91854) stat_writer /opt/stack/data/venv/lib/python3.12/site-packages/dbcounter.py:115}}
Jun 23 14:01:40.621634 np0000003467 nova-scheduler[91854]: DEBUG dbcounter [-] [91854] Writing DB stats nova_cell0:SELECT=1 {{(pid=91854) stat_writer /opt/stack/data/venv/lib/python3.12/site-packages/dbcounter.py:115}}
Jun 23 14:01:43.936841 np0000003467 nova-scheduler[93136]: DEBUG oslo.service.backend._threading.loopingcall [None req-ccf2b930-58b0-438f-aa6c-8360bb1718b5 None None] Dynamic interval looping call 'nova.service.Service.periodic_tasks' sleeping for 60.00 seconds {{(pid=93136) _run_loop /opt/stack/data/venv/lib/python3.12/site-packages/oslo_service/backend/_threading/loopingcall.py:125}}
Jun 23 14:01:46.942654 np0000003467 nova-scheduler[93133]: DEBUG dbcounter [-] [93133] Writing DB stats nova_cell0:SELECT=4,nova_cell0:INSERT=1,nova_cell0:UPDATE=1 {{(pid=93133) stat_writer /opt/stack/data/venv/lib/python3.12/site-packages/dbcounter.py:115}}
Jun 23 14:01:46.943147 np0000003467 nova-scheduler[93136]: DEBUG dbcounter [-] [93136] Writing DB stats nova_cell0:SELECT=5,nova_cell0:INSERT=1,nova_cell0:UPDATE=1 {{(pid=93136) stat_writer /opt/stack/data/venv/lib/python3.12/site-packages/dbcounter.py:115}}
Jun 23 14:01:46.949876 np0000003467 nova-scheduler[93138]: DEBUG dbcounter [-] [93138] Writing DB stats nova_cell0:SELECT=3,nova_cell0:UPDATE=1 {{(pid=93138) stat_writer /opt/stack/data/venv/lib/python3.12/site-packages/dbcounter.py:115}}
Jun 23 14:01:56.934025 np0000003467 nova-scheduler[93138]: DEBUG oslo.service.backend._threading.loopingcall [None req-830ad58b-8519-4da9-99dd-e3ec134ce02f None None] Dynamic interval looping call 'nova.service.Service.periodic_tasks' sleeping for 60.00 seconds {{(pid=93138) _run_loop /opt/stack/data/venv/lib/python3.12/site-packages/oslo_service/backend/_threading/loopingcall.py:125}}
Jun 23 14:02:37.934819 np0000003467 nova-scheduler[93133]: DEBUG oslo.service.backend._threading.loopingcall [None req-60e921b4-32ae-494c-84bc-18027f34d044 None None] Dynamic interval looping call 'nova.service.Service.periodic_tasks' sleeping for 60.00 seconds {{(pid=93133) _run_loop /opt/stack/data/venv/lib/python3.12/site-packages/oslo_service/backend/_threading/loopingcall.py:125}}
Jun 23 14:02:43.937400 np0000003467 nova-scheduler[93136]: DEBUG oslo.service.backend._threading.loopingcall [None req-ccf2b930-58b0-438f-aa6c-8360bb1718b5 None None] Dynamic interval looping call 'nova.service.Service.periodic_tasks' sleeping for 60.00 seconds {{(pid=93136) _run_loop /opt/stack/data/venv/lib/python3.12/site-packages/oslo_service/backend/_threading/loopingcall.py:125}}
Jun 23 14:02:56.934563 np0000003467 nova-scheduler[93138]: DEBUG oslo.service.backend._threading.loopingcall [None req-830ad58b-8519-4da9-99dd-e3ec134ce02f None None] Dynamic interval looping call 'nova.service.Service.periodic_tasks' sleeping for 60.00 seconds {{(pid=93138) _run_loop /opt/stack/data/venv/lib/python3.12/site-packages/oslo_service/backend/_threading/loopingcall.py:125}}
Jun 23 14:03:36.941484 np0000003467 nova-scheduler[93138]: DEBUG oslo.service.backend._threading.loopingcall [-] Fixed interval looping call 'nova.servicegroup.drivers.db.DbDriver._report_state' sleeping for 119.99 seconds {{(pid=93138) _run_loop /opt/stack/data/venv/lib/python3.12/site-packages/oslo_service/backend/_threading/loopingcall.py:125}}
Jun 23 14:03:36.942114 np0000003467 nova-scheduler[93133]: DEBUG oslo.service.backend._threading.loopingcall [-] Fixed interval looping call 'nova.servicegroup.drivers.db.DbDriver._report_state' sleeping for 120.00 seconds {{(pid=93133) _run_loop /opt/stack/data/venv/lib/python3.12/site-packages/oslo_service/backend/_threading/loopingcall.py:125}}
Jun 23 14:03:36.942373 np0000003467 nova-scheduler[93136]: DEBUG oslo.service.backend._threading.loopingcall [-] Fixed interval looping call 'nova.servicegroup.drivers.db.DbDriver._report_state' sleeping for 120.00 seconds {{(pid=93136) _run_loop /opt/stack/data/venv/lib/python3.12/site-packages/oslo_service/backend/_threading/loopingcall.py:125}}
Jun 23 14:03:37.935218 np0000003467 nova-scheduler[93133]: DEBUG oslo.service.backend._threading.loopingcall [None req-60e921b4-32ae-494c-84bc-18027f34d044 None None] Dynamic interval looping call 'nova.service.Service.periodic_tasks' sleeping for 60.00 seconds {{(pid=93133) _run_loop /opt/stack/data/venv/lib/python3.12/site-packages/oslo_service/backend/_threading/loopingcall.py:125}}
Jun 23 14:03:43.938496 np0000003467 nova-scheduler[93136]: DEBUG oslo.service.backend._threading.loopingcall [None req-ccf2b930-58b0-438f-aa6c-8360bb1718b5 None None] Dynamic interval looping call 'nova.service.Service.periodic_tasks' sleeping for 60.00 seconds {{(pid=93136) _run_loop /opt/stack/data/venv/lib/python3.12/site-packages/oslo_service/backend/_threading/loopingcall.py:125}}
Jun 23 14:03:46.934970 np0000003467 nova-scheduler[93138]: DEBUG dbcounter [-] [93138] Writing DB stats nova_cell0:SELECT=1,nova_cell0:UPDATE=1 {{(pid=93138) stat_writer /opt/stack/data/venv/lib/python3.12/site-packages/dbcounter.py:115}}
Jun 23 14:03:46.939619 np0000003467 nova-scheduler[93133]: DEBUG dbcounter [-] [93133] Writing DB stats nova_cell0:SELECT=1,nova_cell0:UPDATE=1 {{(pid=93133) stat_writer /opt/stack/data/venv/lib/python3.12/site-packages/dbcounter.py:115}}
Jun 23 14:03:46.940210 np0000003467 nova-scheduler[93136]: DEBUG dbcounter [-] [93136] Writing DB stats nova_cell0:SELECT=1,nova_cell0:UPDATE=1 {{(pid=93136) stat_writer /opt/stack/data/venv/lib/python3.12/site-packages/dbcounter.py:115}}
Jun 23 14:03:56.935001 np0000003467 nova-scheduler[93138]: DEBUG oslo.service.backend._threading.loopingcall [None req-830ad58b-8519-4da9-99dd-e3ec134ce02f None None] Dynamic interval looping call 'nova.service.Service.periodic_tasks' sleeping for 60.00 seconds {{(pid=93138) _run_loop /opt/stack/data/venv/lib/python3.12/site-packages/oslo_service/backend/_threading/loopingcall.py:125}}
Jun 23 14:03:59.865860 np0000003467 nova-scheduler[93133]: DEBUG nova.scheduler.manager [None req-8893b143-51b2-44f9-baaf-bb106f0e1a0c tempest-ServersNegativeTestJSON-281120817 tempest-ServersNegativeTestJSON-281120817-project-member] Starting to schedule for instances: ['bca048dc-5b2f-4cca-acf2-e76038c3a7a5'] {{(pid=93133) select_destinations /opt/stack/nova/nova/scheduler/manager.py:210}}
Jun 23 14:03:59.866726 np0000003467 nova-scheduler[93133]: DEBUG nova.scheduler.request_filter [None req-8893b143-51b2-44f9-baaf-bb106f0e1a0c tempest-ServersNegativeTestJSON-281120817 tempest-ServersNegativeTestJSON-281120817-project-member] compute_status_filter request filter added forbidden trait COMPUTE_STATUS_DISABLED {{(pid=93133) compute_status_filter /opt/stack/nova/nova/scheduler/request_filter.py:253}}
Jun 23 14:03:59.866921 np0000003467 nova-scheduler[93133]: DEBUG nova.scheduler.request_filter [None req-8893b143-51b2-44f9-baaf-bb106f0e1a0c tempest-ServersNegativeTestJSON-281120817 tempest-ServersNegativeTestJSON-281120817-project-member] Request filter 'compute_status_filter' took 0.0 seconds {{(pid=93133) wrapper /opt/stack/nova/nova/scheduler/request_filter.py:46}}
Jun 23 14:03:59.867199 np0000003467 nova-scheduler[93133]: DEBUG nova.scheduler.request_filter [None req-8893b143-51b2-44f9-baaf-bb106f0e1a0c tempest-ServersNegativeTestJSON-281120817 tempest-ServersNegativeTestJSON-281120817-project-member] Request filter 'accelerators_filter' took 0.0 seconds {{(pid=93133) wrapper /opt/stack/nova/nova/scheduler/request_filter.py:46}}
Jun 23 14:03:59.867455 np0000003467 nova-scheduler[93133]: DEBUG nova.scheduler.request_filter [None req-8893b143-51b2-44f9-baaf-bb106f0e1a0c tempest-ServersNegativeTestJSON-281120817 tempest-ServersNegativeTestJSON-281120817-project-member] Request filter 'packed_virtqueue_filter' took 0.0 seconds {{(pid=93133) wrapper /opt/stack/nova/nova/scheduler/request_filter.py:46}}
Jun 23 14:03:59.867800 np0000003467 nova-scheduler[93133]: DEBUG nova.scheduler.request_filter [None req-8893b143-51b2-44f9-baaf-bb106f0e1a0c tempest-ServersNegativeTestJSON-281120817 tempest-ServersNegativeTestJSON-281120817-project-member] Request filter 'remote_managed_ports_filter' took 0.0 seconds {{(pid=93133) wrapper /opt/stack/nova/nova/scheduler/request_filter.py:46}}
Jun 23 14:03:59.868001 np0000003467 nova-scheduler[93133]: DEBUG nova.scheduler.request_filter [None req-8893b143-51b2-44f9-baaf-bb106f0e1a0c tempest-ServersNegativeTestJSON-281120817 tempest-ServersNegativeTestJSON-281120817-project-member] ephemeral_encryption_filter skipped {{(pid=93133) ephemeral_encryption_filter /opt/stack/nova/nova/scheduler/request_filter.py:426}}
Jun 23 14:03:59.868216 np0000003467 nova-scheduler[93133]: DEBUG nova.scheduler.request_filter [None req-8893b143-51b2-44f9-baaf-bb106f0e1a0c tempest-ServersNegativeTestJSON-281120817 tempest-ServersNegativeTestJSON-281120817-project-member] virtio_sound_filter skipped {{(pid=93133) virtio_sound_filter /opt/stack/nova/nova/scheduler/request_filter.py:460}}
Jun 23 14:03:59.868397 np0000003467 nova-scheduler[93133]: DEBUG nova.scheduler.request_filter [None req-8893b143-51b2-44f9-baaf-bb106f0e1a0c tempest-ServersNegativeTestJSON-281120817 tempest-ServersNegativeTestJSON-281120817-project-member] tpm_secret_security_filter skipped {{(pid=93133) tpm_secret_security_filter /opt/stack/nova/nova/scheduler/request_filter.py:477}}
Jun 23 14:04:00.380903 np0000003467 nova-scheduler[93133]: INFO nova.utils [None req-8893b143-51b2-44f9-baaf-bb106f0e1a0c tempest-ServersNegativeTestJSON-281120817 tempest-ServersNegativeTestJSON-281120817-project-member] The cell worker thread pool ForkProcess-1.cell_worker is initialized
Jun 23 14:04:00.381372 np0000003467 nova-scheduler[93133]: DEBUG oslo_concurrency.lockutils [None req-8893b143-51b2-44f9-baaf-bb106f0e1a0c tempest-ServersNegativeTestJSON-281120817 tempest-ServersNegativeTestJSON-281120817-project-member] Acquiring lock "a22b8a94-8f25-4506-9f08-89c5b2797c62" by "nova.context.set_target_cell..get_or_set_cached_cell_and_set_connections" {{(pid=93133) inner /opt/stack/data/venv/lib/python3.12/site-packages/oslo_concurrency/lockutils.py:511}}
Jun 23 14:04:00.381648 np0000003467 nova-scheduler[93133]: DEBUG oslo_concurrency.lockutils [None req-8893b143-51b2-44f9-baaf-bb106f0e1a0c tempest-ServersNegativeTestJSON-281120817 tempest-ServersNegativeTestJSON-281120817-project-member] Lock "a22b8a94-8f25-4506-9f08-89c5b2797c62" acquired by "nova.context.set_target_cell..get_or_set_cached_cell_and_set_connections" :: waited 0.000s {{(pid=93133) inner /opt/stack/data/venv/lib/python3.12/site-packages/oslo_concurrency/lockutils.py:524}}
Jun 23 14:04:00.383373 np0000003467 nova-scheduler[93133]: DEBUG oslo_concurrency.lockutils [None req-8893b143-51b2-44f9-baaf-bb106f0e1a0c tempest-ServersNegativeTestJSON-281120817 tempest-ServersNegativeTestJSON-281120817-project-member] Lock "a22b8a94-8f25-4506-9f08-89c5b2797c62" "released" by "nova.context.set_target_cell..get_or_set_cached_cell_and_set_connections" :: held 0.002s {{(pid=93133) inner /opt/stack/data/venv/lib/python3.12/site-packages/oslo_concurrency/lockutils.py:543}}
Jun 23 14:04:00.385091 np0000003467 nova-scheduler[93133]: INFO dbcounter [None req-8893b143-51b2-44f9-baaf-bb106f0e1a0c tempest-ServersNegativeTestJSON-281120817 tempest-ServersNegativeTestJSON-281120817-project-member] Registered counter for database nova_cell1
Jun 23 14:04:00.420937 np0000003467 nova-scheduler[93133]: DEBUG oslo_db.sqlalchemy.engines [None req-8893b143-51b2-44f9-baaf-bb106f0e1a0c tempest-ServersNegativeTestJSON-281120817 tempest-ServersNegativeTestJSON-281120817-project-member] MySQL server mode set to STRICT_TRANS_TABLES,STRICT_ALL_TABLES,NO_ZERO_IN_DATE,NO_ZERO_DATE,ERROR_FOR_DIVISION_BY_ZERO,TRADITIONAL,NO_ENGINE_SUBSTITUTION {{(pid=93133) _check_effective_sql_mode /opt/stack/data/venv/lib/python3.12/site-packages/oslo_db/sqlalchemy/engines.py:325}}
Jun 23 14:04:00.427142 np0000003467 nova-scheduler[93133]: DEBUG dbcounter [-] [93133] Writer thread running {{(pid=93133) stat_writer /opt/stack/data/venv/lib/python3.12/site-packages/dbcounter.py:102}}
Jun 23 14:04:00.444153 np0000003467 nova-scheduler[93133]: DEBUG oslo_db.sqlalchemy.engines [None req-8893b143-51b2-44f9-baaf-bb106f0e1a0c tempest-ServersNegativeTestJSON-281120817 tempest-ServersNegativeTestJSON-281120817-project-member] Parent process 91854 forked (93133) with an open database connection, which is being discarded and recreated. {{(pid=93133) checkout /opt/stack/data/venv/lib/python3.12/site-packages/oslo_db/sqlalchemy/engines.py:402}}
Jun 23 14:04:00.482204 np0000003467 nova-scheduler[93133]: DEBUG dbcounter [-] [93133] Writer thread running {{(pid=93133) stat_writer /opt/stack/data/venv/lib/python3.12/site-packages/dbcounter.py:102}}
Jun 23 14:04:00.485843 np0000003467 nova-scheduler[93133]: DEBUG oslo_concurrency.lockutils [None req-8893b143-51b2-44f9-baaf-bb106f0e1a0c tempest-ServersNegativeTestJSON-281120817 tempest-ServersNegativeTestJSON-281120817-project-member] Acquiring lock "a22b8a94-8f25-4506-9f08-89c5b2797c62" by "nova.context.set_target_cell..get_or_set_cached_cell_and_set_connections" {{(pid=93133) inner /opt/stack/data/venv/lib/python3.12/site-packages/oslo_concurrency/lockutils.py:511}}
Jun 23 14:04:00.486448 np0000003467 nova-scheduler[93133]: DEBUG oslo_concurrency.lockutils [None req-8893b143-51b2-44f9-baaf-bb106f0e1a0c tempest-ServersNegativeTestJSON-281120817 tempest-ServersNegativeTestJSON-281120817-project-member] Lock "a22b8a94-8f25-4506-9f08-89c5b2797c62" acquired by "nova.context.set_target_cell..get_or_set_cached_cell_and_set_connections" :: waited 0.000s {{(pid=93133) inner /opt/stack/data/venv/lib/python3.12/site-packages/oslo_concurrency/lockutils.py:524}}
Jun 23 14:04:00.486448 np0000003467 nova-scheduler[93133]: DEBUG oslo_concurrency.lockutils [None req-8893b143-51b2-44f9-baaf-bb106f0e1a0c tempest-ServersNegativeTestJSON-281120817 tempest-ServersNegativeTestJSON-281120817-project-member] Lock "a22b8a94-8f25-4506-9f08-89c5b2797c62" "released" by "nova.context.set_target_cell..get_or_set_cached_cell_and_set_connections" :: held 0.000s {{(pid=93133) inner /opt/stack/data/venv/lib/python3.12/site-packages/oslo_concurrency/lockutils.py:543}}
Jun 23 14:04:00.490007 np0000003467 nova-scheduler[93133]: DEBUG oslo_concurrency.lockutils [None req-8893b143-51b2-44f9-baaf-bb106f0e1a0c tempest-ServersNegativeTestJSON-281120817 tempest-ServersNegativeTestJSON-281120817-project-member] Acquiring lock "('np0000003467', 'np0000003467')" by "nova.scheduler.host_manager.HostState.update.._locked_update" {{(pid=93133) inner /opt/stack/data/venv/lib/python3.12/site-packages/oslo_concurrency/lockutils.py:511}}
Jun 23 14:04:00.490151 np0000003467 nova-scheduler[93133]: DEBUG oslo_concurrency.lockutils [None req-8893b143-51b2-44f9-baaf-bb106f0e1a0c tempest-ServersNegativeTestJSON-281120817 tempest-ServersNegativeTestJSON-281120817-project-member] Lock "('np0000003467', 'np0000003467')" acquired by "nova.scheduler.host_manager.HostState.update.._locked_update" :: waited 0.000s {{(pid=93133) inner /opt/stack/data/venv/lib/python3.12/site-packages/oslo_concurrency/lockutils.py:524}}
Jun 23 14:04:00.491334 np0000003467 nova-scheduler[93133]: DEBUG nova.scheduler.host_manager [None req-8893b143-51b2-44f9-baaf-bb106f0e1a0c tempest-ServersNegativeTestJSON-281120817 tempest-ServersNegativeTestJSON-281120817-project-member] Update host state from compute node: ComputeNode(cpu_allocation_ratio=4.0,cpu_info='{"arch": "x86_64", "model": "EPYC-Milan", "vendor": "AMD", "topology": {"cells": 1, "sockets": 16, "cores": 1, "threads": 1}, "maxphysaddr": {"mode": "emulate", "bits": 40}, "features": ["pfthreshold", "lm", "pse", "sse4.1", "cmov", "xsaves", "sse4.2", "amd-ssbd", "3dnowprefetch", "sha-ni", "movbe", "pni", "rdpid", "pat", "gds-no", "rdseed", "pschange-mc-no", "de", "clzero", "fsrm", "popcnt", "msr", "fxsr", "pause-filter", "nx", "mce", "xsaveopt", "ssbd", "spec-ctrl", "f16c", "mca", "pku", "adx", "pge", "ssse3", "v-vmsave-vmload", "aes", "clflushopt", "tsc_adjust", "xsavec", "cr8legacy", "lahf_lm", "sse", "clwb", "fxsr_opt", "sep", "sse2", "avx2", "rdtscp", "invpcid", "vpclmulqdq", "pse36", "null-sel-clr-base", "stibp", "amd-stibp", "x2apic", "smep", "fpu", "arat", "avx", "skip-l1dfl-vmentry", "fsgsbase", "pcid", "erms", "npt", "pae", "tsc-deadline", "pclmuldq", "amd-psfd", "virt-ssbd", "rdctl-no", "hypervisor", "stibp-always-on", "fma", "abm", "vgif", "flushbyasid", "svm", "topoext", "vme", "cmp_legacy", "apic", "ibrs", "misalignsse", "wbnoinvd", "mds-no", "rdrand", "umip", "lbrv", "vmcb-clean", "clflush", "tsc", "bmi1", "pdpe1gb", "sse4a", "no-nested-data-bp", "cx16", "svme-addr-chk", "xsave", "xgetbv1", "perfctr_core", "bmi2", "mtrr", "smap", "mmx", "arch-capabilities", "ibpb", "vaes", "xsaveerptr", "cx8", "syscall", "tsc-scale", "nrip-save", "osvw", "mmxext", "lfence-always-serializing"]}',created_at=2026-06-23T14:01:57Z,current_workload=0,deleted=False,deleted_at=None,disk_allocation_ratio=1.0,disk_available_least=73,free_disk_gb=95,free_ram_mb=62765,host='np0000003467',host_ip=10.4.3.241,hypervisor_hostname='np0000003467',hypervisor_type='QEMU',hypervisor_version=8002002,id=1,local_gb=95,local_gb_used=0,mapped=1,memory_mb=63277,memory_mb_used=512,metrics='[]',numa_topology='{"nova_object.name": "NUMATopology", "nova_object.namespace": "nova", "nova_object.version": "1.2", "nova_object.data": {"cells": [{"nova_object.name": "NUMACell", "nova_object.namespace": "nova", "nova_object.version": "1.5", "nova_object.data": {"id": 0, "cpuset": [0, 1, 2, 3, 4, 5, 6, 7, 8, 9, 10, 11, 12, 13, 14, 15], "pcpuset": [0, 1, 2, 3, 4, 5, 6, 7, 8, 9, 10, 11, 12, 13, 14, 15], "memory": 63277, "cpu_usage": 0, "memory_usage": 0, "pinned_cpus": [], "siblings": [[6], [12], [2], [15], [5], [11], [8], [14], [4], [1], [7], [10], [0], [13], [3], [9]], "mempages": [{"nova_object.name": "NUMAPagesTopology", "nova_object.namespace": "nova", "nova_object.version": "1.1", "nova_object.data": {"size_kb": 4, "total": 16177931, "used": 0, "reserved": 0}, "nova_object.changes": ["total", "size_kb", "reserved", "used"]}, {"nova_object.name": "NUMAPagesTopology", "nova_object.namespace": "nova", "nova_object.version": "1.1", "nova_object.data": {"size_kb": 2048, "total": 41, "used": 0, "reserved": 0}, "nova_object.changes": ["total", "size_kb", "reserved", "used"]}, {"nova_object.name": "NUMAPagesTopology", "nova_object.namespace": "nova", "nova_object.version": "1.1", "nova_object.data": {"size_kb": 1048576, "total": 0, "used": 0, "reserved": 0}, "nova_object.changes": ["total", "size_kb", "reserved", "used"]}], "network_metadata": {"nova_object.name": "NetworkMetadata", "nova_object.namespace": "nova", "nova_object.version": "1.0", "nova_object.data": {"physnets": [], "tunneled": false}, "nova_object.changes": ["physnets", "tunneled"]}, "socket": null}, "nova_object.changes": ["socket", "mempages", "id", "pinned_cpus", "pcpuset", "cpu_usage", "network_metadata", "memory_usage", "siblings", "memory", "cpuset"]}]}, "nova_object.changes": ["cells"]}',pci_device_pools=PciDevicePoolList,ram_allocation_ratio=1.0,running_vms=0,service_id=3,stats={failed_builds='0',uptime=' 14:03:42 up 13 min, 2 users, load average: 2.01, 1.59, 0.90
Jun 23 14:04:00.491334 np0000003467 nova-scheduler[93133]: '},supported_hv_specs=[HVSpec,HVSpec,HVSpec,HVSpec,HVSpec,HVSpec,HVSpec,HVSpec,HVSpec,HVSpec,HVSpec,HVSpec,HVSpec,HVSpec,HVSpec,HVSpec,HVSpec,HVSpec,HVSpec,HVSpec,HVSpec,HVSpec,HVSpec,HVSpec,HVSpec],updated_at=2026-06-23T14:03:44Z,uuid=deb960af-600d-4cea-9e19-47890e9b1029,vcpus=16,vcpus_used=0) {{(pid=93133) _locked_update /opt/stack/nova/nova/scheduler/host_manager.py:168}}
Jun 23 14:04:00.491981 np0000003467 nova-scheduler[93133]: DEBUG nova.scheduler.host_manager [None req-8893b143-51b2-44f9-baaf-bb106f0e1a0c tempest-ServersNegativeTestJSON-281120817 tempest-ServersNegativeTestJSON-281120817-project-member] Update host state with aggregates: [] {{(pid=93133) _locked_update /opt/stack/nova/nova/scheduler/host_manager.py:171}}
Jun 23 14:04:00.492201 np0000003467 nova-scheduler[93133]: DEBUG nova.scheduler.host_manager [None req-8893b143-51b2-44f9-baaf-bb106f0e1a0c tempest-ServersNegativeTestJSON-281120817 tempest-ServersNegativeTestJSON-281120817-project-member] Update host state with service dict: {'id': 3, 'uuid': '0b9966de-55df-4af8-8fe0-e850fc119fad', 'host': 'np0000003467', 'binary': 'nova-compute', 'topic': 'compute', 'report_count': 1, 'disabled': False, 'disabled_reason': None, 'last_seen_up': datetime.datetime(2026, 6, 23, 14, 2, 6, tzinfo=datetime.timezone.utc), 'forced_down': False, 'version': 72, 'created_at': datetime.datetime(2026, 6, 23, 14, 1, 55, tzinfo=datetime.timezone.utc), 'updated_at': datetime.datetime(2026, 6, 23, 14, 2, 6, tzinfo=datetime.timezone.utc), 'deleted_at': None, 'deleted': False} {{(pid=93133) _locked_update /opt/stack/nova/nova/scheduler/host_manager.py:174}}
Jun 23 14:04:00.492484 np0000003467 nova-scheduler[93133]: DEBUG nova.scheduler.host_manager [None req-8893b143-51b2-44f9-baaf-bb106f0e1a0c tempest-ServersNegativeTestJSON-281120817 tempest-ServersNegativeTestJSON-281120817-project-member] Update host state with instances: [] {{(pid=93133) _locked_update /opt/stack/nova/nova/scheduler/host_manager.py:177}}
Jun 23 14:04:00.492661 np0000003467 nova-scheduler[93133]: DEBUG oslo_concurrency.lockutils [None req-8893b143-51b2-44f9-baaf-bb106f0e1a0c tempest-ServersNegativeTestJSON-281120817 tempest-ServersNegativeTestJSON-281120817-project-member] Lock "('np0000003467', 'np0000003467')" "released" by "nova.scheduler.host_manager.HostState.update.._locked_update" :: held 0.002s {{(pid=93133) inner /opt/stack/data/venv/lib/python3.12/site-packages/oslo_concurrency/lockutils.py:543}}
Jun 23 14:04:00.493031 np0000003467 nova-scheduler[93133]: DEBUG nova.filters [None req-8893b143-51b2-44f9-baaf-bb106f0e1a0c tempest-ServersNegativeTestJSON-281120817 tempest-ServersNegativeTestJSON-281120817-project-member] Starting with 1 host(s) {{(pid=93133) get_filtered_objects /opt/stack/nova/nova/filters.py:70}}
Jun 23 14:04:00.493444 np0000003467 nova-scheduler[93133]: DEBUG nova.filters [None req-8893b143-51b2-44f9-baaf-bb106f0e1a0c tempest-ServersNegativeTestJSON-281120817 tempest-ServersNegativeTestJSON-281120817-project-member] Filter ComputeFilter returned 1 host(s) {{(pid=93133) get_filtered_objects /opt/stack/nova/nova/filters.py:102}}
Jun 23 14:04:00.493444 np0000003467 nova-scheduler[93133]: DEBUG nova.filters [None req-8893b143-51b2-44f9-baaf-bb106f0e1a0c tempest-ServersNegativeTestJSON-281120817 tempest-ServersNegativeTestJSON-281120817-project-member] Filter ComputeCapabilitiesFilter returned 1 host(s) {{(pid=93133) get_filtered_objects /opt/stack/nova/nova/filters.py:102}}
Jun 23 14:04:00.493621 np0000003467 nova-scheduler[93133]: DEBUG nova.filters [None req-8893b143-51b2-44f9-baaf-bb106f0e1a0c tempest-ServersNegativeTestJSON-281120817 tempest-ServersNegativeTestJSON-281120817-project-member] Filter ImagePropertiesFilter returned 1 host(s) {{(pid=93133) get_filtered_objects /opt/stack/nova/nova/filters.py:102}}
Jun 23 14:04:00.493711 np0000003467 nova-scheduler[93133]: DEBUG nova.filters [None req-8893b143-51b2-44f9-baaf-bb106f0e1a0c tempest-ServersNegativeTestJSON-281120817 tempest-ServersNegativeTestJSON-281120817-project-member] Filter ServerGroupAntiAffinityFilter returned 1 host(s) {{(pid=93133) get_filtered_objects /opt/stack/nova/nova/filters.py:102}}
Jun 23 14:04:00.493844 np0000003467 nova-scheduler[93133]: DEBUG nova.filters [None req-8893b143-51b2-44f9-baaf-bb106f0e1a0c tempest-ServersNegativeTestJSON-281120817 tempest-ServersNegativeTestJSON-281120817-project-member] Filter ServerGroupAffinityFilter returned 1 host(s) {{(pid=93133) get_filtered_objects /opt/stack/nova/nova/filters.py:102}}
Jun 23 14:04:00.493969 np0000003467 nova-scheduler[93133]: DEBUG nova.filters [None req-8893b143-51b2-44f9-baaf-bb106f0e1a0c tempest-ServersNegativeTestJSON-281120817 tempest-ServersNegativeTestJSON-281120817-project-member] Filter SameHostFilter returned 1 host(s) {{(pid=93133) get_filtered_objects /opt/stack/nova/nova/filters.py:102}}
Jun 23 14:04:00.494088 np0000003467 nova-scheduler[93133]: DEBUG nova.filters [None req-8893b143-51b2-44f9-baaf-bb106f0e1a0c tempest-ServersNegativeTestJSON-281120817 tempest-ServersNegativeTestJSON-281120817-project-member] Filter DifferentHostFilter returned 1 host(s) {{(pid=93133) get_filtered_objects /opt/stack/nova/nova/filters.py:102}}
Jun 23 14:04:00.494176 np0000003467 nova-scheduler[93133]: DEBUG nova.scheduler.manager [None req-8893b143-51b2-44f9-baaf-bb106f0e1a0c tempest-ServersNegativeTestJSON-281120817 tempest-ServersNegativeTestJSON-281120817-project-member] Filtered [(np0000003467, np0000003467) ram: 62765MB disk: 74752MB io_ops: 0 instances: 0, allocation_candidates: 1] {{(pid=93133) _get_sorted_hosts /opt/stack/nova/nova/scheduler/manager.py:743}}
Jun 23 14:04:00.495159 np0000003467 nova-scheduler[93133]: DEBUG nova.scheduler.manager [None req-8893b143-51b2-44f9-baaf-bb106f0e1a0c tempest-ServersNegativeTestJSON-281120817 tempest-ServersNegativeTestJSON-281120817-project-member] Weighed [WeighedHost [host: (np0000003467, np0000003467) ram: 62765MB disk: 74752MB io_ops: 0 instances: 0, allocation_candidates: 1, weight: 0.0]] {{(pid=93133) _get_sorted_hosts /opt/stack/nova/nova/scheduler/manager.py:765}}
Jun 23 14:04:00.495159 np0000003467 nova-scheduler[93133]: DEBUG nova.scheduler.utils [None req-8893b143-51b2-44f9-baaf-bb106f0e1a0c tempest-ServersNegativeTestJSON-281120817 tempest-ServersNegativeTestJSON-281120817-project-member] Attempting to claim resources in the placement API for instance bca048dc-5b2f-4cca-acf2-e76038c3a7a5 {{(pid=93133) claim_resources /opt/stack/nova/nova/scheduler/utils.py:1345}}
Jun 23 14:04:00.628119 np0000003467 nova-scheduler[93133]: DEBUG nova.scheduler.manager [None req-8893b143-51b2-44f9-baaf-bb106f0e1a0c tempest-ServersNegativeTestJSON-281120817 tempest-ServersNegativeTestJSON-281120817-project-member] [instance: bca048dc-5b2f-4cca-acf2-e76038c3a7a5] Selected host: (np0000003467, np0000003467) ram: 62765MB disk: 74752MB io_ops: 0 instances: 0, allocation_candidates: 1 {{(pid=93133) _consume_selected_host /opt/stack/nova/nova/scheduler/manager.py:625}}
Jun 23 14:04:00.628337 np0000003467 nova-scheduler[93133]: DEBUG oslo_concurrency.lockutils [None req-8893b143-51b2-44f9-baaf-bb106f0e1a0c tempest-ServersNegativeTestJSON-281120817 tempest-ServersNegativeTestJSON-281120817-project-member] Acquiring lock "('np0000003467', 'np0000003467')" by "nova.scheduler.host_manager.HostState.consume_from_request.._locked" {{(pid=93133) inner /opt/stack/data/venv/lib/python3.12/site-packages/oslo_concurrency/lockutils.py:511}}
Jun 23 14:04:00.628532 np0000003467 nova-scheduler[93133]: DEBUG oslo_concurrency.lockutils [None req-8893b143-51b2-44f9-baaf-bb106f0e1a0c tempest-ServersNegativeTestJSON-281120817 tempest-ServersNegativeTestJSON-281120817-project-member] Lock "('np0000003467', 'np0000003467')" acquired by "nova.scheduler.host_manager.HostState.consume_from_request.._locked" :: waited 0.000s {{(pid=93133) inner /opt/stack/data/venv/lib/python3.12/site-packages/oslo_concurrency/lockutils.py:524}}
Jun 23 14:04:00.628708 np0000003467 nova-scheduler[93133]: DEBUG oslo_concurrency.lockutils [None req-8893b143-51b2-44f9-baaf-bb106f0e1a0c tempest-ServersNegativeTestJSON-281120817 tempest-ServersNegativeTestJSON-281120817-project-member] Lock "('np0000003467', 'np0000003467')" "released" by "nova.scheduler.host_manager.HostState.consume_from_request.._locked" :: held 0.000s {{(pid=93133) inner /opt/stack/data/venv/lib/python3.12/site-packages/oslo_concurrency/lockutils.py:543}}
Jun 23 14:04:03.777350 np0000003467 nova-scheduler[93138]: DEBUG nova.scheduler.manager [None req-84625c0e-60e6-4ffd-9d6b-b32dd608d3ba tempest-ServerBootFromVolumeStableRescueTest-1809829866 tempest-ServerBootFromVolumeStableRescueTest-1809829866-project-member] Starting to schedule for instances: ['e6869b3c-e18c-419e-9118-1e61b091592e'] {{(pid=93138) select_destinations /opt/stack/nova/nova/scheduler/manager.py:210}}
Jun 23 14:04:03.780912 np0000003467 nova-scheduler[93138]: DEBUG nova.scheduler.request_filter [None req-84625c0e-60e6-4ffd-9d6b-b32dd608d3ba tempest-ServerBootFromVolumeStableRescueTest-1809829866 tempest-ServerBootFromVolumeStableRescueTest-1809829866-project-member] compute_status_filter request filter added forbidden trait COMPUTE_STATUS_DISABLED {{(pid=93138) compute_status_filter /opt/stack/nova/nova/scheduler/request_filter.py:253}}
Jun 23 14:04:03.780912 np0000003467 nova-scheduler[93138]: DEBUG nova.scheduler.request_filter [None req-84625c0e-60e6-4ffd-9d6b-b32dd608d3ba tempest-ServerBootFromVolumeStableRescueTest-1809829866 tempest-ServerBootFromVolumeStableRescueTest-1809829866-project-member] Request filter 'compute_status_filter' took 0.0 seconds {{(pid=93138) wrapper /opt/stack/nova/nova/scheduler/request_filter.py:46}}
Jun 23 14:04:03.781281 np0000003467 nova-scheduler[93138]: DEBUG nova.scheduler.request_filter [None req-84625c0e-60e6-4ffd-9d6b-b32dd608d3ba tempest-ServerBootFromVolumeStableRescueTest-1809829866 tempest-ServerBootFromVolumeStableRescueTest-1809829866-project-member] Request filter 'accelerators_filter' took 0.0 seconds {{(pid=93138) wrapper /opt/stack/nova/nova/scheduler/request_filter.py:46}}
Jun 23 14:04:03.781281 np0000003467 nova-scheduler[93138]: DEBUG nova.scheduler.request_filter [None req-84625c0e-60e6-4ffd-9d6b-b32dd608d3ba tempest-ServerBootFromVolumeStableRescueTest-1809829866 tempest-ServerBootFromVolumeStableRescueTest-1809829866-project-member] Request filter 'packed_virtqueue_filter' took 0.0 seconds {{(pid=93138) wrapper /opt/stack/nova/nova/scheduler/request_filter.py:46}}
Jun 23 14:04:03.781874 np0000003467 nova-scheduler[93138]: DEBUG nova.scheduler.request_filter [None req-84625c0e-60e6-4ffd-9d6b-b32dd608d3ba tempest-ServerBootFromVolumeStableRescueTest-1809829866 tempest-ServerBootFromVolumeStableRescueTest-1809829866-project-member] Request filter 'remote_managed_ports_filter' took 0.0 seconds {{(pid=93138) wrapper /opt/stack/nova/nova/scheduler/request_filter.py:46}}
Jun 23 14:04:03.781874 np0000003467 nova-scheduler[93138]: DEBUG nova.scheduler.request_filter [None req-84625c0e-60e6-4ffd-9d6b-b32dd608d3ba tempest-ServerBootFromVolumeStableRescueTest-1809829866 tempest-ServerBootFromVolumeStableRescueTest-1809829866-project-member] ephemeral_encryption_filter skipped {{(pid=93138) ephemeral_encryption_filter /opt/stack/nova/nova/scheduler/request_filter.py:426}}
Jun 23 14:04:03.781982 np0000003467 nova-scheduler[93138]: DEBUG nova.scheduler.request_filter [None req-84625c0e-60e6-4ffd-9d6b-b32dd608d3ba tempest-ServerBootFromVolumeStableRescueTest-1809829866 tempest-ServerBootFromVolumeStableRescueTest-1809829866-project-member] virtio_sound_filter skipped {{(pid=93138) virtio_sound_filter /opt/stack/nova/nova/scheduler/request_filter.py:460}}
Jun 23 14:04:03.783382 np0000003467 nova-scheduler[93138]: DEBUG nova.scheduler.request_filter [None req-84625c0e-60e6-4ffd-9d6b-b32dd608d3ba tempest-ServerBootFromVolumeStableRescueTest-1809829866 tempest-ServerBootFromVolumeStableRescueTest-1809829866-project-member] tpm_secret_security_filter skipped {{(pid=93138) tpm_secret_security_filter /opt/stack/nova/nova/scheduler/request_filter.py:477}}
Jun 23 14:04:03.868954 np0000003467 nova-scheduler[93138]: INFO nova.utils [None req-84625c0e-60e6-4ffd-9d6b-b32dd608d3ba tempest-ServerBootFromVolumeStableRescueTest-1809829866 tempest-ServerBootFromVolumeStableRescueTest-1809829866-project-member] The cell worker thread pool ForkProcess-3.cell_worker is initialized
Jun 23 14:04:03.869252 np0000003467 nova-scheduler[93138]: DEBUG oslo_concurrency.lockutils [None req-84625c0e-60e6-4ffd-9d6b-b32dd608d3ba tempest-ServerBootFromVolumeStableRescueTest-1809829866 tempest-ServerBootFromVolumeStableRescueTest-1809829866-project-member] Acquiring lock "a22b8a94-8f25-4506-9f08-89c5b2797c62" by "nova.context.set_target_cell..get_or_set_cached_cell_and_set_connections" {{(pid=93138) inner /opt/stack/data/venv/lib/python3.12/site-packages/oslo_concurrency/lockutils.py:511}}
Jun 23 14:04:03.869483 np0000003467 nova-scheduler[93138]: DEBUG oslo_concurrency.lockutils [None req-84625c0e-60e6-4ffd-9d6b-b32dd608d3ba tempest-ServerBootFromVolumeStableRescueTest-1809829866 tempest-ServerBootFromVolumeStableRescueTest-1809829866-project-member] Lock "a22b8a94-8f25-4506-9f08-89c5b2797c62" acquired by "nova.context.set_target_cell..get_or_set_cached_cell_and_set_connections" :: waited 0.000s {{(pid=93138) inner /opt/stack/data/venv/lib/python3.12/site-packages/oslo_concurrency/lockutils.py:524}}
Jun 23 14:04:03.870742 np0000003467 nova-scheduler[93138]: DEBUG oslo_concurrency.lockutils [None req-84625c0e-60e6-4ffd-9d6b-b32dd608d3ba tempest-ServerBootFromVolumeStableRescueTest-1809829866 tempest-ServerBootFromVolumeStableRescueTest-1809829866-project-member] Lock "a22b8a94-8f25-4506-9f08-89c5b2797c62" "released" by "nova.context.set_target_cell..get_or_set_cached_cell_and_set_connections" :: held 0.001s {{(pid=93138) inner /opt/stack/data/venv/lib/python3.12/site-packages/oslo_concurrency/lockutils.py:543}}
Jun 23 14:04:03.882159 np0000003467 nova-scheduler[93138]: INFO dbcounter [None req-84625c0e-60e6-4ffd-9d6b-b32dd608d3ba tempest-ServerBootFromVolumeStableRescueTest-1809829866 tempest-ServerBootFromVolumeStableRescueTest-1809829866-project-member] Registered counter for database nova_cell1
Jun 23 14:04:03.921800 np0000003467 nova-scheduler[93138]: DEBUG oslo_db.sqlalchemy.engines [None req-84625c0e-60e6-4ffd-9d6b-b32dd608d3ba tempest-ServerBootFromVolumeStableRescueTest-1809829866 tempest-ServerBootFromVolumeStableRescueTest-1809829866-project-member] MySQL server mode set to STRICT_TRANS_TABLES,STRICT_ALL_TABLES,NO_ZERO_IN_DATE,NO_ZERO_DATE,ERROR_FOR_DIVISION_BY_ZERO,TRADITIONAL,NO_ENGINE_SUBSTITUTION {{(pid=93138) _check_effective_sql_mode /opt/stack/data/venv/lib/python3.12/site-packages/oslo_db/sqlalchemy/engines.py:325}}
Jun 23 14:04:03.928532 np0000003467 nova-scheduler[93138]: DEBUG dbcounter [-] [93138] Writer thread running {{(pid=93138) stat_writer /opt/stack/data/venv/lib/python3.12/site-packages/dbcounter.py:102}}
Jun 23 14:04:03.986333 np0000003467 nova-scheduler[93138]: DEBUG dbcounter [-] [93138] Writer thread running {{(pid=93138) stat_writer /opt/stack/data/venv/lib/python3.12/site-packages/dbcounter.py:102}}
Jun 23 14:04:03.989868 np0000003467 nova-scheduler[93138]: DEBUG oslo_concurrency.lockutils [None req-84625c0e-60e6-4ffd-9d6b-b32dd608d3ba tempest-ServerBootFromVolumeStableRescueTest-1809829866 tempest-ServerBootFromVolumeStableRescueTest-1809829866-project-member] Acquiring lock "a22b8a94-8f25-4506-9f08-89c5b2797c62" by "nova.context.set_target_cell..get_or_set_cached_cell_and_set_connections" {{(pid=93138) inner /opt/stack/data/venv/lib/python3.12/site-packages/oslo_concurrency/lockutils.py:511}}
Jun 23 14:04:03.990179 np0000003467 nova-scheduler[93138]: DEBUG oslo_concurrency.lockutils [None req-84625c0e-60e6-4ffd-9d6b-b32dd608d3ba tempest-ServerBootFromVolumeStableRescueTest-1809829866 tempest-ServerBootFromVolumeStableRescueTest-1809829866-project-member] Lock "a22b8a94-8f25-4506-9f08-89c5b2797c62" acquired by "nova.context.set_target_cell..get_or_set_cached_cell_and_set_connections" :: waited 0.000s {{(pid=93138) inner /opt/stack/data/venv/lib/python3.12/site-packages/oslo_concurrency/lockutils.py:524}}
