Jun 23 14:01:07.164901 np0000003467 devstack@neutron-api.service[87212]: DEBUG neutron_lib.callbacks.manager [None req-c8472090-0d6e-4823-a916-efc86a1b0728 None None] Subscribe: > address_group after_create 55550000, False {{(pid=87212) subscribe /opt/stack/data/venv/lib/python3.12/site-packages/neutron_lib/callbacks/manager.py:52}}
Jun 23 14:01:07.164901 np0000003467 devstack@neutron-api.service[87212]: DEBUG neutron_lib.callbacks.manager [None req-c8472090-0d6e-4823-a916-efc86a1b0728 None None] Subscribe: > address_group after_update 55550000, False {{(pid=87212) subscribe /opt/stack/data/venv/lib/python3.12/site-packages/neutron_lib/callbacks/manager.py:52}}
Jun 23 14:01:07.165067 np0000003467 devstack@neutron-api.service[87211]: INFO neutron.api.extensions [None req-a3ffa543-3f67-4854-a942-5a48ef084e7b None None] Loaded extension: port-mac-address-regenerate
Jun 23 14:01:07.165192 np0000003467 devstack@neutron-api.service[87212]: DEBUG neutron_lib.callbacks.manager [None req-c8472090-0d6e-4823-a916-efc86a1b0728 None None] Subscribe: > address_group after_delete 55550000, False {{(pid=87212) subscribe /opt/stack/data/venv/lib/python3.12/site-packages/neutron_lib/callbacks/manager.py:52}}
Jun 23 14:01:07.165329 np0000003467 devstack@neutron-api.service[87211]: DEBUG neutron.api.extensions [None req-a3ffa543-3f67-4854-a942-5a48ef084e7b None None] Loading extension file: port_numa_affinity_policy.py {{(pid=87211) _load_all_extensions_from_path /opt/stack/neutron/neutron/api/extensions.py:449}}
Jun 23 14:01:07.165477 np0000003467 devstack@neutron-api.service[87212]: DEBUG neutron_lib.callbacks.manager [None req-c8472090-0d6e-4823-a916-efc86a1b0728 None None] Subscribe: > qos_plugin after_init 55550000, False {{(pid=87212) subscribe /opt/stack/data/venv/lib/python3.12/site-packages/neutron_lib/callbacks/manager.py:52}}
Jun 23 14:01:07.165604 np0000003467 devstack@neutron-api.service[87211]: DEBUG neutron.api.extensions [None req-a3ffa543-3f67-4854-a942-5a48ef084e7b None None] Ext name="Port NUMA affinity policy" alias="port-numa-affinity-policy" description="Expose the port NUMA affinity policy" updated="2020-07-08T10:00:00-00:00" {{(pid=87211) _check_extension /opt/stack/neutron/neutron/api/extensions.py:415}}
Jun 23 14:01:07.165604 np0000003467 devstack@neutron-api.service[87211]: INFO neutron.api.extensions [None req-a3ffa543-3f67-4854-a942-5a48ef084e7b None None] Loaded extension: port-numa-affinity-policy
Jun 23 14:01:07.165761 np0000003467 devstack@neutron-api.service[87212]: DEBUG neutron_lib.callbacks.manager [None req-c8472090-0d6e-4823-a916-efc86a1b0728 None None] Subscribe: > trunk_plugin after_init 55550000, False {{(pid=87212) subscribe /opt/stack/data/venv/lib/python3.12/site-packages/neutron_lib/callbacks/manager.py:52}}
Jun 23 14:01:07.165945 np0000003467 devstack@neutron-api.service[87211]: DEBUG neutron.api.extensions [None req-a3ffa543-3f67-4854-a942-5a48ef084e7b None None] Loading extension file: port_numa_affinity_policy_socket.py {{(pid=87211) _load_all_extensions_from_path /opt/stack/neutron/neutron/api/extensions.py:449}}
Jun 23 14:01:07.166079 np0000003467 devstack@neutron-api.service[87212]: DEBUG neutron_lib.callbacks.manager [None req-c8472090-0d6e-4823-a916-efc86a1b0728 None None] Subscribe: > logging-plugin after_init 55550000, False {{(pid=87212) subscribe /opt/stack/data/venv/lib/python3.12/site-packages/neutron_lib/callbacks/manager.py:52}}
Jun 23 14:01:07.166203 np0000003467 devstack@neutron-api.service[87211]: DEBUG neutron.api.extensions [None req-a3ffa543-3f67-4854-a942-5a48ef084e7b None None] Ext name="Port NUMA affinity policy "socket"" alias="port-numa-affinity-policy-socket" description="Adds "socket" to the supported port NUMA affinity policies" updated="2024-02-09T10:00:00-00:00" {{(pid=87211) _check_extension /opt/stack/neutron/neutron/api/extensions.py:415}}
Jun 23 14:01:07.166203 np0000003467 devstack@neutron-api.service[87211]: INFO neutron.api.extensions [None req-a3ffa543-3f67-4854-a942-5a48ef084e7b None None] Loaded extension: port-numa-affinity-policy-socket
Jun 23 14:01:07.166203 np0000003467 devstack@neutron-api.service[87211]: DEBUG neutron.api.extensions [None req-a3ffa543-3f67-4854-a942-5a48ef084e7b None None] Loading extension file: port_resource_request.py {{(pid=87211) _load_all_extensions_from_path /opt/stack/neutron/neutron/api/extensions.py:449}}
Jun 23 14:01:07.166446 np0000003467 devstack@neutron-api.service[87212]: INFO neutron.services.logapi.drivers.ovn.driver [None req-c8472090-0d6e-4823-a916-efc86a1b0728 None None] OVN logging driver registered
Jun 23 14:01:07.166575 np0000003467 devstack@neutron-api.service[87211]: DEBUG neutron.api.extensions [None req-a3ffa543-3f67-4854-a942-5a48ef084e7b None None] Ext name="Port Resource Request" alias="port-resource-request" description="Expose resource request to Port" updated="2018-05-08T10:00:00-00:00" {{(pid=87211) _check_extension /opt/stack/neutron/neutron/api/extensions.py:415}}
Jun 23 14:01:07.166697 np0000003467 devstack@neutron-api.service[87212]: DEBUG neutron_lib.callbacks.manager [None req-c8472090-0d6e-4823-a916-efc86a1b0728 None None] Subscribe: ._register_pvlan_driver at 0x78c4a512e0c0> pvlan_plugin before_spawn 55550000, False {{(pid=87212) subscribe /opt/stack/data/venv/lib/python3.12/site-packages/neutron_lib/callbacks/manager.py:52}}
Jun 23 14:01:07.166822 np0000003467 devstack@neutron-api.service[87211]: INFO neutron.api.extensions [None req-a3ffa543-3f67-4854-a942-5a48ef084e7b None None] Extension port-resource-request not supported by any of loaded plugins
Jun 23 14:01:07.166938 np0000003467 devstack@neutron-api.service[87212]: DEBUG neutron_lib.callbacks.manager [None req-c8472090-0d6e-4823-a916-efc86a1b0728 None None] Subscribe: process after_init 55550000, False {{(pid=87212) subscribe /opt/stack/data/venv/lib/python3.12/site-packages/neutron_lib/callbacks/manager.py:52}}
Jun 23 14:01:07.167068 np0000003467 devstack@neutron-api.service[87211]: DEBUG neutron.api.extensions [None req-a3ffa543-3f67-4854-a942-5a48ef084e7b None None] Loading extension file: port_resource_request_groups.py {{(pid=87211) _load_all_extensions_from_path /opt/stack/neutron/neutron/api/extensions.py:449}}
Jun 23 14:01:07.167068 np0000003467 devstack@neutron-api.service[87211]: DEBUG neutron.api.extensions [None req-a3ffa543-3f67-4854-a942-5a48ef084e7b None None] Ext name="Port Resource Request Groups" alias="port-resource-request-groups" description="Support requesting multiple groups of resources and traits from the same RP subtree in resource_request" updated="2021-08-02T10:00:00-00:00" {{(pid=87211) _check_extension /opt/stack/neutron/neutron/api/extensions.py:415}}
Jun 23 14:01:07.167068 np0000003467 devstack@neutron-api.service[87211]: INFO neutron.api.extensions [None req-a3ffa543-3f67-4854-a942-5a48ef084e7b None None] Extension port-resource-request-groups not supported by any of loaded plugins
Jun 23 14:01:07.167068 np0000003467 devstack@neutron-api.service[87211]: DEBUG neutron.api.extensions [None req-a3ffa543-3f67-4854-a942-5a48ef084e7b None None] Loading extension file: port_trusted_vif.py {{(pid=87211) _load_all_extensions_from_path /opt/stack/neutron/neutron/api/extensions.py:449}}
Jun 23 14:01:07.167068 np0000003467 devstack@neutron-api.service[87211]: DEBUG neutron.api.extensions [None req-a3ffa543-3f67-4854-a942-5a48ef084e7b None None] Ext name="Port trusted vif" alias="port-trusted-vif" description="Expose port 'trusted' attribute in the API" updated="2024-07-10T10:00:00-00:00" {{(pid=87211) _check_extension /opt/stack/neutron/neutron/api/extensions.py:415}}
Jun 23 14:01:07.167068 np0000003467 devstack@neutron-api.service[87211]: INFO neutron.api.extensions [None req-a3ffa543-3f67-4854-a942-5a48ef084e7b None None] Extension port-trusted-vif not supported by any of loaded plugins
Jun 23 14:01:07.167068 np0000003467 devstack@neutron-api.service[87211]: DEBUG neutron.api.extensions [None req-a3ffa543-3f67-4854-a942-5a48ef084e7b None None] Loading extension file: portbindings.py {{(pid=87211) _load_all_extensions_from_path /opt/stack/neutron/neutron/api/extensions.py:449}}
Jun 23 14:01:07.167434 np0000003467 devstack@neutron-api.service[87211]: DEBUG neutron.api.extensions [None req-a3ffa543-3f67-4854-a942-5a48ef084e7b None None] Ext name="Port Binding" alias="binding" description="Expose port bindings of a virtual port to external application" updated="2014-02-03T10:00:00-00:00" {{(pid=87211) _check_extension /opt/stack/neutron/neutron/api/extensions.py:415}}
Jun 23 14:01:07.167434 np0000003467 devstack@neutron-api.service[87211]: INFO neutron.api.extensions [None req-a3ffa543-3f67-4854-a942-5a48ef084e7b None None] Loaded extension: binding
Jun 23 14:01:07.167434 np0000003467 devstack@neutron-api.service[87211]: DEBUG neutron.api.extensions [None req-a3ffa543-3f67-4854-a942-5a48ef084e7b None None] Loading extension file: portbindings_extended.py {{(pid=87211) _load_all_extensions_from_path /opt/stack/neutron/neutron/api/extensions.py:449}}
Jun 23 14:01:07.167650 np0000003467 devstack@neutron-api.service[87212]: DEBUG neutron.plugins.ml2.plugin [None req-c8472090-0d6e-4823-a916-efc86a1b0728 None None] neutron.plugins.ml2.plugin.Ml2Plugin method _start_rpc_notifiers called with arguments () {} {{(pid=87212) wrapper /opt/stack/data/venv/lib/python3.12/site-packages/oslo_log/helpers.py:77}}
Jun 23 14:01:07.167789 np0000003467 devstack@neutron-api.service[87211]: DEBUG neutron.api.extensions [None req-a3ffa543-3f67-4854-a942-5a48ef084e7b None None] Ext name="Port Bindings Extended" alias="binding-extended" description="Expose port bindings of a virtual port to external application" updated="2017-07-17T10:00:00-00:00" {{(pid=87211) _check_extension /opt/stack/neutron/neutron/api/extensions.py:415}}
Jun 23 14:01:07.167789 np0000003467 devstack@neutron-api.service[87211]: INFO neutron.api.extensions [None req-a3ffa543-3f67-4854-a942-5a48ef084e7b None None] Loaded extension: binding-extended
Jun 23 14:01:07.167789 np0000003467 devstack@neutron-api.service[87211]: DEBUG neutron.api.extensions [None req-a3ffa543-3f67-4854-a942-5a48ef084e7b None None] Loading extension file: portsecurity.py {{(pid=87211) _load_all_extensions_from_path /opt/stack/neutron/neutron/api/extensions.py:449}}
Jun 23 14:01:07.167996 np0000003467 devstack@neutron-api.service[87212]: DEBUG neutron_lib.callbacks.manager [None req-c8472090-0d6e-4823-a916-efc86a1b0728 None None] Subscribe: > port after_create 55550000, False {{(pid=87212) subscribe /opt/stack/data/venv/lib/python3.12/site-packages/neutron_lib/callbacks/manager.py:52}}
Jun 23 14:01:07.167996 np0000003467 devstack@neutron-api.service[87212]: DEBUG neutron_lib.callbacks.manager [None req-c8472090-0d6e-4823-a916-efc86a1b0728 None None] Subscribe: > port after_update 55550000, False {{(pid=87212) subscribe /opt/stack/data/venv/lib/python3.12/site-packages/neutron_lib/callbacks/manager.py:52}}
Jun 23 14:01:07.168188 np0000003467 devstack@neutron-api.service[87211]: DEBUG neutron.api.extensions [None req-a3ffa543-3f67-4854-a942-5a48ef084e7b None None] Ext name="Port Security" alias="port-security" description="Provides port security" updated="2012-07-23T10:00:00-00:00" {{(pid=87211) _check_extension /opt/stack/neutron/neutron/api/extensions.py:415}}
Jun 23 14:01:07.168346 np0000003467 devstack@neutron-api.service[87212]: DEBUG neutron_lib.callbacks.manager [None req-c8472090-0d6e-4823-a916-efc86a1b0728 None None] Subscribe: > port after_delete 55550000, False {{(pid=87212) subscribe /opt/stack/data/venv/lib/python3.12/site-packages/neutron_lib/callbacks/manager.py:52}}
Jun 23 14:01:07.168346 np0000003467 devstack@neutron-api.service[87212]: DEBUG neutron_lib.callbacks.manager [None req-c8472090-0d6e-4823-a916-efc86a1b0728 None None] Subscribe: > subnet after_create 55550000, False {{(pid=87212) subscribe /opt/stack/data/venv/lib/python3.12/site-packages/neutron_lib/callbacks/manager.py:52}}
Jun 23 14:01:07.168560 np0000003467 devstack@neutron-api.service[87211]: INFO neutron.api.extensions [None req-a3ffa543-3f67-4854-a942-5a48ef084e7b None None] Loaded extension: port-security
Jun 23 14:01:07.168721 np0000003467 devstack@neutron-api.service[87212]: DEBUG neutron_lib.callbacks.manager [None req-c8472090-0d6e-4823-a916-efc86a1b0728 None None] Subscribe: > subnet after_update 55550000, False {{(pid=87212) subscribe /opt/stack/data/venv/lib/python3.12/site-packages/neutron_lib/callbacks/manager.py:52}}
Jun 23 14:01:07.168874 np0000003467 devstack@neutron-api.service[87211]: DEBUG neutron.api.extensions [None req-a3ffa543-3f67-4854-a942-5a48ef084e7b None None] Loading extension file: project_id.py {{(pid=87211) _load_all_extensions_from_path /opt/stack/neutron/neutron/api/extensions.py:449}}
Jun 23 14:01:07.169017 np0000003467 devstack@neutron-api.service[87212]: DEBUG neutron_lib.callbacks.manager [None req-c8472090-0d6e-4823-a916-efc86a1b0728 None None] Subscribe: > subnet after_delete 55550000, False {{(pid=87212) subscribe /opt/stack/data/venv/lib/python3.12/site-packages/neutron_lib/callbacks/manager.py:52}}
Jun 23 14:01:07.169017 np0000003467 devstack@neutron-api.service[87212]: DEBUG neutron_lib.callbacks.manager [None req-c8472090-0d6e-4823-a916-efc86a1b0728 None None] Subscribe: > network after_create 55550000, False {{(pid=87212) subscribe /opt/stack/data/venv/lib/python3.12/site-packages/neutron_lib/callbacks/manager.py:52}}
Jun 23 14:01:07.169210 np0000003467 devstack@neutron-api.service[87211]: DEBUG neutron.api.extensions [None req-a3ffa543-3f67-4854-a942-5a48ef084e7b None None] Ext name="project_id field enabled" alias="project-id" description="Extension that indicates that project_id field is enabled." updated="2016-09-09T09:09:09-09:09" {{(pid=87211) _check_extension /opt/stack/neutron/neutron/api/extensions.py:415}}
Jun 23 14:01:07.169364 np0000003467 devstack@neutron-api.service[87212]: DEBUG neutron_lib.callbacks.manager [None req-c8472090-0d6e-4823-a916-efc86a1b0728 None None] Subscribe: > network after_update 55550000, False {{(pid=87212) subscribe /opt/stack/data/venv/lib/python3.12/site-packages/neutron_lib/callbacks/manager.py:52}}
Jun 23 14:01:07.169551 np0000003467 devstack@neutron-api.service[87211]: INFO neutron.api.extensions [None req-a3ffa543-3f67-4854-a942-5a48ef084e7b None None] Loaded extension: project-id
Jun 23 14:01:07.169715 np0000003467 devstack@neutron-api.service[87212]: DEBUG neutron_lib.callbacks.manager [None req-c8472090-0d6e-4823-a916-efc86a1b0728 None None] Subscribe: > network after_delete 55550000, False {{(pid=87212) subscribe /opt/stack/data/venv/lib/python3.12/site-packages/neutron_lib/callbacks/manager.py:52}}
Jun 23 14:01:07.169872 np0000003467 devstack@neutron-api.service[87211]: DEBUG neutron.api.extensions [None req-a3ffa543-3f67-4854-a942-5a48ef084e7b None None] Loading extension file: providernet.py {{(pid=87211) _load_all_extensions_from_path /opt/stack/neutron/neutron/api/extensions.py:449}}
Jun 23 14:01:07.170020 np0000003467 devstack@neutron-api.service[87212]: DEBUG neutron_lib.callbacks.manager [None req-c8472090-0d6e-4823-a916-efc86a1b0728 None None] Subscribe: > security_group after_create 55550000, False {{(pid=87212) subscribe /opt/stack/data/venv/lib/python3.12/site-packages/neutron_lib/callbacks/manager.py:52}}
Jun 23 14:01:07.170020 np0000003467 devstack@neutron-api.service[87212]: DEBUG neutron_lib.callbacks.manager [None req-c8472090-0d6e-4823-a916-efc86a1b0728 None None] Subscribe: > security_group after_update 55550000, False {{(pid=87212) subscribe /opt/stack/data/venv/lib/python3.12/site-packages/neutron_lib/callbacks/manager.py:52}}
Jun 23 14:01:07.170020 np0000003467 devstack@neutron-api.service[87212]: DEBUG neutron_lib.callbacks.manager [None req-c8472090-0d6e-4823-a916-efc86a1b0728 None None] Subscribe: > security_group after_delete 55550000, False {{(pid=87212) subscribe /opt/stack/data/venv/lib/python3.12/site-packages/neutron_lib/callbacks/manager.py:52}}
Jun 23 14:01:07.170244 np0000003467 devstack@neutron-api.service[87211]: DEBUG neutron.api.extensions [None req-a3ffa543-3f67-4854-a942-5a48ef084e7b None None] Ext name="Provider Network" alias="provider" description="Expose mapping of virtual networks to physical networks" updated="2012-09-07T10:00:00-00:00" {{(pid=87211) _check_extension /opt/stack/neutron/neutron/api/extensions.py:415}}
Jun 23 14:01:07.170421 np0000003467 devstack@neutron-api.service[87212]: DEBUG neutron_lib.callbacks.manager [None req-c8472090-0d6e-4823-a916-efc86a1b0728 None None] Subscribe: > security_group_rule after_create 55550000, False {{(pid=87212) subscribe /opt/stack/data/venv/lib/python3.12/site-packages/neutron_lib/callbacks/manager.py:52}}
Jun 23 14:01:07.170575 np0000003467 devstack@neutron-api.service[87211]: INFO neutron.api.extensions [None req-a3ffa543-3f67-4854-a942-5a48ef084e7b None None] Loaded extension: provider
Jun 23 14:01:07.170713 np0000003467 devstack@neutron-api.service[87212]: DEBUG neutron_lib.callbacks.manager [None req-c8472090-0d6e-4823-a916-efc86a1b0728 None None] Subscribe: > security_group_rule after_update 55550000, False {{(pid=87212) subscribe /opt/stack/data/venv/lib/python3.12/site-packages/neutron_lib/callbacks/manager.py:52}}
Jun 23 14:01:07.170713 np0000003467 devstack@neutron-api.service[87212]: DEBUG neutron_lib.callbacks.manager [None req-c8472090-0d6e-4823-a916-efc86a1b0728 None None] Subscribe: > security_group_rule after_delete 55550000, False {{(pid=87212) subscribe /opt/stack/data/venv/lib/python3.12/site-packages/neutron_lib/callbacks/manager.py:52}}
Jun 23 14:01:07.170912 np0000003467 devstack@neutron-api.service[87211]: DEBUG neutron.api.extensions [None req-a3ffa543-3f67-4854-a942-5a48ef084e7b None None] Loading extension file: pvlan.py {{(pid=87211) _load_all_extensions_from_path /opt/stack/neutron/neutron/api/extensions.py:449}}
Jun 23 14:01:07.171054 np0000003467 devstack@neutron-api.service[87212]: DEBUG neutron_lib.callbacks.manager [None req-c8472090-0d6e-4823-a916-efc86a1b0728 None None] Subscribe: > address_group after_create 55550000, False {{(pid=87212) subscribe /opt/stack/data/venv/lib/python3.12/site-packages/neutron_lib/callbacks/manager.py:52}}
Jun 23 14:01:07.171054 np0000003467 devstack@neutron-api.service[87212]: DEBUG neutron_lib.callbacks.manager [None req-c8472090-0d6e-4823-a916-efc86a1b0728 None None] Subscribe: > address_group after_update 55550000, False {{(pid=87212) subscribe /opt/stack/data/venv/lib/python3.12/site-packages/neutron_lib/callbacks/manager.py:52}}
Jun 23 14:01:07.171054 np0000003467 devstack@neutron-api.service[87212]: DEBUG neutron_lib.callbacks.manager [None req-c8472090-0d6e-4823-a916-efc86a1b0728 None None] Subscribe: > address_group after_delete 55550000, False {{(pid=87212) subscribe /opt/stack/data/venv/lib/python3.12/site-packages/neutron_lib/callbacks/manager.py:52}}
Jun 23 14:01:07.171054 np0000003467 devstack@neutron-api.service[87212]: DEBUG neutron.plugins.ml2.ovo_rpc [None req-c8472090-0d6e-4823-a916-efc86a1b0728 None None] ML2 OVO RPC backend initialized. {{(pid=87212) __init__ /opt/stack/neutron/neutron/plugins/ml2/ovo_rpc.py:117}}
Jun 23 14:01:07.171321 np0000003467 devstack@neutron-api.service[87211]: DEBUG neutron.api.extensions [None req-a3ffa543-3f67-4854-a942-5a48ef084e7b None None] Ext name="Private VLAN" alias="pvlan" description="The Private VLAN semantics extension." updated="2026-02-03T10:00:00-00:00" {{(pid=87211) _check_extension /opt/stack/neutron/neutron/api/extensions.py:415}}
Jun 23 14:01:07.171321 np0000003467 devstack@neutron-api.service[87211]: INFO neutron.api.extensions [None req-a3ffa543-3f67-4854-a942-5a48ef084e7b None None] Extension pvlan not supported by any of loaded plugins
Jun 23 14:01:07.171321 np0000003467 devstack@neutron-api.service[87211]: DEBUG neutron.api.extensions [None req-a3ffa543-3f67-4854-a942-5a48ef084e7b None None] Loading extension file: qinq.py {{(pid=87211) _load_all_extensions_from_path /opt/stack/neutron/neutron/api/extensions.py:449}}
Jun 23 14:01:07.171321 np0000003467 devstack@neutron-api.service[87211]: DEBUG neutron.api.extensions [None req-a3ffa543-3f67-4854-a942-5a48ef084e7b None None] Ext name="QinQ networks" alias="qinq" description="Expose network 'qinq' attribute in the API. This allows to configure network to allow vlan in vlan configuration using 0x88a8 ethertype (QinQ)." updated="2024-12-02T10:00:00-00:00" {{(pid=87211) _check_extension /opt/stack/neutron/neutron/api/extensions.py:415}}
Jun 23 14:01:07.171321 np0000003467 devstack@neutron-api.service[87211]: INFO neutron.api.extensions [None req-a3ffa543-3f67-4854-a942-5a48ef084e7b None None] Loaded extension: qinq
Jun 23 14:01:07.171321 np0000003467 devstack@neutron-api.service[87211]: DEBUG neutron.api.extensions [None req-a3ffa543-3f67-4854-a942-5a48ef084e7b None None] Loading extension file: qos.py {{(pid=87211) _load_all_extensions_from_path /opt/stack/neutron/neutron/api/extensions.py:449}}
Jun 23 14:01:07.171677 np0000003467 devstack@neutron-api.service[87212]: INFO neutron.quota [None req-c8472090-0d6e-4823-a916-efc86a1b0728 None None] Loaded quota_driver: .
Jun 23 14:01:07.171677 np0000003467 devstack@neutron-api.service[87212]: INFO neutron.plugins.ml2.plugin [None req-c8472090-0d6e-4823-a916-efc86a1b0728 None None] Modular L2 Plugin initialization complete
Jun 23 14:01:07.171677 np0000003467 devstack@neutron-api.service[87212]: DEBUG neutron.manager [None req-c8472090-0d6e-4823-a916-efc86a1b0728 None None] Loading services supported by the core plugin {{(pid=87212) _load_services_from_core_plugin /opt/stack/neutron/neutron/manager.py:167}}
Jun 23 14:01:07.171677 np0000003467 devstack@neutron-api.service[87212]: INFO neutron.plugins.ml2.managers [None req-c8472090-0d6e-4823-a916-efc86a1b0728 None None] Got port-security extension from driver 'port_security'
Jun 23 14:01:07.171677 np0000003467 devstack@neutron-api.service[87212]: DEBUG neutron.manager [None req-c8472090-0d6e-4823-a916-efc86a1b0728 None None] Loading service plugins: ['ovn-router', 'auto_allocate', 'tag', 'timestamp', 'network_ip_availability', 'flavors', 'revisions'] {{(pid=87212) _load_service_plugins /opt/stack/neutron/neutron/manager.py:192}}
Jun 23 14:01:07.171677 np0000003467 devstack@neutron-api.service[87212]: INFO neutron.manager [None req-c8472090-0d6e-4823-a916-efc86a1b0728 None None] Loading Plugin: ovn-router
Jun 23 14:01:07.172003 np0000003467 devstack@neutron-api.service[87211]: DEBUG neutron.api.extensions [None req-a3ffa543-3f67-4854-a942-5a48ef084e7b None None] Ext name="Quality of Service" alias="qos" description="The Quality of Service extension." updated="2015-06-08T10:00:00-00:00" {{(pid=87211) _check_extension /opt/stack/neutron/neutron/api/extensions.py:415}}
Jun 23 14:01:07.172003 np0000003467 devstack@neutron-api.service[87211]: INFO neutron.api.extensions [None req-a3ffa543-3f67-4854-a942-5a48ef084e7b None None] Extension qos not supported by any of loaded plugins
Jun 23 14:01:07.172003 np0000003467 devstack@neutron-api.service[87211]: DEBUG neutron.api.extensions [None req-a3ffa543-3f67-4854-a942-5a48ef084e7b None None] Loading extension file: qos_bw_limit_direction.py {{(pid=87211) _load_all_extensions_from_path /opt/stack/neutron/neutron/api/extensions.py:449}}
Jun 23 14:01:07.172003 np0000003467 devstack@neutron-api.service[87211]: DEBUG neutron.api.extensions [None req-a3ffa543-3f67-4854-a942-5a48ef084e7b None None] Ext name="Direction for QoS bandwidth limit rule" alias="qos-bw-limit-direction" description="Allow to configure QoS bandwidth limit rule with specific direction: ingress or egress" updated="2017-04-10T10:00:00-00:00" {{(pid=87211) _check_extension /opt/stack/neutron/neutron/api/extensions.py:415}}
Jun 23 14:01:07.172003 np0000003467 devstack@neutron-api.service[87211]: INFO neutron.api.extensions [None req-a3ffa543-3f67-4854-a942-5a48ef084e7b None None] Extension qos-bw-limit-direction not supported by any of loaded plugins
Jun 23 14:01:07.172003 np0000003467 devstack@neutron-api.service[87211]: DEBUG neutron.api.extensions [None req-a3ffa543-3f67-4854-a942-5a48ef084e7b None None] Loading extension file: qos_bw_minimum_ingress.py {{(pid=87211) _load_all_extensions_from_path /opt/stack/neutron/neutron/api/extensions.py:449}}
Jun 23 14:01:07.172331 np0000003467 devstack@neutron-api.service[87211]: DEBUG neutron.api.extensions [None req-a3ffa543-3f67-4854-a942-5a48ef084e7b None None] Ext name="Ingress direction for QoS minimum bandwidth rule" alias="qos-bw-minimum-ingress" description="Allow to configure QoS minumum bandwidth rule with ingress direction." updated="2018-07-09T10:00:00-00:00" {{(pid=87211) _check_extension /opt/stack/neutron/neutron/api/extensions.py:415}}
Jun 23 14:01:07.172331 np0000003467 devstack@neutron-api.service[87211]: INFO neutron.api.extensions [None req-a3ffa543-3f67-4854-a942-5a48ef084e7b None None] Extension qos-bw-minimum-ingress not supported by any of loaded plugins
Jun 23 14:01:07.172331 np0000003467 devstack@neutron-api.service[87211]: DEBUG neutron.api.extensions [None req-a3ffa543-3f67-4854-a942-5a48ef084e7b None None] Loading extension file: qos_default.py {{(pid=87211) _load_all_extensions_from_path /opt/stack/neutron/neutron/api/extensions.py:449}}
Jun 23 14:01:07.172331 np0000003467 devstack@neutron-api.service[87211]: DEBUG neutron.api.extensions [None req-a3ffa543-3f67-4854-a942-5a48ef084e7b None None] Ext name="QoS default policy" alias="qos-default" description="Expose the QoS default policy per project" updated="2017-041-06T10:00:00-00:00" {{(pid=87211) _check_extension /opt/stack/neutron/neutron/api/extensions.py:415}}
Jun 23 14:01:07.172331 np0000003467 devstack@neutron-api.service[87211]: INFO neutron.api.extensions [None req-a3ffa543-3f67-4854-a942-5a48ef084e7b None None] Extension qos-default not supported by any of loaded plugins
Jun 23 14:01:07.172331 np0000003467 devstack@neutron-api.service[87211]: DEBUG neutron.api.extensions [None req-a3ffa543-3f67-4854-a942-5a48ef084e7b None None] Loading extension file: qos_fip.py {{(pid=87211) _load_all_extensions_from_path /opt/stack/neutron/neutron/api/extensions.py:449}}
Jun 23 14:01:07.172331 np0000003467 devstack@neutron-api.service[87211]: DEBUG neutron.api.extensions [None req-a3ffa543-3f67-4854-a942-5a48ef084e7b None None] Ext name="Floating IP QoS" alias="qos-fip" description="The floating IP Quality of Service extension" updated="2017-07-20T00:00:00-00:00" {{(pid=87211) _check_extension /opt/stack/neutron/neutron/api/extensions.py:415}}
Jun 23 14:01:07.172684 np0000003467 devstack@neutron-api.service[87211]: INFO neutron.api.extensions [None req-a3ffa543-3f67-4854-a942-5a48ef084e7b None None] Extension qos-fip not supported by any of loaded plugins
Jun 23 14:01:07.172684 np0000003467 devstack@neutron-api.service[87211]: DEBUG neutron.api.extensions [None req-a3ffa543-3f67-4854-a942-5a48ef084e7b None None] Loading extension file: qos_fip_network_policy.py {{(pid=87211) _load_all_extensions_from_path /opt/stack/neutron/neutron/api/extensions.py:449}}
Jun 23 14:01:07.172684 np0000003467 devstack@neutron-api.service[87211]: DEBUG neutron.api.extensions [None req-a3ffa543-3f67-4854-a942-5a48ef084e7b None None] Ext name="QoS floating IP network policy ID" alias="qos-fip-network-policy" description="Adds a the QoS network ID to the floating IP definition" updated="2021-11-15T10:00:00-00:00" {{(pid=87211) _check_extension /opt/stack/neutron/neutron/api/extensions.py:415}}
Jun 23 14:01:07.172684 np0000003467 devstack@neutron-api.service[87211]: INFO neutron.api.extensions [None req-a3ffa543-3f67-4854-a942-5a48ef084e7b None None] Extension qos-fip-network-policy not supported by any of loaded plugins
Jun 23 14:01:07.172684 np0000003467 devstack@neutron-api.service[87211]: DEBUG neutron.api.extensions [None req-a3ffa543-3f67-4854-a942-5a48ef084e7b None None] Loading extension file: qos_gateway_ip.py {{(pid=87211) _load_all_extensions_from_path /opt/stack/neutron/neutron/api/extensions.py:449}}
Jun 23 14:01:07.172684 np0000003467 devstack@neutron-api.service[87211]: DEBUG neutron.api.extensions [None req-a3ffa543-3f67-4854-a942-5a48ef084e7b None None] Ext name="Router gateway IP QoS" alias="qos-gateway-ip" description="The Router gateway IP Quality of Service extension" updated="2018-02-24T00:00:00-00:00" {{(pid=87211) _check_extension /opt/stack/neutron/neutron/api/extensions.py:415}}
Jun 23 14:01:07.172684 np0000003467 devstack@neutron-api.service[87211]: INFO neutron.api.extensions [None req-a3ffa543-3f67-4854-a942-5a48ef084e7b None None] Extension qos-gateway-ip not supported by any of loaded plugins
Jun 23 14:01:07.173147 np0000003467 devstack@neutron-api.service[87211]: DEBUG neutron.api.extensions [None req-a3ffa543-3f67-4854-a942-5a48ef084e7b None None] Loading extension file: qos_port_network_policy.py {{(pid=87211) _load_all_extensions_from_path /opt/stack/neutron/neutron/api/extensions.py:449}}
Jun 23 14:01:07.173147 np0000003467 devstack@neutron-api.service[87211]: DEBUG neutron.api.extensions [None req-a3ffa543-3f67-4854-a942-5a48ef084e7b None None] Ext name="QoS port network policy ID" alias="qos-port-network-policy" description="Adds a the QoS network ID to the port definition" updated="2019-11-01T10:00:00-00:00" {{(pid=87211) _check_extension /opt/stack/neutron/neutron/api/extensions.py:415}}
Jun 23 14:01:07.173147 np0000003467 devstack@neutron-api.service[87211]: INFO neutron.api.extensions [None req-a3ffa543-3f67-4854-a942-5a48ef084e7b None None] Extension qos-port-network-policy not supported by any of loaded plugins
Jun 23 14:01:07.173147 np0000003467 devstack@neutron-api.service[87211]: DEBUG neutron.api.extensions [None req-a3ffa543-3f67-4854-a942-5a48ef084e7b None None] Loading extension file: qos_pps_minimum_rule.py {{(pid=87211) _load_all_extensions_from_path /opt/stack/neutron/neutron/api/extensions.py:449}}
Jun 23 14:01:07.173147 np0000003467 devstack@neutron-api.service[87211]: DEBUG neutron.api.extensions [None req-a3ffa543-3f67-4854-a942-5a48ef084e7b None None] Ext name="QoS minimum packet rate rule" alias="qos-pps-minimum" description="Allow to configure QoS minimum packet rate rule." updated="2021-07-14T10:00:00-00:00" {{(pid=87211) _check_extension /opt/stack/neutron/neutron/api/extensions.py:415}}
Jun 23 14:01:07.173147 np0000003467 devstack@neutron-api.service[87211]: INFO neutron.api.extensions [None req-a3ffa543-3f67-4854-a942-5a48ef084e7b None None] Extension qos-pps-minimum not supported by any of loaded plugins
Jun 23 14:01:07.173147 np0000003467 devstack@neutron-api.service[87211]: DEBUG neutron.api.extensions [None req-a3ffa543-3f67-4854-a942-5a48ef084e7b None None] Loading extension file: qos_pps_minimum_rule_alias.py {{(pid=87211) _load_all_extensions_from_path /opt/stack/neutron/neutron/api/extensions.py:449}}
Jun 23 14:01:07.173522 np0000003467 devstack@neutron-api.service[87211]: DEBUG neutron.api.extensions [None req-a3ffa543-3f67-4854-a942-5a48ef084e7b None None] Ext name="QoS minimum packet rate rule alias" alias="qos-pps-minimum-rule-alias" description="API to enable GET, PUT and DELETE operations on QoS minimum packet rate rule without specifying policy ID" updated="2021-10-22T10:00:00-00:00" {{(pid=87211) _check_extension /opt/stack/neutron/neutron/api/extensions.py:415}}
Jun 23 14:01:07.173522 np0000003467 devstack@neutron-api.service[87211]: INFO neutron.api.extensions [None req-a3ffa543-3f67-4854-a942-5a48ef084e7b None None] Extension qos-pps-minimum-rule-alias not supported by any of loaded plugins
Jun 23 14:01:07.173522 np0000003467 devstack@neutron-api.service[87211]: DEBUG neutron.api.extensions [None req-a3ffa543-3f67-4854-a942-5a48ef084e7b None None] Loading extension file: qos_pps_rule.py {{(pid=87211) _load_all_extensions_from_path /opt/stack/neutron/neutron/api/extensions.py:449}}
Jun 23 14:01:07.173522 np0000003467 devstack@neutron-api.service[87211]: DEBUG neutron.api.extensions [None req-a3ffa543-3f67-4854-a942-5a48ef084e7b None None] Ext name="QoS Rule Type Packet per Second Extension" alias="qos-pps" description="Add QoS Rule Type Packet per Second" updated="2021-05-12T10:00:00-00:00" {{(pid=87211) _check_extension /opt/stack/neutron/neutron/api/extensions.py:415}}
Jun 23 14:01:07.173522 np0000003467 devstack@neutron-api.service[87211]: INFO neutron.api.extensions [None req-a3ffa543-3f67-4854-a942-5a48ef084e7b None None] Extension qos-pps not supported by any of loaded plugins
Jun 23 14:01:07.173522 np0000003467 devstack@neutron-api.service[87211]: DEBUG neutron.api.extensions [None req-a3ffa543-3f67-4854-a942-5a48ef084e7b None None] Loading extension file: qos_rule_type_details.py {{(pid=87211) _load_all_extensions_from_path /opt/stack/neutron/neutron/api/extensions.py:449}}
Jun 23 14:01:07.173834 np0000003467 devstack@neutron-api.service[87211]: DEBUG neutron.api.extensions [None req-a3ffa543-3f67-4854-a942-5a48ef084e7b None None] Ext name="Details of QoS rule types" alias="qos-rule-type-details" description="Expose details about QoS rule types supported by loaded backend drivers" updated="2017-06-22T10:00:00-00:00" {{(pid=87211) _check_extension /opt/stack/neutron/neutron/api/extensions.py:415}}
Jun 23 14:01:07.173834 np0000003467 devstack@neutron-api.service[87211]: INFO neutron.api.extensions [None req-a3ffa543-3f67-4854-a942-5a48ef084e7b None None] Extension qos-rule-type-details not supported by any of loaded plugins
Jun 23 14:01:07.173834 np0000003467 devstack@neutron-api.service[87211]: DEBUG neutron.api.extensions [None req-a3ffa543-3f67-4854-a942-5a48ef084e7b None None] Loading extension file: qos_rule_type_filter.py {{(pid=87211) _load_all_extensions_from_path /opt/stack/neutron/neutron/api/extensions.py:449}}
Jun 23 14:01:07.173834 np0000003467 devstack@neutron-api.service[87211]: DEBUG neutron.api.extensions [None req-a3ffa543-3f67-4854-a942-5a48ef084e7b None None] Ext name="Allow to filter the list of QoS rule types" alias="qos-rule-type-filter" description="Allows to filter the QoS rule type list adding two new flags. "all_rules" prints all implemented QoS rule types."all_supported" prints all supported QoS rule types by the loaded mechanism drivers" updated="2022-02-02T10:00:00-00:00" {{(pid=87211) _check_extension /opt/stack/neutron/neutron/api/extensions.py:415}}
Jun 23 14:01:07.173834 np0000003467 devstack@neutron-api.service[87211]: INFO neutron.api.extensions [None req-a3ffa543-3f67-4854-a942-5a48ef084e7b None None] Extension qos-rule-type-filter not supported by any of loaded plugins
Jun 23 14:01:07.173834 np0000003467 devstack@neutron-api.service[87211]: DEBUG neutron.api.extensions [None req-a3ffa543-3f67-4854-a942-5a48ef084e7b None None] Loading extension file: qos_rules_alias.py {{(pid=87211) _load_all_extensions_from_path /opt/stack/neutron/neutron/api/extensions.py:449}}
Jun 23 14:01:07.174178 np0000003467 devstack@neutron-api.service[87211]: DEBUG neutron.api.extensions [None req-a3ffa543-3f67-4854-a942-5a48ef084e7b None None] Ext name="Quality of Service rules alias API" alias="qos-rules-alias" description="API to enable GET, PUT and DELETE operations on QoS policy rules without specifying policy ID" updated="2018-10-07T10:00:00-00:00" {{(pid=87211) _check_extension /opt/stack/neutron/neutron/api/extensions.py:415}}
Jun 23 14:01:07.174178 np0000003467 devstack@neutron-api.service[87211]: INFO neutron.api.extensions [None req-a3ffa543-3f67-4854-a942-5a48ef084e7b None None] Extension qos-rules-alias not supported by any of loaded plugins
Jun 23 14:01:07.174178 np0000003467 devstack@neutron-api.service[87211]: DEBUG neutron.api.extensions [None req-a3ffa543-3f67-4854-a942-5a48ef084e7b None None] Loading extension file: quota_check_limit.py {{(pid=87211) _load_all_extensions_from_path /opt/stack/neutron/neutron/api/extensions.py:449}}
Jun 23 14:01:07.174178 np0000003467 devstack@neutron-api.service[87211]: DEBUG neutron.api.extensions [None req-a3ffa543-3f67-4854-a942-5a48ef084e7b None None] Ext name="Quota engine limit check" alias="quota-check-limit" description="Support for checking the resource usage before applying a new quota limit" updated="2021-09-08T16:00:00-00:00" {{(pid=87211) _check_extension /opt/stack/neutron/neutron/api/extensions.py:415}}
Jun 23 14:01:07.174178 np0000003467 devstack@neutron-api.service[87211]: INFO neutron.api.extensions [None req-a3ffa543-3f67-4854-a942-5a48ef084e7b None None] Loaded extension: quota-check-limit
Jun 23 14:01:07.174178 np0000003467 devstack@neutron-api.service[87211]: DEBUG neutron.api.extensions [None req-a3ffa543-3f67-4854-a942-5a48ef084e7b None None] Loading extension file: quota_check_limit_default.py {{(pid=87211) _load_all_extensions_from_path /opt/stack/neutron/neutron/api/extensions.py:449}}
Jun 23 14:01:07.174581 np0000003467 devstack@neutron-api.service[87211]: DEBUG neutron.api.extensions [None req-a3ffa543-3f67-4854-a942-5a48ef084e7b None None] Ext name="Quota engine limit check by default" alias="quota-check-limit-default" description="By default, the Neutron quota engine checks the resource usage before applying a new quota limit" updated="2024-08-21T16:00:00-00:00" {{(pid=87211) _check_extension /opt/stack/neutron/neutron/api/extensions.py:415}}
Jun 23 14:01:07.174581 np0000003467 devstack@neutron-api.service[87211]: INFO neutron.api.extensions [None req-a3ffa543-3f67-4854-a942-5a48ef084e7b None None] Loaded extension: quota-check-limit-default
Jun 23 14:01:07.174581 np0000003467 devstack@neutron-api.service[87211]: DEBUG neutron.api.extensions [None req-a3ffa543-3f67-4854-a942-5a48ef084e7b None None] Loading extension file: quotasv2.py {{(pid=87211) _load_all_extensions_from_path /opt/stack/neutron/neutron/api/extensions.py:449}}
Jun 23 14:01:07.174581 np0000003467 devstack@neutron-api.service[87211]: DEBUG neutron.api.extensions [None req-a3ffa543-3f67-4854-a942-5a48ef084e7b None None] Ext name="Quota management support" alias="quotas" description="Expose functions for quotas management per project" updated="2012-07-29T10:00:00-00:00" {{(pid=87211) _check_extension /opt/stack/neutron/neutron/api/extensions.py:415}}
Jun 23 14:01:07.174581 np0000003467 devstack@neutron-api.service[87211]: INFO neutron.api.extensions [None req-a3ffa543-3f67-4854-a942-5a48ef084e7b None None] Loaded extension: quotas
Jun 23 14:01:07.174581 np0000003467 devstack@neutron-api.service[87211]: DEBUG neutron.api.extensions [None req-a3ffa543-3f67-4854-a942-5a48ef084e7b None None] Loading extension file: quotasv2_detail.py {{(pid=87211) _load_all_extensions_from_path /opt/stack/neutron/neutron/api/extensions.py:449}}
Jun 23 14:01:07.174581 np0000003467 devstack@neutron-api.service[87211]: DEBUG neutron.api.extensions [None req-a3ffa543-3f67-4854-a942-5a48ef084e7b None None] Ext name="Quota details management support" alias="quota_details" description="Expose functions for quotas usage statistics per project" updated="2017-02-10T10:00:00-00:00" {{(pid=87211) _check_extension /opt/stack/neutron/neutron/api/extensions.py:415}}
Jun 23 14:01:07.175184 np0000003467 devstack@neutron-api.service[87211]: INFO neutron.api.extensions [None req-a3ffa543-3f67-4854-a942-5a48ef084e7b None None] Loaded extension: quota_details
Jun 23 14:01:07.175184 np0000003467 devstack@neutron-api.service[87211]: DEBUG neutron.api.extensions [None req-a3ffa543-3f67-4854-a942-5a48ef084e7b None None] Loading extension file: rbac.py {{(pid=87211) _load_all_extensions_from_path /opt/stack/neutron/neutron/api/extensions.py:449}}
Jun 23 14:01:07.175184 np0000003467 devstack@neutron-api.service[87211]: DEBUG neutron.api.extensions [None req-a3ffa543-3f67-4854-a942-5a48ef084e7b None None] Ext name="RBAC Policies" alias="rbac-policies" description="Allows creation and modification of policies that control project access to resources." updated="2015-06-17T12:15:12-00:00" {{(pid=87211) _check_extension /opt/stack/neutron/neutron/api/extensions.py:415}}
Jun 23 14:01:07.175184 np0000003467 devstack@neutron-api.service[87211]: INFO neutron.api.extensions [None req-a3ffa543-3f67-4854-a942-5a48ef084e7b None None] Loaded extension: rbac-policies
Jun 23 14:01:07.175184 np0000003467 devstack@neutron-api.service[87211]: DEBUG neutron.api.extensions [None req-a3ffa543-3f67-4854-a942-5a48ef084e7b None None] Loading extension file: rbac_address_group.py {{(pid=87211) _load_all_extensions_from_path /opt/stack/neutron/neutron/api/extensions.py:449}}
Jun 23 14:01:07.175184 np0000003467 devstack@neutron-api.service[87211]: DEBUG neutron.api.extensions [None req-a3ffa543-3f67-4854-a942-5a48ef084e7b None None] Ext name="Add address_group type to RBAC" alias="rbac-address-group" description="Add address_group type to network RBAC" updated="2021-01-20T00:00:00-00:00" {{(pid=87211) _check_extension /opt/stack/neutron/neutron/api/extensions.py:415}}
Jun 23 14:01:07.175184 np0000003467 devstack@neutron-api.service[87211]: INFO neutron.api.extensions [None req-a3ffa543-3f67-4854-a942-5a48ef084e7b None None] Extension rbac-address-group not supported by any of loaded plugins
Jun 23 14:01:07.175184 np0000003467 devstack@neutron-api.service[87211]: DEBUG neutron.api.extensions [None req-a3ffa543-3f67-4854-a942-5a48ef084e7b None None] Loading extension file: rbac_address_scope.py {{(pid=87211) _load_all_extensions_from_path /opt/stack/neutron/neutron/api/extensions.py:449}}
Jun 23 14:01:07.175564 np0000003467 devstack@neutron-api.service[87212]: DEBUG neutron_lib.callbacks.manager [None req-c8472090-0d6e-4823-a916-efc86a1b0728 None None] Subscribe: > router before_delete 55550000, False {{(pid=87212) subscribe /opt/stack/data/venv/lib/python3.12/site-packages/neutron_lib/callbacks/manager.py:52}}
Jun 23 14:01:07.175564 np0000003467 devstack@neutron-api.service[87212]: DEBUG neutron_lib.callbacks.manager [None req-c8472090-0d6e-4823-a916-efc86a1b0728 None None] Subscribe: port before_update 55550000, False {{(pid=87212) subscribe /opt/stack/data/venv/lib/python3.12/site-packages/neutron_lib/callbacks/manager.py:52}}
Jun 23 14:01:07.175733 np0000003467 devstack@neutron-api.service[87211]: DEBUG neutron.api.extensions [None req-a3ffa543-3f67-4854-a942-5a48ef084e7b None None] Ext name="Add address_scope type to RBAC" alias="rbac-address-scope" description="Add address_scope type to RBAC" updated="2020-02-12T00:00:00-00:00" {{(pid=87211) _check_extension /opt/stack/neutron/neutron/api/extensions.py:415}}
Jun 23 14:01:07.175861 np0000003467 devstack@neutron-api.service[87212]: DEBUG neutron_lib.callbacks.manager [None req-c8472090-0d6e-4823-a916-efc86a1b0728 None None] Subscribe: port after_update 55550000, False {{(pid=87212) subscribe /opt/stack/data/venv/lib/python3.12/site-packages/neutron_lib/callbacks/manager.py:52}}
Jun 23 14:01:07.176001 np0000003467 devstack@neutron-api.service[87211]: INFO neutron.api.extensions [None req-a3ffa543-3f67-4854-a942-5a48ef084e7b None None] Loaded extension: rbac-address-scope
Jun 23 14:01:07.176171 np0000003467 devstack@neutron-api.service[87212]: DEBUG neutron_lib.callbacks.manager [None req-c8472090-0d6e-4823-a916-efc86a1b0728 None None] Subscribe: > port precommit_delete 55550000, False {{(pid=87212) subscribe /opt/stack/data/venv/lib/python3.12/site-packages/neutron_lib/callbacks/manager.py:52}}
Jun 23 14:01:07.176284 np0000003467 devstack@neutron-api.service[87211]: DEBUG neutron.api.extensions [None req-a3ffa543-3f67-4854-a942-5a48ef084e7b None None] Loading extension file: rbac_security_groups.py {{(pid=87211) _load_all_extensions_from_path /opt/stack/neutron/neutron/api/extensions.py:449}}
Jun 23 14:01:07.176632 np0000003467 devstack@neutron-api.service[87212]: DEBUG neutron_lib.callbacks.manager [None req-c8472090-0d6e-4823-a916-efc86a1b0728 None None] Subscribe: port before_update 55550000, False {{(pid=87212) subscribe /opt/stack/data/venv/lib/python3.12/site-packages/neutron_lib/callbacks/manager.py:52}}
Jun 23 14:01:07.176632 np0000003467 devstack@neutron-api.service[87212]: DEBUG neutron_lib.callbacks.manager [None req-c8472090-0d6e-4823-a916-efc86a1b0728 None None] Subscribe: port before_delete 55550000, False {{(pid=87212) subscribe /opt/stack/data/venv/lib/python3.12/site-packages/neutron_lib/callbacks/manager.py:52}}
Jun 23 14:01:07.176632 np0000003467 devstack@neutron-api.service[87212]: DEBUG neutron_lib.callbacks.manager [None req-c8472090-0d6e-4823-a916-efc86a1b0728 None None] Subscribe: > router precommit_create 55550000, False {{(pid=87212) subscribe /opt/stack/data/venv/lib/python3.12/site-packages/neutron_lib/callbacks/manager.py:52}}
Jun 23 14:01:07.176892 np0000003467 devstack@neutron-api.service[87211]: DEBUG neutron.api.extensions [None req-a3ffa543-3f67-4854-a942-5a48ef084e7b None None] Ext name="Add security_group type to network RBAC" alias="rbac-security-groups" description="Add security_group type to network RBAC" updated="2019-02-14T00:00:00-00:00" {{(pid=87211) _check_extension /opt/stack/neutron/neutron/api/extensions.py:415}}
Jun 23 14:01:07.177026 np0000003467 devstack@neutron-api.service[87212]: DEBUG neutron_lib.callbacks.manager [None req-c8472090-0d6e-4823-a916-efc86a1b0728 None None] Subscribe: > router precommit_create 55550000, False {{(pid=87212) subscribe /opt/stack/data/venv/lib/python3.12/site-packages/neutron_lib/callbacks/manager.py:52}}
Jun 23 14:01:07.177026 np0000003467 devstack@neutron-api.service[87212]: DEBUG neutron_lib.callbacks.manager [None req-c8472090-0d6e-4823-a916-efc86a1b0728 None None] Subscribe: > router precommit_update 55550000, False {{(pid=87212) subscribe /opt/stack/data/venv/lib/python3.12/site-packages/neutron_lib/callbacks/manager.py:52}}
Jun 23 14:01:07.177197 np0000003467 devstack@neutron-api.service[87211]: INFO neutron.api.extensions [None req-a3ffa543-3f67-4854-a942-5a48ef084e7b None None] Loaded extension: rbac-security-groups
Jun 23 14:01:07.177197 np0000003467 devstack@neutron-api.service[87211]: DEBUG neutron.api.extensions [None req-a3ffa543-3f67-4854-a942-5a48ef084e7b None None] Loading extension file: rbac_subnetpool.py {{(pid=87211) _load_all_extensions_from_path /opt/stack/neutron/neutron/api/extensions.py:449}}
Jun 23 14:01:07.177391 np0000003467 devstack@neutron-api.service[87212]: DEBUG neutron_lib.callbacks.manager [None req-c8472090-0d6e-4823-a916-efc86a1b0728 None None] Subscribe: subnet after_update 55550000, False {{(pid=87212) subscribe /opt/stack/data/venv/lib/python3.12/site-packages/neutron_lib/callbacks/manager.py:52}}
Jun 23 14:01:07.177391 np0000003467 devstack@neutron-api.service[87212]: DEBUG neutron.quota.resource_registry [None req-c8472090-0d6e-4823-a916-efc86a1b0728 None None] Tracking information for resource: router configured {{(pid=87212) set_tracked_resource /opt/stack/neutron/neutron/quota/resource_registry.py:203}}
Jun 23 14:01:07.177597 np0000003467 devstack@neutron-api.service[87211]: DEBUG neutron.api.extensions [None req-a3ffa543-3f67-4854-a942-5a48ef084e7b None None] Ext name="Add subnetpool type to RBAC" alias="rbac-subnetpool" description="Add subnetpool type to RBAC" updated="2020-02-05T00:00:00-00:00" {{(pid=87211) _check_extension /opt/stack/neutron/neutron/api/extensions.py:415}}
Jun 23 14:01:07.177738 np0000003467 devstack@neutron-api.service[87212]: DEBUG neutron.quota.resource_registry [None req-c8472090-0d6e-4823-a916-efc86a1b0728 None None] Tracking information for resource: floatingip configured {{(pid=87212) set_tracked_resource /opt/stack/neutron/neutron/quota/resource_registry.py:203}}
Jun 23 14:01:07.177936 np0000003467 devstack@neutron-api.service[87211]: INFO neutron.api.extensions [None req-a3ffa543-3f67-4854-a942-5a48ef084e7b None None] Extension rbac-subnetpool not supported by any of loaded plugins
Jun 23 14:01:07.178094 np0000003467 devstack@neutron-api.service[87212]: INFO neutron.services.ovn_l3.plugin [None req-c8472090-0d6e-4823-a916-efc86a1b0728 None None] Starting OVNL3RouterPlugin
Jun 23 14:01:07.178243 np0000003467 devstack@neutron-api.service[87211]: DEBUG neutron.api.extensions [None req-a3ffa543-3f67-4854-a942-5a48ef084e7b None None] Loading extension file: revisionifmatch.py {{(pid=87211) _load_all_extensions_from_path /opt/stack/neutron/neutron/api/extensions.py:449}}
Jun 23 14:01:07.178402 np0000003467 devstack@neutron-api.service[87212]: DEBUG neutron_lib.callbacks.manager [None req-c8472090-0d6e-4823-a916-efc86a1b0728 None None] Subscribe: > port_forwarding_plugin after_init 55550000, False {{(pid=87212) subscribe /opt/stack/data/venv/lib/python3.12/site-packages/neutron_lib/callbacks/manager.py:52}}
Jun 23 14:01:07.178599 np0000003467 devstack@neutron-api.service[87211]: DEBUG neutron.api.extensions [None req-a3ffa543-3f67-4854-a942-5a48ef084e7b None None] Ext name="If-Match constraints based on revision_number" alias="revision-if-match" description="Extension indicating that If-Match based on revision_number is supported." updated="2016-12-11T00:00:00-00:00" {{(pid=87211) _check_extension /opt/stack/neutron/neutron/api/extensions.py:415}}
Jun 23 14:01:07.178599 np0000003467 devstack@neutron-api.service[87211]: INFO neutron.api.extensions [None req-a3ffa543-3f67-4854-a942-5a48ef084e7b None None] Loaded extension: revision-if-match
Jun 23 14:01:07.178820 np0000003467 devstack@neutron-api.service[87212]: DEBUG neutron_lib.callbacks.manager [None req-c8472090-0d6e-4823-a916-efc86a1b0728 None None] Subscribe: > router before_create 55550100, False {{(pid=87212) subscribe /opt/stack/data/venv/lib/python3.12/site-packages/neutron_lib/callbacks/manager.py:52}}
Jun 23 14:01:07.178962 np0000003467 devstack@neutron-api.service[87211]: DEBUG neutron.api.extensions [None req-a3ffa543-3f67-4854-a942-5a48ef084e7b None None] Loading extension file: revisions.py {{(pid=87211) _load_all_extensions_from_path /opt/stack/neutron/neutron/api/extensions.py:449}}
