Jun 09 03:48:41.493501 np0000002399 devstack@g-api.service[98913]: [pid: 98913|app: 0|req: 184/385] 127.0.0.1 () {44 vars in 1111 bytes} [Tue Jun 9 03:48:41 2026] GET /v2/images/cd21afea-6751-424d-bcc4-74878b9b910b => generated 1044 bytes in 13 msecs (HTTP/1.1 200) 4 headers in 158 bytes (1 switches on core 0)
Jun 09 03:48:41.500245 np0000002399 devstack@g-api.service[98914]: [pid: 98914|app: 0|req: 202/386] 127.0.0.1 () {44 vars in 1111 bytes} [Tue Jun 9 03:48:41 2026] GET /v2/images/cd21afea-6751-424d-bcc4-74878b9b910b => generated 1044 bytes in 12 msecs (HTTP/1.1 200) 4 headers in 158 bytes (1 switches on core 0)
Jun 09 03:48:41.505252 np0000002399 devstack@g-api.service[98913]: DEBUG glance.api.middleware.version_negotiation [None req-4129722d-4538-4e6e-82f7-6ffba037ef33 tempest-TaggedBootDevicesTest_v242-1078343883 tempest-TaggedBootDevicesTest_v242-1078343883-project-member] Determining version of request: GET /v2/schemas/image Accept: */* {{(pid=98913) process_request /opt/stack/glance/glance/api/middleware/version_negotiation.py:44}}
Jun 09 03:48:41.505487 np0000002399 devstack@g-api.service[98913]: DEBUG glance.api.middleware.version_negotiation [None req-4129722d-4538-4e6e-82f7-6ffba037ef33 tempest-TaggedBootDevicesTest_v242-1078343883 tempest-TaggedBootDevicesTest_v242-1078343883-project-member] Using url versioning {{(pid=98913) process_request /opt/stack/glance/glance/api/middleware/version_negotiation.py:57}}
Jun 09 03:48:41.505647 np0000002399 devstack@g-api.service[98913]: DEBUG glance.api.middleware.version_negotiation [None req-4129722d-4538-4e6e-82f7-6ffba037ef33 tempest-TaggedBootDevicesTest_v242-1078343883 tempest-TaggedBootDevicesTest_v242-1078343883-project-member] Matched version: v2 {{(pid=98913) process_request /opt/stack/glance/glance/api/middleware/version_negotiation.py:69}}
Jun 09 03:48:41.505784 np0000002399 devstack@g-api.service[98913]: DEBUG glance.api.middleware.version_negotiation [None req-4129722d-4538-4e6e-82f7-6ffba037ef33 tempest-TaggedBootDevicesTest_v242-1078343883 tempest-TaggedBootDevicesTest_v242-1078343883-project-member] new path /v2/schemas/image {{(pid=98913) process_request /opt/stack/glance/glance/api/middleware/version_negotiation.py:70}}
Jun 09 03:48:41.511864 np0000002399 devstack@g-api.service[98914]: DEBUG glance.api.middleware.version_negotiation [None req-5d60a5b6-ecc5-44f3-a0df-3d3577639f10 tempest-ServerActionsTestOtherA-1562164249 tempest-ServerActionsTestOtherA-1562164249-project-member] Determining version of request: GET /v2/schemas/image Accept: */* {{(pid=98914) process_request /opt/stack/glance/glance/api/middleware/version_negotiation.py:44}}
Jun 09 03:48:41.511864 np0000002399 devstack@g-api.service[98914]: DEBUG glance.api.middleware.version_negotiation [None req-5d60a5b6-ecc5-44f3-a0df-3d3577639f10 tempest-ServerActionsTestOtherA-1562164249 tempest-ServerActionsTestOtherA-1562164249-project-member] Using url versioning {{(pid=98914) process_request /opt/stack/glance/glance/api/middleware/version_negotiation.py:57}}
Jun 09 03:48:41.511864 np0000002399 devstack@g-api.service[98914]: DEBUG glance.api.middleware.version_negotiation [None req-5d60a5b6-ecc5-44f3-a0df-3d3577639f10 tempest-ServerActionsTestOtherA-1562164249 tempest-ServerActionsTestOtherA-1562164249-project-member] Matched version: v2 {{(pid=98914) process_request /opt/stack/glance/glance/api/middleware/version_negotiation.py:69}}
Jun 09 03:48:41.511996 np0000002399 devstack@g-api.service[98913]: [pid: 98913|app: 0|req: 185/387] 127.0.0.1 () {44 vars in 1051 bytes} [Tue Jun 9 03:48:41 2026] GET /v2/schemas/image => generated 6083 bytes in 6 msecs (HTTP/1.1 200) 4 headers in 158 bytes (1 switches on core 0)
Jun 09 03:48:41.512069 np0000002399 devstack@g-api.service[98914]: DEBUG glance.api.middleware.version_negotiation [None req-5d60a5b6-ecc5-44f3-a0df-3d3577639f10 tempest-ServerActionsTestOtherA-1562164249 tempest-ServerActionsTestOtherA-1562164249-project-member] new path /v2/schemas/image {{(pid=98914) process_request /opt/stack/glance/glance/api/middleware/version_negotiation.py:70}}
Jun 09 03:48:41.513892 np0000002399 devstack@g-api.service[98914]: [pid: 98914|app: 0|req: 203/388] 127.0.0.1 () {44 vars in 1051 bytes} [Tue Jun 9 03:48:41 2026] GET /v2/schemas/image => generated 6083 bytes in 3 msecs (HTTP/1.1 200) 4 headers in 158 bytes (1 switches on core 0)
Jun 09 03:48:41.521245 np0000002399 devstack@g-api.service[98913]: DEBUG glance.api.middleware.version_negotiation [None req-4129722d-4538-4e6e-82f7-6ffba037ef33 tempest-TaggedBootDevicesTest_v242-1078343883 tempest-TaggedBootDevicesTest_v242-1078343883-project-member] Determining version of request: GET /v2/schemas/image Accept: */* {{(pid=98913) process_request /opt/stack/glance/glance/api/middleware/version_negotiation.py:44}}
Jun 09 03:48:41.521439 np0000002399 devstack@g-api.service[98913]: DEBUG glance.api.middleware.version_negotiation [None req-4129722d-4538-4e6e-82f7-6ffba037ef33 tempest-TaggedBootDevicesTest_v242-1078343883 tempest-TaggedBootDevicesTest_v242-1078343883-project-member] Using url versioning {{(pid=98913) process_request /opt/stack/glance/glance/api/middleware/version_negotiation.py:57}}
Jun 09 03:48:41.521683 np0000002399 devstack@g-api.service[98913]: DEBUG glance.api.middleware.version_negotiation [None req-4129722d-4538-4e6e-82f7-6ffba037ef33 tempest-TaggedBootDevicesTest_v242-1078343883 tempest-TaggedBootDevicesTest_v242-1078343883-project-member] Matched version: v2 {{(pid=98913) process_request /opt/stack/glance/glance/api/middleware/version_negotiation.py:69}}
Jun 09 03:48:41.521799 np0000002399 devstack@g-api.service[98913]: DEBUG glance.api.middleware.version_negotiation [None req-4129722d-4538-4e6e-82f7-6ffba037ef33 tempest-TaggedBootDevicesTest_v242-1078343883 tempest-TaggedBootDevicesTest_v242-1078343883-project-member] new path /v2/schemas/image {{(pid=98913) process_request /opt/stack/glance/glance/api/middleware/version_negotiation.py:70}}
Jun 09 03:48:41.524147 np0000002399 devstack@g-api.service[98913]: [pid: 98913|app: 0|req: 186/389] 127.0.0.1 () {44 vars in 1051 bytes} [Tue Jun 9 03:48:41 2026] GET /v2/schemas/image => generated 6083 bytes in 3 msecs (HTTP/1.1 200) 4 headers in 158 bytes (1 switches on core 0)
Jun 09 03:48:41.546517 np0000002399 devstack@g-api.service[98914]: DEBUG glance.api.middleware.version_negotiation [None req-5d60a5b6-ecc5-44f3-a0df-3d3577639f10 tempest-ServerActionsTestOtherA-1562164249 tempest-ServerActionsTestOtherA-1562164249-project-member] Determining version of request: GET /v2/images/cd21afea-6751-424d-bcc4-74878b9b910b Accept: */* {{(pid=98914) process_request /opt/stack/glance/glance/api/middleware/version_negotiation.py:44}}
Jun 09 03:48:41.548230 np0000002399 devstack@g-api.service[98914]: DEBUG glance.api.middleware.version_negotiation [None req-5d60a5b6-ecc5-44f3-a0df-3d3577639f10 tempest-ServerActionsTestOtherA-1562164249 tempest-ServerActionsTestOtherA-1562164249-project-member] Using url versioning {{(pid=98914) process_request /opt/stack/glance/glance/api/middleware/version_negotiation.py:57}}
Jun 09 03:48:41.548230 np0000002399 devstack@g-api.service[98914]: DEBUG glance.api.middleware.version_negotiation [None req-5d60a5b6-ecc5-44f3-a0df-3d3577639f10 tempest-ServerActionsTestOtherA-1562164249 tempest-ServerActionsTestOtherA-1562164249-project-member] Matched version: v2 {{(pid=98914) process_request /opt/stack/glance/glance/api/middleware/version_negotiation.py:69}}
Jun 09 03:48:41.548230 np0000002399 devstack@g-api.service[98914]: DEBUG glance.api.middleware.version_negotiation [None req-5d60a5b6-ecc5-44f3-a0df-3d3577639f10 tempest-ServerActionsTestOtherA-1562164249 tempest-ServerActionsTestOtherA-1562164249-project-member] new path /v2/images/cd21afea-6751-424d-bcc4-74878b9b910b {{(pid=98914) process_request /opt/stack/glance/glance/api/middleware/version_negotiation.py:70}}
Jun 09 03:48:41.565431 np0000002399 devstack@g-api.service[98914]: [pid: 98914|app: 0|req: 204/390] 127.0.0.1 () {44 vars in 1111 bytes} [Tue Jun 9 03:48:41 2026] GET /v2/images/cd21afea-6751-424d-bcc4-74878b9b910b => generated 1044 bytes in 19 msecs (HTTP/1.1 200) 4 headers in 158 bytes (1 switches on core 0)
Jun 09 03:48:41.574267 np0000002399 devstack@g-api.service[98913]: DEBUG glance.api.middleware.version_negotiation [None req-4129722d-4538-4e6e-82f7-6ffba037ef33 tempest-TaggedBootDevicesTest_v242-1078343883 tempest-TaggedBootDevicesTest_v242-1078343883-project-member] Determining version of request: GET /v2/schemas/image Accept: */* {{(pid=98913) process_request /opt/stack/glance/glance/api/middleware/version_negotiation.py:44}}
Jun 09 03:48:41.574440 np0000002399 devstack@g-api.service[98913]: DEBUG glance.api.middleware.version_negotiation [None req-4129722d-4538-4e6e-82f7-6ffba037ef33 tempest-TaggedBootDevicesTest_v242-1078343883 tempest-TaggedBootDevicesTest_v242-1078343883-project-member] Using url versioning {{(pid=98913) process_request /opt/stack/glance/glance/api/middleware/version_negotiation.py:57}}
Jun 09 03:48:41.574601 np0000002399 devstack@g-api.service[98913]: DEBUG glance.api.middleware.version_negotiation [None req-4129722d-4538-4e6e-82f7-6ffba037ef33 tempest-TaggedBootDevicesTest_v242-1078343883 tempest-TaggedBootDevicesTest_v242-1078343883-project-member] Matched version: v2 {{(pid=98913) process_request /opt/stack/glance/glance/api/middleware/version_negotiation.py:69}}
Jun 09 03:48:41.574696 np0000002399 devstack@g-api.service[98913]: DEBUG glance.api.middleware.version_negotiation [None req-4129722d-4538-4e6e-82f7-6ffba037ef33 tempest-TaggedBootDevicesTest_v242-1078343883 tempest-TaggedBootDevicesTest_v242-1078343883-project-member] new path /v2/schemas/image {{(pid=98913) process_request /opt/stack/glance/glance/api/middleware/version_negotiation.py:70}}
Jun 09 03:48:41.577221 np0000002399 devstack@g-api.service[98913]: [pid: 98913|app: 0|req: 187/391] 127.0.0.1 () {44 vars in 1051 bytes} [Tue Jun 9 03:48:41 2026] GET /v2/schemas/image => generated 6083 bytes in 3 msecs (HTTP/1.1 200) 4 headers in 158 bytes (1 switches on core 0)
Jun 09 03:48:41.915029 np0000002399 devstack@g-api.service[98914]: DEBUG glance.api.middleware.version_negotiation [None req-4129722d-4538-4e6e-82f7-6ffba037ef33 tempest-TaggedBootDevicesTest_v242-1078343883 tempest-TaggedBootDevicesTest_v242-1078343883-project-member] Determining version of request: GET /versions Accept: */* {{(pid=98914) process_request /opt/stack/glance/glance/api/middleware/version_negotiation.py:44}}
Jun 09 03:48:41.915812 np0000002399 devstack@g-api.service[98914]: [pid: 98914|app: 0|req: 205/392] 127.0.0.1 () {44 vars in 1035 bytes} [Tue Jun 9 03:48:41 2026] GET /versions => generated 1394 bytes in 1 msecs (HTTP/1.1 200) 3 headers in 92 bytes (1 switches on core 0)
Jun 09 03:48:41.925147 np0000002399 devstack@g-api.service[98913]: DEBUG glance.api.middleware.version_negotiation [None req-4129722d-4538-4e6e-82f7-6ffba037ef33 tempest-TaggedBootDevicesTest_v242-1078343883 tempest-TaggedBootDevicesTest_v242-1078343883-project-member] Determining version of request: GET /v2/images/cd21afea-6751-424d-bcc4-74878b9b910b/locations Accept: */* {{(pid=98913) process_request /opt/stack/glance/glance/api/middleware/version_negotiation.py:44}}
Jun 09 03:48:41.926169 np0000002399 devstack@g-api.service[98913]: DEBUG glance.api.middleware.version_negotiation [None req-4129722d-4538-4e6e-82f7-6ffba037ef33 tempest-TaggedBootDevicesTest_v242-1078343883 tempest-TaggedBootDevicesTest_v242-1078343883-project-member] Using url versioning {{(pid=98913) process_request /opt/stack/glance/glance/api/middleware/version_negotiation.py:57}}
Jun 09 03:48:41.926169 np0000002399 devstack@g-api.service[98913]: DEBUG glance.api.middleware.version_negotiation [None req-4129722d-4538-4e6e-82f7-6ffba037ef33 tempest-TaggedBootDevicesTest_v242-1078343883 tempest-TaggedBootDevicesTest_v242-1078343883-project-member] Matched version: v2 {{(pid=98913) process_request /opt/stack/glance/glance/api/middleware/version_negotiation.py:69}}
Jun 09 03:48:41.926169 np0000002399 devstack@g-api.service[98913]: DEBUG glance.api.middleware.version_negotiation [None req-4129722d-4538-4e6e-82f7-6ffba037ef33 tempest-TaggedBootDevicesTest_v242-1078343883 tempest-TaggedBootDevicesTest_v242-1078343883-project-member] new path /v2/images/cd21afea-6751-424d-bcc4-74878b9b910b/locations {{(pid=98913) process_request /opt/stack/glance/glance/api/middleware/version_negotiation.py:70}}
Jun 09 03:48:42.038150 np0000002399 devstack@g-api.service[98913]: [pid: 98913|app: 0|req: 188/393] 127.0.0.1 () {44 vars in 1131 bytes} [Tue Jun 9 03:48:41 2026] GET /v2/images/cd21afea-6751-424d-bcc4-74878b9b910b/locations => generated 92 bytes in 113 msecs (HTTP/1.1 200) 4 headers in 156 bytes (1 switches on core 0)
Jun 09 03:48:42.054083 np0000002399 devstack@g-api.service[98914]: DEBUG glance.api.middleware.version_negotiation [None req-4129722d-4538-4e6e-82f7-6ffba037ef33 tempest-TaggedBootDevicesTest_v242-1078343883 tempest-TaggedBootDevicesTest_v242-1078343883-project-member] Determining version of request: GET /v2/images/cd21afea-6751-424d-bcc4-74878b9b910b Accept: */* {{(pid=98914) process_request /opt/stack/glance/glance/api/middleware/version_negotiation.py:44}}
Jun 09 03:48:42.054207 np0000002399 devstack@g-api.service[98913]: DEBUG glance.api.middleware.version_negotiation [None req-5d60a5b6-ecc5-44f3-a0df-3d3577639f10 service glance] Determining version of request: GET /versions Accept: */* {{(pid=98913) process_request /opt/stack/glance/glance/api/middleware/version_negotiation.py:44}}
Jun 09 03:48:42.054244 np0000002399 devstack@g-api.service[98914]: DEBUG glance.api.middleware.version_negotiation [None req-4129722d-4538-4e6e-82f7-6ffba037ef33 tempest-TaggedBootDevicesTest_v242-1078343883 tempest-TaggedBootDevicesTest_v242-1078343883-project-member] Using url versioning {{(pid=98914) process_request /opt/stack/glance/glance/api/middleware/version_negotiation.py:57}}
Jun 09 03:48:42.054244 np0000002399 devstack@g-api.service[98914]: DEBUG glance.api.middleware.version_negotiation [None req-4129722d-4538-4e6e-82f7-6ffba037ef33 tempest-TaggedBootDevicesTest_v242-1078343883 tempest-TaggedBootDevicesTest_v242-1078343883-project-member] Matched version: v2 {{(pid=98914) process_request /opt/stack/glance/glance/api/middleware/version_negotiation.py:69}}
Jun 09 03:48:42.054244 np0000002399 devstack@g-api.service[98914]: DEBUG glance.api.middleware.version_negotiation [None req-4129722d-4538-4e6e-82f7-6ffba037ef33 tempest-TaggedBootDevicesTest_v242-1078343883 tempest-TaggedBootDevicesTest_v242-1078343883-project-member] new path /v2/images/cd21afea-6751-424d-bcc4-74878b9b910b {{(pid=98914) process_request /opt/stack/glance/glance/api/middleware/version_negotiation.py:70}}
Jun 09 03:48:42.057669 np0000002399 devstack@g-api.service[98913]: [pid: 98913|app: 0|req: 189/394] 127.0.0.1 () {44 vars in 1035 bytes} [Tue Jun 9 03:48:42 2026] GET /versions => generated 1394 bytes in 1 msecs (HTTP/1.1 200) 3 headers in 92 bytes (1 switches on core 0)
Jun 09 03:48:42.065351 np0000002399 devstack@g-api.service[98913]: DEBUG glance.api.middleware.version_negotiation [None req-5d60a5b6-ecc5-44f3-a0df-3d3577639f10 service glance] Determining version of request: GET /v2/images/cd21afea-6751-424d-bcc4-74878b9b910b/locations Accept: */* {{(pid=98913) process_request /opt/stack/glance/glance/api/middleware/version_negotiation.py:44}}
Jun 09 03:48:42.067657 np0000002399 devstack@g-api.service[98913]: DEBUG glance.api.middleware.version_negotiation [None req-5d60a5b6-ecc5-44f3-a0df-3d3577639f10 service glance] Using url versioning {{(pid=98913) process_request /opt/stack/glance/glance/api/middleware/version_negotiation.py:57}}
Jun 09 03:48:42.067912 np0000002399 devstack@g-api.service[98913]: DEBUG glance.api.middleware.version_negotiation [None req-5d60a5b6-ecc5-44f3-a0df-3d3577639f10 service glance] Matched version: v2 {{(pid=98913) process_request /opt/stack/glance/glance/api/middleware/version_negotiation.py:69}}
Jun 09 03:48:42.068091 np0000002399 devstack@g-api.service[98913]: DEBUG glance.api.middleware.version_negotiation [None req-5d60a5b6-ecc5-44f3-a0df-3d3577639f10 service glance] new path /v2/images/cd21afea-6751-424d-bcc4-74878b9b910b/locations {{(pid=98913) process_request /opt/stack/glance/glance/api/middleware/version_negotiation.py:70}}
Jun 09 03:48:42.092758 np0000002399 devstack@g-api.service[98914]: [pid: 98914|app: 0|req: 206/395] 127.0.0.1 () {44 vars in 1111 bytes} [Tue Jun 9 03:48:42 2026] GET /v2/images/cd21afea-6751-424d-bcc4-74878b9b910b => generated 1044 bytes in 39 msecs (HTTP/1.1 200) 4 headers in 158 bytes (1 switches on core 0)
Jun 09 03:48:42.106025 np0000002399 devstack@g-api.service[98914]: DEBUG glance.api.middleware.version_negotiation [None req-5d60a5b6-ecc5-44f3-a0df-3d3577639f10 tempest-ServerActionsTestOtherA-1562164249 tempest-ServerActionsTestOtherA-1562164249-project-member] Determining version of request: GET /v2/schemas/image Accept: */* {{(pid=98914) process_request /opt/stack/glance/glance/api/middleware/version_negotiation.py:44}}
Jun 09 03:48:42.106441 np0000002399 devstack@g-api.service[98914]: DEBUG glance.api.middleware.version_negotiation [None req-5d60a5b6-ecc5-44f3-a0df-3d3577639f10 tempest-ServerActionsTestOtherA-1562164249 tempest-ServerActionsTestOtherA-1562164249-project-member] Using url versioning {{(pid=98914) process_request /opt/stack/glance/glance/api/middleware/version_negotiation.py:57}}
Jun 09 03:48:42.106501 np0000002399 devstack@g-api.service[98914]: DEBUG glance.api.middleware.version_negotiation [None req-5d60a5b6-ecc5-44f3-a0df-3d3577639f10 tempest-ServerActionsTestOtherA-1562164249 tempest-ServerActionsTestOtherA-1562164249-project-member] Matched version: v2 {{(pid=98914) process_request /opt/stack/glance/glance/api/middleware/version_negotiation.py:69}}
Jun 09 03:48:42.106668 np0000002399 devstack@g-api.service[98914]: DEBUG glance.api.middleware.version_negotiation [None req-5d60a5b6-ecc5-44f3-a0df-3d3577639f10 tempest-ServerActionsTestOtherA-1562164249 tempest-ServerActionsTestOtherA-1562164249-project-member] new path /v2/schemas/image {{(pid=98914) process_request /opt/stack/glance/glance/api/middleware/version_negotiation.py:70}}
Jun 09 03:48:42.109880 np0000002399 devstack@g-api.service[98914]: [pid: 98914|app: 0|req: 207/396] 127.0.0.1 () {44 vars in 1051 bytes} [Tue Jun 9 03:48:42 2026] GET /v2/schemas/image => generated 6083 bytes in 4 msecs (HTTP/1.1 200) 4 headers in 158 bytes (1 switches on core 0)
Jun 09 03:48:42.128195 np0000002399 devstack@g-api.service[98914]: DEBUG glance.api.middleware.version_negotiation [None req-5d60a5b6-ecc5-44f3-a0df-3d3577639f10 tempest-ServerActionsTestOtherA-1562164249 tempest-ServerActionsTestOtherA-1562164249-project-member] Determining version of request: GET /v2/schemas/image Accept: */* {{(pid=98914) process_request /opt/stack/glance/glance/api/middleware/version_negotiation.py:44}}
Jun 09 03:48:42.129557 np0000002399 devstack@g-api.service[98914]: DEBUG glance.api.middleware.version_negotiation [None req-5d60a5b6-ecc5-44f3-a0df-3d3577639f10 tempest-ServerActionsTestOtherA-1562164249 tempest-ServerActionsTestOtherA-1562164249-project-member] Using url versioning {{(pid=98914) process_request /opt/stack/glance/glance/api/middleware/version_negotiation.py:57}}
Jun 09 03:48:42.130545 np0000002399 devstack@g-api.service[98914]: DEBUG glance.api.middleware.version_negotiation [None req-5d60a5b6-ecc5-44f3-a0df-3d3577639f10 tempest-ServerActionsTestOtherA-1562164249 tempest-ServerActionsTestOtherA-1562164249-project-member] Matched version: v2 {{(pid=98914) process_request /opt/stack/glance/glance/api/middleware/version_negotiation.py:69}}
Jun 09 03:48:42.131586 np0000002399 devstack@g-api.service[98914]: DEBUG glance.api.middleware.version_negotiation [None req-5d60a5b6-ecc5-44f3-a0df-3d3577639f10 tempest-ServerActionsTestOtherA-1562164249 tempest-ServerActionsTestOtherA-1562164249-project-member] new path /v2/schemas/image {{(pid=98914) process_request /opt/stack/glance/glance/api/middleware/version_negotiation.py:70}}
Jun 09 03:48:42.135422 np0000002399 devstack@g-api.service[98914]: [pid: 98914|app: 0|req: 208/397] 127.0.0.1 () {44 vars in 1051 bytes} [Tue Jun 9 03:48:42 2026] GET /v2/schemas/image => generated 6083 bytes in 9 msecs (HTTP/1.1 200) 4 headers in 158 bytes (1 switches on core 0)
Jun 09 03:48:42.155406 np0000002399 devstack@g-api.service[98913]: [pid: 98913|app: 0|req: 190/398] 127.0.0.1 () {44 vars in 1131 bytes} [Tue Jun 9 03:48:42 2026] GET /v2/images/cd21afea-6751-424d-bcc4-74878b9b910b/locations => generated 92 bytes in 90 msecs (HTTP/1.1 200) 4 headers in 156 bytes (1 switches on core 0)
Jun 09 03:48:42.165440 np0000002399 devstack@g-api.service[98914]: DEBUG glance.api.middleware.version_negotiation [None req-5d60a5b6-ecc5-44f3-a0df-3d3577639f10 tempest-ServerActionsTestOtherA-1562164249 tempest-ServerActionsTestOtherA-1562164249-project-member] Determining version of request: GET /v2/images/cd21afea-6751-424d-bcc4-74878b9b910b Accept: */* {{(pid=98914) process_request /opt/stack/glance/glance/api/middleware/version_negotiation.py:44}}
Jun 09 03:48:42.165770 np0000002399 devstack@g-api.service[98914]: DEBUG glance.api.middleware.version_negotiation [None req-5d60a5b6-ecc5-44f3-a0df-3d3577639f10 tempest-ServerActionsTestOtherA-1562164249 tempest-ServerActionsTestOtherA-1562164249-project-member] Using url versioning {{(pid=98914) process_request /opt/stack/glance/glance/api/middleware/version_negotiation.py:57}}
Jun 09 03:48:42.165989 np0000002399 devstack@g-api.service[98914]: DEBUG glance.api.middleware.version_negotiation [None req-5d60a5b6-ecc5-44f3-a0df-3d3577639f10 tempest-ServerActionsTestOtherA-1562164249 tempest-ServerActionsTestOtherA-1562164249-project-member] Matched version: v2 {{(pid=98914) process_request /opt/stack/glance/glance/api/middleware/version_negotiation.py:69}}
Jun 09 03:48:42.166451 np0000002399 devstack@g-api.service[98914]: DEBUG glance.api.middleware.version_negotiation [None req-5d60a5b6-ecc5-44f3-a0df-3d3577639f10 tempest-ServerActionsTestOtherA-1562164249 tempest-ServerActionsTestOtherA-1562164249-project-member] new path /v2/images/cd21afea-6751-424d-bcc4-74878b9b910b {{(pid=98914) process_request /opt/stack/glance/glance/api/middleware/version_negotiation.py:70}}
Jun 09 03:48:42.185748 np0000002399 devstack@g-api.service[98914]: [pid: 98914|app: 0|req: 209/399] 127.0.0.1 () {44 vars in 1111 bytes} [Tue Jun 9 03:48:42 2026] GET /v2/images/cd21afea-6751-424d-bcc4-74878b9b910b => generated 1044 bytes in 20 msecs (HTTP/1.1 200) 4 headers in 158 bytes (1 switches on core 0)
Jun 09 03:48:42.211020 np0000002399 devstack@g-api.service[98913]: DEBUG glance.api.middleware.version_negotiation [None req-4129722d-4538-4e6e-82f7-6ffba037ef33 service glance] Determining version of request: GET /v2/schemas/image Accept: */* {{(pid=98913) process_request /opt/stack/glance/glance/api/middleware/version_negotiation.py:44}}
Jun 09 03:48:42.211020 np0000002399 devstack@g-api.service[98913]: DEBUG glance.api.middleware.version_negotiation [None req-4129722d-4538-4e6e-82f7-6ffba037ef33 service glance] Using url versioning {{(pid=98913) process_request /opt/stack/glance/glance/api/middleware/version_negotiation.py:57}}
Jun 09 03:48:42.211020 np0000002399 devstack@g-api.service[98913]: DEBUG glance.api.middleware.version_negotiation [None req-4129722d-4538-4e6e-82f7-6ffba037ef33 service glance] Matched version: v2 {{(pid=98913) process_request /opt/stack/glance/glance/api/middleware/version_negotiation.py:69}}
Jun 09 03:48:42.211020 np0000002399 devstack@g-api.service[98913]: DEBUG glance.api.middleware.version_negotiation [None req-4129722d-4538-4e6e-82f7-6ffba037ef33 service glance] new path /v2/schemas/image {{(pid=98913) process_request /opt/stack/glance/glance/api/middleware/version_negotiation.py:70}}
Jun 09 03:48:42.214561 np0000002399 devstack@g-api.service[98913]: [pid: 98913|app: 0|req: 191/400] 127.0.0.1 () {44 vars in 1051 bytes} [Tue Jun 9 03:48:42 2026] GET /v2/schemas/image => generated 6083 bytes in 6 msecs (HTTP/1.1 200) 4 headers in 158 bytes (1 switches on core 0)
Jun 09 03:48:42.229168 np0000002399 devstack@g-api.service[98914]: DEBUG glance.api.middleware.version_negotiation [None req-4129722d-4538-4e6e-82f7-6ffba037ef33 tempest-TaggedBootDevicesTest_v242-1078343883 tempest-TaggedBootDevicesTest_v242-1078343883-project-member] Determining version of request: GET /v2/schemas/image Accept: */* {{(pid=98914) process_request /opt/stack/glance/glance/api/middleware/version_negotiation.py:44}}
Jun 09 03:48:42.229533 np0000002399 devstack@g-api.service[98914]: DEBUG glance.api.middleware.version_negotiation [None req-4129722d-4538-4e6e-82f7-6ffba037ef33 tempest-TaggedBootDevicesTest_v242-1078343883 tempest-TaggedBootDevicesTest_v242-1078343883-project-member] Using url versioning {{(pid=98914) process_request /opt/stack/glance/glance/api/middleware/version_negotiation.py:57}}
Jun 09 03:48:42.230537 np0000002399 devstack@g-api.service[98914]: DEBUG glance.api.middleware.version_negotiation [None req-4129722d-4538-4e6e-82f7-6ffba037ef33 tempest-TaggedBootDevicesTest_v242-1078343883 tempest-TaggedBootDevicesTest_v242-1078343883-project-member] Matched version: v2 {{(pid=98914) process_request /opt/stack/glance/glance/api/middleware/version_negotiation.py:69}}
Jun 09 03:48:42.232793 np0000002399 devstack@g-api.service[98914]: DEBUG glance.api.middleware.version_negotiation [None req-4129722d-4538-4e6e-82f7-6ffba037ef33 tempest-TaggedBootDevicesTest_v242-1078343883 tempest-TaggedBootDevicesTest_v242-1078343883-project-member] new path /v2/schemas/image {{(pid=98914) process_request /opt/stack/glance/glance/api/middleware/version_negotiation.py:70}}
Jun 09 03:48:42.247994 np0000002399 devstack@g-api.service[98914]: [pid: 98914|app: 0|req: 210/401] 127.0.0.1 () {44 vars in 1051 bytes} [Tue Jun 9 03:48:42 2026] GET /v2/schemas/image => generated 6083 bytes in 20 msecs (HTTP/1.1 200) 4 headers in 158 bytes (1 switches on core 0)
Jun 09 03:48:45.430313 np0000002399 devstack@g-api.service[98913]: DEBUG glance.api.middleware.version_negotiation [None req-4129722d-4538-4e6e-82f7-6ffba037ef33 tempest-TaggedBootDevicesTest_v242-1078343883 tempest-TaggedBootDevicesTest_v242-1078343883-project-member] Determining version of request: GET /v2/images/cd21afea-6751-424d-bcc4-74878b9b910b Accept: */* {{(pid=98913) process_request /opt/stack/glance/glance/api/middleware/version_negotiation.py:44}}
Jun 09 03:48:45.430689 np0000002399 devstack@g-api.service[98913]: DEBUG glance.api.middleware.version_negotiation [None req-4129722d-4538-4e6e-82f7-6ffba037ef33 tempest-TaggedBootDevicesTest_v242-1078343883 tempest-TaggedBootDevicesTest_v242-1078343883-project-member] Using url versioning {{(pid=98913) process_request /opt/stack/glance/glance/api/middleware/version_negotiation.py:57}}
Jun 09 03:48:45.431132 np0000002399 devstack@g-api.service[98913]: DEBUG glance.api.middleware.version_negotiation [None req-4129722d-4538-4e6e-82f7-6ffba037ef33 tempest-TaggedBootDevicesTest_v242-1078343883 tempest-TaggedBootDevicesTest_v242-1078343883-project-member] Matched version: v2 {{(pid=98913) process_request /opt/stack/glance/glance/api/middleware/version_negotiation.py:69}}
Jun 09 03:48:45.431303 np0000002399 devstack@g-api.service[98913]: DEBUG glance.api.middleware.version_negotiation [None req-4129722d-4538-4e6e-82f7-6ffba037ef33 tempest-TaggedBootDevicesTest_v242-1078343883 tempest-TaggedBootDevicesTest_v242-1078343883-project-member] new path /v2/images/cd21afea-6751-424d-bcc4-74878b9b910b {{(pid=98913) process_request /opt/stack/glance/glance/api/middleware/version_negotiation.py:70}}
Jun 09 03:48:45.444207 np0000002399 devstack@g-api.service[98913]: [pid: 98913|app: 0|req: 192/402] 127.0.0.1 () {44 vars in 1111 bytes} [Tue Jun 9 03:48:45 2026] GET /v2/images/cd21afea-6751-424d-bcc4-74878b9b910b => generated 1044 bytes in 14 msecs (HTTP/1.1 200) 4 headers in 158 bytes (1 switches on core 0)
Jun 09 03:48:45.478965 np0000002399 devstack@g-api.service[98914]: DEBUG glance.api.middleware.version_negotiation [None req-4129722d-4538-4e6e-82f7-6ffba037ef33 tempest-TaggedBootDevicesTest_v242-1078343883 tempest-TaggedBootDevicesTest_v242-1078343883-project-member] Determining version of request: GET /v2/schemas/image Accept: */* {{(pid=98914) process_request /opt/stack/glance/glance/api/middleware/version_negotiation.py:44}}
Jun 09 03:48:45.479623 np0000002399 devstack@g-api.service[98914]: DEBUG glance.api.middleware.version_negotiation [None req-4129722d-4538-4e6e-82f7-6ffba037ef33 tempest-TaggedBootDevicesTest_v242-1078343883 tempest-TaggedBootDevicesTest_v242-1078343883-project-member] Using url versioning {{(pid=98914) process_request /opt/stack/glance/glance/api/middleware/version_negotiation.py:57}}
Jun 09 03:48:45.479677 np0000002399 devstack@g-api.service[98914]: DEBUG glance.api.middleware.version_negotiation [None req-4129722d-4538-4e6e-82f7-6ffba037ef33 tempest-TaggedBootDevicesTest_v242-1078343883 tempest-TaggedBootDevicesTest_v242-1078343883-project-member] Matched version: v2 {{(pid=98914) process_request /opt/stack/glance/glance/api/middleware/version_negotiation.py:69}}
Jun 09 03:48:45.479821 np0000002399 devstack@g-api.service[98914]: DEBUG glance.api.middleware.version_negotiation [None req-4129722d-4538-4e6e-82f7-6ffba037ef33 tempest-TaggedBootDevicesTest_v242-1078343883 tempest-TaggedBootDevicesTest_v242-1078343883-project-member] new path /v2/schemas/image {{(pid=98914) process_request /opt/stack/glance/glance/api/middleware/version_negotiation.py:70}}
Jun 09 03:48:45.483111 np0000002399 devstack@g-api.service[98914]: [pid: 98914|app: 0|req: 211/403] 127.0.0.1 () {44 vars in 1051 bytes} [Tue Jun 9 03:48:45 2026] GET /v2/schemas/image => generated 6083 bytes in 4 msecs (HTTP/1.1 200) 4 headers in 158 bytes (1 switches on core 0)
Jun 09 03:48:47.545682 np0000002399 devstack@g-api.service[98913]: DEBUG glance.api.middleware.version_negotiation [None req-65d07388-84a4-426c-8589-534d00adb83e tempest-ServerRescueNegativeTestJSON-2064768893 tempest-ServerRescueNegativeTestJSON-2064768893-project-member] Determining version of request: POST /v2/images Accept: application/json {{(pid=98913) process_request /opt/stack/glance/glance/api/middleware/version_negotiation.py:44}}
Jun 09 03:48:47.546094 np0000002399 devstack@g-api.service[98913]: DEBUG glance.api.middleware.version_negotiation [None req-65d07388-84a4-426c-8589-534d00adb83e tempest-ServerRescueNegativeTestJSON-2064768893 tempest-ServerRescueNegativeTestJSON-2064768893-project-member] Using url versioning {{(pid=98913) process_request /opt/stack/glance/glance/api/middleware/version_negotiation.py:57}}
Jun 09 03:48:47.546094 np0000002399 devstack@g-api.service[98913]: DEBUG glance.api.middleware.version_negotiation [None req-65d07388-84a4-426c-8589-534d00adb83e tempest-ServerRescueNegativeTestJSON-2064768893 tempest-ServerRescueNegativeTestJSON-2064768893-project-member] Matched version: v2 {{(pid=98913) process_request /opt/stack/glance/glance/api/middleware/version_negotiation.py:69}}
Jun 09 03:48:47.546192 np0000002399 devstack@g-api.service[98913]: DEBUG glance.api.middleware.version_negotiation [None req-65d07388-84a4-426c-8589-534d00adb83e tempest-ServerRescueNegativeTestJSON-2064768893 tempest-ServerRescueNegativeTestJSON-2064768893-project-member] new path /v2/images {{(pid=98913) process_request /opt/stack/glance/glance/api/middleware/version_negotiation.py:70}}
Jun 09 03:48:48.162581 np0000002399 devstack@g-api.service[98913]: [pid: 98913|app: 0|req: 193/404] 127.0.0.1 () {42 vars in 782 bytes} [Tue Jun 9 03:48:47 2026] POST /v2/images => generated 652 bytes in 616 msecs (HTTP/1.1 201) 6 headers in 315 bytes (1 switches on core 0)
Jun 09 03:48:48.171908 np0000002399 devstack@g-api.service[98914]: DEBUG glance.api.middleware.version_negotiation [None req-65d07388-84a4-426c-8589-534d00adb83e tempest-ServerRescueNegativeTestJSON-2064768893 tempest-ServerRescueNegativeTestJSON-2064768893-project-member] Determining version of request: PUT /v2/images/7dfa4d8a-5304-4917-81e1-516246e83f1d/file Accept: {{(pid=98914) process_request /opt/stack/glance/glance/api/middleware/version_negotiation.py:44}}
Jun 09 03:48:48.172401 np0000002399 devstack@g-api.service[98914]: DEBUG glance.api.middleware.version_negotiation [None req-65d07388-84a4-426c-8589-534d00adb83e tempest-ServerRescueNegativeTestJSON-2064768893 tempest-ServerRescueNegativeTestJSON-2064768893-project-member] Using url versioning {{(pid=98914) process_request /opt/stack/glance/glance/api/middleware/version_negotiation.py:57}}
Jun 09 03:48:48.172401 np0000002399 devstack@g-api.service[98914]: DEBUG glance.api.middleware.version_negotiation [None req-65d07388-84a4-426c-8589-534d00adb83e tempest-ServerRescueNegativeTestJSON-2064768893 tempest-ServerRescueNegativeTestJSON-2064768893-project-member] Matched version: v2 {{(pid=98914) process_request /opt/stack/glance/glance/api/middleware/version_negotiation.py:69}}
Jun 09 03:48:48.172401 np0000002399 devstack@g-api.service[98914]: DEBUG glance.api.middleware.version_negotiation [None req-65d07388-84a4-426c-8589-534d00adb83e tempest-ServerRescueNegativeTestJSON-2064768893 tempest-ServerRescueNegativeTestJSON-2064768893-project-member] new path /v2/images/7dfa4d8a-5304-4917-81e1-516246e83f1d/file {{(pid=98914) process_request /opt/stack/glance/glance/api/middleware/version_negotiation.py:70}}
Jun 09 03:48:48.916761 np0000002399 devstack@g-api.service[98914]: INFO glance.api.v2.image_data [None req-a6c18db5-9e9b-424c-8ab0-3e503e96d2cf tempest-VolumesNegativeTest-2021297530 tempest-VolumesNegativeTest-2021297530-project-member] Unable to create trust: no such option collect_timing in group [keystone_authtoken] Use the existing user token.
Jun 09 03:48:49.619838 np0000002399 devstack@g-api.service[98914]: DEBUG glance.location [None req-a6c18db5-9e9b-424c-8ab0-3e503e96d2cf tempest-VolumesNegativeTest-2021297530 tempest-VolumesNegativeTest-2021297530-project-member] Enabling in-flight format inspection for raw {{(pid=98914) set_data /opt/stack/glance/glance/location.py:616}}
Jun 09 03:48:49.620631 np0000002399 devstack@g-api.service[98914]: DEBUG glance_store.backend [None req-a6c18db5-9e9b-424c-8ab0-3e503e96d2cf tempest-VolumesNegativeTest-2021297530 tempest-VolumesNegativeTest-2021297530-project-member] Attempting to import store swift {{(pid=98914) _load_store /opt/stack/data/venv/lib/python3.12/site-packages/glance_store/backend.py:215}}
Jun 09 03:48:49.622771 np0000002399 devstack@g-api.service[98914]: DEBUG glance_store.capabilities [None req-a6c18db5-9e9b-424c-8ab0-3e503e96d2cf tempest-VolumesNegativeTest-2021297530 tempest-VolumesNegativeTest-2021297530-project-member] Store glance_store._drivers.swift.store.SingleTenantStore doesn't support updating dynamic storage capabilities. Please overwrite 'update_capabilities' method of the store to implement updating logics if needed. {{(pid=98914) update_capabilities /opt/stack/data/venv/lib/python3.12/site-packages/glance_store/capabilities.py:91}}
Jun 09 03:48:49.623003 np0000002399 devstack@g-api.service[98914]: DEBUG glance_store.driver [None req-a6c18db5-9e9b-424c-8ab0-3e503e96d2cf tempest-VolumesNegativeTest-2021297530 tempest-VolumesNegativeTest-2021297530-project-member] Late loading location class glance_store._drivers.swift.store.StoreLocation {{(pid=98914) get_store_location_class /opt/stack/data/venv/lib/python3.12/site-packages/glance_store/driver.py:134}}
Jun 09 03:48:49.623240 np0000002399 devstack@g-api.service[98914]: DEBUG glance_store.location [None req-a6c18db5-9e9b-424c-8ab0-3e503e96d2cf tempest-VolumesNegativeTest-2021297530 tempest-VolumesNegativeTest-2021297530-project-member] Registering scheme swift+https with {'store': , 'location_class': , 'store_entry': 'swift'} {{(pid=98914) register_scheme_map /opt/stack/data/venv/lib/python3.12/site-packages/glance_store/location.py:146}}
Jun 09 03:48:49.623491 np0000002399 devstack@g-api.service[98914]: DEBUG glance_store.location [None req-a6c18db5-9e9b-424c-8ab0-3e503e96d2cf tempest-VolumesNegativeTest-2021297530 tempest-VolumesNegativeTest-2021297530-project-member] Registering scheme swift+https with {'store': , 'location_class': , 'store_entry': 'swift'} {{(pid=98914) register_scheme_map /opt/stack/data/venv/lib/python3.12/site-packages/glance_store/location.py:146}}
Jun 09 03:48:49.623679 np0000002399 devstack@g-api.service[98914]: DEBUG glance_store.location [None req-a6c18db5-9e9b-424c-8ab0-3e503e96d2cf tempest-VolumesNegativeTest-2021297530 tempest-VolumesNegativeTest-2021297530-project-member] Registering scheme swift with {'store': , 'location_class': , 'store_entry': 'swift'} {{(pid=98914) register_scheme_map /opt/stack/data/venv/lib/python3.12/site-packages/glance_store/location.py:146}}
Jun 09 03:48:49.623888 np0000002399 devstack@g-api.service[98914]: DEBUG glance_store.location [None req-a6c18db5-9e9b-424c-8ab0-3e503e96d2cf tempest-VolumesNegativeTest-2021297530 tempest-VolumesNegativeTest-2021297530-project-member] Registering scheme swift+https with {'store': , 'location_class': , 'store_entry': 'swift'} {{(pid=98914) register_scheme_map /opt/stack/data/venv/lib/python3.12/site-packages/glance_store/location.py:146}}
Jun 09 03:48:49.624729 np0000002399 devstack@g-api.service[98914]: DEBUG glance_store.location [None req-a6c18db5-9e9b-424c-8ab0-3e503e96d2cf tempest-VolumesNegativeTest-2021297530 tempest-VolumesNegativeTest-2021297530-project-member] Registering scheme swift with {'store': , 'location_class': , 'store_entry': 'swift'} {{(pid=98914) register_scheme_map /opt/stack/data/venv/lib/python3.12/site-packages/glance_store/location.py:146}}
Jun 09 03:48:49.624729 np0000002399 devstack@g-api.service[98914]: DEBUG glance_store.location [None req-a6c18db5-9e9b-424c-8ab0-3e503e96d2cf tempest-VolumesNegativeTest-2021297530 tempest-VolumesNegativeTest-2021297530-project-member] Registering scheme swift+http with {'store': , 'location_class': , 'store_entry': 'swift'} {{(pid=98914) register_scheme_map /opt/stack/data/venv/lib/python3.12/site-packages/glance_store/location.py:146}}
Jun 09 03:48:49.624729 np0000002399 devstack@g-api.service[98914]: DEBUG glance_store.location [None req-a6c18db5-9e9b-424c-8ab0-3e503e96d2cf tempest-VolumesNegativeTest-2021297530 tempest-VolumesNegativeTest-2021297530-project-member] Registering scheme swift+https with {'store': , 'location_class': , 'store_entry': 'swift'} {{(pid=98914) register_scheme_map /opt/stack/data/venv/lib/python3.12/site-packages/glance_store/location.py:146}}
Jun 09 03:48:49.624729 np0000002399 devstack@g-api.service[98914]: DEBUG glance_store.location [None req-a6c18db5-9e9b-424c-8ab0-3e503e96d2cf tempest-VolumesNegativeTest-2021297530 tempest-VolumesNegativeTest-2021297530-project-member] Registering scheme swift with {'store': , 'location_class': , 'store_entry': 'swift'} {{(pid=98914) register_scheme_map /opt/stack/data/venv/lib/python3.12/site-packages/glance_store/location.py:146}}
Jun 09 03:48:49.624729 np0000002399 devstack@g-api.service[98914]: DEBUG glance_store.location [None req-a6c18db5-9e9b-424c-8ab0-3e503e96d2cf tempest-VolumesNegativeTest-2021297530 tempest-VolumesNegativeTest-2021297530-project-member] Registering scheme swift+http with {'store': , 'location_class': , 'store_entry': 'swift'} {{(pid=98914) register_scheme_map /opt/stack/data/venv/lib/python3.12/site-packages/glance_store/location.py:146}}
Jun 09 03:48:49.625025 np0000002399 devstack@g-api.service[98914]: DEBUG glance_store.location [None req-a6c18db5-9e9b-424c-8ab0-3e503e96d2cf tempest-VolumesNegativeTest-2021297530 tempest-VolumesNegativeTest-2021297530-project-member] Registering scheme swift+config with {'store': , 'location_class': , 'store_entry': 'swift'} {{(pid=98914) register_scheme_map /opt/stack/data/venv/lib/python3.12/site-packages/glance_store/location.py:146}}
Jun 09 03:48:49.765941 np0000002399 devstack@g-api.service[98914]: DEBUG swiftclient [None req-a6c18db5-9e9b-424c-8ab0-3e503e96d2cf tempest-VolumesNegativeTest-2021297530 tempest-VolumesNegativeTest-2021297530-project-member] REQ: curl -i https://10.4.3.63:8080/v1/AUTH_9fa4474f2c5c400eacc562d9cfc1a362/glance -I -H "X-Auth-Token: gAAAAABqJ40hqu68..." {{(pid=98914) http_log /opt/stack/data/venv/lib/python3.12/site-packages/swiftclient/client.py:160}}
Jun 09 03:48:49.766263 np0000002399 devstack@g-api.service[98914]: DEBUG swiftclient [None req-a6c18db5-9e9b-424c-8ab0-3e503e96d2cf tempest-VolumesNegativeTest-2021297530 tempest-VolumesNegativeTest-2021297530-project-member] RESP STATUS: 204 No Content {{(pid=98914) http_log /opt/stack/data/venv/lib/python3.12/site-packages/swiftclient/client.py:161}}
Jun 09 03:48:49.766720 np0000002399 devstack@g-api.service[98914]: DEBUG swiftclient [None req-a6c18db5-9e9b-424c-8ab0-3e503e96d2cf tempest-VolumesNegativeTest-2021297530 tempest-VolumesNegativeTest-2021297530-project-member] RESP HEADERS: {'Date': 'Tue, 09 Jun 2026 03:48:49 GMT', 'Server': 'Apache/2.4.58 (Ubuntu)', 'Content-Type': 'text/plain; charset=utf-8', 'X-Container-Object-Count': '3', 'X-Container-Bytes-Used': '64356352', 'X-Timestamp': '1780976434.96270', 'Last-Modified': 'Tue, 09 Jun 2026 03:40:35 GMT', 'Accept-Ranges': 'bytes', 'X-Storage-Policy': 'Policy-0', 'X-Container-Sharding': 'False', 'Vary': 'Accept', 'X-Trans-Id': 'tx29720c63675f42d58ff91-006a278d21', 'X-Openstack-Request-Id': 'tx29720c63675f42d58ff91-006a278d21', 'Connection': 'close'} {{(pid=98914) http_log /opt/stack/data/venv/lib/python3.12/site-packages/swiftclient/client.py:162}}
Jun 09 03:48:49.766923 np0000002399 devstack@g-api.service[98914]: DEBUG glance_store._drivers.swift.store [None req-a6c18db5-9e9b-424c-8ab0-3e503e96d2cf tempest-VolumesNegativeTest-2021297530 tempest-VolumesNegativeTest-2021297530-project-member] Adding image object '7dfa4d8a-5304-4917-81e1-516246e83f1d' to Swift {{(pid=98914) add /opt/stack/data/venv/lib/python3.12/site-packages/glance_store/_drivers/swift/store.py:970}}
Jun 09 03:48:49.775749 np0000002399 devstack@g-api.service[98914]: DEBUG oslo_utils.imageutils.format_inspector [None req-a6c18db5-9e9b-424c-8ab0-3e503e96d2cf tempest-VolumesNegativeTest-2021297530 tempest-VolumesNegativeTest-2021297530-project-member] Format inspector for vmdk does not match, excluding from consideration (Signature KDMV not found: b'\xebK\xdcZ') {{(pid=98914) _process_chunk /opt/stack/data/venv/lib/python3.12/site-packages/oslo_utils/imageutils/format_inspector.py:1758}}
Jun 09 03:48:49.806817 np0000002399 devstack@g-api.service[98914]: DEBUG swiftclient [None req-a6c18db5-9e9b-424c-8ab0-3e503e96d2cf tempest-VolumesNegativeTest-2021297530 tempest-VolumesNegativeTest-2021297530-project-member] REQ: curl -i https://10.4.3.63:8080/v1/AUTH_9fa4474f2c5c400eacc562d9cfc1a362/glance/7dfa4d8a-5304-4917-81e1-516246e83f1d -X PUT -H "X-Auth-Token: gAAAAABqJ40hqu68..." -H "Content-Length: 1024" {{(pid=98914) http_log /opt/stack/data/venv/lib/python3.12/site-packages/swiftclient/client.py:160}}
Jun 09 03:48:49.806817 np0000002399 devstack@g-api.service[98914]: DEBUG swiftclient [None req-a6c18db5-9e9b-424c-8ab0-3e503e96d2cf tempest-VolumesNegativeTest-2021297530 tempest-VolumesNegativeTest-2021297530-project-member] RESP STATUS: 201 Created {{(pid=98914) http_log /opt/stack/data/venv/lib/python3.12/site-packages/swiftclient/client.py:161}}
Jun 09 03:48:49.806817 np0000002399 devstack@g-api.service[98914]: DEBUG swiftclient [None req-a6c18db5-9e9b-424c-8ab0-3e503e96d2cf tempest-VolumesNegativeTest-2021297530 tempest-VolumesNegativeTest-2021297530-project-member] RESP HEADERS: {'Date': 'Tue, 09 Jun 2026 03:48:49 GMT', 'Server': 'Apache/2.4.58 (Ubuntu)', 'Content-Type': 'text/html; charset=UTF-8', 'Content-Length': '0', 'Etag': 'b246ffdb49246c1d8dc7b64fa36db59c', 'Last-Modified': 'Tue, 09 Jun 2026 03:48:50 GMT', 'X-Trans-Id': 'txf51c44158a4d44e99566d-006a278d21', 'X-Openstack-Request-Id': 'txf51c44158a4d44e99566d-006a278d21', 'Connection': 'close'} {{(pid=98914) http_log /opt/stack/data/venv/lib/python3.12/site-packages/swiftclient/client.py:162}}
Jun 09 03:48:49.807150 np0000002399 devstack@g-api.service[98914]: INFO glance.location [None req-a6c18db5-9e9b-424c-8ab0-3e503e96d2cf tempest-VolumesNegativeTest-2021297530 tempest-VolumesNegativeTest-2021297530-project-member] Image format matched and virtual size computed: 1024
Jun 09 03:48:49.840936 np0000002399 devstack@g-api.service[98914]: DEBUG glance_store.backend [None req-a6c18db5-9e9b-424c-8ab0-3e503e96d2cf tempest-VolumesNegativeTest-2021297530 tempest-VolumesNegativeTest-2021297530-project-member] Attempting to import store swift {{(pid=98914) _load_store /opt/stack/data/venv/lib/python3.12/site-packages/glance_store/backend.py:215}}
Jun 09 03:48:49.845379 np0000002399 devstack@g-api.service[98914]: DEBUG glance_store.capabilities [None req-a6c18db5-9e9b-424c-8ab0-3e503e96d2cf tempest-VolumesNegativeTest-2021297530 tempest-VolumesNegativeTest-2021297530-project-member] Store glance_store._drivers.swift.store.SingleTenantStore doesn't support updating dynamic storage capabilities. Please overwrite 'update_capabilities' method of the store to implement updating logics if needed. {{(pid=98914) update_capabilities /opt/stack/data/venv/lib/python3.12/site-packages/glance_store/capabilities.py:91}}
Jun 09 03:48:49.845379 np0000002399 devstack@g-api.service[98914]: DEBUG glance_store.driver [None req-a6c18db5-9e9b-424c-8ab0-3e503e96d2cf tempest-VolumesNegativeTest-2021297530 tempest-VolumesNegativeTest-2021297530-project-member] Late loading location class glance_store._drivers.swift.store.StoreLocation {{(pid=98914) get_store_location_class /opt/stack/data/venv/lib/python3.12/site-packages/glance_store/driver.py:134}}
Jun 09 03:48:49.845379 np0000002399 devstack@g-api.service[98914]: DEBUG glance_store.location [None req-a6c18db5-9e9b-424c-8ab0-3e503e96d2cf tempest-VolumesNegativeTest-2021297530 tempest-VolumesNegativeTest-2021297530-project-member] Registering scheme swift+https with {'store': , 'location_class': , 'store_entry': 'swift'} {{(pid=98914) register_scheme_map /opt/stack/data/venv/lib/python3.12/site-packages/glance_store/location.py:146}}
Jun 09 03:48:49.845379 np0000002399 devstack@g-api.service[98914]: DEBUG glance_store.location [None req-a6c18db5-9e9b-424c-8ab0-3e503e96d2cf tempest-VolumesNegativeTest-2021297530 tempest-VolumesNegativeTest-2021297530-project-member] Registering scheme swift+https with {'store': , 'location_class': , 'store_entry': 'swift'} {{(pid=98914) register_scheme_map /opt/stack/data/venv/lib/python3.12/site-packages/glance_store/location.py:146}}
Jun 09 03:48:49.845379 np0000002399 devstack@g-api.service[98914]: DEBUG glance_store.location [None req-a6c18db5-9e9b-424c-8ab0-3e503e96d2cf tempest-VolumesNegativeTest-2021297530 tempest-VolumesNegativeTest-2021297530-project-member] Registering scheme swift with {'store': , 'location_class': , 'store_entry': 'swift'} {{(pid=98914) register_scheme_map /opt/stack/data/venv/lib/python3.12/site-packages/glance_store/location.py:146}}
Jun 09 03:48:49.845379 np0000002399 devstack@g-api.service[98914]: DEBUG glance_store.location [None req-a6c18db5-9e9b-424c-8ab0-3e503e96d2cf tempest-VolumesNegativeTest-2021297530 tempest-VolumesNegativeTest-2021297530-project-member] Registering scheme swift+https with {'store': , 'location_class': , 'store_entry': 'swift'} {{(pid=98914) register_scheme_map /opt/stack/data/venv/lib/python3.12/site-packages/glance_store/location.py:146}}
Jun 09 03:48:49.845379 np0000002399 devstack@g-api.service[98914]: DEBUG glance_store.location [None req-a6c18db5-9e9b-424c-8ab0-3e503e96d2cf tempest-VolumesNegativeTest-2021297530 tempest-VolumesNegativeTest-2021297530-project-member] Registering scheme swift with {'store': , 'location_class': , 'store_entry': 'swift'} {{(pid=98914) register_scheme_map /opt/stack/data/venv/lib/python3.12/site-packages/glance_store/location.py:146}}
Jun 09 03:48:49.845379 np0000002399 devstack@g-api.service[98914]: DEBUG glance_store.location [None req-a6c18db5-9e9b-424c-8ab0-3e503e96d2cf tempest-VolumesNegativeTest-2021297530 tempest-VolumesNegativeTest-2021297530-project-member] Registering scheme swift+http with {'store': , 'location_class': , 'store_entry': 'swift'} {{(pid=98914) register_scheme_map /opt/stack/data/venv/lib/python3.12/site-packages/glance_store/location.py:146}}
Jun 09 03:48:49.845379 np0000002399 devstack@g-api.service[98914]: DEBUG glance_store.location [None req-a6c18db5-9e9b-424c-8ab0-3e503e96d2cf tempest-VolumesNegativeTest-2021297530 tempest-VolumesNegativeTest-2021297530-project-member] Registering scheme swift+https with {'store': , 'location_class': , 'store_entry': 'swift'} {{(pid=98914) register_scheme_map /opt/stack/data/venv/lib/python3.12/site-packages/glance_store/location.py:146}}
Jun 09 03:48:49.845379 np0000002399 devstack@g-api.service[98914]: DEBUG glance_store.location [None req-a6c18db5-9e9b-424c-8ab0-3e503e96d2cf tempest-VolumesNegativeTest-2021297530 tempest-VolumesNegativeTest-2021297530-project-member] Registering scheme swift with {'store': , 'location_class': , 'store_entry': 'swift'} {{(pid=98914) register_scheme_map /opt/stack/data/venv/lib/python3.12/site-packages/glance_store/location.py:146}}
Jun 09 03:48:49.845379 np0000002399 devstack@g-api.service[98914]: DEBUG glance_store.location [None req-a6c18db5-9e9b-424c-8ab0-3e503e96d2cf tempest-VolumesNegativeTest-2021297530 tempest-VolumesNegativeTest-2021297530-project-member] Registering scheme swift+http with {'store': , 'location_class': , 'store_entry': 'swift'} {{(pid=98914) register_scheme_map /opt/stack/data/venv/lib/python3.12/site-packages/glance_store/location.py:146}}
