Jun 05 04:52:34.077451 np0000002204 devstack@neutron-api.service[89912]: INFO neutron.api.extensions [None req-509c7d8e-33e7-4b9e-a85c-6654ef7542c9 None None] Extension qos-bw-minimum-ingress not supported by any of loaded plugins
Jun 05 04:52:34.077579 np0000002204 devstack@neutron-api.service[89912]: DEBUG neutron.api.extensions [None req-509c7d8e-33e7-4b9e-a85c-6654ef7542c9 None None] Loading extension file: qos_default.py {{(pid=89912) _load_all_extensions_from_path /opt/stack/neutron/neutron/api/extensions.py:449}}
Jun 05 04:52:34.077937 np0000002204 devstack@neutron-api.service[89912]: DEBUG neutron.api.extensions [None req-509c7d8e-33e7-4b9e-a85c-6654ef7542c9 None None] Ext name="QoS default policy" alias="qos-default" description="Expose the QoS default policy per project" updated="2017-041-06T10:00:00-00:00" {{(pid=89912) _check_extension /opt/stack/neutron/neutron/api/extensions.py:415}}
Jun 05 04:52:34.078261 np0000002204 devstack@neutron-api.service[89912]: INFO neutron.api.extensions [None req-509c7d8e-33e7-4b9e-a85c-6654ef7542c9 None None] Extension qos-default not supported by any of loaded plugins
Jun 05 04:52:34.078261 np0000002204 devstack@neutron-api.service[89912]: DEBUG neutron.api.extensions [None req-509c7d8e-33e7-4b9e-a85c-6654ef7542c9 None None] Loading extension file: qos_fip.py {{(pid=89912) _load_all_extensions_from_path /opt/stack/neutron/neutron/api/extensions.py:449}}
Jun 05 04:52:34.078560 np0000002204 devstack@neutron-api.service[89912]: DEBUG neutron.api.extensions [None req-509c7d8e-33e7-4b9e-a85c-6654ef7542c9 None None] Ext name="Floating IP QoS" alias="qos-fip" description="The floating IP Quality of Service extension" updated="2017-07-20T00:00:00-00:00" {{(pid=89912) _check_extension /opt/stack/neutron/neutron/api/extensions.py:415}}
Jun 05 04:52:34.078766 np0000002204 devstack@neutron-api.service[89912]: INFO neutron.api.extensions [None req-509c7d8e-33e7-4b9e-a85c-6654ef7542c9 None None] Extension qos-fip not supported by any of loaded plugins
Jun 05 04:52:34.078766 np0000002204 devstack@neutron-api.service[89912]: DEBUG neutron.api.extensions [None req-509c7d8e-33e7-4b9e-a85c-6654ef7542c9 None None] Loading extension file: qos_fip_network_policy.py {{(pid=89912) _load_all_extensions_from_path /opt/stack/neutron/neutron/api/extensions.py:449}}
Jun 05 04:52:34.079100 np0000002204 devstack@neutron-api.service[89912]: DEBUG neutron.api.extensions [None req-509c7d8e-33e7-4b9e-a85c-6654ef7542c9 None None] Ext name="QoS floating IP network policy ID" alias="qos-fip-network-policy" description="Adds a the QoS network ID to the floating IP definition" updated="2021-11-15T10:00:00-00:00" {{(pid=89912) _check_extension /opt/stack/neutron/neutron/api/extensions.py:415}}
Jun 05 04:52:34.079307 np0000002204 devstack@neutron-api.service[89912]: INFO neutron.api.extensions [None req-509c7d8e-33e7-4b9e-a85c-6654ef7542c9 None None] Extension qos-fip-network-policy not supported by any of loaded plugins
Jun 05 04:52:34.079307 np0000002204 devstack@neutron-api.service[89912]: DEBUG neutron.api.extensions [None req-509c7d8e-33e7-4b9e-a85c-6654ef7542c9 None None] Loading extension file: qos_gateway_ip.py {{(pid=89912) _load_all_extensions_from_path /opt/stack/neutron/neutron/api/extensions.py:449}}
Jun 05 04:52:34.079737 np0000002204 devstack@neutron-api.service[89912]: DEBUG neutron.api.extensions [None req-509c7d8e-33e7-4b9e-a85c-6654ef7542c9 None None] Ext name="Router gateway IP QoS" alias="qos-gateway-ip" description="The Router gateway IP Quality of Service extension" updated="2018-02-24T00:00:00-00:00" {{(pid=89912) _check_extension /opt/stack/neutron/neutron/api/extensions.py:415}}
Jun 05 04:52:34.080018 np0000002204 devstack@neutron-api.service[89912]: INFO neutron.api.extensions [None req-509c7d8e-33e7-4b9e-a85c-6654ef7542c9 None None] Extension qos-gateway-ip not supported by any of loaded plugins
Jun 05 04:52:34.080135 np0000002204 devstack@neutron-api.service[89912]: DEBUG neutron.api.extensions [None req-509c7d8e-33e7-4b9e-a85c-6654ef7542c9 None None] Loading extension file: qos_port_network_policy.py {{(pid=89912) _load_all_extensions_from_path /opt/stack/neutron/neutron/api/extensions.py:449}}
Jun 05 04:52:34.080508 np0000002204 devstack@neutron-api.service[89912]: DEBUG neutron.api.extensions [None req-509c7d8e-33e7-4b9e-a85c-6654ef7542c9 None None] Ext name="QoS port network policy ID" alias="qos-port-network-policy" description="Adds a the QoS network ID to the port definition" updated="2019-11-01T10:00:00-00:00" {{(pid=89912) _check_extension /opt/stack/neutron/neutron/api/extensions.py:415}}
Jun 05 04:52:34.080828 np0000002204 devstack@neutron-api.service[89912]: INFO neutron.api.extensions [None req-509c7d8e-33e7-4b9e-a85c-6654ef7542c9 None None] Extension qos-port-network-policy not supported by any of loaded plugins
Jun 05 04:52:34.080828 np0000002204 devstack@neutron-api.service[89912]: DEBUG neutron.api.extensions [None req-509c7d8e-33e7-4b9e-a85c-6654ef7542c9 None None] Loading extension file: qos_pps_minimum_rule.py {{(pid=89912) _load_all_extensions_from_path /opt/stack/neutron/neutron/api/extensions.py:449}}
Jun 05 04:52:34.081261 np0000002204 devstack@neutron-api.service[89912]: DEBUG neutron.api.extensions [None req-509c7d8e-33e7-4b9e-a85c-6654ef7542c9 None None] Ext name="QoS minimum packet rate rule" alias="qos-pps-minimum" description="Allow to configure QoS minimum packet rate rule." updated="2021-07-14T10:00:00-00:00" {{(pid=89912) _check_extension /opt/stack/neutron/neutron/api/extensions.py:415}}
Jun 05 04:52:34.081531 np0000002204 devstack@neutron-api.service[89912]: INFO neutron.api.extensions [None req-509c7d8e-33e7-4b9e-a85c-6654ef7542c9 None None] Extension qos-pps-minimum not supported by any of loaded plugins
Jun 05 04:52:34.081720 np0000002204 devstack@neutron-api.service[89912]: DEBUG neutron.api.extensions [None req-509c7d8e-33e7-4b9e-a85c-6654ef7542c9 None None] Loading extension file: qos_pps_minimum_rule_alias.py {{(pid=89912) _load_all_extensions_from_path /opt/stack/neutron/neutron/api/extensions.py:449}}
Jun 05 04:52:34.082404 np0000002204 devstack@neutron-api.service[89912]: DEBUG neutron.api.extensions [None req-509c7d8e-33e7-4b9e-a85c-6654ef7542c9 None None] Ext name="QoS minimum packet rate rule alias" alias="qos-pps-minimum-rule-alias" description="API to enable GET, PUT and DELETE operations on QoS minimum packet rate rule without specifying policy ID" updated="2021-10-22T10:00:00-00:00" {{(pid=89912) _check_extension /opt/stack/neutron/neutron/api/extensions.py:415}}
Jun 05 04:52:34.082404 np0000002204 devstack@neutron-api.service[89912]: INFO neutron.api.extensions [None req-509c7d8e-33e7-4b9e-a85c-6654ef7542c9 None None] Extension qos-pps-minimum-rule-alias not supported by any of loaded plugins
Jun 05 04:52:34.082404 np0000002204 devstack@neutron-api.service[89912]: DEBUG neutron.api.extensions [None req-509c7d8e-33e7-4b9e-a85c-6654ef7542c9 None None] Loading extension file: qos_pps_rule.py {{(pid=89912) _load_all_extensions_from_path /opt/stack/neutron/neutron/api/extensions.py:449}}
Jun 05 04:52:34.082897 np0000002204 devstack@neutron-api.service[89912]: DEBUG neutron.api.extensions [None req-509c7d8e-33e7-4b9e-a85c-6654ef7542c9 None None] Ext name="QoS Rule Type Packet per Second Extension" alias="qos-pps" description="Add QoS Rule Type Packet per Second" updated="2021-05-12T10:00:00-00:00" {{(pid=89912) _check_extension /opt/stack/neutron/neutron/api/extensions.py:415}}
Jun 05 04:52:34.083360 np0000002204 devstack@neutron-api.service[89912]: INFO neutron.api.extensions [None req-509c7d8e-33e7-4b9e-a85c-6654ef7542c9 None None] Extension qos-pps not supported by any of loaded plugins
Jun 05 04:52:34.083360 np0000002204 devstack@neutron-api.service[89912]: DEBUG neutron.api.extensions [None req-509c7d8e-33e7-4b9e-a85c-6654ef7542c9 None None] Loading extension file: qos_rule_type_details.py {{(pid=89912) _load_all_extensions_from_path /opt/stack/neutron/neutron/api/extensions.py:449}}
Jun 05 04:52:34.083834 np0000002204 devstack@neutron-api.service[89912]: DEBUG neutron.api.extensions [None req-509c7d8e-33e7-4b9e-a85c-6654ef7542c9 None None] Ext name="Details of QoS rule types" alias="qos-rule-type-details" description="Expose details about QoS rule types supported by loaded backend drivers" updated="2017-06-22T10:00:00-00:00" {{(pid=89912) _check_extension /opt/stack/neutron/neutron/api/extensions.py:415}}
Jun 05 04:52:34.083834 np0000002204 devstack@neutron-api.service[89912]: INFO neutron.api.extensions [None req-509c7d8e-33e7-4b9e-a85c-6654ef7542c9 None None] Extension qos-rule-type-details not supported by any of loaded plugins
Jun 05 04:52:34.083834 np0000002204 devstack@neutron-api.service[89912]: DEBUG neutron.api.extensions [None req-509c7d8e-33e7-4b9e-a85c-6654ef7542c9 None None] Loading extension file: qos_rule_type_filter.py {{(pid=89912) _load_all_extensions_from_path /opt/stack/neutron/neutron/api/extensions.py:449}}
Jun 05 04:52:34.084379 np0000002204 devstack@neutron-api.service[89912]: DEBUG neutron.api.extensions [None req-509c7d8e-33e7-4b9e-a85c-6654ef7542c9 None None] Ext name="Allow to filter the list of QoS rule types" alias="qos-rule-type-filter" description="Allows to filter the QoS rule type list adding two new flags. "all_rules" prints all implemented QoS rule types."all_supported" prints all supported QoS rule types by the loaded mechanism drivers" updated="2022-02-02T10:00:00-00:00" {{(pid=89912) _check_extension /opt/stack/neutron/neutron/api/extensions.py:415}}
Jun 05 04:52:34.084379 np0000002204 devstack@neutron-api.service[89912]: INFO neutron.api.extensions [None req-509c7d8e-33e7-4b9e-a85c-6654ef7542c9 None None] Extension qos-rule-type-filter not supported by any of loaded plugins
Jun 05 04:52:34.084883 np0000002204 devstack@neutron-api.service[89912]: DEBUG neutron.api.extensions [None req-509c7d8e-33e7-4b9e-a85c-6654ef7542c9 None None] Loading extension file: qos_rules_alias.py {{(pid=89912) _load_all_extensions_from_path /opt/stack/neutron/neutron/api/extensions.py:449}}
Jun 05 04:52:34.085393 np0000002204 devstack@neutron-api.service[89912]: DEBUG neutron.api.extensions [None req-509c7d8e-33e7-4b9e-a85c-6654ef7542c9 None None] Ext name="Quality of Service rules alias API" alias="qos-rules-alias" description="API to enable GET, PUT and DELETE operations on QoS policy rules without specifying policy ID" updated="2018-10-07T10:00:00-00:00" {{(pid=89912) _check_extension /opt/stack/neutron/neutron/api/extensions.py:415}}
Jun 05 04:52:34.085393 np0000002204 devstack@neutron-api.service[89912]: INFO neutron.api.extensions [None req-509c7d8e-33e7-4b9e-a85c-6654ef7542c9 None None] Extension qos-rules-alias not supported by any of loaded plugins
Jun 05 04:52:34.085393 np0000002204 devstack@neutron-api.service[89912]: DEBUG neutron.api.extensions [None req-509c7d8e-33e7-4b9e-a85c-6654ef7542c9 None None] Loading extension file: quota_check_limit.py {{(pid=89912) _load_all_extensions_from_path /opt/stack/neutron/neutron/api/extensions.py:449}}
Jun 05 04:52:34.085984 np0000002204 devstack@neutron-api.service[89912]: DEBUG neutron.api.extensions [None req-509c7d8e-33e7-4b9e-a85c-6654ef7542c9 None None] Ext name="Quota engine limit check" alias="quota-check-limit" description="Support for checking the resource usage before applying a new quota limit" updated="2021-09-08T16:00:00-00:00" {{(pid=89912) _check_extension /opt/stack/neutron/neutron/api/extensions.py:415}}
Jun 05 04:52:34.085984 np0000002204 devstack@neutron-api.service[89912]: INFO neutron.api.extensions [None req-509c7d8e-33e7-4b9e-a85c-6654ef7542c9 None None] Loaded extension: quota-check-limit
Jun 05 04:52:34.086674 np0000002204 devstack@neutron-api.service[89912]: DEBUG neutron.api.extensions [None req-509c7d8e-33e7-4b9e-a85c-6654ef7542c9 None None] Loading extension file: quota_check_limit_default.py {{(pid=89912) _load_all_extensions_from_path /opt/stack/neutron/neutron/api/extensions.py:449}}
Jun 05 04:52:34.086674 np0000002204 devstack@neutron-api.service[89912]: DEBUG neutron.api.extensions [None req-509c7d8e-33e7-4b9e-a85c-6654ef7542c9 None None] Ext name="Quota engine limit check by default" alias="quota-check-limit-default" description="By default, the Neutron quota engine checks the resource usage before applying a new quota limit" updated="2024-08-21T16:00:00-00:00" {{(pid=89912) _check_extension /opt/stack/neutron/neutron/api/extensions.py:415}}
Jun 05 04:52:34.087046 np0000002204 devstack@neutron-api.service[89912]: INFO neutron.api.extensions [None req-509c7d8e-33e7-4b9e-a85c-6654ef7542c9 None None] Loaded extension: quota-check-limit-default
Jun 05 04:52:34.087046 np0000002204 devstack@neutron-api.service[89912]: DEBUG neutron.api.extensions [None req-509c7d8e-33e7-4b9e-a85c-6654ef7542c9 None None] Loading extension file: quotasv2.py {{(pid=89912) _load_all_extensions_from_path /opt/stack/neutron/neutron/api/extensions.py:449}}
Jun 05 04:52:34.088043 np0000002204 devstack@neutron-api.service[89912]: DEBUG neutron.api.extensions [None req-509c7d8e-33e7-4b9e-a85c-6654ef7542c9 None None] Ext name="Quota management support" alias="quotas" description="Expose functions for quotas management per project" updated="2012-07-29T10:00:00-00:00" {{(pid=89912) _check_extension /opt/stack/neutron/neutron/api/extensions.py:415}}
Jun 05 04:52:34.088043 np0000002204 devstack@neutron-api.service[89912]: INFO neutron.api.extensions [None req-509c7d8e-33e7-4b9e-a85c-6654ef7542c9 None None] Loaded extension: quotas
Jun 05 04:52:34.088043 np0000002204 devstack@neutron-api.service[89912]: DEBUG neutron.api.extensions [None req-509c7d8e-33e7-4b9e-a85c-6654ef7542c9 None None] Loading extension file: quotasv2_detail.py {{(pid=89912) _load_all_extensions_from_path /opt/stack/neutron/neutron/api/extensions.py:449}}
Jun 05 04:52:34.088798 np0000002204 devstack@neutron-api.service[89912]: DEBUG neutron.api.extensions [None req-509c7d8e-33e7-4b9e-a85c-6654ef7542c9 None None] Ext name="Quota details management support" alias="quota_details" description="Expose functions for quotas usage statistics per project" updated="2017-02-10T10:00:00-00:00" {{(pid=89912) _check_extension /opt/stack/neutron/neutron/api/extensions.py:415}}
Jun 05 04:52:34.088798 np0000002204 devstack@neutron-api.service[89912]: INFO neutron.api.extensions [None req-509c7d8e-33e7-4b9e-a85c-6654ef7542c9 None None] Loaded extension: quota_details
Jun 05 04:52:34.089173 np0000002204 devstack@neutron-api.service[89912]: DEBUG neutron.api.extensions [None req-509c7d8e-33e7-4b9e-a85c-6654ef7542c9 None None] Loading extension file: rbac.py {{(pid=89912) _load_all_extensions_from_path /opt/stack/neutron/neutron/api/extensions.py:449}}
Jun 05 04:52:34.090023 np0000002204 devstack@neutron-api.service[89912]: DEBUG neutron.api.extensions [None req-509c7d8e-33e7-4b9e-a85c-6654ef7542c9 None None] Ext name="RBAC Policies" alias="rbac-policies" description="Allows creation and modification of policies that control project access to resources." updated="2015-06-17T12:15:12-00:00" {{(pid=89912) _check_extension /opt/stack/neutron/neutron/api/extensions.py:415}}
Jun 05 04:52:34.090023 np0000002204 devstack@neutron-api.service[89912]: INFO neutron.api.extensions [None req-509c7d8e-33e7-4b9e-a85c-6654ef7542c9 None None] Loaded extension: rbac-policies
Jun 05 04:52:34.090603 np0000002204 devstack@neutron-api.service[89912]: DEBUG neutron.api.extensions [None req-509c7d8e-33e7-4b9e-a85c-6654ef7542c9 None None] Loading extension file: rbac_address_group.py {{(pid=89912) _load_all_extensions_from_path /opt/stack/neutron/neutron/api/extensions.py:449}}
Jun 05 04:52:34.090603 np0000002204 devstack@neutron-api.service[89912]: DEBUG neutron.api.extensions [None req-509c7d8e-33e7-4b9e-a85c-6654ef7542c9 None None] Ext name="Add address_group type to RBAC" alias="rbac-address-group" description="Add address_group type to network RBAC" updated="2021-01-20T00:00:00-00:00" {{(pid=89912) _check_extension /opt/stack/neutron/neutron/api/extensions.py:415}}
Jun 05 04:52:34.091282 np0000002204 devstack@neutron-api.service[89912]: INFO neutron.api.extensions [None req-509c7d8e-33e7-4b9e-a85c-6654ef7542c9 None None] Extension rbac-address-group not supported by any of loaded plugins
Jun 05 04:52:34.091282 np0000002204 devstack@neutron-api.service[89912]: DEBUG neutron.api.extensions [None req-509c7d8e-33e7-4b9e-a85c-6654ef7542c9 None None] Loading extension file: rbac_address_scope.py {{(pid=89912) _load_all_extensions_from_path /opt/stack/neutron/neutron/api/extensions.py:449}}
Jun 05 04:52:34.091636 np0000002204 devstack@neutron-api.service[89912]: DEBUG neutron.api.extensions [None req-509c7d8e-33e7-4b9e-a85c-6654ef7542c9 None None] Ext name="Add address_scope type to RBAC" alias="rbac-address-scope" description="Add address_scope type to RBAC" updated="2020-02-12T00:00:00-00:00" {{(pid=89912) _check_extension /opt/stack/neutron/neutron/api/extensions.py:415}}
Jun 05 04:52:34.091636 np0000002204 devstack@neutron-api.service[89912]: INFO neutron.api.extensions [None req-509c7d8e-33e7-4b9e-a85c-6654ef7542c9 None None] Loaded extension: rbac-address-scope
Jun 05 04:52:34.092243 np0000002204 devstack@neutron-api.service[89912]: DEBUG neutron.api.extensions [None req-509c7d8e-33e7-4b9e-a85c-6654ef7542c9 None None] Loading extension file: rbac_security_groups.py {{(pid=89912) _load_all_extensions_from_path /opt/stack/neutron/neutron/api/extensions.py:449}}
Jun 05 04:52:34.092243 np0000002204 devstack@neutron-api.service[89912]: DEBUG neutron.api.extensions [None req-509c7d8e-33e7-4b9e-a85c-6654ef7542c9 None None] Ext name="Add security_group type to network RBAC" alias="rbac-security-groups" description="Add security_group type to network RBAC" updated="2019-02-14T00:00:00-00:00" {{(pid=89912) _check_extension /opt/stack/neutron/neutron/api/extensions.py:415}}
Jun 05 04:52:34.092399 np0000002204 devstack@neutron-api.service[89912]: INFO neutron.api.extensions [None req-509c7d8e-33e7-4b9e-a85c-6654ef7542c9 None None] Loaded extension: rbac-security-groups
Jun 05 04:52:34.092587 np0000002204 devstack@neutron-api.service[89912]: DEBUG neutron.api.extensions [None req-509c7d8e-33e7-4b9e-a85c-6654ef7542c9 None None] Loading extension file: rbac_subnetpool.py {{(pid=89912) _load_all_extensions_from_path /opt/stack/neutron/neutron/api/extensions.py:449}}
Jun 05 04:52:34.092931 np0000002204 devstack@neutron-api.service[89912]: DEBUG neutron.api.extensions [None req-509c7d8e-33e7-4b9e-a85c-6654ef7542c9 None None] Ext name="Add subnetpool type to RBAC" alias="rbac-subnetpool" description="Add subnetpool type to RBAC" updated="2020-02-05T00:00:00-00:00" {{(pid=89912) _check_extension /opt/stack/neutron/neutron/api/extensions.py:415}}
Jun 05 04:52:34.093238 np0000002204 devstack@neutron-api.service[89912]: INFO neutron.api.extensions [None req-509c7d8e-33e7-4b9e-a85c-6654ef7542c9 None None] Extension rbac-subnetpool not supported by any of loaded plugins
Jun 05 04:52:34.093330 np0000002204 devstack@neutron-api.service[89912]: DEBUG neutron.api.extensions [None req-509c7d8e-33e7-4b9e-a85c-6654ef7542c9 None None] Loading extension file: revisionifmatch.py {{(pid=89912) _load_all_extensions_from_path /opt/stack/neutron/neutron/api/extensions.py:449}}
Jun 05 04:52:34.093695 np0000002204 devstack@neutron-api.service[89912]: DEBUG neutron.api.extensions [None req-509c7d8e-33e7-4b9e-a85c-6654ef7542c9 None None] Ext name="If-Match constraints based on revision_number" alias="revision-if-match" description="Extension indicating that If-Match based on revision_number is supported." updated="2016-12-11T00:00:00-00:00" {{(pid=89912) _check_extension /opt/stack/neutron/neutron/api/extensions.py:415}}
Jun 05 04:52:34.093964 np0000002204 devstack@neutron-api.service[89912]: INFO neutron.api.extensions [None req-509c7d8e-33e7-4b9e-a85c-6654ef7542c9 None None] Loaded extension: revision-if-match
Jun 05 04:52:34.094137 np0000002204 devstack@neutron-api.service[89912]: DEBUG neutron.api.extensions [None req-509c7d8e-33e7-4b9e-a85c-6654ef7542c9 None None] Loading extension file: revisions.py {{(pid=89912) _load_all_extensions_from_path /opt/stack/neutron/neutron/api/extensions.py:449}}
Jun 05 04:52:34.094455 np0000002204 devstack@neutron-api.service[89912]: DEBUG neutron.api.extensions [None req-509c7d8e-33e7-4b9e-a85c-6654ef7542c9 None None] Ext name="Resource revision numbers" alias="standard-attr-revisions" description="This extension will display the revision number of neutron resources." updated="2016-04-11T10:00:00-00:00" {{(pid=89912) _check_extension /opt/stack/neutron/neutron/api/extensions.py:415}}
Jun 05 04:52:34.094700 np0000002204 devstack@neutron-api.service[89912]: INFO neutron.api.extensions [None req-509c7d8e-33e7-4b9e-a85c-6654ef7542c9 None None] Loaded extension: standard-attr-revisions
Jun 05 04:52:34.094818 np0000002204 devstack@neutron-api.service[89912]: DEBUG neutron.api.extensions [None req-509c7d8e-33e7-4b9e-a85c-6654ef7542c9 None None] Loading extension file: router_availability_zone.py {{(pid=89912) _load_all_extensions_from_path /opt/stack/neutron/neutron/api/extensions.py:449}}
Jun 05 04:52:34.095276 np0000002204 devstack@neutron-api.service[89912]: DEBUG neutron.api.extensions [None req-509c7d8e-33e7-4b9e-a85c-6654ef7542c9 None None] Ext name="Router Availability Zone" alias="router_availability_zone" description="Availability zone support for router." updated="2015-01-01T10:00:00-00:00" {{(pid=89912) _check_extension /opt/stack/neutron/neutron/api/extensions.py:415}}
Jun 05 04:52:34.095453 np0000002204 devstack@neutron-api.service[89912]: INFO neutron.api.extensions [None req-509c7d8e-33e7-4b9e-a85c-6654ef7542c9 None None] Loaded extension: router_availability_zone
Jun 05 04:52:34.095619 np0000002204 devstack@neutron-api.service[89912]: DEBUG neutron.api.extensions [None req-509c7d8e-33e7-4b9e-a85c-6654ef7542c9 None None] Loading extension file: router_enable_snat.py {{(pid=89912) _load_all_extensions_from_path /opt/stack/neutron/neutron/api/extensions.py:449}}
Jun 05 04:52:34.095888 np0000002204 devstack@neutron-api.service[89912]: DEBUG neutron.api.extensions [None req-509c7d8e-33e7-4b9e-a85c-6654ef7542c9 None None] Ext name="Exposes the router "enable_snat" read-only configuration flag" alias="router-enable-snat" description="Exposes the router "enable_snat" read-only configuration flag" updated="2025-09-18T18:00:00-00:00" {{(pid=89912) _check_extension /opt/stack/neutron/neutron/api/extensions.py:415}}
Jun 05 04:52:34.096075 np0000002204 devstack@neutron-api.service[89912]: INFO neutron.api.extensions [None req-509c7d8e-33e7-4b9e-a85c-6654ef7542c9 None None] Loaded extension: router-enable-snat
Jun 05 04:52:34.096158 np0000002204 devstack@neutron-api.service[89912]: DEBUG neutron.api.extensions [None req-509c7d8e-33e7-4b9e-a85c-6654ef7542c9 None None] Loading extension file: routerservicetype.py {{(pid=89912) _load_all_extensions_from_path /opt/stack/neutron/neutron/api/extensions.py:449}}
Jun 05 04:52:34.096423 np0000002204 devstack@neutron-api.service[89912]: DEBUG neutron.api.extensions [None req-509c7d8e-33e7-4b9e-a85c-6654ef7542c9 None None] Ext name="Router Service Type" alias="router-service-type" description="Provides router service type" updated="2013-01-29T00:00:00-00:00" {{(pid=89912) _check_extension /opt/stack/neutron/neutron/api/extensions.py:415}}
Jun 05 04:52:34.096602 np0000002204 devstack@neutron-api.service[89912]: INFO neutron.api.extensions [None req-509c7d8e-33e7-4b9e-a85c-6654ef7542c9 None None] Extension router-service-type not supported by any of loaded plugins
Jun 05 04:52:34.096682 np0000002204 devstack@neutron-api.service[89912]: DEBUG neutron.api.extensions [None req-509c7d8e-33e7-4b9e-a85c-6654ef7542c9 None None] Loading extension file: security_groups_default_rules.py {{(pid=89912) _load_all_extensions_from_path /opt/stack/neutron/neutron/api/extensions.py:449}}
Jun 05 04:52:34.097325 np0000002204 devstack@neutron-api.service[89912]: DEBUG neutron.api.extensions [None req-509c7d8e-33e7-4b9e-a85c-6654ef7542c9 None None] Ext name="Default rules for security groups" alias="security-groups-default-rules" description="Configure set of security group rules used as default rules for every new security group" updated="2022-12-19T10:00:00-00:00" {{(pid=89912) _check_extension /opt/stack/neutron/neutron/api/extensions.py:415}}
Jun 05 04:52:34.097549 np0000002204 devstack@neutron-api.service[89912]: INFO neutron.api.extensions [None req-509c7d8e-33e7-4b9e-a85c-6654ef7542c9 None None] Loaded extension: security-groups-default-rules
Jun 05 04:52:34.097647 np0000002204 devstack@neutron-api.service[89912]: DEBUG neutron.api.extensions [None req-509c7d8e-33e7-4b9e-a85c-6654ef7542c9 None None] Loading extension file: security_groups_normalized_cidr.py {{(pid=89912) _load_all_extensions_from_path /opt/stack/neutron/neutron/api/extensions.py:449}}
Jun 05 04:52:34.098008 np0000002204 devstack@neutron-api.service[89912]: DEBUG neutron.api.extensions [None req-509c7d8e-33e7-4b9e-a85c-6654ef7542c9 None None] Ext name="Normalized CIDR field for security group rules" alias="security-groups-normalized-cidr" description="Add new field with normalized remote_ip_prefix cidr in SG rule" updated="2020-07-28T10:00:00-00:00" {{(pid=89912) _check_extension /opt/stack/neutron/neutron/api/extensions.py:415}}
Jun 05 04:52:34.098239 np0000002204 devstack@neutron-api.service[89912]: INFO neutron.api.extensions [None req-509c7d8e-33e7-4b9e-a85c-6654ef7542c9 None None] Loaded extension: security-groups-normalized-cidr
Jun 05 04:52:34.098329 np0000002204 devstack@neutron-api.service[89912]: DEBUG neutron.api.extensions [None req-509c7d8e-33e7-4b9e-a85c-6654ef7542c9 None None] Loading extension file: security_groups_port_filtering.py {{(pid=89912) _load_all_extensions_from_path /opt/stack/neutron/neutron/api/extensions.py:449}}
Jun 05 04:52:34.098712 np0000002204 devstack@neutron-api.service[89912]: DEBUG neutron.api.extensions [None req-509c7d8e-33e7-4b9e-a85c-6654ef7542c9 None None] Ext name="Port filtering on security groups" alias="port-security-groups-filtering" description="Provides security groups filtering when listing ports" updated="2018-01-09T09:00:00-00:00" {{(pid=89912) _check_extension /opt/stack/neutron/neutron/api/extensions.py:415}}
Jun 05 04:52:34.098931 np0000002204 devstack@neutron-api.service[89912]: INFO neutron.api.extensions [None req-509c7d8e-33e7-4b9e-a85c-6654ef7542c9 None None] Extension port-security-groups-filtering not supported by any of loaded plugins
Jun 05 04:52:34.099076 np0000002204 devstack@neutron-api.service[89912]: DEBUG neutron.api.extensions [None req-509c7d8e-33e7-4b9e-a85c-6654ef7542c9 None None] Loading extension file: security_groups_remote_address_group.py {{(pid=89912) _load_all_extensions_from_path /opt/stack/neutron/neutron/api/extensions.py:449}}
Jun 05 04:52:34.099426 np0000002204 devstack@neutron-api.service[89912]: DEBUG neutron.api.extensions [None req-509c7d8e-33e7-4b9e-a85c-6654ef7542c9 None None] Ext name="Remote address group id field for security group rules" alias="security-groups-remote-address-group" description="Add new field of remote address group id in SG rules" updated="2020-08-25T10:00:00-00:00" {{(pid=89912) _check_extension /opt/stack/neutron/neutron/api/extensions.py:415}}
Jun 05 04:52:34.099595 np0000002204 devstack@neutron-api.service[89912]: INFO neutron.api.extensions [None req-509c7d8e-33e7-4b9e-a85c-6654ef7542c9 None None] Loaded extension: security-groups-remote-address-group
Jun 05 04:52:34.099681 np0000002204 devstack@neutron-api.service[89912]: DEBUG neutron.api.extensions [None req-509c7d8e-33e7-4b9e-a85c-6654ef7542c9 None None] Loading extension file: security_groups_rules_belongs_to_default_sg.py {{(pid=89912) _load_all_extensions_from_path /opt/stack/neutron/neutron/api/extensions.py:449}}
Jun 05 04:52:34.099889 np0000002204 devstack@neutron-api.service[89912]: DEBUG neutron.api.extensions [None req-509c7d8e-33e7-4b9e-a85c-6654ef7542c9 None None] Ext name="Security group rule belongs to the project's default security group" alias="security-groups-rules-belongs-to-default-sg" description="Flag to determine if the security group rule belongs to the project's default security group" updated="2023-05-23T10:00:00-00:00" {{(pid=89912) _check_extension /opt/stack/neutron/neutron/api/extensions.py:415}}
Jun 05 04:52:34.100064 np0000002204 devstack@neutron-api.service[89912]: INFO neutron.api.extensions [None req-509c7d8e-33e7-4b9e-a85c-6654ef7542c9 None None] Loaded extension: security-groups-rules-belongs-to-default-sg
Jun 05 04:52:34.100195 np0000002204 devstack@neutron-api.service[89912]: DEBUG neutron.api.extensions [None req-509c7d8e-33e7-4b9e-a85c-6654ef7542c9 None None] Loading extension file: security_groups_shared_filtering.py {{(pid=89912) _load_all_extensions_from_path /opt/stack/neutron/neutron/api/extensions.py:449}}
Jun 05 04:52:34.100384 np0000002204 devstack@neutron-api.service[89912]: DEBUG neutron.api.extensions [None req-509c7d8e-33e7-4b9e-a85c-6654ef7542c9 None None] Ext name="Security group filtering on the shared field" alias="security-groups-shared-filtering" description="Support filtering security groups on the shared field" updated="2021-10-05T09:00:00-00:00" {{(pid=89912) _check_extension /opt/stack/neutron/neutron/api/extensions.py:415}}
Jun 05 04:52:34.100551 np0000002204 devstack@neutron-api.service[89912]: INFO neutron.api.extensions [None req-509c7d8e-33e7-4b9e-a85c-6654ef7542c9 None None] Loaded extension: security-groups-shared-filtering
Jun 05 04:52:34.100637 np0000002204 devstack@neutron-api.service[89912]: DEBUG neutron.api.extensions [None req-509c7d8e-33e7-4b9e-a85c-6654ef7542c9 None None] Loading extension file: securitygroup.py {{(pid=89912) _load_all_extensions_from_path /opt/stack/neutron/neutron/api/extensions.py:449}}
Jun 05 04:52:34.102639 np0000002204 devstack@neutron-api.service[89910]: INFO neutron.plugins.ml2.drivers.type_vlan [None req-d4a4d9eb-b46f-40a1-8b4d-c0494f6c0c5a None None] VlanTypeDriver initialization complete
Jun 05 04:52:34.103196 np0000002204 devstack@neutron-api.service[89910]: INFO neutron.plugins.ml2.managers [None req-d4a4d9eb-b46f-40a1-8b4d-c0494f6c0c5a None None] Initializing extension driver 'port_security'
Jun 05 04:52:34.103364 np0000002204 devstack@neutron-api.service[89912]: DEBUG neutron.api.extensions [None req-509c7d8e-33e7-4b9e-a85c-6654ef7542c9 None None] Ext name="security-group" alias="security-group" description="The security groups extension." updated="2012-10-05T10:00:00-00:00" {{(pid=89912) _check_extension /opt/stack/neutron/neutron/api/extensions.py:415}}
Jun 05 04:52:34.103526 np0000002204 devstack@neutron-api.service[89910]: INFO neutron.plugins.ml2.extensions.port_security [None req-d4a4d9eb-b46f-40a1-8b4d-c0494f6c0c5a None None] PortSecurityExtensionDriver initialization complete
Jun 05 04:52:34.103526 np0000002204 devstack@neutron-api.service[89910]: INFO neutron.plugins.ml2.managers [None req-d4a4d9eb-b46f-40a1-8b4d-c0494f6c0c5a None None] Initializing extension driver 'qos'
Jun 05 04:52:34.103693 np0000002204 devstack@neutron-api.service[89912]: INFO neutron.api.extensions [None req-509c7d8e-33e7-4b9e-a85c-6654ef7542c9 None None] Loaded extension: security-group
Jun 05 04:52:34.103693 np0000002204 devstack@neutron-api.service[89912]: DEBUG neutron.api.extensions [None req-509c7d8e-33e7-4b9e-a85c-6654ef7542c9 None None] Loading extension file: segment.py {{(pid=89912) _load_all_extensions_from_path /opt/stack/neutron/neutron/api/extensions.py:449}}
Jun 05 04:52:34.103918 np0000002204 devstack@neutron-api.service[89910]: DEBUG neutron.plugins.ml2.extensions.qos [None req-d4a4d9eb-b46f-40a1-8b4d-c0494f6c0c5a None None] QosExtensionDriver initialization complete {{(pid=89910) initialize /opt/stack/neutron/neutron/plugins/ml2/extensions/qos.py:31}}
Jun 05 04:52:34.103918 np0000002204 devstack@neutron-api.service[89910]: INFO neutron.plugins.ml2.managers [None req-d4a4d9eb-b46f-40a1-8b4d-c0494f6c0c5a None None] Initializing mechanism driver 'ovn'
Jun 05 04:52:34.103918 np0000002204 devstack@neutron-api.service[89910]: INFO neutron.plugins.ml2.drivers.ovn.mech_driver.mech_driver [None req-d4a4d9eb-b46f-40a1-8b4d-c0494f6c0c5a None None] Starting OVNMechanismDriver
Jun 05 04:52:34.104209 np0000002204 devstack@neutron-api.service[89912]: DEBUG neutron.api.extensions [None req-509c7d8e-33e7-4b9e-a85c-6654ef7542c9 None None] Ext name="Segment" alias="segment" description="Segments extension." updated="2016-02-24T17:00:00-00:00" {{(pid=89912) _check_extension /opt/stack/neutron/neutron/api/extensions.py:415}}
Jun 05 04:52:34.104209 np0000002204 devstack@neutron-api.service[89912]: INFO neutron.api.extensions [None req-509c7d8e-33e7-4b9e-a85c-6654ef7542c9 None None] Extension segment not supported by any of loaded plugins
Jun 05 04:52:34.104209 np0000002204 devstack@neutron-api.service[89912]: DEBUG neutron.api.extensions [None req-509c7d8e-33e7-4b9e-a85c-6654ef7542c9 None None] Loading extension file: segments_peer_subnet_host_routes.py {{(pid=89912) _load_all_extensions_from_path /opt/stack/neutron/neutron/api/extensions.py:449}}
Jun 05 04:52:34.104529 np0000002204 devstack@neutron-api.service[89912]: DEBUG neutron.api.extensions [None req-509c7d8e-33e7-4b9e-a85c-6654ef7542c9 None None] Ext name="Segments peer-subnet host routes" alias="segments-peer-subnet-host-routes" description="Add host routes to subnets on a routed network (segments)" updated="2018-06-12T10:00:00-00:00" {{(pid=89912) _check_extension /opt/stack/neutron/neutron/api/extensions.py:415}}
Jun 05 04:52:34.104710 np0000002204 devstack@neutron-api.service[89912]: INFO neutron.api.extensions [None req-509c7d8e-33e7-4b9e-a85c-6654ef7542c9 None None] Extension segments-peer-subnet-host-routes not supported by any of loaded plugins
Jun 05 04:52:34.104710 np0000002204 devstack@neutron-api.service[89912]: DEBUG neutron.api.extensions [None req-509c7d8e-33e7-4b9e-a85c-6654ef7542c9 None None] Loading extension file: servicetype.py {{(pid=89912) _load_all_extensions_from_path /opt/stack/neutron/neutron/api/extensions.py:449}}
Jun 05 04:52:34.105060 np0000002204 devstack@neutron-api.service[89912]: DEBUG neutron.api.extensions [None req-509c7d8e-33e7-4b9e-a85c-6654ef7542c9 None None] Ext name="Neutron Service Type Management" alias="service-type" description="API for retrieving service providers for Neutron advanced services" updated="2013-01-20T00:00:00-00:00" {{(pid=89912) _check_extension /opt/stack/neutron/neutron/api/extensions.py:415}}
Jun 05 04:52:34.105350 np0000002204 devstack@neutron-api.service[89912]: INFO neutron.api.extensions [None req-509c7d8e-33e7-4b9e-a85c-6654ef7542c9 None None] Loaded extension: service-type
Jun 05 04:52:34.105504 np0000002204 devstack@neutron-api.service[89912]: DEBUG neutron.api.extensions [None req-509c7d8e-33e7-4b9e-a85c-6654ef7542c9 None None] Loading extension file: sorting.py {{(pid=89912) _load_all_extensions_from_path /opt/stack/neutron/neutron/api/extensions.py:449}}
Jun 05 04:52:34.105815 np0000002204 devstack@neutron-api.service[89912]: DEBUG neutron.api.extensions [None req-509c7d8e-33e7-4b9e-a85c-6654ef7542c9 None None] Ext name="Sorting support" alias="sorting" description="Extension that indicates that sorting is enabled." updated="2016-06-12T00:00:00-00:00" {{(pid=89912) _check_extension /opt/stack/neutron/neutron/api/extensions.py:415}}
Jun 05 04:52:34.105815 np0000002204 devstack@neutron-api.service[89912]: INFO neutron.api.extensions [None req-509c7d8e-33e7-4b9e-a85c-6654ef7542c9 None None] Loaded extension: sorting
Jun 05 04:52:34.106029 np0000002204 devstack@neutron-api.service[89912]: DEBUG neutron.api.extensions [None req-509c7d8e-33e7-4b9e-a85c-6654ef7542c9 None None] Loading extension file: standard_attr_segment.py {{(pid=89912) _load_all_extensions_from_path /opt/stack/neutron/neutron/api/extensions.py:449}}
Jun 05 04:52:34.106113 np0000002204 devstack@neutron-api.service[89910]: DEBUG neutron_lib.callbacks.manager [None req-d4a4d9eb-b46f-40a1-8b4d-c0494f6c0c5a None None] Subscribe: > process before_spawn 55550000, False {{(pid=89910) subscribe /opt/stack/data/venv/lib/python3.12/site-packages/neutron_lib/callbacks/manager.py:52}}
Jun 05 04:52:34.106239 np0000002204 devstack@neutron-api.service[89912]: DEBUG neutron.api.extensions [None req-509c7d8e-33e7-4b9e-a85c-6654ef7542c9 None None] Ext name="Standard Attribute Segment Extension" alias="standard-attr-segment" description="Add standard attributes to Segment resource" updated="2018-04-09T10:00:00-00:00" {{(pid=89912) _check_extension /opt/stack/neutron/neutron/api/extensions.py:415}}
Jun 05 04:52:34.106265 np0000002204 devstack@neutron-api.service[89910]: DEBUG neutron_lib.callbacks.manager [None req-d4a4d9eb-b46f-40a1-8b4d-c0494f6c0c5a None None] Subscribe: > process after_init 55550000, True {{(pid=89910) subscribe /opt/stack/data/venv/lib/python3.12/site-packages/neutron_lib/callbacks/manager.py:52}}
Jun 05 04:52:34.106343 np0000002204 devstack@neutron-api.service[89912]: INFO neutron.api.extensions [None req-509c7d8e-33e7-4b9e-a85c-6654ef7542c9 None None] Extension standard-attr-segment not supported by any of loaded plugins
Jun 05 04:52:34.106383 np0000002204 devstack@neutron-api.service[89910]: DEBUG neutron_lib.callbacks.manager [None req-d4a4d9eb-b46f-40a1-8b4d-c0494f6c0c5a None None] Subscribe: > segment after_create 55550000, False {{(pid=89910) subscribe /opt/stack/data/venv/lib/python3.12/site-packages/neutron_lib/callbacks/manager.py:52}}
Jun 05 04:52:34.106494 np0000002204 devstack@neutron-api.service[89912]: DEBUG neutron.api.extensions [None req-509c7d8e-33e7-4b9e-a85c-6654ef7542c9 None None] Loading extension file: standardattrdescription.py {{(pid=89912) _load_all_extensions_from_path /opt/stack/neutron/neutron/api/extensions.py:449}}
Jun 05 04:52:34.106563 np0000002204 devstack@neutron-api.service[89910]: DEBUG neutron_lib.callbacks.manager [None req-d4a4d9eb-b46f-40a1-8b4d-c0494f6c0c5a None None] Subscribe: > segment after_create 55550000, False {{(pid=89910) subscribe /opt/stack/data/venv/lib/python3.12/site-packages/neutron_lib/callbacks/manager.py:52}}
Jun 05 04:52:34.106735 np0000002204 devstack@neutron-api.service[89910]: DEBUG neutron_lib.callbacks.manager [None req-d4a4d9eb-b46f-40a1-8b4d-c0494f6c0c5a None None] Subscribe: > segment after_delete 55550000, False {{(pid=89910) subscribe /opt/stack/data/venv/lib/python3.12/site-packages/neutron_lib/callbacks/manager.py:52}}
Jun 05 04:52:34.106813 np0000002204 devstack@neutron-api.service[89912]: DEBUG neutron.api.extensions [None req-509c7d8e-33e7-4b9e-a85c-6654ef7542c9 None None] Ext name="standard-attr-description" alias="standard-attr-description" description="Extension to add descriptions to standard attributes" updated="2016-02-10T10:00:00-00:00" {{(pid=89912) _check_extension /opt/stack/neutron/neutron/api/extensions.py:415}}
Jun 05 04:52:34.106878 np0000002204 devstack@neutron-api.service[89910]: DEBUG neutron_lib.callbacks.manager [None req-d4a4d9eb-b46f-40a1-8b4d-c0494f6c0c5a None None] Subscribe: > allowed_address_pair before_create 55550000, False {{(pid=89910) subscribe /opt/stack/data/venv/lib/python3.12/site-packages/neutron_lib/callbacks/manager.py:52}}
Jun 05 04:52:34.107053 np0000002204 devstack@neutron-api.service[89910]: DEBUG neutron_lib.callbacks.manager [None req-d4a4d9eb-b46f-40a1-8b4d-c0494f6c0c5a None None] Subscribe: > security_group precommit_create 55550000, False {{(pid=89910) subscribe /opt/stack/data/venv/lib/python3.12/site-packages/neutron_lib/callbacks/manager.py:52}}
Jun 05 04:52:34.107091 np0000002204 devstack@neutron-api.service[89912]: INFO neutron.api.extensions [None req-509c7d8e-33e7-4b9e-a85c-6654ef7542c9 None None] Loaded extension: standard-attr-description
Jun 05 04:52:34.107246 np0000002204 devstack@neutron-api.service[89912]: DEBUG neutron.api.extensions [None req-509c7d8e-33e7-4b9e-a85c-6654ef7542c9 None None] Loading extension file: stateful_security_group.py {{(pid=89912) _load_all_extensions_from_path /opt/stack/neutron/neutron/api/extensions.py:449}}
Jun 05 04:52:34.107270 np0000002204 devstack@neutron-api.service[89910]: DEBUG neutron_lib.callbacks.manager [None req-d4a4d9eb-b46f-40a1-8b4d-c0494f6c0c5a None None] Subscribe: > security_group after_update 55550000, False {{(pid=89910) subscribe /opt/stack/data/venv/lib/python3.12/site-packages/neutron_lib/callbacks/manager.py:52}}
Jun 05 04:52:34.107418 np0000002204 devstack@neutron-api.service[89910]: DEBUG neutron_lib.callbacks.manager [None req-d4a4d9eb-b46f-40a1-8b4d-c0494f6c0c5a None None] Subscribe: > security_group after_create 55550000, False {{(pid=89910) subscribe /opt/stack/data/venv/lib/python3.12/site-packages/neutron_lib/callbacks/manager.py:52}}
Jun 05 04:52:34.107548 np0000002204 devstack@neutron-api.service[89910]: DEBUG neutron_lib.callbacks.manager [None req-d4a4d9eb-b46f-40a1-8b4d-c0494f6c0c5a None None] Subscribe: > security_group precommit_delete 55550000, False {{(pid=89910) subscribe /opt/stack/data/venv/lib/python3.12/site-packages/neutron_lib/callbacks/manager.py:52}}
Jun 05 04:52:34.107593 np0000002204 devstack@neutron-api.service[89912]: DEBUG neutron.api.extensions [None req-509c7d8e-33e7-4b9e-a85c-6654ef7542c9 None None] Ext name="Stateful security group" alias="stateful-security-group" description="Indicates if the security group is stateful or not" updated="2019-11-26T09:00:00-00:00" {{(pid=89912) _check_extension /opt/stack/neutron/neutron/api/extensions.py:415}}
Jun 05 04:52:34.107718 np0000002204 devstack@neutron-api.service[89910]: DEBUG neutron_lib.callbacks.manager [None req-d4a4d9eb-b46f-40a1-8b4d-c0494f6c0c5a None None] Subscribe: > security_group after_delete 55550000, False {{(pid=89910) subscribe /opt/stack/data/venv/lib/python3.12/site-packages/neutron_lib/callbacks/manager.py:52}}
Jun 05 04:52:34.107806 np0000002204 devstack@neutron-api.service[89912]: INFO neutron.api.extensions [None req-509c7d8e-33e7-4b9e-a85c-6654ef7542c9 None None] Loaded extension: stateful-security-group
Jun 05 04:52:34.107934 np0000002204 devstack@neutron-api.service[89912]: DEBUG neutron.api.extensions [None req-509c7d8e-33e7-4b9e-a85c-6654ef7542c9 None None] Loading extension file: stdattrs_common.py {{(pid=89912) _load_all_extensions_from_path /opt/stack/neutron/neutron/api/extensions.py:449}}
Jun 05 04:52:34.108006 np0000002204 devstack@neutron-api.service[89910]: DEBUG neutron_lib.callbacks.manager [None req-d4a4d9eb-b46f-40a1-8b4d-c0494f6c0c5a None None] Subscribe: > security_group_rule precommit_create 55550000, False {{(pid=89910) subscribe /opt/stack/data/venv/lib/python3.12/site-packages/neutron_lib/callbacks/manager.py:52}}
Jun 05 04:52:34.108097 np0000002204 devstack@neutron-api.service[89910]: DEBUG neutron_lib.callbacks.manager [None req-d4a4d9eb-b46f-40a1-8b4d-c0494f6c0c5a None None] Subscribe: > security_group_rule after_create 55550000, False {{(pid=89910) subscribe /opt/stack/data/venv/lib/python3.12/site-packages/neutron_lib/callbacks/manager.py:52}}
Jun 05 04:52:34.108422 np0000002204 devstack@neutron-api.service[89912]: WARNING neutron.api.extensions [None req-509c7d8e-33e7-4b9e-a85c-6654ef7542c9 None None] Did not find expected name "Stdattrs_common" in /opt/stack/neutron/neutron/extensions/stdattrs_common.py
Jun 05 04:52:34.108474 np0000002204 devstack@neutron-api.service[89910]: DEBUG neutron_lib.callbacks.manager [None req-d4a4d9eb-b46f-40a1-8b4d-c0494f6c0c5a None None] Subscribe: > security_group_rule before_delete 55550000, False {{(pid=89910) subscribe /opt/stack/data/venv/lib/python3.12/site-packages/neutron_lib/callbacks/manager.py:52}}
Jun 05 04:52:34.108514 np0000002204 devstack@neutron-api.service[89912]: DEBUG neutron.api.extensions [None req-509c7d8e-33e7-4b9e-a85c-6654ef7542c9 None None] Loading extension file: subnet_dns_publish_fixed_ip.py {{(pid=89912) _load_all_extensions_from_path /opt/stack/neutron/neutron/api/extensions.py:449}}
Jun 05 04:52:34.108591 np0000002204 devstack@neutron-api.service[89910]: DEBUG neutron_lib.callbacks.manager [None req-d4a4d9eb-b46f-40a1-8b4d-c0494f6c0c5a None None] Subscribe: > address_group after_create 55550000, False {{(pid=89910) subscribe /opt/stack/data/venv/lib/python3.12/site-packages/neutron_lib/callbacks/manager.py:52}}
Jun 05 04:52:34.108639 np0000002204 devstack@neutron-api.service[89910]: DEBUG neutron_lib.callbacks.manager [None req-d4a4d9eb-b46f-40a1-8b4d-c0494f6c0c5a None None] Subscribe: > address_group after_update 55550000, False {{(pid=89910) subscribe /opt/stack/data/venv/lib/python3.12/site-packages/neutron_lib/callbacks/manager.py:52}}
Jun 05 04:52:34.108793 np0000002204 devstack@neutron-api.service[89912]: DEBUG neutron.api.extensions [None req-509c7d8e-33e7-4b9e-a85c-6654ef7542c9 None None] Ext name="Subnet DNS publish fixed IP" alias="subnet-dns-publish-fixed-ip" description="Support choosing to publish DNS records for IPs from a subnet" updated="2019-05-24T10:00:00-00:00" {{(pid=89912) _check_extension /opt/stack/neutron/neutron/api/extensions.py:415}}
Jun 05 04:52:34.108835 np0000002204 devstack@neutron-api.service[89910]: DEBUG neutron_lib.callbacks.manager [None req-d4a4d9eb-b46f-40a1-8b4d-c0494f6c0c5a None None] Subscribe: > address_group after_delete 55550000, False {{(pid=89910) subscribe /opt/stack/data/venv/lib/python3.12/site-packages/neutron_lib/callbacks/manager.py:52}}
Jun 05 04:52:34.109106 np0000002204 devstack@neutron-api.service[89912]: INFO neutron.api.extensions [None req-509c7d8e-33e7-4b9e-a85c-6654ef7542c9 None None] Loaded extension: subnet-dns-publish-fixed-ip
Jun 05 04:52:34.109246 np0000002204 devstack@neutron-api.service[89910]: DEBUG neutron_lib.callbacks.manager [None req-d4a4d9eb-b46f-40a1-8b4d-c0494f6c0c5a None None] Subscribe: > qos_plugin after_init 55550000, False {{(pid=89910) subscribe /opt/stack/data/venv/lib/python3.12/site-packages/neutron_lib/callbacks/manager.py:52}}
Jun 05 04:52:34.109421 np0000002204 devstack@neutron-api.service[89912]: DEBUG neutron.api.extensions [None req-509c7d8e-33e7-4b9e-a85c-6654ef7542c9 None None] Loading extension file: subnet_external_network.py {{(pid=89912) _load_all_extensions_from_path /opt/stack/neutron/neutron/api/extensions.py:449}}
Jun 05 04:52:34.109471 np0000002204 devstack@neutron-api.service[89910]: DEBUG neutron_lib.callbacks.manager [None req-d4a4d9eb-b46f-40a1-8b4d-c0494f6c0c5a None None] Subscribe: > trunk_plugin after_init 55550000, False {{(pid=89910) subscribe /opt/stack/data/venv/lib/python3.12/site-packages/neutron_lib/callbacks/manager.py:52}}
Jun 05 04:52:34.109650 np0000002204 devstack@neutron-api.service[89912]: DEBUG neutron.api.extensions [None req-509c7d8e-33e7-4b9e-a85c-6654ef7542c9 None None] Ext name="Subnet belongs to an external network" alias="subnet-external-network" description="Informs if the subnet belongs to an external network" updated="2024-02-05T18:00:00-00:00" {{(pid=89912) _check_extension /opt/stack/neutron/neutron/api/extensions.py:415}}
Jun 05 04:52:34.109800 np0000002204 devstack@neutron-api.service[89910]: DEBUG neutron_lib.callbacks.manager [None req-d4a4d9eb-b46f-40a1-8b4d-c0494f6c0c5a None None] Subscribe: > logging-plugin after_init 55550000, False {{(pid=89910) subscribe /opt/stack/data/venv/lib/python3.12/site-packages/neutron_lib/callbacks/manager.py:52}}
Jun 05 04:52:34.109878 np0000002204 devstack@neutron-api.service[89912]: INFO neutron.api.extensions [None req-509c7d8e-33e7-4b9e-a85c-6654ef7542c9 None None] Loaded extension: subnet-external-network
Jun 05 04:52:34.109918 np0000002204 devstack@neutron-api.service[89912]: DEBUG neutron.api.extensions [None req-509c7d8e-33e7-4b9e-a85c-6654ef7542c9 None None] Loading extension file: subnet_onboard.py {{(pid=89912) _load_all_extensions_from_path /opt/stack/neutron/neutron/api/extensions.py:449}}
Jun 05 04:52:34.110224 np0000002204 devstack@neutron-api.service[89912]: DEBUG neutron.api.extensions [None req-509c7d8e-33e7-4b9e-a85c-6654ef7542c9 None None] Ext name="Subnet Onboard" alias="subnet_onboard" description="Provides support for onboarding subnets into subnet pools" updated="2018-12-18T09:00:00-00:00" {{(pid=89912) _check_extension /opt/stack/neutron/neutron/api/extensions.py:415}}
Jun 05 04:52:34.110396 np0000002204 devstack@neutron-api.service[89912]: INFO neutron.api.extensions [None req-509c7d8e-33e7-4b9e-a85c-6654ef7542c9 None None] Loaded extension: subnet_onboard
Jun 05 04:52:34.110513 np0000002204 devstack@neutron-api.service[89912]: DEBUG neutron.api.extensions [None req-509c7d8e-33e7-4b9e-a85c-6654ef7542c9 None None] Loading extension file: subnet_segmentid_writable.py {{(pid=89912) _load_all_extensions_from_path /opt/stack/neutron/neutron/api/extensions.py:449}}
Jun 05 04:52:34.110556 np0000002204 devstack@neutron-api.service[89910]: INFO neutron.services.logapi.drivers.ovn.driver [None req-d4a4d9eb-b46f-40a1-8b4d-c0494f6c0c5a None None] OVN logging driver registered
Jun 05 04:52:34.110721 np0000002204 devstack@neutron-api.service[89910]: DEBUG neutron_lib.callbacks.manager [None req-d4a4d9eb-b46f-40a1-8b4d-c0494f6c0c5a None None] Subscribe: ._register_pvlan_driver at 0x7d1aa9d8a700> pvlan_plugin after_init 55550000, False {{(pid=89910) subscribe /opt/stack/data/venv/lib/python3.12/site-packages/neutron_lib/callbacks/manager.py:52}}
Jun 05 04:52:34.110757 np0000002204 devstack@neutron-api.service[89912]: DEBUG neutron.api.extensions [None req-509c7d8e-33e7-4b9e-a85c-6654ef7542c9 None None] Ext name="Subnet SegmentID (writable)" alias="subnet-segmentid-writable" description="Provides a writable segment_id attribute for a subnet resource." updated="2018-03-12T00:00:00-00:00" {{(pid=89912) _check_extension /opt/stack/neutron/neutron/api/extensions.py:415}}
