Jun 05 04:55:28.253628 np0000002204 devstack@neutron-api.service[89911]: DEBUG ovsdbapp.backend.ovs_idl.transaction [None req-bcf756ff-e8f2-418b-b90a-ed6d491103a0 None None] Running txn n=1 command(idx=1): PgAclAddCommand(_result=None, entity=pg_3fe1cef5_2fcd_41e6_97e6_7d182acb0558, direction=to-lport, priority=1002, match=outport == @pg_3fe1cef5_2fcd_41e6_97e6_7d182acb0558 && ip4 && ip4.src == $pg_3fe1cef5_2fcd_41e6_97e6_7d182acb0558_ip4, action=allow-related, log=False, may_exist=True, severity=[], name=[], meter=[], external_ids={'neutron:security_group_rule_id': '272fbbed-19cb-4d1a-9524-6b162f78c266'}) {{(pid=89911) do_commit /opt/stack/data/venv/lib/python3.12/site-packages/ovsdbapp/backend/ovs_idl/transaction.py:89}}
Jun 05 04:55:28.253750 np0000002204 devstack@neutron-api.service[89911]: DEBUG ovsdbapp.backend.ovs_idl.transaction [None req-bcf756ff-e8f2-418b-b90a-ed6d491103a0 None None] Running txn n=1 command(idx=2): PgAclAddCommand(_result=None, entity=pg_3fe1cef5_2fcd_41e6_97e6_7d182acb0558, direction=from-lport, priority=1002, match=inport == @pg_3fe1cef5_2fcd_41e6_97e6_7d182acb0558 && ip4, action=allow-related, log=False, may_exist=True, severity=[], name=[], meter=[], external_ids={'neutron:security_group_rule_id': '82e62640-577e-497e-916b-e3351fb421f4'}) {{(pid=89911) do_commit /opt/stack/data/venv/lib/python3.12/site-packages/ovsdbapp/backend/ovs_idl/transaction.py:89}}
Jun 05 04:55:28.253950 np0000002204 devstack@neutron-api.service[89911]: DEBUG ovsdbapp.backend.ovs_idl.transaction [None req-bcf756ff-e8f2-418b-b90a-ed6d491103a0 None None] Running txn n=1 command(idx=3): PgAclAddCommand(_result=None, entity=pg_3fe1cef5_2fcd_41e6_97e6_7d182acb0558, direction=from-lport, priority=1002, match=inport == @pg_3fe1cef5_2fcd_41e6_97e6_7d182acb0558 && ip6, action=allow-related, log=False, may_exist=True, severity=[], name=[], meter=[], external_ids={'neutron:security_group_rule_id': 'a9abe434-1089-4b05-bb7e-4352261b13ca'}) {{(pid=89911) do_commit /opt/stack/data/venv/lib/python3.12/site-packages/ovsdbapp/backend/ovs_idl/transaction.py:89}}
Jun 05 04:55:28.254238 np0000002204 devstack@neutron-api.service[89911]: DEBUG ovsdbapp.backend.ovs_idl.transaction [None req-bcf756ff-e8f2-418b-b90a-ed6d491103a0 None None] Running txn n=1 command(idx=4): PgAclAddCommand(_result=None, entity=pg_3fe1cef5_2fcd_41e6_97e6_7d182acb0558, direction=to-lport, priority=1002, match=outport == @pg_3fe1cef5_2fcd_41e6_97e6_7d182acb0558 && ip6 && ip6.src == $pg_3fe1cef5_2fcd_41e6_97e6_7d182acb0558_ip6, action=allow-related, log=False, may_exist=True, severity=[], name=[], meter=[], external_ids={'neutron:security_group_rule_id': 'ccce5853-f83c-4c60-a4f3-776c2e38e691'}) {{(pid=89911) do_commit /opt/stack/data/venv/lib/python3.12/site-packages/ovsdbapp/backend/ovs_idl/transaction.py:89}}
Jun 05 04:55:28.264300 np0000002204 devstack@neutron-api.service[89911]: DEBUG neutron.common.ovn.hash_ring_manager [None req-bcf756ff-e8f2-418b-b90a-ed6d491103a0 None None] Hash Ring loaded. 3 active nodes. 0 offline nodes {{(pid=89911) _load_hash_ring /opt/stack/neutron/neutron/common/ovn/hash_ring_manager.py:102}}
Jun 05 04:55:28.264553 np0000002204 devstack@neutron-api.service[89911]: DEBUG neutron.plugins.ml2.drivers.ovn.mech_driver.ovsdb.ovsdb_monitor [None req-bcf756ff-e8f2-418b-b90a-ed6d491103a0 None None] Hash Ring: Node f316288d75455d8a90988536f1963aae (host: np0000002204) handling event "create" for row 187fea13-5223-4e38-bb18-f29f9dcccf55 (table: ACL) {{(pid=89911) notify /opt/stack/neutron/neutron/plugins/ml2/drivers/ovn/mech_driver/ovsdb/ovsdb_monitor.py:1015}}
Jun 05 04:55:28.264861 np0000002204 devstack@neutron-api.service[89911]: DEBUG neutron.plugins.ml2.drivers.ovn.mech_driver.ovsdb.ovsdb_monitor [None req-bcf756ff-e8f2-418b-b90a-ed6d491103a0 None None] Hash Ring: Node f316288d75455d8a90988536f1963aae (host: np0000002204) handling event "create" for row c2264c94-fe24-4d15-96eb-c384db347bba (table: ACL) {{(pid=89911) notify /opt/stack/neutron/neutron/plugins/ml2/drivers/ovn/mech_driver/ovsdb/ovsdb_monitor.py:1015}}
Jun 05 04:55:28.265087 np0000002204 devstack@neutron-api.service[89911]: DEBUG neutron.plugins.ml2.drivers.ovn.mech_driver.ovsdb.ovsdb_monitor [None req-bcf756ff-e8f2-418b-b90a-ed6d491103a0 None None] Hash Ring: Node f316288d75455d8a90988536f1963aae (host: np0000002204) handling event "create" for row d59d2f5d-d824-4c4a-9443-a2ac2adc2fa0 (table: Port_Group) {{(pid=89911) notify /opt/stack/neutron/neutron/plugins/ml2/drivers/ovn/mech_driver/ovsdb/ovsdb_monitor.py:1015}}
Jun 05 04:55:28.265689 np0000002204 devstack@neutron-api.service[89912]: DEBUG neutron.common.ovn.hash_ring_manager [None req-58b95349-c378-44b7-94dc-8ec4046a8b43 None None] Hash Ring loaded. 3 active nodes. 0 offline nodes {{(pid=89912) _load_hash_ring /opt/stack/neutron/neutron/common/ovn/hash_ring_manager.py:102}}
Jun 05 04:55:28.265986 np0000002204 devstack@neutron-api.service[89912]: DEBUG neutron.plugins.ml2.drivers.ovn.mech_driver.ovsdb.ovsdb_monitor [None req-58b95349-c378-44b7-94dc-8ec4046a8b43 None None] Hash Ring: Node 62a610f076465c2db12e7da000e68369 (host: np0000002204) handling event "create" for row 45b874a0-a847-41d1-988c-23bc79273591 (table: ACL) {{(pid=89912) notify /opt/stack/neutron/neutron/plugins/ml2/drivers/ovn/mech_driver/ovsdb/ovsdb_monitor.py:1015}}
Jun 05 04:55:28.266968 np0000002204 devstack@neutron-api.service[89912]: DEBUG neutron.plugins.ml2.drivers.ovn.mech_driver.ovsdb.ovsdb_monitor [None req-58b95349-c378-44b7-94dc-8ec4046a8b43 None None] Hash Ring: Node 62a610f076465c2db12e7da000e68369 (host: np0000002204) handling event "create" for row ae9a109d-cfa1-41e3-abce-3b2912cf2c8b (table: ACL) {{(pid=89912) notify /opt/stack/neutron/neutron/plugins/ml2/drivers/ovn/mech_driver/ovsdb/ovsdb_monitor.py:1015}}
Jun 05 04:55:28.271831 np0000002204 devstack@neutron-api.service[89910]: DEBUG neutron.common.ovn.hash_ring_manager [None req-90ac28e3-3f27-48dc-a63f-e2e197c063ca None None] Hash Ring loaded. 3 active nodes. 0 offline nodes {{(pid=89910) _load_hash_ring /opt/stack/neutron/neutron/common/ovn/hash_ring_manager.py:102}}
Jun 05 04:55:28.283976 np0000002204 devstack@neutron-api.service[89911]: INFO neutron.db.ovn_revision_numbers_db [None req-01e6a8a2-2cce-4a53-9c50-6d5742091577 admin admin] Successfully bumped revision number for resource 3fe1cef5-2fcd-41e6-97e6-7d182acb0558 (type: security_groups) to 1
Jun 05 04:55:28.295923 np0000002204 devstack@neutron-api.service[89911]: INFO neutron.db.ovn_revision_numbers_db [None req-01e6a8a2-2cce-4a53-9c50-6d5742091577 admin admin] Successfully bumped revision number for resource 272fbbed-19cb-4d1a-9524-6b162f78c266 (type: security_group_rules) to 0
Jun 05 04:55:28.307816 np0000002204 devstack@neutron-api.service[89911]: INFO neutron.db.ovn_revision_numbers_db [None req-01e6a8a2-2cce-4a53-9c50-6d5742091577 admin admin] Successfully bumped revision number for resource 82e62640-577e-497e-916b-e3351fb421f4 (type: security_group_rules) to 0
Jun 05 04:55:28.318770 np0000002204 devstack@neutron-api.service[89911]: INFO neutron.db.ovn_revision_numbers_db [None req-01e6a8a2-2cce-4a53-9c50-6d5742091577 admin admin] Successfully bumped revision number for resource a9abe434-1089-4b05-bb7e-4352261b13ca (type: security_group_rules) to 0
Jun 05 04:55:28.330103 np0000002204 devstack@neutron-api.service[89911]: INFO neutron.db.ovn_revision_numbers_db [None req-01e6a8a2-2cce-4a53-9c50-6d5742091577 admin admin] Successfully bumped revision number for resource ccce5853-f83c-4c60-a4f3-776c2e38e691 (type: security_group_rules) to 0
Jun 05 04:55:28.356782 np0000002204 devstack@neutron-api.service[89911]: DEBUG neutron.api.rpc.handlers.resources_rpc [None req-01e6a8a2-2cce-4a53-9c50-6d5742091577 admin admin] Pushing event updated for resources: {'SecurityGroup': ['ID=3fe1cef5-2fcd-41e6-97e6-7d182acb0558,revision_number=1']} {{(pid=89911) push /opt/stack/neutron/neutron/api/rpc/handlers/resources_rpc.py:237}}
Jun 05 04:55:28.359779 np0000002204 devstack@neutron-api.service[89911]: DEBUG ovsdbapp.backend.ovs_idl.transaction [None req-bcf756ff-e8f2-418b-b90a-ed6d491103a0 None None] Running txn n=1 command(idx=0): CheckLivenessCommand(_result=None) {{(pid=89911) do_commit /opt/stack/data/venv/lib/python3.12/site-packages/ovsdbapp/backend/ovs_idl/transaction.py:89}}
Jun 05 04:55:28.361610 np0000002204 devstack@neutron-api.service[89911]: DEBUG neutron.plugins.ml2.drivers.ovn.mech_driver.ovsdb.ovsdb_monitor [None req-bcf756ff-e8f2-418b-b90a-ed6d491103a0 None None] Hash Ring: Node f316288d75455d8a90988536f1963aae (host: np0000002204) handling event "update" for row 859f67ce-62c4-49b0-9170-cd85253541ab (table: NB_Global) {{(pid=89911) notify /opt/stack/neutron/neutron/plugins/ml2/drivers/ovn/mech_driver/ovsdb/ovsdb_monitor.py:1015}}
Jun 05 04:55:28.363387 np0000002204 devstack@neutron-api.service[89911]: DEBUG neutron.plugins.ml2.drivers.ovn.mech_driver.ovsdb.ovsdb_monitor [None req-bcf756ff-e8f2-418b-b90a-ed6d491103a0 None None] Hash Ring: Node f316288d75455d8a90988536f1963aae (host: np0000002204) handling event "update" for row 859f67ce-62c4-49b0-9170-cd85253541ab (table: NB_Global) {{(pid=89911) notify /opt/stack/neutron/neutron/plugins/ml2/drivers/ovn/mech_driver/ovsdb/ovsdb_monitor.py:1015}}
Jun 05 04:55:28.364159 np0000002204 devstack@neutron-api.service[89911]: DEBUG neutron.plugins.ml2.drivers.ovn.mech_driver.ovsdb.ovsdb_monitor [None req-bcf756ff-e8f2-418b-b90a-ed6d491103a0 None None] Hash Ring: Node f316288d75455d8a90988536f1963aae (host: np0000002204) handling event "update" for row 859f67ce-62c4-49b0-9170-cd85253541ab (table: NB_Global) {{(pid=89911) notify /opt/stack/neutron/neutron/plugins/ml2/drivers/ovn/mech_driver/ovsdb/ovsdb_monitor.py:1015}}
Jun 05 04:55:28.366730 np0000002204 devstack@neutron-api.service[89912]: DEBUG neutron.plugins.ml2.drivers.ovn.mech_driver.ovsdb.ovsdb_monitor [None req-ee45eac9-5c2b-49ad-8fe2-c54bc7f8944e None None] ChassisAgentWriteEvent : Matched Chassis_Private, update, None None {{(pid=89912) matches /opt/stack/neutron/neutron/plugins/ml2/drivers/ovn/mech_driver/ovsdb/ovsdb_monitor.py:64}}
Jun 05 04:55:28.366890 np0000002204 devstack@neutron-api.service[89910]: DEBUG neutron.plugins.ml2.drivers.ovn.mech_driver.ovsdb.ovsdb_monitor [None req-8a5a3d21-9b64-485b-8500-416be14fd202 None None] ChassisAgentWriteEvent : Matched Chassis_Private, update, None None {{(pid=89910) matches /opt/stack/neutron/neutron/plugins/ml2/drivers/ovn/mech_driver/ovsdb/ovsdb_monitor.py:64}}
Jun 05 04:55:28.367325 np0000002204 devstack@neutron-api.service[89911]: DEBUG neutron.api.rpc.callbacks.version_manager [None req-01e6a8a2-2cce-4a53-9c50-6d5742091577 admin admin] Tracked resource versions report:
Jun 05 04:55:28.367325 np0000002204 devstack@neutron-api.service[89911]: pushed versions:
Jun 05 04:55:28.367325 np0000002204 devstack@neutron-api.service[89911]: { 'AddressGroup': {'1.2'},
Jun 05 04:55:28.367325 np0000002204 devstack@neutron-api.service[89911]: 'Agent': {'1.1'},
Jun 05 04:55:28.367325 np0000002204 devstack@neutron-api.service[89911]: 'ConntrackHelper': {'1.0'},
Jun 05 04:55:28.367325 np0000002204 devstack@neutron-api.service[89911]: 'LocalIPAssociation': {'1.0'},
Jun 05 04:55:28.367325 np0000002204 devstack@neutron-api.service[89911]: 'Log': {'1.0'},
Jun 05 04:55:28.367325 np0000002204 devstack@neutron-api.service[89911]: 'NDPProxy': {'1.0'},
Jun 05 04:55:28.367325 np0000002204 devstack@neutron-api.service[89911]: 'Network': {'1.3'},
Jun 05 04:55:28.367325 np0000002204 devstack@neutron-api.service[89911]: 'Port': {'1.11'},
Jun 05 04:55:28.367325 np0000002204 devstack@neutron-api.service[89911]: 'PortForwarding': {'1.3'},
Jun 05 04:55:28.367325 np0000002204 devstack@neutron-api.service[89911]: 'QosPolicy': {'1.10'},
Jun 05 04:55:28.367325 np0000002204 devstack@neutron-api.service[89911]: 'SecurityGroup': {'1.6'},
Jun 05 04:55:28.367325 np0000002204 devstack@neutron-api.service[89911]: 'SecurityGroupRule': {'1.3'},
Jun 05 04:55:28.367325 np0000002204 devstack@neutron-api.service[89911]: 'SubPort': {'1.0'},
Jun 05 04:55:28.367325 np0000002204 devstack@neutron-api.service[89911]: 'Subnet': {'1.2'},
Jun 05 04:55:28.367325 np0000002204 devstack@neutron-api.service[89911]: 'Trunk': {'1.1'}}
Jun 05 04:55:28.367325 np0000002204 devstack@neutron-api.service[89911]: consumer versions:
Jun 05 04:55:28.367325 np0000002204 devstack@neutron-api.service[89911]: { OVN Neutron agent@np0000002204: {},
Jun 05 04:55:28.367325 np0000002204 devstack@neutron-api.service[89911]: OVN Controller Gateway agent@np0000002204: {}}
Jun 05 04:55:28.367325 np0000002204 devstack@neutron-api.service[89911]: {{(pid=89911) report /opt/stack/neutron/neutron/api/rpc/callbacks/version_manager.py:183}}
Jun 05 04:55:28.372222 np0000002204 devstack@neutron-api.service[89911]: DEBUG neutron.plugins.ml2.drivers.ovn.mech_driver.ovsdb.ovsdb_monitor [None req-70d7b34c-d575-4163-8e5a-5784a02448de None None] ChassisAgentWriteEvent : Matched Chassis_Private, update, None None {{(pid=89911) matches /opt/stack/neutron/neutron/plugins/ml2/drivers/ovn/mech_driver/ovsdb/ovsdb_monitor.py:64}}
Jun 05 04:55:28.373791 np0000002204 devstack@neutron-api.service[89910]: DEBUG neutron.common.ovn.hash_ring_manager [None req-8a5a3d21-9b64-485b-8500-416be14fd202 None None] Hash Ring loaded. 3 active nodes. 0 offline nodes {{(pid=89910) _load_hash_ring /opt/stack/neutron/neutron/common/ovn/hash_ring_manager.py:102}}
Jun 05 04:55:28.375195 np0000002204 devstack@neutron-api.service[89911]: DEBUG neutron.plugins.ml2.drivers.ovn.mech_driver.ovsdb.ovsdb_monitor [None req-bcf756ff-e8f2-418b-b90a-ed6d491103a0 None None] Hash Ring: Node f316288d75455d8a90988536f1963aae (host: np0000002204) handling event "update" for row 859f67ce-62c4-49b0-9170-cd85253541ab (table: NB_Global) {{(pid=89911) notify /opt/stack/neutron/neutron/plugins/ml2/drivers/ovn/mech_driver/ovsdb/ovsdb_monitor.py:1015}}
Jun 05 04:55:28.379772 np0000002204 devstack@neutron-api.service[89912]: DEBUG neutron.common.ovn.hash_ring_manager [None req-ee45eac9-5c2b-49ad-8fe2-c54bc7f8944e None None] Hash Ring loaded. 3 active nodes. 0 offline nodes {{(pid=89912) _load_hash_ring /opt/stack/neutron/neutron/common/ovn/hash_ring_manager.py:102}}
Jun 05 04:55:28.379985 np0000002204 devstack@neutron-api.service[89912]: DEBUG neutron.plugins.ml2.drivers.ovn.mech_driver.ovsdb.ovsdb_monitor [None req-ee45eac9-5c2b-49ad-8fe2-c54bc7f8944e None None] Hash Ring: Node 62a610f076465c2db12e7da000e68369 (host: np0000002204) handling event "update" for row 3b41c9ca-6178-467e-b139-b49531ac2500 (table: Chassis_Private) {{(pid=89912) notify /opt/stack/neutron/neutron/plugins/ml2/drivers/ovn/mech_driver/ovsdb/ovsdb_monitor.py:1015}}
Jun 05 04:55:28.393278 np0000002204 devstack@neutron-api.service[89911]: DEBUG neutron.common.ovn.hash_ring_manager [None req-70d7b34c-d575-4163-8e5a-5784a02448de None None] Hash Ring loaded. 3 active nodes. 0 offline nodes {{(pid=89911) _load_hash_ring /opt/stack/neutron/neutron/common/ovn/hash_ring_manager.py:102}}
Jun 05 04:55:28.411300 np0000002204 devstack@neutron-api.service[89911]: DEBUG neutron.plugins.ml2.drivers.helpers [None req-01e6a8a2-2cce-4a53-9c50-6d5742091577 admin admin] geneve segment allocate from pool success with {'geneve_vni': 45218} {{(pid=89911) allocate_partially_specified_segment /opt/stack/neutron/neutron/plugins/ml2/drivers/helpers.py:142}}
Jun 05 04:55:28.418683 np0000002204 devstack@neutron-api.service[89911]: DEBUG neutron_lib.callbacks.manager [None req-01e6a8a2-2cce-4a53-9c50-6d5742091577 admin admin] Publish callbacks ['neutron.services.segments.db._add_segment_host_mapping_for_segment-8597093759340', 'neutron.plugins.ml2.plugin.Ml2Plugin._handle_segment_change-182946'] for segment (010bf703-d5a8-4b2b-add9-6745813c0fd0), precommit_create {{(pid=89911) _notify_loop /opt/stack/data/venv/lib/python3.12/site-packages/neutron_lib/callbacks/manager.py:184}}
Jun 05 04:55:28.418866 np0000002204 devstack@neutron-api.service[89911]: INFO neutron.db.segments_db [None req-01e6a8a2-2cce-4a53-9c50-6d5742091577 admin admin] Added segment 010bf703-d5a8-4b2b-add9-6745813c0fd0 of type geneve for network c6f62fc0-6f07-4839-9ce1-28a17eba4d11
Jun 05 04:55:28.436318 np0000002204 devstack@neutron-api.service[89911]: DEBUG neutron_lib.callbacks.manager [None req-01e6a8a2-2cce-4a53-9c50-6d5742091577 admin admin] Publish callbacks ['neutron.services.auto_allocate.db._ensure_external_network_default_value_callback-8597092106914'] for network (c6f62fc0-6f07-4839-9ce1-28a17eba4d11), precommit_create {{(pid=89911) _notify_loop /opt/stack/data/venv/lib/python3.12/site-packages/neutron_lib/callbacks/manager.py:184}}
Jun 05 04:55:28.441692 np0000002204 devstack@neutron-api.service[89912]: DEBUG neutron.api.v2.base [None req-7cb9af42-73c8-425f-b32a-a62af749884e admin admin] Request body: {'network': {'name': 'tempest-VolumesAssistedSnapshotsTest-432723000-network', 'project_id': '96b450a063a94b18ad6ba73a8ef7b63b'}} {{(pid=89912) prepare_request_body /opt/stack/neutron/neutron/api/v2/base.py:727}}
Jun 05 04:55:28.449514 np0000002204 devstack@neutron-api.service[89911]: DEBUG neutron.plugins.ml2.drivers.ovn.mech_driver.mech_driver [None req-01e6a8a2-2cce-4a53-9c50-6d5742091577 admin admin] Validating network segment with type geneve, segmentation ID 45218, physical network None {{(pid=89911) _validate_network_segments /opt/stack/neutron/neutron/plugins/ml2/drivers/ovn/mech_driver/mech_driver.py:643}}
Jun 05 04:55:28.449683 np0000002204 devstack@neutron-api.service[89911]: DEBUG neutron.db.ovn_revision_numbers_db [None req-01e6a8a2-2cce-4a53-9c50-6d5742091577 admin admin] create_initial_revision uuid=c6f62fc0-6f07-4839-9ce1-28a17eba4d11, type=networks, rev=-1 {{(pid=89911) create_initial_revision /opt/stack/neutron/neutron/db/ovn_revision_numbers_db.py:98}}
Jun 05 04:55:28.456776 np0000002204 devstack@neutron-api.service[89912]: DEBUG neutron.pecan_wsgi.hooks.quota_enforcement [None req-7cb9af42-73c8-425f-b32a-a62af749884e admin admin] Made reservation on behalf of 96b450a063a94b18ad6ba73a8ef7b63b for: {'network': 1} {{(pid=89912) before /opt/stack/neutron/neutron/pecan_wsgi/hooks/quota_enforcement.py:66}}
Jun 05 04:55:28.459596 np0000002204 devstack@neutron-api.service[89911]: DEBUG neutron_lib.callbacks.manager [None req-01e6a8a2-2cce-4a53-9c50-6d5742091577 admin admin] Publish callbacks ['neutron.plugins.ml2.ovo_rpc._ObjectChangeHandler.handle_event-1087940'] for network (c6f62fc0-6f07-4839-9ce1-28a17eba4d11), after_create {{(pid=89911) _notify_loop /opt/stack/data/venv/lib/python3.12/site-packages/neutron_lib/callbacks/manager.py:184}}
Jun 05 04:55:28.459792 np0000002204 devstack@neutron-api.service[89912]: DEBUG neutron_lib.callbacks.manager [None req-7cb9af42-73c8-425f-b32a-a62af749884e admin admin] Publish callbacks ['neutron.plugins.ml2.plugin.SecurityGroupDbMixin._ensure_default_security_group_handler-976726'] for network (None), before_create {{(pid=89912) _notify_loop /opt/stack/data/venv/lib/python3.12/site-packages/neutron_lib/callbacks/manager.py:184}}
Jun 05 04:55:28.464725 np0000002204 devstack@neutron-api.service[89912]: DEBUG neutron_lib.callbacks.manager [None req-7cb9af42-73c8-425f-b32a-a62af749884e admin admin] Publish callbacks [] for security_group (None), before_create {{(pid=89912) _notify_loop /opt/stack/data/venv/lib/python3.12/site-packages/neutron_lib/callbacks/manager.py:184}}
Jun 05 04:55:28.475614 np0000002204 devstack@neutron-api.service[89911]: DEBUG neutron.api.rpc.handlers.resources_rpc [None req-01e6a8a2-2cce-4a53-9c50-6d5742091577 admin admin] Pushing event updated for resources: {'Network': ['ID=c6f62fc0-6f07-4839-9ce1-28a17eba4d11,revision_number=1']} {{(pid=89911) push /opt/stack/neutron/neutron/api/rpc/handlers/resources_rpc.py:237}}
Jun 05 04:55:28.482994 np0000002204 devstack@neutron-api.service[89911]: DEBUG ovsdbapp.backend.ovs_idl.transaction [None req-bcf756ff-e8f2-418b-b90a-ed6d491103a0 None None] Running txn n=1 command(idx=0): AddNetworkCommand(_result=None, network_uuid=c6f62fc0-6f07-4839-9ce1-28a17eba4d11, may_exist=True, columns={'external_ids': {'neutron:network_name': 'tempest-TestVolumeSwap-612105495-network', 'neutron:mtu': '1372', 'neutron:revision_number': '1', 'neutron:availability_zone_hints': '', 'neutron:provnet-network-type': 'geneve'}, 'other_config': {'mcast_snoop': 'false', 'mcast_flood_unregistered': 'false', 'vlan-passthru': 'false'}}) {{(pid=89911) do_commit /opt/stack/data/venv/lib/python3.12/site-packages/ovsdbapp/backend/ovs_idl/transaction.py:89}}
Jun 05 04:55:28.491472 np0000002204 devstack@neutron-api.service[89912]: DEBUG neutron.plugins.ml2.drivers.ovn.mech_driver.ovsdb.ovsdb_monitor [None req-58b95349-c378-44b7-94dc-8ec4046a8b43 None None] Hash Ring: Node 62a610f076465c2db12e7da000e68369 (host: np0000002204) handling event "create" for row c6f62fc0-6f07-4839-9ce1-28a17eba4d11 (table: Logical_Switch) {{(pid=89912) notify /opt/stack/neutron/neutron/plugins/ml2/drivers/ovn/mech_driver/ovsdb/ovsdb_monitor.py:1015}}
Jun 05 04:55:28.492955 np0000002204 devstack@neutron-api.service[89912]: DEBUG neutron.plugins.ml2.drivers.ovn.mech_driver.ovsdb.ovsdb_monitor [None req-ee45eac9-5c2b-49ad-8fe2-c54bc7f8944e None None] Hash Ring: Node 62a610f076465c2db12e7da000e68369 (host: np0000002204) handling event "create" for row 12b37963-20ed-448e-95d3-06a5b018a80c (table: Datapath_Binding) {{(pid=89912) notify /opt/stack/neutron/neutron/plugins/ml2/drivers/ovn/mech_driver/ovsdb/ovsdb_monitor.py:1015}}
Jun 05 04:55:28.507977 np0000002204 devstack@neutron-api.service[89911]: INFO neutron.db.ovn_revision_numbers_db [None req-01e6a8a2-2cce-4a53-9c50-6d5742091577 admin admin] Successfully bumped revision number for resource c6f62fc0-6f07-4839-9ce1-28a17eba4d11 (type: networks) to 1
Jun 05 04:55:28.523918 np0000002204 devstack@neutron-api.service[89911]: DEBUG neutron_lib.callbacks.manager [None req-01e6a8a2-2cce-4a53-9c50-6d5742091577 admin admin] Publish callbacks ['neutron.plugins.ml2.plugin.SecurityGroupDbMixin._ensure_default_security_group_handler-1014484'] for port (None), before_create {{(pid=89911) _notify_loop /opt/stack/data/venv/lib/python3.12/site-packages/neutron_lib/callbacks/manager.py:184}}
Jun 05 04:55:28.534727 np0000002204 devstack@neutron-api.service[89912]: DEBUG neutron_lib.callbacks.manager [None req-7cb9af42-73c8-425f-b32a-a62af749884e admin admin] Publish callbacks ['neutron.plugins.ml2.drivers.ovn.mech_driver.mech_driver.OVNMechanismDriver._create_security_group_precommit-324754'] for security_group (56d18bfd-d5c0-467a-aa0a-504b6b5782cc), precommit_create {{(pid=89912) _notify_loop /opt/stack/data/venv/lib/python3.12/site-packages/neutron_lib/callbacks/manager.py:184}}
Jun 05 04:55:28.534876 np0000002204 devstack@neutron-api.service[89912]: DEBUG neutron.db.ovn_revision_numbers_db [None req-7cb9af42-73c8-425f-b32a-a62af749884e admin admin] create_initial_revision uuid=56d18bfd-d5c0-467a-aa0a-504b6b5782cc, type=security_groups, rev=-1 {{(pid=89912) create_initial_revision /opt/stack/neutron/neutron/db/ovn_revision_numbers_db.py:98}}
Jun 05 04:55:28.536526 np0000002204 devstack@neutron-api.service[89912]: DEBUG neutron.db.ovn_revision_numbers_db [None req-7cb9af42-73c8-425f-b32a-a62af749884e admin admin] create_initial_revision uuid=86ceaf23-1c0b-45bf-8b6c-c0a120c04a44, type=security_group_rules, rev=-1 {{(pid=89912) create_initial_revision /opt/stack/neutron/neutron/db/ovn_revision_numbers_db.py:98}}
Jun 05 04:55:28.537899 np0000002204 devstack@neutron-api.service[89912]: DEBUG neutron.db.ovn_revision_numbers_db [None req-7cb9af42-73c8-425f-b32a-a62af749884e admin admin] create_initial_revision uuid=a023013c-4792-4dc1-b367-fce1b8d09c24, type=security_group_rules, rev=-1 {{(pid=89912) create_initial_revision /opt/stack/neutron/neutron/db/ovn_revision_numbers_db.py:98}}
Jun 05 04:55:28.539557 np0000002204 devstack@neutron-api.service[89912]: DEBUG neutron.db.ovn_revision_numbers_db [None req-7cb9af42-73c8-425f-b32a-a62af749884e admin admin] create_initial_revision uuid=de30c9af-54c9-4f04-a130-28baf77907ed, type=security_group_rules, rev=-1 {{(pid=89912) create_initial_revision /opt/stack/neutron/neutron/db/ovn_revision_numbers_db.py:98}}
Jun 05 04:55:28.541044 np0000002204 devstack@neutron-api.service[89912]: DEBUG neutron.db.ovn_revision_numbers_db [None req-7cb9af42-73c8-425f-b32a-a62af749884e admin admin] create_initial_revision uuid=e1400b06-5357-47ae-8cc0-23cab8795537, type=security_group_rules, rev=-1 {{(pid=89912) create_initial_revision /opt/stack/neutron/neutron/db/ovn_revision_numbers_db.py:98}}
Jun 05 04:55:28.545410 np0000002204 devstack@neutron-api.service[89912]: DEBUG neutron_lib.callbacks.manager [None req-7cb9af42-73c8-425f-b32a-a62af749884e admin admin] Publish callbacks ['neutron.plugins.ml2.drivers.ovn.mech_driver.mech_driver.OVNMechanismDriver._create_security_group-324740', 'neutron.plugins.ml2.ovo_rpc._ObjectChangeHandler.handle_event-1155863'] for security_group (56d18bfd-d5c0-467a-aa0a-504b6b5782cc), after_create {{(pid=89912) _notify_loop /opt/stack/data/venv/lib/python3.12/site-packages/neutron_lib/callbacks/manager.py:184}}
Jun 05 04:55:28.546172 np0000002204 devstack@neutron-api.service[89912]: DEBUG ovsdbapp.backend.ovs_idl.transaction [None req-58b95349-c378-44b7-94dc-8ec4046a8b43 None None] Running txn n=1 command(idx=0): PgAddCommand(_result=None, name=pg_56d18bfd_d5c0_467a_aa0a_504b6b5782cc, may_exist=False, columns={'acls': [], 'external_ids': {'neutron:security_group_id': '56d18bfd-d5c0-467a-aa0a-504b6b5782cc'}}) {{(pid=89912) do_commit /opt/stack/data/venv/lib/python3.12/site-packages/ovsdbapp/backend/ovs_idl/transaction.py:89}}
Jun 05 04:55:28.546506 np0000002204 devstack@neutron-api.service[89912]: DEBUG ovsdbapp.backend.ovs_idl.transaction [None req-58b95349-c378-44b7-94dc-8ec4046a8b43 None None] Running txn n=1 command(idx=1): PgAclAddCommand(_result=None, entity=pg_56d18bfd_d5c0_467a_aa0a_504b6b5782cc, direction=from-lport, priority=1002, match=inport == @pg_56d18bfd_d5c0_467a_aa0a_504b6b5782cc && ip4, action=allow-related, log=False, may_exist=True, severity=[], name=[], meter=[], external_ids={'neutron:security_group_rule_id': '86ceaf23-1c0b-45bf-8b6c-c0a120c04a44'}) {{(pid=89912) do_commit /opt/stack/data/venv/lib/python3.12/site-packages/ovsdbapp/backend/ovs_idl/transaction.py:89}}
Jun 05 04:55:28.546792 np0000002204 devstack@neutron-api.service[89912]: DEBUG ovsdbapp.backend.ovs_idl.transaction [None req-58b95349-c378-44b7-94dc-8ec4046a8b43 None None] Running txn n=1 command(idx=2): PgAclAddCommand(_result=None, entity=pg_56d18bfd_d5c0_467a_aa0a_504b6b5782cc, direction=from-lport, priority=1002, match=inport == @pg_56d18bfd_d5c0_467a_aa0a_504b6b5782cc && ip6, action=allow-related, log=False, may_exist=True, severity=[], name=[], meter=[], external_ids={'neutron:security_group_rule_id': 'a023013c-4792-4dc1-b367-fce1b8d09c24'}) {{(pid=89912) do_commit /opt/stack/data/venv/lib/python3.12/site-packages/ovsdbapp/backend/ovs_idl/transaction.py:89}}
Jun 05 04:55:28.547043 np0000002204 devstack@neutron-api.service[89912]: DEBUG ovsdbapp.backend.ovs_idl.transaction [None req-58b95349-c378-44b7-94dc-8ec4046a8b43 None None] Running txn n=1 command(idx=3): PgAclAddCommand(_result=None, entity=pg_56d18bfd_d5c0_467a_aa0a_504b6b5782cc, direction=to-lport, priority=1002, match=outport == @pg_56d18bfd_d5c0_467a_aa0a_504b6b5782cc && ip4 && ip4.src == $pg_56d18bfd_d5c0_467a_aa0a_504b6b5782cc_ip4, action=allow-related, log=False, may_exist=True, severity=[], name=[], meter=[], external_ids={'neutron:security_group_rule_id': 'de30c9af-54c9-4f04-a130-28baf77907ed'}) {{(pid=89912) do_commit /opt/stack/data/venv/lib/python3.12/site-packages/ovsdbapp/backend/ovs_idl/transaction.py:89}}
Jun 05 04:55:28.547239 np0000002204 devstack@neutron-api.service[89912]: DEBUG ovsdbapp.backend.ovs_idl.transaction [None req-58b95349-c378-44b7-94dc-8ec4046a8b43 None None] Running txn n=1 command(idx=4): PgAclAddCommand(_result=None, entity=pg_56d18bfd_d5c0_467a_aa0a_504b6b5782cc, direction=to-lport, priority=1002, match=outport == @pg_56d18bfd_d5c0_467a_aa0a_504b6b5782cc && ip6 && ip6.src == $pg_56d18bfd_d5c0_467a_aa0a_504b6b5782cc_ip6, action=allow-related, log=False, may_exist=True, severity=[], name=[], meter=[], external_ids={'neutron:security_group_rule_id': 'e1400b06-5357-47ae-8cc0-23cab8795537'}) {{(pid=89912) do_commit /opt/stack/data/venv/lib/python3.12/site-packages/ovsdbapp/backend/ovs_idl/transaction.py:89}}
Jun 05 04:55:28.557981 np0000002204 devstack@neutron-api.service[89912]: DEBUG neutron.plugins.ml2.drivers.ovn.mech_driver.ovsdb.ovsdb_monitor [None req-58b95349-c378-44b7-94dc-8ec4046a8b43 None None] Hash Ring: Node 62a610f076465c2db12e7da000e68369 (host: np0000002204) handling event "create" for row 6ee07201-bd89-4f74-8d21-23f1f6205cbb (table: Port_Group) {{(pid=89912) notify /opt/stack/neutron/neutron/plugins/ml2/drivers/ovn/mech_driver/ovsdb/ovsdb_monitor.py:1015}}
Jun 05 04:55:28.558641 np0000002204 devstack@neutron-api.service[89910]: DEBUG neutron.plugins.ml2.drivers.ovn.mech_driver.ovsdb.ovsdb_monitor [None req-90ac28e3-3f27-48dc-a63f-e2e197c063ca None None] Hash Ring: Node ecdbd3e254d6543bad93c0fe2f3f7aa0 (host: np0000002204) handling event "create" for row bc315808-4c8e-488b-8457-16bdbbecc2bf (table: ACL) {{(pid=89910) notify /opt/stack/neutron/neutron/plugins/ml2/drivers/ovn/mech_driver/ovsdb/ovsdb_monitor.py:1015}}
Jun 05 04:55:28.569624 np0000002204 devstack@neutron-api.service[89911]: DEBUG neutron.plugins.ml2.drivers.ovn.mech_driver.ovsdb.ovsdb_monitor [None req-bcf756ff-e8f2-418b-b90a-ed6d491103a0 None None] Hash Ring: Node f316288d75455d8a90988536f1963aae (host: np0000002204) handling event "create" for row 05ac480d-4231-4b02-a7e0-a504211dfa4f (table: ACL) {{(pid=89911) notify /opt/stack/neutron/neutron/plugins/ml2/drivers/ovn/mech_driver/ovsdb/ovsdb_monitor.py:1015}}
Jun 05 04:55:28.570009 np0000002204 devstack@neutron-api.service[89911]: DEBUG neutron.plugins.ml2.drivers.ovn.mech_driver.ovsdb.ovsdb_monitor [None req-bcf756ff-e8f2-418b-b90a-ed6d491103a0 None None] Hash Ring: Node f316288d75455d8a90988536f1963aae (host: np0000002204) handling event "create" for row 1abbbb4f-7630-434e-bb70-ca519aacdc0a (table: ACL) {{(pid=89911) notify /opt/stack/neutron/neutron/plugins/ml2/drivers/ovn/mech_driver/ovsdb/ovsdb_monitor.py:1015}}
Jun 05 04:55:28.570860 np0000002204 devstack@neutron-api.service[89911]: DEBUG neutron.plugins.ml2.drivers.ovn.mech_driver.ovsdb.ovsdb_monitor [None req-bcf756ff-e8f2-418b-b90a-ed6d491103a0 None None] Hash Ring: Node f316288d75455d8a90988536f1963aae (host: np0000002204) handling event "create" for row 582a7132-9ad5-4fa9-aa0f-49d31e3e42eb (table: ACL) {{(pid=89911) notify /opt/stack/neutron/neutron/plugins/ml2/drivers/ovn/mech_driver/ovsdb/ovsdb_monitor.py:1015}}
Jun 05 04:55:28.576130 np0000002204 devstack@neutron-api.service[89912]: INFO neutron.db.ovn_revision_numbers_db [None req-7cb9af42-73c8-425f-b32a-a62af749884e admin admin] Successfully bumped revision number for resource 56d18bfd-d5c0-467a-aa0a-504b6b5782cc (type: security_groups) to 1
Jun 05 04:55:28.591089 np0000002204 devstack@neutron-api.service[89912]: INFO neutron.db.ovn_revision_numbers_db [None req-7cb9af42-73c8-425f-b32a-a62af749884e admin admin] Successfully bumped revision number for resource 86ceaf23-1c0b-45bf-8b6c-c0a120c04a44 (type: security_group_rules) to 0
Jun 05 04:55:28.603752 np0000002204 devstack@neutron-api.service[89912]: INFO neutron.db.ovn_revision_numbers_db [None req-7cb9af42-73c8-425f-b32a-a62af749884e admin admin] Successfully bumped revision number for resource a023013c-4792-4dc1-b367-fce1b8d09c24 (type: security_group_rules) to 0
Jun 05 04:55:28.604110 np0000002204 devstack@neutron-api.service[89911]: DEBUG neutron_lib.callbacks.manager [None req-01e6a8a2-2cce-4a53-9c50-6d5742091577 admin admin] Publish callbacks ['neutron.plugins.ml2.drivers.ovn.mech_driver.mech_driver.OVNMechanismDriver._validate_allowed_address_pairs-335624'] for allowed_address_pair (fd9e2ba6-5d31-4af8-be6b-e91f2839b138), before_create {{(pid=89911) _notify_loop /opt/stack/data/venv/lib/python3.12/site-packages/neutron_lib/callbacks/manager.py:184}}
Jun 05 04:55:28.604859 np0000002204 devstack@neutron-api.service[89911]: DEBUG neutron_lib.callbacks.manager [None req-01e6a8a2-2cce-4a53-9c50-6d5742091577 admin admin] Publish callbacks [] for port (fd9e2ba6-5d31-4af8-be6b-e91f2839b138), precommit_create {{(pid=89911) _notify_loop /opt/stack/data/venv/lib/python3.12/site-packages/neutron_lib/callbacks/manager.py:184}}
Jun 05 04:55:28.605128 np0000002204 devstack@neutron-api.service[89911]: DEBUG neutron.plugins.ml2.drivers.ovn.mech_driver.mech_driver [None req-01e6a8a2-2cce-4a53-9c50-6d5742091577 admin admin] No provisioning block for port fd9e2ba6-5d31-4af8-be6b-e91f2839b138 since it does not have a host {{(pid=89911) _is_port_provisioning_required /opt/stack/neutron/neutron/plugins/ml2/drivers/ovn/mech_driver/mech_driver.py:896}}
Jun 05 04:55:28.605321 np0000002204 devstack@neutron-api.service[89911]: DEBUG neutron.db.ovn_revision_numbers_db [None req-01e6a8a2-2cce-4a53-9c50-6d5742091577 admin admin] create_initial_revision uuid=fd9e2ba6-5d31-4af8-be6b-e91f2839b138, type=ports, rev=-1 {{(pid=89911) create_initial_revision /opt/stack/neutron/neutron/db/ovn_revision_numbers_db.py:98}}
Jun 05 04:55:28.614410 np0000002204 devstack@neutron-api.service[89912]: INFO neutron.db.ovn_revision_numbers_db [None req-7cb9af42-73c8-425f-b32a-a62af749884e admin admin] Successfully bumped revision number for resource de30c9af-54c9-4f04-a130-28baf77907ed (type: security_group_rules) to 0
Jun 05 04:55:28.626525 np0000002204 devstack@neutron-api.service[89912]: INFO neutron.db.ovn_revision_numbers_db [None req-7cb9af42-73c8-425f-b32a-a62af749884e admin admin] Successfully bumped revision number for resource e1400b06-5357-47ae-8cc0-23cab8795537 (type: security_group_rules) to 0
Jun 05 04:55:28.639798 np0000002204 devstack@neutron-api.service[89911]: DEBUG neutron_lib.callbacks.manager [None req-01e6a8a2-2cce-4a53-9c50-6d5742091577 admin admin] Publish callbacks ['neutron.plugins.ml2.ovo_rpc._ObjectChangeHandler.handle_event-1087508'] for port (fd9e2ba6-5d31-4af8-be6b-e91f2839b138), after_create {{(pid=89911) _notify_loop /opt/stack/data/venv/lib/python3.12/site-packages/neutron_lib/callbacks/manager.py:184}}
Jun 05 04:55:28.652085 np0000002204 devstack@neutron-api.service[89912]: DEBUG neutron.api.rpc.handlers.resources_rpc [None req-7cb9af42-73c8-425f-b32a-a62af749884e admin admin] Pushing event updated for resources: {'SecurityGroup': ['ID=56d18bfd-d5c0-467a-aa0a-504b6b5782cc,revision_number=1']} {{(pid=89912) push /opt/stack/neutron/neutron/api/rpc/handlers/resources_rpc.py:237}}
Jun 05 04:55:28.666962 np0000002204 devstack@neutron-api.service[89911]: DEBUG neutron.api.rpc.handlers.resources_rpc [None req-01e6a8a2-2cce-4a53-9c50-6d5742091577 admin admin] Pushing event updated for resources: {'Port': ['ID=fd9e2ba6-5d31-4af8-be6b-e91f2839b138,revision_number=1']} {{(pid=89911) push /opt/stack/neutron/neutron/api/rpc/handlers/resources_rpc.py:237}}
Jun 05 04:55:28.673281 np0000002204 devstack@neutron-api.service[89911]: DEBUG ovsdbapp.backend.ovs_idl.transaction [None req-bcf756ff-e8f2-418b-b90a-ed6d491103a0 None None] Running txn n=1 command(idx=0): AddLSwitchPortCommand(_result=None, lport=fd9e2ba6-5d31-4af8-be6b-e91f2839b138, lswitch=neutron-c6f62fc0-6f07-4839-9ce1-28a17eba4d11, may_exist=True, network_uuid=c6f62fc0-6f07-4839-9ce1-28a17eba4d11, columns={'addresses': ['fa:16:3e:30:08:f5'], 'external_ids': {'neutron:port_name': '', 'neutron:device_id': 'ovnmeta-c6f62fc0-6f07-4839-9ce1-28a17eba4d11', 'neutron:project_id': '9ce53b719f124e8888487629bd85a190', 'neutron:cidrs': '', 'neutron:device_owner': 'network:distributed', 'neutron:subnet_pool_addr_scope4': '', 'neutron:subnet_pool_addr_scope6': '', 'neutron:network_name': 'neutron-c6f62fc0-6f07-4839-9ce1-28a17eba4d11', 'neutron:security_group_ids': '', 'neutron:revision_number': '1', 'neutron:vnic_type': 'normal', 'neutron:port_capabilities': '', 'neutron:mtu': '1372'}, 'parent_name': [], 'tag': [], 'enabled': True, 'options': {}, 'type': 'localport', 'port_security': [], 'dhcpv4_options': [], 'dhcpv6_options': []}) {{(pid=89911) do_commit /opt/stack/data/venv/lib/python3.12/site-packages/ovsdbapp/backend/ovs_idl/transaction.py:89}}
Jun 05 04:55:28.673887 np0000002204 devstack@neutron-api.service[89911]: DEBUG ovsdbapp.backend.ovs_idl.transaction [None req-bcf756ff-e8f2-418b-b90a-ed6d491103a0 None None] Running txn n=1 command(idx=1): QoSDelCommand(_result=None, switch=neutron-c6f62fc0-6f07-4839-9ce1-28a17eba4d11, conditions=[('direction', '=', 'to-lport'), ('priority', '=', 2002), ('match', '=', 'outport == "fd9e2ba6-5d31-4af8-be6b-e91f2839b138"')], if_exists=True) {{(pid=89911) do_commit /opt/stack/data/venv/lib/python3.12/site-packages/ovsdbapp/backend/ovs_idl/transaction.py:89}}
Jun 05 04:55:28.674104 np0000002204 devstack@neutron-api.service[89911]: DEBUG ovsdbapp.backend.ovs_idl.transaction [None req-bcf756ff-e8f2-418b-b90a-ed6d491103a0 None None] Running txn n=1 command(idx=2): QoSDelCommand(_result=None, switch=neutron-c6f62fc0-6f07-4839-9ce1-28a17eba4d11, conditions=[('direction', '=', 'from-lport'), ('priority', '=', 2002), ('match', '=', 'inport == "fd9e2ba6-5d31-4af8-be6b-e91f2839b138"')], if_exists=True) {{(pid=89911) do_commit /opt/stack/data/venv/lib/python3.12/site-packages/ovsdbapp/backend/ovs_idl/transaction.py:89}}
Jun 05 04:55:28.678280 np0000002204 devstack@neutron-api.service[89910]: DEBUG neutron.plugins.ml2.drivers.ovn.mech_driver.ovsdb.ovsdb_monitor [None req-90ac28e3-3f27-48dc-a63f-e2e197c063ca None None] Hash Ring: Node ecdbd3e254d6543bad93c0fe2f3f7aa0 (host: np0000002204) handling event "create" for row 8923a00d-063b-4d08-9ca5-45f6d33318f4 (table: Logical_Switch_Port) {{(pid=89910) notify /opt/stack/neutron/neutron/plugins/ml2/drivers/ovn/mech_driver/ovsdb/ovsdb_monitor.py:1015}}
Jun 05 04:55:28.680011 np0000002204 devstack@neutron-api.service[89910]: DEBUG ovsdbapp.backend.ovs_idl.event [None req-90ac28e3-3f27-48dc-a63f-e2e197c063ca None None] Matched CREATE: LogicalSwitchPortCreateEvent(events=('create',), table='Logical_Switch_Port', conditions=[], old_conditions=None), priority=20 to row=Logical_Switch_Port(uuid=8923a00d-063b-4d08-9ca5-45f6d33318f4, addresses=['fa:16:3e:30:08:f5'], dhcpv4_options=[], dhcpv6_options=[], dynamic_addresses=[], enabled=True, external_ids={'neutron:cidrs': '', 'neutron:device_id': 'ovnmeta-c6f62fc0-6f07-4839-9ce1-28a17eba4d11', 'neutron:device_owner': 'network:distributed', 'neutron:mtu': '1372', 'neutron:network_name': 'neutron-c6f62fc0-6f07-4839-9ce1-28a17eba4d11', 'neutron:port_capabilities': '', 'neutron:port_name': '', 'neutron:project_id': '9ce53b719f124e8888487629bd85a190', 'neutron:revision_number': '1', 'neutron:security_group_ids': '', 'neutron:subnet_pool_addr_scope4': '', 'neutron:subnet_pool_addr_scope6': '', 'neutron:vnic_type': 'normal'}, ha_chassis_group=[], mirror_rules=[], name='fd9e2ba6-5d31-4af8-be6b-e91f2839b138', options={}, parent_name=[], port_security=[], tag=[], tag_request=[], type='localport', up=[]) old= {{(pid=89910) matches /opt/stack/data/venv/lib/python3.12/site-packages/ovsdbapp/backend/ovs_idl/event.py:55}}
Jun 05 04:55:28.682435 np0000002204 devstack@neutron-api.service[89912]: DEBUG neutron.plugins.ml2.drivers.ovn.mech_driver.ovsdb.ovsdb_monitor [None req-58b95349-c378-44b7-94dc-8ec4046a8b43 None None] Hash Ring: Node 62a610f076465c2db12e7da000e68369 (host: np0000002204) handling event "update" for row c6f62fc0-6f07-4839-9ce1-28a17eba4d11 (table: Logical_Switch) {{(pid=89912) notify /opt/stack/neutron/neutron/plugins/ml2/drivers/ovn/mech_driver/ovsdb/ovsdb_monitor.py:1015}}
Jun 05 04:55:28.683664 np0000002204 devstack@neutron-api.service[89910]: INFO neutron.plugins.ml2.drivers.ovn.mech_driver.mech_driver [None req-5d2bbeb9-8d85-4e9f-8397-976d1a7d75bc None None] OVN reports status down for port: fd9e2ba6-5d31-4af8-be6b-e91f2839b138
Jun 05 04:55:28.684513 np0000002204 devstack@neutron-api.service[89910]: DEBUG neutron.plugins.ml2.drivers.ovn.mech_driver.ovsdb.ovsdb_monitor [None req-8a5a3d21-9b64-485b-8500-416be14fd202 None None] Hash Ring: Node ecdbd3e254d6543bad93c0fe2f3f7aa0 (host: np0000002204) handling event "create" for row bbe9922e-2e85-40f1-983b-98a27b05f9d4 (table: Port_Binding) {{(pid=89910) notify /opt/stack/neutron/neutron/plugins/ml2/drivers/ovn/mech_driver/ovsdb/ovsdb_monitor.py:1015}}
Jun 05 04:55:28.684583 np0000002204 devstack@neutron-api.service[89910]: DEBUG neutron.plugins.ml2.drivers.ovn.mech_driver.ovsdb.ovsdb_monitor [None req-90ac28e3-3f27-48dc-a63f-e2e197c063ca None None] Hash Ring: Node ecdbd3e254d6543bad93c0fe2f3f7aa0 (host: np0000002204) handling event "update" for row 8923a00d-063b-4d08-9ca5-45f6d33318f4 (table: Logical_Switch_Port) {{(pid=89910) notify /opt/stack/neutron/neutron/plugins/ml2/drivers/ovn/mech_driver/ovsdb/ovsdb_monitor.py:1015}}
Jun 05 04:55:28.688005 np0000002204 devstack@neutron-api.service[89912]: DEBUG neutron.plugins.ml2.drivers.helpers [None req-7cb9af42-73c8-425f-b32a-a62af749884e admin admin] geneve segment allocate from pool success with {'geneve_vni': 9254} {{(pid=89912) allocate_partially_specified_segment /opt/stack/neutron/neutron/plugins/ml2/drivers/helpers.py:142}}
Jun 05 04:55:28.696654 np0000002204 devstack@neutron-api.service[89912]: DEBUG neutron_lib.callbacks.manager [None req-7cb9af42-73c8-425f-b32a-a62af749884e admin admin] Publish callbacks ['neutron.services.segments.db._add_segment_host_mapping_for_segment-8597093755684', 'neutron.plugins.ml2.plugin.Ml2Plugin._handle_segment_change-171790'] for segment (5429d997-bf3a-4d89-9cef-61e454701fc9), precommit_create {{(pid=89912) _notify_loop /opt/stack/data/venv/lib/python3.12/site-packages/neutron_lib/callbacks/manager.py:184}}
Jun 05 04:55:28.696829 np0000002204 devstack@neutron-api.service[89912]: INFO neutron.db.segments_db [None req-7cb9af42-73c8-425f-b32a-a62af749884e admin admin] Added segment 5429d997-bf3a-4d89-9cef-61e454701fc9 of type geneve for network c8f06e80-8282-4ef1-91d1-19e051a181ea
Jun 05 04:55:28.705658 np0000002204 devstack@neutron-api.service[89910]: DEBUG neutron.api.v2.base [None req-e427f1fc-3712-4a59-bfba-efafaba592e7 admin admin] Request body: {'network': {'name': 'tempest-UpdateMultiattachVolumeNegativeTest-224552783-network', 'project_id': 'f830256a050843bebf2efae3ce786981'}} {{(pid=89910) prepare_request_body /opt/stack/neutron/neutron/api/v2/base.py:727}}
Jun 05 04:55:28.710168 np0000002204 devstack@neutron-api.service[89911]: INFO neutron.db.ovn_revision_numbers_db [None req-01e6a8a2-2cce-4a53-9c50-6d5742091577 admin admin] Successfully bumped revision number for resource fd9e2ba6-5d31-4af8-be6b-e91f2839b138 (type: ports) to 1
Jun 05 04:55:28.715788 np0000002204 devstack@neutron-api.service[89912]: DEBUG neutron_lib.callbacks.manager [None req-7cb9af42-73c8-425f-b32a-a62af749884e admin admin] Publish callbacks ['neutron.services.auto_allocate.db._ensure_external_network_default_value_callback-8597092575386'] for network (c8f06e80-8282-4ef1-91d1-19e051a181ea), precommit_create {{(pid=89912) _notify_loop /opt/stack/data/venv/lib/python3.12/site-packages/neutron_lib/callbacks/manager.py:184}}
Jun 05 04:55:28.717354 np0000002204 devstack@neutron-api.service[89911]: DEBUG neutron.pecan_wsgi.hooks.policy_enforcement [None req-01e6a8a2-2cce-4a53-9c50-6d5742091577 admin admin] Attributes excluded by policy engine: ['standard_attr_id'] {{(pid=89911) _exclude_attributes_by_policy /opt/stack/neutron/neutron/pecan_wsgi/hooks/policy_enforcement.py:256}}
Jun 05 04:55:28.717706 np0000002204 devstack@neutron-api.service[89911]: DEBUG neutron_lib.callbacks.manager [None req-01e6a8a2-2cce-4a53-9c50-6d5742091577 admin admin] Publish callbacks [] for network (None), before_response {{(pid=89911) _notify_loop /opt/stack/data/venv/lib/python3.12/site-packages/neutron_lib/callbacks/manager.py:184}}
Jun 05 04:55:28.725650 np0000002204 devstack@neutron-api.service[89910]: DEBUG neutron.db.provisioning_blocks [None req-5d2bbeb9-8d85-4e9f-8397-976d1a7d75bc None None] Transition to ACTIVE for port object fd9e2ba6-5d31-4af8-be6b-e91f2839b138 will not be triggered until provisioned by entity L2. {{(pid=89910) add_provisioning_component /opt/stack/neutron/neutron/db/provisioning_blocks.py:74}}
Jun 05 04:55:28.727254 np0000002204 devstack@neutron-api.service[89910]: DEBUG neutron.pecan_wsgi.hooks.quota_enforcement [None req-e427f1fc-3712-4a59-bfba-efafaba592e7 admin admin] Made reservation on behalf of f830256a050843bebf2efae3ce786981 for: {'network': 1} {{(pid=89910) before /opt/stack/neutron/neutron/pecan_wsgi/hooks/quota_enforcement.py:66}}
Jun 05 04:55:28.727601 np0000002204 devstack@neutron-api.service[89911]: [pid: 89911|app: 0|req: 16/44] 10.4.3.235 () {68 vars in 1277 bytes} [Fri Jun 5 04:55:27 2026] POST /networking/v2.0/networks => generated 714 bytes in 971 msecs (HTTP/1.1 201) 4 headers in 162 bytes (1 switches on core 0)
Jun 05 04:55:28.730300 np0000002204 devstack@neutron-api.service[89912]: DEBUG neutron.plugins.ml2.drivers.ovn.mech_driver.mech_driver [None req-7cb9af42-73c8-425f-b32a-a62af749884e admin admin] Validating network segment with type geneve, segmentation ID 9254, physical network None {{(pid=89912) _validate_network_segments /opt/stack/neutron/neutron/plugins/ml2/drivers/ovn/mech_driver/mech_driver.py:643}}
Jun 05 04:55:28.730415 np0000002204 devstack@neutron-api.service[89912]: DEBUG neutron.db.ovn_revision_numbers_db [None req-7cb9af42-73c8-425f-b32a-a62af749884e admin admin] create_initial_revision uuid=c8f06e80-8282-4ef1-91d1-19e051a181ea, type=networks, rev=-1 {{(pid=89912) create_initial_revision /opt/stack/neutron/neutron/db/ovn_revision_numbers_db.py:98}}
Jun 05 04:55:28.730740 np0000002204 devstack@neutron-api.service[89910]: DEBUG neutron_lib.callbacks.manager [None req-e427f1fc-3712-4a59-bfba-efafaba592e7 admin admin] Publish callbacks ['neutron.plugins.ml2.plugin.SecurityGroupDbMixin._ensure_default_security_group_handler-976202'] for network (None), before_create {{(pid=89910) _notify_loop /opt/stack/data/venv/lib/python3.12/site-packages/neutron_lib/callbacks/manager.py:184}}
Jun 05 04:55:28.736502 np0000002204 devstack@neutron-api.service[89910]: DEBUG neutron_lib.callbacks.manager [None req-e427f1fc-3712-4a59-bfba-efafaba592e7 admin admin] Publish callbacks [] for security_group (None), before_create {{(pid=89910) _notify_loop /opt/stack/data/venv/lib/python3.12/site-packages/neutron_lib/callbacks/manager.py:184}}
Jun 05 04:55:28.741836 np0000002204 devstack@neutron-api.service[89912]: DEBUG neutron_lib.callbacks.manager [None req-7cb9af42-73c8-425f-b32a-a62af749884e admin admin] Publish callbacks ['neutron.plugins.ml2.ovo_rpc._ObjectChangeHandler.handle_event-1155856'] for network (c8f06e80-8282-4ef1-91d1-19e051a181ea), after_create {{(pid=89912) _notify_loop /opt/stack/data/venv/lib/python3.12/site-packages/neutron_lib/callbacks/manager.py:184}}
Jun 05 04:55:28.768618 np0000002204 devstack@neutron-api.service[89910]: DEBUG neutron.plugins.ml2.plugin [None req-5d2bbeb9-8d85-4e9f-8397-976d1a7d75bc None None] Current status of the port fd9e2ba6-5d31-4af8-be6b-e91f2839b138 is: DOWN; New status is: DOWN {{(pid=89910) _update_individual_port_db_status /opt/stack/neutron/neutron/plugins/ml2/plugin.py:2470}}
Jun 05 04:55:28.770149 np0000002204 devstack@neutron-api.service[89912]: DEBUG neutron.api.rpc.handlers.resources_rpc [None req-7cb9af42-73c8-425f-b32a-a62af749884e admin admin] Pushing event updated for resources: {'Network': ['ID=c8f06e80-8282-4ef1-91d1-19e051a181ea,revision_number=1']} {{(pid=89912) push /opt/stack/neutron/neutron/api/rpc/handlers/resources_rpc.py:237}}
Jun 05 04:55:28.773538 np0000002204 devstack@neutron-api.service[89910]: DEBUG ovsdbapp.backend.ovs_idl.transaction [None req-90ac28e3-3f27-48dc-a63f-e2e197c063ca None None] Running txn n=1 command(idx=0): DbRemoveCommand(_result=None, table=Logical_Switch_Port, record=fd9e2ba6-5d31-4af8-be6b-e91f2839b138, column=external_ids, values=('neutron:host_id',), keyvalues={}, if_exists=True) {{(pid=89910) do_commit /opt/stack/data/venv/lib/python3.12/site-packages/ovsdbapp/backend/ovs_idl/transaction.py:89}}
Jun 05 04:55:28.778955 np0000002204 devstack@neutron-api.service[89912]: DEBUG ovsdbapp.backend.ovs_idl.transaction [None req-58b95349-c378-44b7-94dc-8ec4046a8b43 None None] Running txn n=1 command(idx=0): AddNetworkCommand(_result=None, network_uuid=c8f06e80-8282-4ef1-91d1-19e051a181ea, may_exist=True, columns={'external_ids': {'neutron:network_name': 'tempest-VolumesAssistedSnapshotsTest-432723000-network', 'neutron:mtu': '1372', 'neutron:revision_number': '1', 'neutron:availability_zone_hints': '', 'neutron:provnet-network-type': 'geneve'}, 'other_config': {'mcast_snoop': 'false', 'mcast_flood_unregistered': 'false', 'vlan-passthru': 'false'}}) {{(pid=89912) do_commit /opt/stack/data/venv/lib/python3.12/site-packages/ovsdbapp/backend/ovs_idl/transaction.py:89}}
Jun 05 04:55:28.779326 np0000002204 devstack@neutron-api.service[89912]: DEBUG neutron.common.ovn.utils [None req-58b95349-c378-44b7-94dc-8ec4046a8b43 None None] OVS persist_uuid supported=True {{(pid=89912) ovs_persist_uuid_supported /opt/stack/neutron/neutron/common/ovn/utils.py:1544}}
Jun 05 04:55:28.782797 np0000002204 devstack@neutron-api.service[89912]: DEBUG neutron.plugins.ml2.drivers.ovn.mech_driver.ovsdb.ovsdb_monitor [None req-58b95349-c378-44b7-94dc-8ec4046a8b43 None None] Hash Ring: Node 62a610f076465c2db12e7da000e68369 (host: np0000002204) handling event "create" for row c8f06e80-8282-4ef1-91d1-19e051a181ea (table: Logical_Switch) {{(pid=89912) notify /opt/stack/neutron/neutron/plugins/ml2/drivers/ovn/mech_driver/ovsdb/ovsdb_monitor.py:1015}}
