Jul 17 18:24:36.352476 np0000005366 devstack@g-api.service[99714]: DEBUG glance.api.middleware.version_negotiation [None req-a3dffa1d-0133-4ef5-824f-c793aa684259 tempest-ServerBootFromVolumeStableRescueTest-435071452 tempest-ServerBootFromVolumeStableRescueTest-435071452-project-member] new path /v2/schemas/image {{(pid=99714) process_request /opt/stack/glance/glance/api/middleware/version_negotiation.py:70}}
Jul 17 18:24:36.357380 np0000005366 devstack@g-api.service[99714]: [pid: 99714|app: 0|req: 32/98] 127.0.0.1 () {44 vars in 1051 bytes} [Fri Jul 17 18:24:36 2026] GET /v2/schemas/image => generated 6083 bytes in 5 msecs (HTTP/1.1 200) 4 headers in 158 bytes (1 switches on core 0)
Jul 17 18:24:37.103844 np0000005366 devstack@g-api.service[99713]: DEBUG glance.api.middleware.version_negotiation [None req-a3764c65-edb6-49ec-af79-12f1ea10c629 tempest-ServerBootFromVolumeStableRescueTest-435071452 tempest-ServerBootFromVolumeStableRescueTest-435071452-project-member] Determining version of request: GET /v2/images/87a95daf-87e9-4eb0-8869-b7b1004cbf13 Accept: application/json {{(pid=99713) process_request /opt/stack/glance/glance/api/middleware/version_negotiation.py:44}}
Jul 17 18:24:37.104210 np0000005366 devstack@g-api.service[99713]: DEBUG glance.api.middleware.version_negotiation [None req-a3764c65-edb6-49ec-af79-12f1ea10c629 tempest-ServerBootFromVolumeStableRescueTest-435071452 tempest-ServerBootFromVolumeStableRescueTest-435071452-project-member] Using url versioning {{(pid=99713) process_request /opt/stack/glance/glance/api/middleware/version_negotiation.py:57}}
Jul 17 18:24:37.104210 np0000005366 devstack@g-api.service[99713]: DEBUG glance.api.middleware.version_negotiation [None req-a3764c65-edb6-49ec-af79-12f1ea10c629 tempest-ServerBootFromVolumeStableRescueTest-435071452 tempest-ServerBootFromVolumeStableRescueTest-435071452-project-member] Matched version: v2 {{(pid=99713) process_request /opt/stack/glance/glance/api/middleware/version_negotiation.py:69}}
Jul 17 18:24:37.106145 np0000005366 devstack@g-api.service[99713]: DEBUG glance.api.middleware.version_negotiation [None req-a3764c65-edb6-49ec-af79-12f1ea10c629 tempest-ServerBootFromVolumeStableRescueTest-435071452 tempest-ServerBootFromVolumeStableRescueTest-435071452-project-member] new path /v2/images/87a95daf-87e9-4eb0-8869-b7b1004cbf13 {{(pid=99713) process_request /opt/stack/glance/glance/api/middleware/version_negotiation.py:70}}
Jul 17 18:24:37.120536 np0000005366 devstack@g-api.service[99713]: [pid: 99713|app: 0|req: 34/99] 127.0.0.1 () {40 vars in 834 bytes} [Fri Jul 17 18:24:37 2026] GET /v2/images/87a95daf-87e9-4eb0-8869-b7b1004cbf13 => generated 1357 bytes in 17 msecs (HTTP/1.1 200) 4 headers in 158 bytes (1 switches on core 0)
Jul 17 18:24:37.610382 np0000005366 devstack@g-api.service[99715]: DEBUG glance.api.middleware.version_negotiation [None req-a3dffa1d-0133-4ef5-824f-c793aa684259 tempest-ServerBootFromVolumeStableRescueTest-435071452 tempest-ServerBootFromVolumeStableRescueTest-435071452-project-member] Determining version of request: GET /v2/images/87a95daf-87e9-4eb0-8869-b7b1004cbf13 Accept: */* {{(pid=99715) process_request /opt/stack/glance/glance/api/middleware/version_negotiation.py:44}}
Jul 17 18:24:37.610710 np0000005366 devstack@g-api.service[99715]: DEBUG glance.api.middleware.version_negotiation [None req-a3dffa1d-0133-4ef5-824f-c793aa684259 tempest-ServerBootFromVolumeStableRescueTest-435071452 tempest-ServerBootFromVolumeStableRescueTest-435071452-project-member] Using url versioning {{(pid=99715) process_request /opt/stack/glance/glance/api/middleware/version_negotiation.py:57}}
Jul 17 18:24:37.610710 np0000005366 devstack@g-api.service[99715]: DEBUG glance.api.middleware.version_negotiation [None req-a3dffa1d-0133-4ef5-824f-c793aa684259 tempest-ServerBootFromVolumeStableRescueTest-435071452 tempest-ServerBootFromVolumeStableRescueTest-435071452-project-member] Matched version: v2 {{(pid=99715) process_request /opt/stack/glance/glance/api/middleware/version_negotiation.py:69}}
Jul 17 18:24:37.610758 np0000005366 devstack@g-api.service[99715]: DEBUG glance.api.middleware.version_negotiation [None req-a3dffa1d-0133-4ef5-824f-c793aa684259 tempest-ServerBootFromVolumeStableRescueTest-435071452 tempest-ServerBootFromVolumeStableRescueTest-435071452-project-member] new path /v2/images/87a95daf-87e9-4eb0-8869-b7b1004cbf13 {{(pid=99715) process_request /opt/stack/glance/glance/api/middleware/version_negotiation.py:70}}
Jul 17 18:24:37.622509 np0000005366 devstack@g-api.service[99715]: [pid: 99715|app: 0|req: 34/100] 127.0.0.1 () {44 vars in 1111 bytes} [Fri Jul 17 18:24:37 2026] GET /v2/images/87a95daf-87e9-4eb0-8869-b7b1004cbf13 => generated 1357 bytes in 12 msecs (HTTP/1.1 200) 4 headers in 158 bytes (1 switches on core 0)
Jul 17 18:24:37.675020 np0000005366 devstack@g-api.service[99714]: DEBUG glance.api.middleware.version_negotiation [None req-a3dffa1d-0133-4ef5-824f-c793aa684259 tempest-ServerBootFromVolumeStableRescueTest-435071452 tempest-ServerBootFromVolumeStableRescueTest-435071452-project-member] Determining version of request: GET /v2/schemas/image Accept: */* {{(pid=99714) process_request /opt/stack/glance/glance/api/middleware/version_negotiation.py:44}}
Jul 17 18:24:37.675373 np0000005366 devstack@g-api.service[99714]: DEBUG glance.api.middleware.version_negotiation [None req-a3dffa1d-0133-4ef5-824f-c793aa684259 tempest-ServerBootFromVolumeStableRescueTest-435071452 tempest-ServerBootFromVolumeStableRescueTest-435071452-project-member] Using url versioning {{(pid=99714) process_request /opt/stack/glance/glance/api/middleware/version_negotiation.py:57}}
Jul 17 18:24:37.675373 np0000005366 devstack@g-api.service[99714]: DEBUG glance.api.middleware.version_negotiation [None req-a3dffa1d-0133-4ef5-824f-c793aa684259 tempest-ServerBootFromVolumeStableRescueTest-435071452 tempest-ServerBootFromVolumeStableRescueTest-435071452-project-member] Matched version: v2 {{(pid=99714) process_request /opt/stack/glance/glance/api/middleware/version_negotiation.py:69}}
Jul 17 18:24:37.677705 np0000005366 devstack@g-api.service[99714]: DEBUG glance.api.middleware.version_negotiation [None req-a3dffa1d-0133-4ef5-824f-c793aa684259 tempest-ServerBootFromVolumeStableRescueTest-435071452 tempest-ServerBootFromVolumeStableRescueTest-435071452-project-member] new path /v2/schemas/image {{(pid=99714) process_request /opt/stack/glance/glance/api/middleware/version_negotiation.py:70}}
Jul 17 18:24:37.681141 np0000005366 devstack@g-api.service[99714]: [pid: 99714|app: 0|req: 33/101] 127.0.0.1 () {44 vars in 1051 bytes} [Fri Jul 17 18:24:37 2026] GET /v2/schemas/image => generated 6083 bytes in 6 msecs (HTTP/1.1 200) 4 headers in 158 bytes (1 switches on core 0)
Jul 17 18:24:37.729708 np0000005366 devstack@g-api.service[99713]: DEBUG glance.api.middleware.version_negotiation [None req-05178171-bf96-4c1a-887b-9d6721dd8e63 tempest-ServerBootFromVolumeStableRescueTest-435071452 tempest-ServerBootFromVolumeStableRescueTest-435071452-project-member] Determining version of request: GET /v2/schemas/image Accept: */* {{(pid=99713) process_request /opt/stack/glance/glance/api/middleware/version_negotiation.py:44}}
Jul 17 18:24:37.729708 np0000005366 devstack@g-api.service[99713]: DEBUG glance.api.middleware.version_negotiation [None req-05178171-bf96-4c1a-887b-9d6721dd8e63 tempest-ServerBootFromVolumeStableRescueTest-435071452 tempest-ServerBootFromVolumeStableRescueTest-435071452-project-member] Using url versioning {{(pid=99713) process_request /opt/stack/glance/glance/api/middleware/version_negotiation.py:57}}
Jul 17 18:24:37.729708 np0000005366 devstack@g-api.service[99713]: DEBUG glance.api.middleware.version_negotiation [None req-05178171-bf96-4c1a-887b-9d6721dd8e63 tempest-ServerBootFromVolumeStableRescueTest-435071452 tempest-ServerBootFromVolumeStableRescueTest-435071452-project-member] Matched version: v2 {{(pid=99713) process_request /opt/stack/glance/glance/api/middleware/version_negotiation.py:69}}
Jul 17 18:24:37.729877 np0000005366 devstack@g-api.service[99713]: DEBUG glance.api.middleware.version_negotiation [None req-05178171-bf96-4c1a-887b-9d6721dd8e63 tempest-ServerBootFromVolumeStableRescueTest-435071452 tempest-ServerBootFromVolumeStableRescueTest-435071452-project-member] new path /v2/schemas/image {{(pid=99713) process_request /opt/stack/glance/glance/api/middleware/version_negotiation.py:70}}
Jul 17 18:24:37.732303 np0000005366 devstack@g-api.service[99713]: [pid: 99713|app: 0|req: 35/102] 127.0.0.1 () {44 vars in 1051 bytes} [Fri Jul 17 18:24:37 2026] GET /v2/schemas/image => generated 6083 bytes in 3 msecs (HTTP/1.1 200) 4 headers in 158 bytes (1 switches on core 0)
Jul 17 18:24:37.772404 np0000005366 devstack@g-api.service[99715]: DEBUG glance.api.middleware.version_negotiation [None req-a3dffa1d-0133-4ef5-824f-c793aa684259 tempest-ServerBootFromVolumeStableRescueTest-435071452 tempest-ServerBootFromVolumeStableRescueTest-435071452-project-member] Determining version of request: PATCH /v2/images/87a95daf-87e9-4eb0-8869-b7b1004cbf13 Accept: */* {{(pid=99715) process_request /opt/stack/glance/glance/api/middleware/version_negotiation.py:44}}
Jul 17 18:24:37.772593 np0000005366 devstack@g-api.service[99715]: DEBUG glance.api.middleware.version_negotiation [None req-a3dffa1d-0133-4ef5-824f-c793aa684259 tempest-ServerBootFromVolumeStableRescueTest-435071452 tempest-ServerBootFromVolumeStableRescueTest-435071452-project-member] Using url versioning {{(pid=99715) process_request /opt/stack/glance/glance/api/middleware/version_negotiation.py:57}}
Jul 17 18:24:37.772721 np0000005366 devstack@g-api.service[99715]: DEBUG glance.api.middleware.version_negotiation [None req-a3dffa1d-0133-4ef5-824f-c793aa684259 tempest-ServerBootFromVolumeStableRescueTest-435071452 tempest-ServerBootFromVolumeStableRescueTest-435071452-project-member] Matched version: v2 {{(pid=99715) process_request /opt/stack/glance/glance/api/middleware/version_negotiation.py:69}}
Jul 17 18:24:37.772853 np0000005366 devstack@g-api.service[99715]: DEBUG glance.api.middleware.version_negotiation [None req-a3dffa1d-0133-4ef5-824f-c793aa684259 tempest-ServerBootFromVolumeStableRescueTest-435071452 tempest-ServerBootFromVolumeStableRescueTest-435071452-project-member] new path /v2/images/87a95daf-87e9-4eb0-8869-b7b1004cbf13 {{(pid=99715) process_request /opt/stack/glance/glance/api/middleware/version_negotiation.py:70}}
Jul 17 18:24:37.928362 np0000005366 devstack@g-api.service[99715]: [pid: 99715|app: 0|req: 35/103] 127.0.0.1 () {46 vars in 1154 bytes} [Fri Jul 17 18:24:37 2026] PATCH /v2/images/87a95daf-87e9-4eb0-8869-b7b1004cbf13 => generated 1468 bytes in 158 msecs (HTTP/1.1 200) 4 headers in 158 bytes (1 switches on core 0)
Jul 17 18:24:37.977564 np0000005366 devstack@g-api.service[99714]: DEBUG glance.api.middleware.version_negotiation [None req-a3dffa1d-0133-4ef5-824f-c793aa684259 tempest-ServerBootFromVolumeStableRescueTest-435071452 tempest-ServerBootFromVolumeStableRescueTest-435071452-project-member] Determining version of request: GET /v2/images/87a95daf-87e9-4eb0-8869-b7b1004cbf13 Accept: */* {{(pid=99714) process_request /opt/stack/glance/glance/api/middleware/version_negotiation.py:44}}
Jul 17 18:24:37.978213 np0000005366 devstack@g-api.service[99714]: DEBUG glance.api.middleware.version_negotiation [None req-a3dffa1d-0133-4ef5-824f-c793aa684259 tempest-ServerBootFromVolumeStableRescueTest-435071452 tempest-ServerBootFromVolumeStableRescueTest-435071452-project-member] Using url versioning {{(pid=99714) process_request /opt/stack/glance/glance/api/middleware/version_negotiation.py:57}}
Jul 17 18:24:37.978213 np0000005366 devstack@g-api.service[99714]: DEBUG glance.api.middleware.version_negotiation [None req-a3dffa1d-0133-4ef5-824f-c793aa684259 tempest-ServerBootFromVolumeStableRescueTest-435071452 tempest-ServerBootFromVolumeStableRescueTest-435071452-project-member] Matched version: v2 {{(pid=99714) process_request /opt/stack/glance/glance/api/middleware/version_negotiation.py:69}}
Jul 17 18:24:37.978408 np0000005366 devstack@g-api.service[99714]: DEBUG glance.api.middleware.version_negotiation [None req-a3dffa1d-0133-4ef5-824f-c793aa684259 tempest-ServerBootFromVolumeStableRescueTest-435071452 tempest-ServerBootFromVolumeStableRescueTest-435071452-project-member] new path /v2/images/87a95daf-87e9-4eb0-8869-b7b1004cbf13 {{(pid=99714) process_request /opt/stack/glance/glance/api/middleware/version_negotiation.py:70}}
Jul 17 18:24:37.992510 np0000005366 devstack@g-api.service[99714]: [pid: 99714|app: 0|req: 34/104] 127.0.0.1 () {44 vars in 1111 bytes} [Fri Jul 17 18:24:37 2026] GET /v2/images/87a95daf-87e9-4eb0-8869-b7b1004cbf13 => generated 1468 bytes in 15 msecs (HTTP/1.1 200) 4 headers in 158 bytes (1 switches on core 0)
Jul 17 18:24:38.031646 np0000005366 devstack@g-api.service[99713]: DEBUG glance.api.middleware.version_negotiation [None req-a3dffa1d-0133-4ef5-824f-c793aa684259 tempest-ServerBootFromVolumeStableRescueTest-435071452 tempest-ServerBootFromVolumeStableRescueTest-435071452-project-member] Determining version of request: PUT /v2/images/87a95daf-87e9-4eb0-8869-b7b1004cbf13/file Accept: */* {{(pid=99713) process_request /opt/stack/glance/glance/api/middleware/version_negotiation.py:44}}
Jul 17 18:24:38.033740 np0000005366 devstack@g-api.service[99713]: DEBUG glance.api.middleware.version_negotiation [None req-a3dffa1d-0133-4ef5-824f-c793aa684259 tempest-ServerBootFromVolumeStableRescueTest-435071452 tempest-ServerBootFromVolumeStableRescueTest-435071452-project-member] Using url versioning {{(pid=99713) process_request /opt/stack/glance/glance/api/middleware/version_negotiation.py:57}}
Jul 17 18:24:38.033740 np0000005366 devstack@g-api.service[99713]: DEBUG glance.api.middleware.version_negotiation [None req-a3dffa1d-0133-4ef5-824f-c793aa684259 tempest-ServerBootFromVolumeStableRescueTest-435071452 tempest-ServerBootFromVolumeStableRescueTest-435071452-project-member] Matched version: v2 {{(pid=99713) process_request /opt/stack/glance/glance/api/middleware/version_negotiation.py:69}}
Jul 17 18:24:38.033740 np0000005366 devstack@g-api.service[99713]: DEBUG glance.api.middleware.version_negotiation [None req-a3dffa1d-0133-4ef5-824f-c793aa684259 tempest-ServerBootFromVolumeStableRescueTest-435071452 tempest-ServerBootFromVolumeStableRescueTest-435071452-project-member] new path /v2/images/87a95daf-87e9-4eb0-8869-b7b1004cbf13/file {{(pid=99713) process_request /opt/stack/glance/glance/api/middleware/version_negotiation.py:70}}
Jul 17 18:24:38.132148 np0000005366 devstack@g-api.service[99715]: DEBUG glance.api.middleware.version_negotiation [None req-a3dffa1d-0133-4ef5-824f-c793aa684259 tempest-ServerBootFromVolumeStableRescueTest-435071452 tempest-ServerBootFromVolumeStableRescueTest-435071452-project-member] Determining version of request: GET /v2/images/87a95daf-87e9-4eb0-8869-b7b1004cbf13 Accept: application/json {{(pid=99715) process_request /opt/stack/glance/glance/api/middleware/version_negotiation.py:44}}
Jul 17 18:24:38.132348 np0000005366 devstack@g-api.service[99715]: DEBUG glance.api.middleware.version_negotiation [None req-a3dffa1d-0133-4ef5-824f-c793aa684259 tempest-ServerBootFromVolumeStableRescueTest-435071452 tempest-ServerBootFromVolumeStableRescueTest-435071452-project-member] Using url versioning {{(pid=99715) process_request /opt/stack/glance/glance/api/middleware/version_negotiation.py:57}}
Jul 17 18:24:38.132545 np0000005366 devstack@g-api.service[99715]: DEBUG glance.api.middleware.version_negotiation [None req-a3dffa1d-0133-4ef5-824f-c793aa684259 tempest-ServerBootFromVolumeStableRescueTest-435071452 tempest-ServerBootFromVolumeStableRescueTest-435071452-project-member] Matched version: v2 {{(pid=99715) process_request /opt/stack/glance/glance/api/middleware/version_negotiation.py:69}}
Jul 17 18:24:38.132655 np0000005366 devstack@g-api.service[99715]: DEBUG glance.api.middleware.version_negotiation [None req-a3dffa1d-0133-4ef5-824f-c793aa684259 tempest-ServerBootFromVolumeStableRescueTest-435071452 tempest-ServerBootFromVolumeStableRescueTest-435071452-project-member] new path /v2/images/87a95daf-87e9-4eb0-8869-b7b1004cbf13 {{(pid=99715) process_request /opt/stack/glance/glance/api/middleware/version_negotiation.py:70}}
Jul 17 18:24:38.144160 np0000005366 devstack@g-api.service[99715]: [pid: 99715|app: 0|req: 36/105] 127.0.0.1 () {40 vars in 834 bytes} [Fri Jul 17 18:24:38 2026] GET /v2/images/87a95daf-87e9-4eb0-8869-b7b1004cbf13 => generated 1468 bytes in 12 msecs (HTTP/1.1 200) 4 headers in 158 bytes (1 switches on core 0)
Jul 17 18:24:38.982648 np0000005366 devstack@g-api.service[99713]: INFO glance.api.v2.image_data [None req-a3dffa1d-0133-4ef5-824f-c793aa684259 tempest-ServerBootFromVolumeStableRescueTest-435071452 tempest-ServerBootFromVolumeStableRescueTest-435071452-project-member] Unable to create trust: no such option collect_timing in group [keystone_authtoken] Use the existing user token.
Jul 17 18:24:39.152713 np0000005366 devstack@g-api.service[99714]: DEBUG glance.api.middleware.version_negotiation [None req-a3dffa1d-0133-4ef5-824f-c793aa684259 tempest-ServerBootFromVolumeStableRescueTest-435071452 tempest-ServerBootFromVolumeStableRescueTest-435071452-project-member] Determining version of request: GET /v2/images/87a95daf-87e9-4eb0-8869-b7b1004cbf13 Accept: application/json {{(pid=99714) process_request /opt/stack/glance/glance/api/middleware/version_negotiation.py:44}}
Jul 17 18:24:39.153155 np0000005366 devstack@g-api.service[99714]: DEBUG glance.api.middleware.version_negotiation [None req-a3dffa1d-0133-4ef5-824f-c793aa684259 tempest-ServerBootFromVolumeStableRescueTest-435071452 tempest-ServerBootFromVolumeStableRescueTest-435071452-project-member] Using url versioning {{(pid=99714) process_request /opt/stack/glance/glance/api/middleware/version_negotiation.py:57}}
Jul 17 18:24:39.153449 np0000005366 devstack@g-api.service[99714]: DEBUG glance.api.middleware.version_negotiation [None req-a3dffa1d-0133-4ef5-824f-c793aa684259 tempest-ServerBootFromVolumeStableRescueTest-435071452 tempest-ServerBootFromVolumeStableRescueTest-435071452-project-member] Matched version: v2 {{(pid=99714) process_request /opt/stack/glance/glance/api/middleware/version_negotiation.py:69}}
Jul 17 18:24:39.153449 np0000005366 devstack@g-api.service[99714]: DEBUG glance.api.middleware.version_negotiation [None req-a3dffa1d-0133-4ef5-824f-c793aa684259 tempest-ServerBootFromVolumeStableRescueTest-435071452 tempest-ServerBootFromVolumeStableRescueTest-435071452-project-member] new path /v2/images/87a95daf-87e9-4eb0-8869-b7b1004cbf13 {{(pid=99714) process_request /opt/stack/glance/glance/api/middleware/version_negotiation.py:70}}
Jul 17 18:24:39.172907 np0000005366 devstack@g-api.service[99714]: [pid: 99714|app: 0|req: 35/106] 127.0.0.1 () {40 vars in 834 bytes} [Fri Jul 17 18:24:39 2026] GET /v2/images/87a95daf-87e9-4eb0-8869-b7b1004cbf13 => generated 1468 bytes in 20 msecs (HTTP/1.1 200) 4 headers in 158 bytes (1 switches on core 0)
Jul 17 18:24:39.736664 np0000005366 devstack@g-api.service[99713]: DEBUG glance.location [None req-a3dffa1d-0133-4ef5-824f-c793aa684259 tempest-ServerBootFromVolumeStableRescueTest-435071452 tempest-ServerBootFromVolumeStableRescueTest-435071452-project-member] Enabling in-flight format inspection for qcow2 {{(pid=99713) set_data /opt/stack/glance/glance/location.py:596}}
Jul 17 18:24:39.737687 np0000005366 devstack@g-api.service[99713]: DEBUG glance_store.backend [None req-a3dffa1d-0133-4ef5-824f-c793aa684259 tempest-ServerBootFromVolumeStableRescueTest-435071452 tempest-ServerBootFromVolumeStableRescueTest-435071452-project-member] Attempting to import store swift {{(pid=99713) _load_store /opt/stack/data/venv/lib/python3.12/site-packages/glance_store/backend.py:215}}
Jul 17 18:24:39.740746 np0000005366 devstack@g-api.service[99713]: DEBUG glance_store.capabilities [None req-a3dffa1d-0133-4ef5-824f-c793aa684259 tempest-ServerBootFromVolumeStableRescueTest-435071452 tempest-ServerBootFromVolumeStableRescueTest-435071452-project-member] Store glance_store._drivers.swift.store.SingleTenantStore doesn't support updating dynamic storage capabilities. Please overwrite 'update_capabilities' method of the store to implement updating logics if needed. {{(pid=99713) update_capabilities /opt/stack/data/venv/lib/python3.12/site-packages/glance_store/capabilities.py:91}}
Jul 17 18:24:39.741234 np0000005366 devstack@g-api.service[99713]: DEBUG glance_store.driver [None req-a3dffa1d-0133-4ef5-824f-c793aa684259 tempest-ServerBootFromVolumeStableRescueTest-435071452 tempest-ServerBootFromVolumeStableRescueTest-435071452-project-member] Late loading location class glance_store._drivers.swift.store.StoreLocation {{(pid=99713) get_store_location_class /opt/stack/data/venv/lib/python3.12/site-packages/glance_store/driver.py:134}}
Jul 17 18:24:39.741562 np0000005366 devstack@g-api.service[99713]: DEBUG glance_store.location [None req-a3dffa1d-0133-4ef5-824f-c793aa684259 tempest-ServerBootFromVolumeStableRescueTest-435071452 tempest-ServerBootFromVolumeStableRescueTest-435071452-project-member] Registering scheme swift+https with {'store': , 'location_class': , 'store_entry': 'swift'} {{(pid=99713) register_scheme_map /opt/stack/data/venv/lib/python3.12/site-packages/glance_store/location.py:146}}
Jul 17 18:24:39.741745 np0000005366 devstack@g-api.service[99713]: DEBUG glance_store.location [None req-a3dffa1d-0133-4ef5-824f-c793aa684259 tempest-ServerBootFromVolumeStableRescueTest-435071452 tempest-ServerBootFromVolumeStableRescueTest-435071452-project-member] Registering scheme swift+https with {'store': , 'location_class': , 'store_entry': 'swift'} {{(pid=99713) register_scheme_map /opt/stack/data/venv/lib/python3.12/site-packages/glance_store/location.py:146}}
Jul 17 18:24:39.741936 np0000005366 devstack@g-api.service[99713]: DEBUG glance_store.location [None req-a3dffa1d-0133-4ef5-824f-c793aa684259 tempest-ServerBootFromVolumeStableRescueTest-435071452 tempest-ServerBootFromVolumeStableRescueTest-435071452-project-member] Registering scheme swift with {'store': , 'location_class': , 'store_entry': 'swift'} {{(pid=99713) register_scheme_map /opt/stack/data/venv/lib/python3.12/site-packages/glance_store/location.py:146}}
Jul 17 18:24:39.742156 np0000005366 devstack@g-api.service[99713]: DEBUG glance_store.location [None req-a3dffa1d-0133-4ef5-824f-c793aa684259 tempest-ServerBootFromVolumeStableRescueTest-435071452 tempest-ServerBootFromVolumeStableRescueTest-435071452-project-member] Registering scheme swift+https with {'store': , 'location_class': , 'store_entry': 'swift'} {{(pid=99713) register_scheme_map /opt/stack/data/venv/lib/python3.12/site-packages/glance_store/location.py:146}}
Jul 17 18:24:39.742725 np0000005366 devstack@g-api.service[99713]: DEBUG glance_store.location [None req-a3dffa1d-0133-4ef5-824f-c793aa684259 tempest-ServerBootFromVolumeStableRescueTest-435071452 tempest-ServerBootFromVolumeStableRescueTest-435071452-project-member] Registering scheme swift with {'store': , 'location_class': , 'store_entry': 'swift'} {{(pid=99713) register_scheme_map /opt/stack/data/venv/lib/python3.12/site-packages/glance_store/location.py:146}}
Jul 17 18:24:39.742926 np0000005366 devstack@g-api.service[99713]: DEBUG glance_store.location [None req-a3dffa1d-0133-4ef5-824f-c793aa684259 tempest-ServerBootFromVolumeStableRescueTest-435071452 tempest-ServerBootFromVolumeStableRescueTest-435071452-project-member] Registering scheme swift+http with {'store': , 'location_class': , 'store_entry': 'swift'} {{(pid=99713) register_scheme_map /opt/stack/data/venv/lib/python3.12/site-packages/glance_store/location.py:146}}
Jul 17 18:24:39.743115 np0000005366 devstack@g-api.service[99713]: DEBUG glance_store.location [None req-a3dffa1d-0133-4ef5-824f-c793aa684259 tempest-ServerBootFromVolumeStableRescueTest-435071452 tempest-ServerBootFromVolumeStableRescueTest-435071452-project-member] Registering scheme swift+https with {'store': , 'location_class': , 'store_entry': 'swift'} {{(pid=99713) register_scheme_map /opt/stack/data/venv/lib/python3.12/site-packages/glance_store/location.py:146}}
Jul 17 18:24:39.743284 np0000005366 devstack@g-api.service[99713]: DEBUG glance_store.location [None req-a3dffa1d-0133-4ef5-824f-c793aa684259 tempest-ServerBootFromVolumeStableRescueTest-435071452 tempest-ServerBootFromVolumeStableRescueTest-435071452-project-member] Registering scheme swift with {'store': , 'location_class': , 'store_entry': 'swift'} {{(pid=99713) register_scheme_map /opt/stack/data/venv/lib/python3.12/site-packages/glance_store/location.py:146}}
Jul 17 18:24:39.743444 np0000005366 devstack@g-api.service[99713]: DEBUG glance_store.location [None req-a3dffa1d-0133-4ef5-824f-c793aa684259 tempest-ServerBootFromVolumeStableRescueTest-435071452 tempest-ServerBootFromVolumeStableRescueTest-435071452-project-member] Registering scheme swift+http with {'store': , 'location_class': , 'store_entry': 'swift'} {{(pid=99713) register_scheme_map /opt/stack/data/venv/lib/python3.12/site-packages/glance_store/location.py:146}}
Jul 17 18:24:39.743672 np0000005366 devstack@g-api.service[99713]: DEBUG glance_store.location [None req-a3dffa1d-0133-4ef5-824f-c793aa684259 tempest-ServerBootFromVolumeStableRescueTest-435071452 tempest-ServerBootFromVolumeStableRescueTest-435071452-project-member] Registering scheme swift+config with {'store': , 'location_class': , 'store_entry': 'swift'} {{(pid=99713) register_scheme_map /opt/stack/data/venv/lib/python3.12/site-packages/glance_store/location.py:146}}
Jul 17 18:24:40.185048 np0000005366 devstack@g-api.service[99715]: DEBUG glance.api.middleware.version_negotiation [None req-3a9bb361-5977-4a02-b0a7-ccd56476b99e tempest-ServerBootFromVolumeStableRescueTest-435071452 tempest-ServerBootFromVolumeStableRescueTest-435071452-project-member] Determining version of request: GET /v2/images/87a95daf-87e9-4eb0-8869-b7b1004cbf13 Accept: application/json {{(pid=99715) process_request /opt/stack/glance/glance/api/middleware/version_negotiation.py:44}}
Jul 17 18:24:40.185048 np0000005366 devstack@g-api.service[99715]: DEBUG glance.api.middleware.version_negotiation [None req-3a9bb361-5977-4a02-b0a7-ccd56476b99e tempest-ServerBootFromVolumeStableRescueTest-435071452 tempest-ServerBootFromVolumeStableRescueTest-435071452-project-member] Using url versioning {{(pid=99715) process_request /opt/stack/glance/glance/api/middleware/version_negotiation.py:57}}
Jul 17 18:24:40.185048 np0000005366 devstack@g-api.service[99715]: DEBUG glance.api.middleware.version_negotiation [None req-3a9bb361-5977-4a02-b0a7-ccd56476b99e tempest-ServerBootFromVolumeStableRescueTest-435071452 tempest-ServerBootFromVolumeStableRescueTest-435071452-project-member] Matched version: v2 {{(pid=99715) process_request /opt/stack/glance/glance/api/middleware/version_negotiation.py:69}}
Jul 17 18:24:40.185483 np0000005366 devstack@g-api.service[99715]: DEBUG glance.api.middleware.version_negotiation [None req-3a9bb361-5977-4a02-b0a7-ccd56476b99e tempest-ServerBootFromVolumeStableRescueTest-435071452 tempest-ServerBootFromVolumeStableRescueTest-435071452-project-member] new path /v2/images/87a95daf-87e9-4eb0-8869-b7b1004cbf13 {{(pid=99715) process_request /opt/stack/glance/glance/api/middleware/version_negotiation.py:70}}
Jul 17 18:24:40.191554 np0000005366 devstack@g-api.service[99713]: DEBUG swiftclient [None req-a3dffa1d-0133-4ef5-824f-c793aa684259 tempest-ServerBootFromVolumeStableRescueTest-435071452 tempest-ServerBootFromVolumeStableRescueTest-435071452-project-member] REQ: curl -i https://10.4.3.75:8080/v1/AUTH_ae426c42afe841dfab3af638801ad956/glance -I -H "X-Auth-Token: gAAAAABqWnNnSPCy..." {{(pid=99713) http_log /opt/stack/data/venv/lib/python3.12/site-packages/swiftclient/client.py:160}}
Jul 17 18:24:40.192036 np0000005366 devstack@g-api.service[99713]: DEBUG swiftclient [None req-a3dffa1d-0133-4ef5-824f-c793aa684259 tempest-ServerBootFromVolumeStableRescueTest-435071452 tempest-ServerBootFromVolumeStableRescueTest-435071452-project-member] RESP STATUS: 204 No Content {{(pid=99713) http_log /opt/stack/data/venv/lib/python3.12/site-packages/swiftclient/client.py:161}}
Jul 17 18:24:40.192036 np0000005366 devstack@g-api.service[99713]: DEBUG swiftclient [None req-a3dffa1d-0133-4ef5-824f-c793aa684259 tempest-ServerBootFromVolumeStableRescueTest-435071452 tempest-ServerBootFromVolumeStableRescueTest-435071452-project-member] RESP HEADERS: {'Date': 'Fri, 17 Jul 2026 18:24:40 GMT', 'Server': 'Apache/2.4.58 (Ubuntu)', 'Content-Type': 'text/plain; charset=utf-8', 'X-Container-Object-Count': '3', 'X-Container-Bytes-Used': '64356352', 'X-Timestamp': '1784312446.85219', 'Last-Modified': 'Fri, 17 Jul 2026 18:20:47 GMT', 'Accept-Ranges': 'bytes', 'X-Storage-Policy': 'Policy-0', 'X-Container-Sharding': 'False', 'Vary': 'Accept', 'X-Trans-Id': 'tx33ff6b682bb4492fac18a-006a5a7367', 'X-Openstack-Request-Id': 'tx33ff6b682bb4492fac18a-006a5a7367', 'Connection': 'close'} {{(pid=99713) http_log /opt/stack/data/venv/lib/python3.12/site-packages/swiftclient/client.py:162}}
Jul 17 18:24:40.192217 np0000005366 devstack@g-api.service[99713]: DEBUG glance_store._drivers.swift.store [None req-a3dffa1d-0133-4ef5-824f-c793aa684259 tempest-ServerBootFromVolumeStableRescueTest-435071452 tempest-ServerBootFromVolumeStableRescueTest-435071452-project-member] Adding image object '87a95daf-87e9-4eb0-8869-b7b1004cbf13' to Swift {{(pid=99713) add /opt/stack/data/venv/lib/python3.12/site-packages/glance_store/_drivers/swift/store.py:970}}
Jul 17 18:24:40.192419 np0000005366 devstack@g-api.service[99713]: DEBUG glance_store._drivers.swift.store [None req-a3dffa1d-0133-4ef5-824f-c793aa684259 tempest-ServerBootFromVolumeStableRescueTest-435071452 tempest-ServerBootFromVolumeStableRescueTest-435071452-project-member] Cannot determine image size because it is either not provided in the request or chunked-transfer encoding is used. Adding image as a segmented object to Swift. {{(pid=99713) add /opt/stack/data/venv/lib/python3.12/site-packages/glance_store/_drivers/swift/store.py:994}}
Jul 17 18:24:40.199949 np0000005366 devstack@g-api.service[99713]: DEBUG oslo_utils.imageutils.format_inspector [None req-a3dffa1d-0133-4ef5-824f-c793aa684259 tempest-ServerBootFromVolumeStableRescueTest-435071452 tempest-ServerBootFromVolumeStableRescueTest-435071452-project-member] Format inspector for vmdk does not match, excluding from consideration (Signature KDMV not found: b'QFI\xfb') {{(pid=99713) _process_chunk /opt/stack/data/venv/lib/python3.12/site-packages/oslo_utils/imageutils/format_inspector.py:1758}}
Jul 17 18:24:40.201756 np0000005366 devstack@g-api.service[99715]: [pid: 99715|app: 0|req: 37/107] 127.0.0.1 () {40 vars in 834 bytes} [Fri Jul 17 18:24:40 2026] GET /v2/images/87a95daf-87e9-4eb0-8869-b7b1004cbf13 => generated 1468 bytes in 17 msecs (HTTP/1.1 200) 4 headers in 158 bytes (1 switches on core 0)
Jul 17 18:24:40.204059 np0000005366 devstack@g-api.service[99713]: DEBUG oslo_utils.imageutils.format_inspector [None req-a3dffa1d-0133-4ef5-824f-c793aa684259 tempest-ServerBootFromVolumeStableRescueTest-435071452 tempest-ServerBootFromVolumeStableRescueTest-435071452-project-member] Format inspector for vhdx does not match, excluding from consideration (Region signature not found at 30000) {{(pid=99713) _process_chunk /opt/stack/data/venv/lib/python3.12/site-packages/oslo_utils/imageutils/format_inspector.py:1758}}
Jul 17 18:24:40.481716 np0000005366 devstack@g-api.service[99713]: DEBUG swiftclient [None req-a3dffa1d-0133-4ef5-824f-c793aa684259 tempest-ServerBootFromVolumeStableRescueTest-435071452 tempest-ServerBootFromVolumeStableRescueTest-435071452-project-member] REQ: curl -i https://10.4.3.75:8080/v1/AUTH_ae426c42afe841dfab3af638801ad956/glance/87a95daf-87e9-4eb0-8869-b7b1004cbf13-00001 -X PUT -H "X-Auth-Token: gAAAAABqWnNnSPCy..." {{(pid=99713) http_log /opt/stack/data/venv/lib/python3.12/site-packages/swiftclient/client.py:160}}
Jul 17 18:24:40.481876 np0000005366 devstack@g-api.service[99713]: DEBUG swiftclient [None req-a3dffa1d-0133-4ef5-824f-c793aa684259 tempest-ServerBootFromVolumeStableRescueTest-435071452 tempest-ServerBootFromVolumeStableRescueTest-435071452-project-member] RESP STATUS: 201 Created {{(pid=99713) http_log /opt/stack/data/venv/lib/python3.12/site-packages/swiftclient/client.py:161}}
Jul 17 18:24:40.482047 np0000005366 devstack@g-api.service[99713]: DEBUG swiftclient [None req-a3dffa1d-0133-4ef5-824f-c793aa684259 tempest-ServerBootFromVolumeStableRescueTest-435071452 tempest-ServerBootFromVolumeStableRescueTest-435071452-project-member] RESP HEADERS: {'Date': 'Fri, 17 Jul 2026 18:24:40 GMT', 'Server': 'Apache/2.4.58 (Ubuntu)', 'Content-Type': 'text/html; charset=UTF-8', 'Content-Length': '0', 'Etag': '4fa343ee581d8d2e78533191fd1ac3e1', 'Last-Modified': 'Fri, 17 Jul 2026 18:24:41 GMT', 'X-Trans-Id': 'tx3bf12a7a8c504407bd935-006a5a7368', 'X-Openstack-Request-Id': 'tx3bf12a7a8c504407bd935-006a5a7368', 'Connection': 'close'} {{(pid=99713) http_log /opt/stack/data/venv/lib/python3.12/site-packages/swiftclient/client.py:162}}
Jul 17 18:24:40.482180 np0000005366 devstack@g-api.service[99713]: DEBUG glance_store._drivers.swift.store [None req-a3dffa1d-0133-4ef5-824f-c793aa684259 tempest-ServerBootFromVolumeStableRescueTest-435071452 tempest-ServerBootFromVolumeStableRescueTest-435071452-project-member] Wrote chunk 87a95daf-87e9-4eb0-8869-b7b1004cbf13-00001 (1/?) of length 23527424 to Swift returning MD5 of content: 4fa343ee581d8d2e78533191fd1ac3e1 {{(pid=99713) add /opt/stack/data/venv/lib/python3.12/site-packages/glance_store/_drivers/swift/store.py:1059}}
Jul 17 18:24:40.482549 np0000005366 devstack@g-api.service[99713]: DEBUG glance_store._drivers.swift.store [None req-a3dffa1d-0133-4ef5-824f-c793aa684259 tempest-ServerBootFromVolumeStableRescueTest-435071452 tempest-ServerBootFromVolumeStableRescueTest-435071452-project-member] Not writing zero-length chunk. {{(pid=99713) add /opt/stack/data/venv/lib/python3.12/site-packages/glance_store/_drivers/swift/store.py:1028}}
Jul 17 18:24:40.506442 np0000005366 devstack@g-api.service[99713]: DEBUG swiftclient [None req-a3dffa1d-0133-4ef5-824f-c793aa684259 tempest-ServerBootFromVolumeStableRescueTest-435071452 tempest-ServerBootFromVolumeStableRescueTest-435071452-project-member] REQ: curl -i https://10.4.3.75:8080/v1/AUTH_ae426c42afe841dfab3af638801ad956/glance/87a95daf-87e9-4eb0-8869-b7b1004cbf13 -X PUT -H "X-Object-Manifest: glance/87a95daf-87e9-4eb0-8869-b7b1004cbf13-" -H "X-Auth-Token: gAAAAABqWnNnSPCy..." -H "Content-Length: 0" {{(pid=99713) http_log /opt/stack/data/venv/lib/python3.12/site-packages/swiftclient/client.py:160}}
Jul 17 18:24:40.506556 np0000005366 devstack@g-api.service[99713]: DEBUG swiftclient [None req-a3dffa1d-0133-4ef5-824f-c793aa684259 tempest-ServerBootFromVolumeStableRescueTest-435071452 tempest-ServerBootFromVolumeStableRescueTest-435071452-project-member] RESP STATUS: 201 Created {{(pid=99713) http_log /opt/stack/data/venv/lib/python3.12/site-packages/swiftclient/client.py:161}}
Jul 17 18:24:40.506680 np0000005366 devstack@g-api.service[99713]: DEBUG swiftclient [None req-a3dffa1d-0133-4ef5-824f-c793aa684259 tempest-ServerBootFromVolumeStableRescueTest-435071452 tempest-ServerBootFromVolumeStableRescueTest-435071452-project-member] RESP HEADERS: {'Date': 'Fri, 17 Jul 2026 18:24:40 GMT', 'Server': 'Apache/2.4.58 (Ubuntu)', 'Content-Type': 'text/html; charset=UTF-8', 'Content-Length': '0', 'Etag': 'd41d8cd98f00b204e9800998ecf8427e', 'Last-Modified': 'Fri, 17 Jul 2026 18:24:41 GMT', 'X-Trans-Id': 'tx159f2fac3818426a88e52-006a5a7368', 'X-Openstack-Request-Id': 'tx159f2fac3818426a88e52-006a5a7368', 'Connection': 'close'} {{(pid=99713) http_log /opt/stack/data/venv/lib/python3.12/site-packages/swiftclient/client.py:162}}
Jul 17 18:24:40.507171 np0000005366 devstack@g-api.service[99713]: INFO glance.location [None req-a3dffa1d-0133-4ef5-824f-c793aa684259 tempest-ServerBootFromVolumeStableRescueTest-435071452 tempest-ServerBootFromVolumeStableRescueTest-435071452-project-member] Image format matched and virtual size computed: 1073741824
Jul 17 18:24:40.545409 np0000005366 devstack@g-api.service[99713]: DEBUG glance_store.backend [None req-a3dffa1d-0133-4ef5-824f-c793aa684259 tempest-ServerBootFromVolumeStableRescueTest-435071452 tempest-ServerBootFromVolumeStableRescueTest-435071452-project-member] Attempting to import store swift {{(pid=99713) _load_store /opt/stack/data/venv/lib/python3.12/site-packages/glance_store/backend.py:215}}
Jul 17 18:24:40.547384 np0000005366 devstack@g-api.service[99713]: DEBUG glance_store.capabilities [None req-a3dffa1d-0133-4ef5-824f-c793aa684259 tempest-ServerBootFromVolumeStableRescueTest-435071452 tempest-ServerBootFromVolumeStableRescueTest-435071452-project-member] Store glance_store._drivers.swift.store.SingleTenantStore doesn't support updating dynamic storage capabilities. Please overwrite 'update_capabilities' method of the store to implement updating logics if needed. {{(pid=99713) update_capabilities /opt/stack/data/venv/lib/python3.12/site-packages/glance_store/capabilities.py:91}}
Jul 17 18:24:40.547528 np0000005366 devstack@g-api.service[99713]: DEBUG glance_store.driver [None req-a3dffa1d-0133-4ef5-824f-c793aa684259 tempest-ServerBootFromVolumeStableRescueTest-435071452 tempest-ServerBootFromVolumeStableRescueTest-435071452-project-member] Late loading location class glance_store._drivers.swift.store.StoreLocation {{(pid=99713) get_store_location_class /opt/stack/data/venv/lib/python3.12/site-packages/glance_store/driver.py:134}}
Jul 17 18:24:40.547683 np0000005366 devstack@g-api.service[99713]: DEBUG glance_store.location [None req-a3dffa1d-0133-4ef5-824f-c793aa684259 tempest-ServerBootFromVolumeStableRescueTest-435071452 tempest-ServerBootFromVolumeStableRescueTest-435071452-project-member] Registering scheme swift+https with {'store': , 'location_class': , 'store_entry': 'swift'} {{(pid=99713) register_scheme_map /opt/stack/data/venv/lib/python3.12/site-packages/glance_store/location.py:146}}
Jul 17 18:24:40.547977 np0000005366 devstack@g-api.service[99713]: DEBUG glance_store.location [None req-a3dffa1d-0133-4ef5-824f-c793aa684259 tempest-ServerBootFromVolumeStableRescueTest-435071452 tempest-ServerBootFromVolumeStableRescueTest-435071452-project-member] Registering scheme swift+https with {'store': , 'location_class': , 'store_entry': 'swift'} {{(pid=99713) register_scheme_map /opt/stack/data/venv/lib/python3.12/site-packages/glance_store/location.py:146}}
Jul 17 18:24:40.548822 np0000005366 devstack@g-api.service[99713]: DEBUG glance_store.location [None req-a3dffa1d-0133-4ef5-824f-c793aa684259 tempest-ServerBootFromVolumeStableRescueTest-435071452 tempest-ServerBootFromVolumeStableRescueTest-435071452-project-member] Registering scheme swift with {'store': , 'location_class': , 'store_entry': 'swift'} {{(pid=99713) register_scheme_map /opt/stack/data/venv/lib/python3.12/site-packages/glance_store/location.py:146}}
Jul 17 18:24:40.549081 np0000005366 devstack@g-api.service[99713]: DEBUG glance_store.location [None req-a3dffa1d-0133-4ef5-824f-c793aa684259 tempest-ServerBootFromVolumeStableRescueTest-435071452 tempest-ServerBootFromVolumeStableRescueTest-435071452-project-member] Registering scheme swift+https with {'store': , 'location_class': , 'store_entry': 'swift'} {{(pid=99713) register_scheme_map /opt/stack/data/venv/lib/python3.12/site-packages/glance_store/location.py:146}}
Jul 17 18:24:40.549199 np0000005366 devstack@g-api.service[99713]: DEBUG glance_store.location [None req-a3dffa1d-0133-4ef5-824f-c793aa684259 tempest-ServerBootFromVolumeStableRescueTest-435071452 tempest-ServerBootFromVolumeStableRescueTest-435071452-project-member] Registering scheme swift with {'store': , 'location_class': , 'store_entry': 'swift'} {{(pid=99713) register_scheme_map /opt/stack/data/venv/lib/python3.12/site-packages/glance_store/location.py:146}}
Jul 17 18:24:40.549398 np0000005366 devstack@g-api.service[99713]: DEBUG glance_store.location [None req-a3dffa1d-0133-4ef5-824f-c793aa684259 tempest-ServerBootFromVolumeStableRescueTest-435071452 tempest-ServerBootFromVolumeStableRescueTest-435071452-project-member] Registering scheme swift+http with {'store': , 'location_class': , 'store_entry': 'swift'} {{(pid=99713) register_scheme_map /opt/stack/data/venv/lib/python3.12/site-packages/glance_store/location.py:146}}
Jul 17 18:24:40.549398 np0000005366 devstack@g-api.service[99713]: DEBUG glance_store.location [None req-a3dffa1d-0133-4ef5-824f-c793aa684259 tempest-ServerBootFromVolumeStableRescueTest-435071452 tempest-ServerBootFromVolumeStableRescueTest-435071452-project-member] Registering scheme swift+https with {'store': , 'location_class': , 'store_entry': 'swift'} {{(pid=99713) register_scheme_map /opt/stack/data/venv/lib/python3.12/site-packages/glance_store/location.py:146}}
Jul 17 18:24:40.549532 np0000005366 devstack@g-api.service[99713]: DEBUG glance_store.location [None req-a3dffa1d-0133-4ef5-824f-c793aa684259 tempest-ServerBootFromVolumeStableRescueTest-435071452 tempest-ServerBootFromVolumeStableRescueTest-435071452-project-member] Registering scheme swift with {'store': , 'location_class': , 'store_entry': 'swift'} {{(pid=99713) register_scheme_map /opt/stack/data/venv/lib/python3.12/site-packages/glance_store/location.py:146}}
Jul 17 18:24:40.549588 np0000005366 devstack@g-api.service[99713]: DEBUG glance_store.location [None req-a3dffa1d-0133-4ef5-824f-c793aa684259 tempest-ServerBootFromVolumeStableRescueTest-435071452 tempest-ServerBootFromVolumeStableRescueTest-435071452-project-member] Registering scheme swift+http with {'store': , 'location_class': , 'store_entry': 'swift'} {{(pid=99713) register_scheme_map /opt/stack/data/venv/lib/python3.12/site-packages/glance_store/location.py:146}}
Jul 17 18:24:40.549659 np0000005366 devstack@g-api.service[99713]: DEBUG glance_store.location [None req-a3dffa1d-0133-4ef5-824f-c793aa684259 tempest-ServerBootFromVolumeStableRescueTest-435071452 tempest-ServerBootFromVolumeStableRescueTest-435071452-project-member] Registering scheme swift+config with {'store': , 'location_class': , 'store_entry': 'swift'} {{(pid=99713) register_scheme_map /opt/stack/data/venv/lib/python3.12/site-packages/glance_store/location.py:146}}
Jul 17 18:24:40.549863 np0000005366 devstack@g-api.service[99713]: DEBUG glance_store.backend [None req-a3dffa1d-0133-4ef5-824f-c793aa684259 tempest-ServerBootFromVolumeStableRescueTest-435071452 tempest-ServerBootFromVolumeStableRescueTest-435071452-project-member] Skipping store.set_acls... not implemented. {{(pid=99713) set_acls /opt/stack/data/venv/lib/python3.12/site-packages/glance_store/backend.py:507}}
Jul 17 18:24:40.552109 np0000005366 devstack@g-api.service[99713]: [pid: 99713|app: 0|req: 36/108] 127.0.0.1 () {46 vars in 1154 bytes} [Fri Jul 17 18:24:38 2026] PUT /v2/images/87a95daf-87e9-4eb0-8869-b7b1004cbf13/file => generated 0 bytes in 2520 msecs (HTTP/1.1 204) 4 headers in 171 bytes (1 switches on core 0)
Jul 17 18:24:40.589248 np0000005366 devstack@g-api.service[99714]: DEBUG glance.api.middleware.version_negotiation [None req-50f85754-25de-448f-b7a7-f5cab035a845 tempest-ServerBootFromVolumeStableRescueTest-435071452 tempest-ServerBootFromVolumeStableRescueTest-435071452-project-member] Determining version of request: GET /v2/images/87a95daf-87e9-4eb0-8869-b7b1004cbf13 Accept: */* {{(pid=99714) process_request /opt/stack/glance/glance/api/middleware/version_negotiation.py:44}}
Jul 17 18:24:40.589617 np0000005366 devstack@g-api.service[99714]: DEBUG glance.api.middleware.version_negotiation [None req-50f85754-25de-448f-b7a7-f5cab035a845 tempest-ServerBootFromVolumeStableRescueTest-435071452 tempest-ServerBootFromVolumeStableRescueTest-435071452-project-member] Using url versioning {{(pid=99714) process_request /opt/stack/glance/glance/api/middleware/version_negotiation.py:57}}
Jul 17 18:24:40.589617 np0000005366 devstack@g-api.service[99714]: DEBUG glance.api.middleware.version_negotiation [None req-50f85754-25de-448f-b7a7-f5cab035a845 tempest-ServerBootFromVolumeStableRescueTest-435071452 tempest-ServerBootFromVolumeStableRescueTest-435071452-project-member] Matched version: v2 {{(pid=99714) process_request /opt/stack/glance/glance/api/middleware/version_negotiation.py:69}}
Jul 17 18:24:40.589617 np0000005366 devstack@g-api.service[99714]: DEBUG glance.api.middleware.version_negotiation [None req-50f85754-25de-448f-b7a7-f5cab035a845 tempest-ServerBootFromVolumeStableRescueTest-435071452 tempest-ServerBootFromVolumeStableRescueTest-435071452-project-member] new path /v2/images/87a95daf-87e9-4eb0-8869-b7b1004cbf13 {{(pid=99714) process_request /opt/stack/glance/glance/api/middleware/version_negotiation.py:70}}
Jul 17 18:24:40.600510 np0000005366 devstack@g-api.service[99714]: [pid: 99714|app: 0|req: 36/109] 127.0.0.1 () {44 vars in 1111 bytes} [Fri Jul 17 18:24:40 2026] GET /v2/images/87a95daf-87e9-4eb0-8869-b7b1004cbf13 => generated 1638 bytes in 11 msecs (HTTP/1.1 200) 4 headers in 158 bytes (1 switches on core 0)
Jul 17 18:24:40.647950 np0000005366 devstack@g-api.service[99715]: DEBUG glance.api.middleware.version_negotiation [None req-35ddb718-771d-4c62-800e-fc374d9e161e tempest-ServerBootFromVolumeStableRescueTest-435071452 tempest-ServerBootFromVolumeStableRescueTest-435071452-project-member] Determining version of request: GET /v2/schemas/image Accept: */* {{(pid=99715) process_request /opt/stack/glance/glance/api/middleware/version_negotiation.py:44}}
Jul 17 18:24:40.648217 np0000005366 devstack@g-api.service[99715]: DEBUG glance.api.middleware.version_negotiation [None req-35ddb718-771d-4c62-800e-fc374d9e161e tempest-ServerBootFromVolumeStableRescueTest-435071452 tempest-ServerBootFromVolumeStableRescueTest-435071452-project-member] Using url versioning {{(pid=99715) process_request /opt/stack/glance/glance/api/middleware/version_negotiation.py:57}}
Jul 17 18:24:40.648391 np0000005366 devstack@g-api.service[99715]: DEBUG glance.api.middleware.version_negotiation [None req-35ddb718-771d-4c62-800e-fc374d9e161e tempest-ServerBootFromVolumeStableRescueTest-435071452 tempest-ServerBootFromVolumeStableRescueTest-435071452-project-member] Matched version: v2 {{(pid=99715) process_request /opt/stack/glance/glance/api/middleware/version_negotiation.py:69}}
Jul 17 18:24:40.648547 np0000005366 devstack@g-api.service[99715]: DEBUG glance.api.middleware.version_negotiation [None req-35ddb718-771d-4c62-800e-fc374d9e161e tempest-ServerBootFromVolumeStableRescueTest-435071452 tempest-ServerBootFromVolumeStableRescueTest-435071452-project-member] new path /v2/schemas/image {{(pid=99715) process_request /opt/stack/glance/glance/api/middleware/version_negotiation.py:70}}
Jul 17 18:24:40.651458 np0000005366 devstack@g-api.service[99715]: [pid: 99715|app: 0|req: 38/110] 127.0.0.1 () {44 vars in 1051 bytes} [Fri Jul 17 18:24:40 2026] GET /v2/schemas/image => generated 6083 bytes in 4 msecs (HTTP/1.1 200) 4 headers in 158 bytes (1 switches on core 0)
Jul 17 18:24:41.211419 np0000005366 devstack@g-api.service[99713]: DEBUG glance.api.middleware.version_negotiation [None req-a3dffa1d-0133-4ef5-824f-c793aa684259 tempest-ServerBootFromVolumeStableRescueTest-435071452 tempest-ServerBootFromVolumeStableRescueTest-435071452-project-member] Determining version of request: GET /v2/images/87a95daf-87e9-4eb0-8869-b7b1004cbf13 Accept: application/json {{(pid=99713) process_request /opt/stack/glance/glance/api/middleware/version_negotiation.py:44}}
Jul 17 18:24:41.211853 np0000005366 devstack@g-api.service[99713]: DEBUG glance.api.middleware.version_negotiation [None req-a3dffa1d-0133-4ef5-824f-c793aa684259 tempest-ServerBootFromVolumeStableRescueTest-435071452 tempest-ServerBootFromVolumeStableRescueTest-435071452-project-member] Using url versioning {{(pid=99713) process_request /opt/stack/glance/glance/api/middleware/version_negotiation.py:57}}
Jul 17 18:24:41.212084 np0000005366 devstack@g-api.service[99713]: DEBUG glance.api.middleware.version_negotiation [None req-a3dffa1d-0133-4ef5-824f-c793aa684259 tempest-ServerBootFromVolumeStableRescueTest-435071452 tempest-ServerBootFromVolumeStableRescueTest-435071452-project-member] Matched version: v2 {{(pid=99713) process_request /opt/stack/glance/glance/api/middleware/version_negotiation.py:69}}
Jul 17 18:24:41.212267 np0000005366 devstack@g-api.service[99713]: DEBUG glance.api.middleware.version_negotiation [None req-a3dffa1d-0133-4ef5-824f-c793aa684259 tempest-ServerBootFromVolumeStableRescueTest-435071452 tempest-ServerBootFromVolumeStableRescueTest-435071452-project-member] new path /v2/images/87a95daf-87e9-4eb0-8869-b7b1004cbf13 {{(pid=99713) process_request /opt/stack/glance/glance/api/middleware/version_negotiation.py:70}}
Jul 17 18:24:41.224473 np0000005366 devstack@g-api.service[99713]: [pid: 99713|app: 0|req: 37/111] 127.0.0.1 () {40 vars in 834 bytes} [Fri Jul 17 18:24:41 2026] GET /v2/images/87a95daf-87e9-4eb0-8869-b7b1004cbf13 => generated 1638 bytes in 13 msecs (HTTP/1.1 200) 4 headers in 158 bytes (1 switches on core 0)
Jul 17 18:24:41.237773 np0000005366 devstack@g-api.service[99714]: DEBUG glance.api.middleware.version_negotiation [None req-a3dffa1d-0133-4ef5-824f-c793aa684259 tempest-ServerBootFromVolumeStableRescueTest-435071452 tempest-ServerBootFromVolumeStableRescueTest-435071452-project-member] Determining version of request: GET /v2/images/87a95daf-87e9-4eb0-8869-b7b1004cbf13 Accept: application/json {{(pid=99714) process_request /opt/stack/glance/glance/api/middleware/version_negotiation.py:44}}
