Jul 17 18:28:04.955476 np0000005366 devstack@g-api.service[99715]: [pid: 99715|app: 0|req: 143/428] 127.0.0.1 () {46 vars in 1051 bytes} [Fri Jul 17 18:28:04 2026] POST /v2/images => generated 649 bytes in 354 msecs (HTTP/1.1 201) 6 headers in 315 bytes (1 switches on core 0)
Jul 17 18:28:04.967163 np0000005366 devstack@g-api.service[99714]: DEBUG glance.api.middleware.version_negotiation [None req-bc81580e-8f51-441c-b9cf-5460e78c0cf3 tempest-VolumesActionsTest-1138863330 tempest-VolumesActionsTest-1138863330-project-member] Determining version of request: GET /v2/images/a0fe50fa-647c-4d5b-b870-aa4b23ae3ded Accept: application/json {{(pid=99714) process_request /opt/stack/glance/glance/api/middleware/version_negotiation.py:44}}
Jul 17 18:28:04.967586 np0000005366 devstack@g-api.service[99714]: DEBUG glance.api.middleware.version_negotiation [None req-bc81580e-8f51-441c-b9cf-5460e78c0cf3 tempest-VolumesActionsTest-1138863330 tempest-VolumesActionsTest-1138863330-project-member] Using url versioning {{(pid=99714) process_request /opt/stack/glance/glance/api/middleware/version_negotiation.py:57}}
Jul 17 18:28:04.967636 np0000005366 devstack@g-api.service[99714]: DEBUG glance.api.middleware.version_negotiation [None req-bc81580e-8f51-441c-b9cf-5460e78c0cf3 tempest-VolumesActionsTest-1138863330 tempest-VolumesActionsTest-1138863330-project-member] Matched version: v2 {{(pid=99714) process_request /opt/stack/glance/glance/api/middleware/version_negotiation.py:69}}
Jul 17 18:28:04.967768 np0000005366 devstack@g-api.service[99714]: DEBUG glance.api.middleware.version_negotiation [None req-bc81580e-8f51-441c-b9cf-5460e78c0cf3 tempest-VolumesActionsTest-1138863330 tempest-VolumesActionsTest-1138863330-project-member] new path /v2/images/a0fe50fa-647c-4d5b-b870-aa4b23ae3ded {{(pid=99714) process_request /opt/stack/glance/glance/api/middleware/version_negotiation.py:70}}
Jul 17 18:28:04.977373 np0000005366 devstack@g-api.service[99714]: [pid: 99714|app: 0|req: 145/429] 127.0.0.1 () {40 vars in 834 bytes} [Fri Jul 17 18:28:04 2026] GET /v2/images/a0fe50fa-647c-4d5b-b870-aa4b23ae3ded => generated 649 bytes in 10 msecs (HTTP/1.1 200) 4 headers in 157 bytes (1 switches on core 0)
Jul 17 18:28:05.193473 np0000005366 devstack@g-api.service[99713]: DEBUG glance.api.middleware.version_negotiation [None req-98915ccc-4da3-45df-8cae-b72a89e799de tempest-VolumesActionsTest-1138863330 tempest-VolumesActionsTest-1138863330-project-member] Determining version of request: PUT /v2/images/a0fe50fa-647c-4d5b-b870-aa4b23ae3ded/file Accept: */* {{(pid=99713) process_request /opt/stack/glance/glance/api/middleware/version_negotiation.py:44}}
Jul 17 18:28:05.193714 np0000005366 devstack@g-api.service[99713]: DEBUG glance.api.middleware.version_negotiation [None req-98915ccc-4da3-45df-8cae-b72a89e799de tempest-VolumesActionsTest-1138863330 tempest-VolumesActionsTest-1138863330-project-member] Using url versioning {{(pid=99713) process_request /opt/stack/glance/glance/api/middleware/version_negotiation.py:57}}
Jul 17 18:28:05.193846 np0000005366 devstack@g-api.service[99713]: DEBUG glance.api.middleware.version_negotiation [None req-98915ccc-4da3-45df-8cae-b72a89e799de tempest-VolumesActionsTest-1138863330 tempest-VolumesActionsTest-1138863330-project-member] Matched version: v2 {{(pid=99713) process_request /opt/stack/glance/glance/api/middleware/version_negotiation.py:69}}
Jul 17 18:28:05.194004 np0000005366 devstack@g-api.service[99713]: DEBUG glance.api.middleware.version_negotiation [None req-98915ccc-4da3-45df-8cae-b72a89e799de tempest-VolumesActionsTest-1138863330 tempest-VolumesActionsTest-1138863330-project-member] new path /v2/images/a0fe50fa-647c-4d5b-b870-aa4b23ae3ded/file {{(pid=99713) process_request /opt/stack/glance/glance/api/middleware/version_negotiation.py:70}}
Jul 17 18:28:05.661546 np0000005366 devstack@g-api.service[99713]: INFO glance.api.v2.image_data [None req-98915ccc-4da3-45df-8cae-b72a89e799de tempest-VolumesActionsTest-1138863330 tempest-VolumesActionsTest-1138863330-project-member] Unable to create trust: no such option collect_timing in group [keystone_authtoken] Use the existing user token.
Jul 17 18:28:05.986253 np0000005366 devstack@g-api.service[99715]: DEBUG glance.api.middleware.version_negotiation [None req-98915ccc-4da3-45df-8cae-b72a89e799de tempest-VolumesActionsTest-1138863330 tempest-VolumesActionsTest-1138863330-project-member] Determining version of request: GET /v2/images/a0fe50fa-647c-4d5b-b870-aa4b23ae3ded Accept: application/json {{(pid=99715) process_request /opt/stack/glance/glance/api/middleware/version_negotiation.py:44}}
Jul 17 18:28:05.986674 np0000005366 devstack@g-api.service[99715]: DEBUG glance.api.middleware.version_negotiation [None req-98915ccc-4da3-45df-8cae-b72a89e799de tempest-VolumesActionsTest-1138863330 tempest-VolumesActionsTest-1138863330-project-member] Using url versioning {{(pid=99715) process_request /opt/stack/glance/glance/api/middleware/version_negotiation.py:57}}
Jul 17 18:28:05.986674 np0000005366 devstack@g-api.service[99715]: DEBUG glance.api.middleware.version_negotiation [None req-98915ccc-4da3-45df-8cae-b72a89e799de tempest-VolumesActionsTest-1138863330 tempest-VolumesActionsTest-1138863330-project-member] Matched version: v2 {{(pid=99715) process_request /opt/stack/glance/glance/api/middleware/version_negotiation.py:69}}
Jul 17 18:28:05.986674 np0000005366 devstack@g-api.service[99715]: DEBUG glance.api.middleware.version_negotiation [None req-98915ccc-4da3-45df-8cae-b72a89e799de tempest-VolumesActionsTest-1138863330 tempest-VolumesActionsTest-1138863330-project-member] new path /v2/images/a0fe50fa-647c-4d5b-b870-aa4b23ae3ded {{(pid=99715) process_request /opt/stack/glance/glance/api/middleware/version_negotiation.py:70}}
Jul 17 18:28:05.994293 np0000005366 devstack@g-api.service[99715]: [pid: 99715|app: 0|req: 144/430] 127.0.0.1 () {40 vars in 834 bytes} [Fri Jul 17 18:28:05 2026] GET /v2/images/a0fe50fa-647c-4d5b-b870-aa4b23ae3ded => generated 649 bytes in 8 msecs (HTTP/1.1 200) 4 headers in 157 bytes (1 switches on core 0)
Jul 17 18:28:06.024769 np0000005366 devstack@g-api.service[99713]: DEBUG glance.location [None req-98915ccc-4da3-45df-8cae-b72a89e799de tempest-VolumesActionsTest-1138863330 tempest-VolumesActionsTest-1138863330-project-member] Enabling in-flight format inspection for raw {{(pid=99713) set_data /opt/stack/glance/glance/location.py:596}}
Jul 17 18:28:06.025214 np0000005366 devstack@g-api.service[99713]: DEBUG glance_store.backend [None req-98915ccc-4da3-45df-8cae-b72a89e799de tempest-VolumesActionsTest-1138863330 tempest-VolumesActionsTest-1138863330-project-member] Attempting to import store swift {{(pid=99713) _load_store /opt/stack/data/venv/lib/python3.12/site-packages/glance_store/backend.py:215}}
Jul 17 18:28:06.026540 np0000005366 devstack@g-api.service[99713]: DEBUG glance_store.capabilities [None req-98915ccc-4da3-45df-8cae-b72a89e799de tempest-VolumesActionsTest-1138863330 tempest-VolumesActionsTest-1138863330-project-member] Store glance_store._drivers.swift.store.SingleTenantStore doesn't support updating dynamic storage capabilities. Please overwrite 'update_capabilities' method of the store to implement updating logics if needed. {{(pid=99713) update_capabilities /opt/stack/data/venv/lib/python3.12/site-packages/glance_store/capabilities.py:91}}
Jul 17 18:28:06.026628 np0000005366 devstack@g-api.service[99713]: DEBUG glance_store.driver [None req-98915ccc-4da3-45df-8cae-b72a89e799de tempest-VolumesActionsTest-1138863330 tempest-VolumesActionsTest-1138863330-project-member] Late loading location class glance_store._drivers.swift.store.StoreLocation {{(pid=99713) get_store_location_class /opt/stack/data/venv/lib/python3.12/site-packages/glance_store/driver.py:134}}
Jul 17 18:28:06.026744 np0000005366 devstack@g-api.service[99713]: DEBUG glance_store.location [None req-98915ccc-4da3-45df-8cae-b72a89e799de tempest-VolumesActionsTest-1138863330 tempest-VolumesActionsTest-1138863330-project-member] Registering scheme swift+https with {'store': , 'location_class': , 'store_entry': 'swift'} {{(pid=99713) register_scheme_map /opt/stack/data/venv/lib/python3.12/site-packages/glance_store/location.py:146}}
Jul 17 18:28:06.026838 np0000005366 devstack@g-api.service[99713]: DEBUG glance_store.location [None req-98915ccc-4da3-45df-8cae-b72a89e799de tempest-VolumesActionsTest-1138863330 tempest-VolumesActionsTest-1138863330-project-member] Registering scheme swift+https with {'store': , 'location_class': , 'store_entry': 'swift'} {{(pid=99713) register_scheme_map /opt/stack/data/venv/lib/python3.12/site-packages/glance_store/location.py:146}}
Jul 17 18:28:06.026915 np0000005366 devstack@g-api.service[99713]: DEBUG glance_store.location [None req-98915ccc-4da3-45df-8cae-b72a89e799de tempest-VolumesActionsTest-1138863330 tempest-VolumesActionsTest-1138863330-project-member] Registering scheme swift with {'store': , 'location_class': , 'store_entry': 'swift'} {{(pid=99713) register_scheme_map /opt/stack/data/venv/lib/python3.12/site-packages/glance_store/location.py:146}}
Jul 17 18:28:06.026997 np0000005366 devstack@g-api.service[99713]: DEBUG glance_store.location [None req-98915ccc-4da3-45df-8cae-b72a89e799de tempest-VolumesActionsTest-1138863330 tempest-VolumesActionsTest-1138863330-project-member] Registering scheme swift+https with {'store': , 'location_class': , 'store_entry': 'swift'} {{(pid=99713) register_scheme_map /opt/stack/data/venv/lib/python3.12/site-packages/glance_store/location.py:146}}
Jul 17 18:28:06.027069 np0000005366 devstack@g-api.service[99713]: DEBUG glance_store.location [None req-98915ccc-4da3-45df-8cae-b72a89e799de tempest-VolumesActionsTest-1138863330 tempest-VolumesActionsTest-1138863330-project-member] Registering scheme swift with {'store': , 'location_class': , 'store_entry': 'swift'} {{(pid=99713) register_scheme_map /opt/stack/data/venv/lib/python3.12/site-packages/glance_store/location.py:146}}
Jul 17 18:28:06.027137 np0000005366 devstack@g-api.service[99713]: DEBUG glance_store.location [None req-98915ccc-4da3-45df-8cae-b72a89e799de tempest-VolumesActionsTest-1138863330 tempest-VolumesActionsTest-1138863330-project-member] Registering scheme swift+http with {'store': , 'location_class': , 'store_entry': 'swift'} {{(pid=99713) register_scheme_map /opt/stack/data/venv/lib/python3.12/site-packages/glance_store/location.py:146}}
Jul 17 18:28:06.027208 np0000005366 devstack@g-api.service[99713]: DEBUG glance_store.location [None req-98915ccc-4da3-45df-8cae-b72a89e799de tempest-VolumesActionsTest-1138863330 tempest-VolumesActionsTest-1138863330-project-member] Registering scheme swift+https with {'store': , 'location_class': , 'store_entry': 'swift'} {{(pid=99713) register_scheme_map /opt/stack/data/venv/lib/python3.12/site-packages/glance_store/location.py:146}}
Jul 17 18:28:06.027284 np0000005366 devstack@g-api.service[99713]: DEBUG glance_store.location [None req-98915ccc-4da3-45df-8cae-b72a89e799de tempest-VolumesActionsTest-1138863330 tempest-VolumesActionsTest-1138863330-project-member] Registering scheme swift with {'store': , 'location_class': , 'store_entry': 'swift'} {{(pid=99713) register_scheme_map /opt/stack/data/venv/lib/python3.12/site-packages/glance_store/location.py:146}}
Jul 17 18:28:06.027346 np0000005366 devstack@g-api.service[99713]: DEBUG glance_store.location [None req-98915ccc-4da3-45df-8cae-b72a89e799de tempest-VolumesActionsTest-1138863330 tempest-VolumesActionsTest-1138863330-project-member] Registering scheme swift+http with {'store': , 'location_class': , 'store_entry': 'swift'} {{(pid=99713) register_scheme_map /opt/stack/data/venv/lib/python3.12/site-packages/glance_store/location.py:146}}
Jul 17 18:28:06.027413 np0000005366 devstack@g-api.service[99713]: DEBUG glance_store.location [None req-98915ccc-4da3-45df-8cae-b72a89e799de tempest-VolumesActionsTest-1138863330 tempest-VolumesActionsTest-1138863330-project-member] Registering scheme swift+config with {'store': , 'location_class': , 'store_entry': 'swift'} {{(pid=99713) register_scheme_map /opt/stack/data/venv/lib/python3.12/site-packages/glance_store/location.py:146}}
Jul 17 18:28:06.222561 np0000005366 devstack@g-api.service[99713]: DEBUG swiftclient [None req-98915ccc-4da3-45df-8cae-b72a89e799de tempest-VolumesActionsTest-1138863330 tempest-VolumesActionsTest-1138863330-project-member] REQ: curl -i https://10.4.3.75:8080/v1/AUTH_ae426c42afe841dfab3af638801ad956/glance -I -H "X-Auth-Token: gAAAAABqWnQ2ieiY..." {{(pid=99713) http_log /opt/stack/data/venv/lib/python3.12/site-packages/swiftclient/client.py:160}}
Jul 17 18:28:06.222675 np0000005366 devstack@g-api.service[99713]: DEBUG swiftclient [None req-98915ccc-4da3-45df-8cae-b72a89e799de tempest-VolumesActionsTest-1138863330 tempest-VolumesActionsTest-1138863330-project-member] RESP STATUS: 204 No Content {{(pid=99713) http_log /opt/stack/data/venv/lib/python3.12/site-packages/swiftclient/client.py:161}}
Jul 17 18:28:06.222834 np0000005366 devstack@g-api.service[99713]: DEBUG swiftclient [None req-98915ccc-4da3-45df-8cae-b72a89e799de tempest-VolumesActionsTest-1138863330 tempest-VolumesActionsTest-1138863330-project-member] RESP HEADERS: {'Date': 'Fri, 17 Jul 2026 18:28:06 GMT', 'Server': 'Apache/2.4.58 (Ubuntu)', 'Content-Type': 'text/plain; charset=utf-8', 'X-Container-Object-Count': '3', 'X-Container-Bytes-Used': '64356352', 'X-Timestamp': '1784312446.85219', 'Last-Modified': 'Fri, 17 Jul 2026 18:20:47 GMT', 'Accept-Ranges': 'bytes', 'X-Storage-Policy': 'Policy-0', 'X-Container-Sharding': 'False', 'Vary': 'Accept', 'X-Trans-Id': 'txe9a7982bf74f40b8a1054-006a5a7436', 'X-Openstack-Request-Id': 'txe9a7982bf74f40b8a1054-006a5a7436', 'Connection': 'close'} {{(pid=99713) http_log /opt/stack/data/venv/lib/python3.12/site-packages/swiftclient/client.py:162}}
Jul 17 18:28:06.222994 np0000005366 devstack@g-api.service[99713]: DEBUG glance_store._drivers.swift.store [None req-98915ccc-4da3-45df-8cae-b72a89e799de tempest-VolumesActionsTest-1138863330 tempest-VolumesActionsTest-1138863330-project-member] Adding image object 'a0fe50fa-647c-4d5b-b870-aa4b23ae3ded' to Swift {{(pid=99713) add /opt/stack/data/venv/lib/python3.12/site-packages/glance_store/_drivers/swift/store.py:970}}
Jul 17 18:28:06.223090 np0000005366 devstack@g-api.service[99713]: DEBUG glance_store._drivers.swift.store [None req-98915ccc-4da3-45df-8cae-b72a89e799de tempest-VolumesActionsTest-1138863330 tempest-VolumesActionsTest-1138863330-project-member] Cannot determine image size because it is either not provided in the request or chunked-transfer encoding is used. Adding image as a segmented object to Swift. {{(pid=99713) add /opt/stack/data/venv/lib/python3.12/site-packages/glance_store/_drivers/swift/store.py:994}}
Jul 17 18:28:06.228536 np0000005366 devstack@g-api.service[99713]: DEBUG oslo_utils.imageutils.format_inspector [None req-98915ccc-4da3-45df-8cae-b72a89e799de tempest-VolumesActionsTest-1138863330 tempest-VolumesActionsTest-1138863330-project-member] Format inspector for vmdk does not match, excluding from consideration (Signature KDMV not found: b'\x00\x00\x00\x00') {{(pid=99713) _process_chunk /opt/stack/data/venv/lib/python3.12/site-packages/oslo_utils/imageutils/format_inspector.py:1758}}
Jul 17 18:28:06.231533 np0000005366 devstack@g-api.service[99713]: DEBUG oslo_utils.imageutils.format_inspector [None req-98915ccc-4da3-45df-8cae-b72a89e799de tempest-VolumesActionsTest-1138863330 tempest-VolumesActionsTest-1138863330-project-member] Format inspector for vhdx does not match, excluding from consideration (Region signature not found at 30000) {{(pid=99713) _process_chunk /opt/stack/data/venv/lib/python3.12/site-packages/oslo_utils/imageutils/format_inspector.py:1758}}
Jul 17 18:28:07.002386 np0000005366 devstack@g-api.service[99714]: DEBUG glance.api.middleware.version_negotiation [None req-b581a6af-a89b-4084-9966-761aa401e56e tempest-VolumesActionsTest-1138863330 tempest-VolumesActionsTest-1138863330-project-member] Determining version of request: GET /v2/images/a0fe50fa-647c-4d5b-b870-aa4b23ae3ded Accept: application/json {{(pid=99714) process_request /opt/stack/glance/glance/api/middleware/version_negotiation.py:44}}
Jul 17 18:28:07.002751 np0000005366 devstack@g-api.service[99714]: DEBUG glance.api.middleware.version_negotiation [None req-b581a6af-a89b-4084-9966-761aa401e56e tempest-VolumesActionsTest-1138863330 tempest-VolumesActionsTest-1138863330-project-member] Using url versioning {{(pid=99714) process_request /opt/stack/glance/glance/api/middleware/version_negotiation.py:57}}
Jul 17 18:28:07.002751 np0000005366 devstack@g-api.service[99714]: DEBUG glance.api.middleware.version_negotiation [None req-b581a6af-a89b-4084-9966-761aa401e56e tempest-VolumesActionsTest-1138863330 tempest-VolumesActionsTest-1138863330-project-member] Matched version: v2 {{(pid=99714) process_request /opt/stack/glance/glance/api/middleware/version_negotiation.py:69}}
Jul 17 18:28:07.003372 np0000005366 devstack@g-api.service[99714]: DEBUG glance.api.middleware.version_negotiation [None req-b581a6af-a89b-4084-9966-761aa401e56e tempest-VolumesActionsTest-1138863330 tempest-VolumesActionsTest-1138863330-project-member] new path /v2/images/a0fe50fa-647c-4d5b-b870-aa4b23ae3ded {{(pid=99714) process_request /opt/stack/glance/glance/api/middleware/version_negotiation.py:70}}
Jul 17 18:28:07.014390 np0000005366 devstack@g-api.service[99714]: [pid: 99714|app: 0|req: 146/431] 127.0.0.1 () {40 vars in 834 bytes} [Fri Jul 17 18:28:07 2026] GET /v2/images/a0fe50fa-647c-4d5b-b870-aa4b23ae3ded => generated 649 bytes in 12 msecs (HTTP/1.1 200) 4 headers in 157 bytes (1 switches on core 0)
Jul 17 18:28:08.023838 np0000005366 devstack@g-api.service[99715]: DEBUG glance.api.middleware.version_negotiation [None req-f4de9382-8bf9-43dc-8331-69239397a0d8 tempest-VolumesActionsTest-1138863330 tempest-VolumesActionsTest-1138863330-project-member] Determining version of request: GET /v2/images/a0fe50fa-647c-4d5b-b870-aa4b23ae3ded Accept: application/json {{(pid=99715) process_request /opt/stack/glance/glance/api/middleware/version_negotiation.py:44}}
Jul 17 18:28:08.024405 np0000005366 devstack@g-api.service[99715]: DEBUG glance.api.middleware.version_negotiation [None req-f4de9382-8bf9-43dc-8331-69239397a0d8 tempest-VolumesActionsTest-1138863330 tempest-VolumesActionsTest-1138863330-project-member] Using url versioning {{(pid=99715) process_request /opt/stack/glance/glance/api/middleware/version_negotiation.py:57}}
Jul 17 18:28:08.024405 np0000005366 devstack@g-api.service[99715]: DEBUG glance.api.middleware.version_negotiation [None req-f4de9382-8bf9-43dc-8331-69239397a0d8 tempest-VolumesActionsTest-1138863330 tempest-VolumesActionsTest-1138863330-project-member] Matched version: v2 {{(pid=99715) process_request /opt/stack/glance/glance/api/middleware/version_negotiation.py:69}}
Jul 17 18:28:08.024518 np0000005366 devstack@g-api.service[99715]: DEBUG glance.api.middleware.version_negotiation [None req-f4de9382-8bf9-43dc-8331-69239397a0d8 tempest-VolumesActionsTest-1138863330 tempest-VolumesActionsTest-1138863330-project-member] new path /v2/images/a0fe50fa-647c-4d5b-b870-aa4b23ae3ded {{(pid=99715) process_request /opt/stack/glance/glance/api/middleware/version_negotiation.py:70}}
Jul 17 18:28:08.033991 np0000005366 devstack@g-api.service[99715]: [pid: 99715|app: 0|req: 145/432] 127.0.0.1 () {40 vars in 834 bytes} [Fri Jul 17 18:28:08 2026] GET /v2/images/a0fe50fa-647c-4d5b-b870-aa4b23ae3ded => generated 649 bytes in 10 msecs (HTTP/1.1 200) 4 headers in 157 bytes (1 switches on core 0)
Jul 17 18:28:08.099392 np0000005366 devstack@g-api.service[99713]: DEBUG swiftclient [None req-98915ccc-4da3-45df-8cae-b72a89e799de tempest-VolumesActionsTest-1138863330 tempest-VolumesActionsTest-1138863330-project-member] REQ: curl -i https://10.4.3.75:8080/v1/AUTH_ae426c42afe841dfab3af638801ad956/glance/a0fe50fa-647c-4d5b-b870-aa4b23ae3ded-00001 -X PUT -H "X-Auth-Token: gAAAAABqWnQ2ieiY..." {{(pid=99713) http_log /opt/stack/data/venv/lib/python3.12/site-packages/swiftclient/client.py:160}}
Jul 17 18:28:08.099896 np0000005366 devstack@g-api.service[99713]: DEBUG swiftclient [None req-98915ccc-4da3-45df-8cae-b72a89e799de tempest-VolumesActionsTest-1138863330 tempest-VolumesActionsTest-1138863330-project-member] RESP STATUS: 201 Created {{(pid=99713) http_log /opt/stack/data/venv/lib/python3.12/site-packages/swiftclient/client.py:161}}
Jul 17 18:28:08.099896 np0000005366 devstack@g-api.service[99713]: DEBUG swiftclient [None req-98915ccc-4da3-45df-8cae-b72a89e799de tempest-VolumesActionsTest-1138863330 tempest-VolumesActionsTest-1138863330-project-member] RESP HEADERS: {'Date': 'Fri, 17 Jul 2026 18:28:08 GMT', 'Server': 'Apache/2.4.58 (Ubuntu)', 'Content-Type': 'text/html; charset=UTF-8', 'Content-Length': '0', 'Etag': 'eda9a9889837ac4bc81d6387d92c1bec', 'Last-Modified': 'Fri, 17 Jul 2026 18:28:07 GMT', 'X-Trans-Id': 'txb338c241355142059b5af-006a5a7436', 'X-Openstack-Request-Id': 'txb338c241355142059b5af-006a5a7436', 'Connection': 'close'} {{(pid=99713) http_log /opt/stack/data/venv/lib/python3.12/site-packages/swiftclient/client.py:162}}
Jul 17 18:28:08.100117 np0000005366 devstack@g-api.service[99713]: DEBUG glance_store._drivers.swift.store [None req-98915ccc-4da3-45df-8cae-b72a89e799de tempest-VolumesActionsTest-1138863330 tempest-VolumesActionsTest-1138863330-project-member] Wrote chunk a0fe50fa-647c-4d5b-b870-aa4b23ae3ded-00001 (1/?) of length 204800000 to Swift returning MD5 of content: eda9a9889837ac4bc81d6387d92c1bec {{(pid=99713) add /opt/stack/data/venv/lib/python3.12/site-packages/glance_store/_drivers/swift/store.py:1059}}
Jul 17 18:28:09.046972 np0000005366 devstack@g-api.service[99714]: DEBUG glance.api.middleware.version_negotiation [None req-12b795c6-6457-4abd-be15-028a71da4199 tempest-VolumesActionsTest-1138863330 tempest-VolumesActionsTest-1138863330-project-member] Determining version of request: GET /v2/images/a0fe50fa-647c-4d5b-b870-aa4b23ae3ded Accept: application/json {{(pid=99714) process_request /opt/stack/glance/glance/api/middleware/version_negotiation.py:44}}
Jul 17 18:28:09.047371 np0000005366 devstack@g-api.service[99714]: DEBUG glance.api.middleware.version_negotiation [None req-12b795c6-6457-4abd-be15-028a71da4199 tempest-VolumesActionsTest-1138863330 tempest-VolumesActionsTest-1138863330-project-member] Using url versioning {{(pid=99714) process_request /opt/stack/glance/glance/api/middleware/version_negotiation.py:57}}
Jul 17 18:28:09.047433 np0000005366 devstack@g-api.service[99714]: DEBUG glance.api.middleware.version_negotiation [None req-12b795c6-6457-4abd-be15-028a71da4199 tempest-VolumesActionsTest-1138863330 tempest-VolumesActionsTest-1138863330-project-member] Matched version: v2 {{(pid=99714) process_request /opt/stack/glance/glance/api/middleware/version_negotiation.py:69}}
Jul 17 18:28:09.047627 np0000005366 devstack@g-api.service[99714]: DEBUG glance.api.middleware.version_negotiation [None req-12b795c6-6457-4abd-be15-028a71da4199 tempest-VolumesActionsTest-1138863330 tempest-VolumesActionsTest-1138863330-project-member] new path /v2/images/a0fe50fa-647c-4d5b-b870-aa4b23ae3ded {{(pid=99714) process_request /opt/stack/glance/glance/api/middleware/version_negotiation.py:70}}
Jul 17 18:28:09.063608 np0000005366 devstack@g-api.service[99714]: [pid: 99714|app: 0|req: 147/433] 127.0.0.1 () {40 vars in 834 bytes} [Fri Jul 17 18:28:09 2026] GET /v2/images/a0fe50fa-647c-4d5b-b870-aa4b23ae3ded => generated 649 bytes in 17 msecs (HTTP/1.1 200) 4 headers in 157 bytes (1 switches on core 0)
Jul 17 18:28:10.055320 np0000005366 devstack@g-api.service[99713]: DEBUG swiftclient [None req-98915ccc-4da3-45df-8cae-b72a89e799de tempest-VolumesActionsTest-1138863330 tempest-VolumesActionsTest-1138863330-project-member] REQ: curl -i https://10.4.3.75:8080/v1/AUTH_ae426c42afe841dfab3af638801ad956/glance/a0fe50fa-647c-4d5b-b870-aa4b23ae3ded-00002 -X PUT -H "X-Auth-Token: gAAAAABqWnQ2ieiY..." {{(pid=99713) http_log /opt/stack/data/venv/lib/python3.12/site-packages/swiftclient/client.py:160}}
Jul 17 18:28:10.055320 np0000005366 devstack@g-api.service[99713]: DEBUG swiftclient [None req-98915ccc-4da3-45df-8cae-b72a89e799de tempest-VolumesActionsTest-1138863330 tempest-VolumesActionsTest-1138863330-project-member] RESP STATUS: 201 Created {{(pid=99713) http_log /opt/stack/data/venv/lib/python3.12/site-packages/swiftclient/client.py:161}}
Jul 17 18:28:10.055320 np0000005366 devstack@g-api.service[99713]: DEBUG swiftclient [None req-98915ccc-4da3-45df-8cae-b72a89e799de tempest-VolumesActionsTest-1138863330 tempest-VolumesActionsTest-1138863330-project-member] RESP HEADERS: {'Date': 'Fri, 17 Jul 2026 18:28:10 GMT', 'Server': 'Apache/2.4.58 (Ubuntu)', 'Content-Type': 'text/html; charset=UTF-8', 'Content-Length': '0', 'Etag': 'eda9a9889837ac4bc81d6387d92c1bec', 'Last-Modified': 'Fri, 17 Jul 2026 18:28:09 GMT', 'X-Trans-Id': 'txa79fe198d43c4bcf87d72-006a5a7438', 'X-Openstack-Request-Id': 'txa79fe198d43c4bcf87d72-006a5a7438', 'Connection': 'close'} {{(pid=99713) http_log /opt/stack/data/venv/lib/python3.12/site-packages/swiftclient/client.py:162}}
Jul 17 18:28:10.055320 np0000005366 devstack@g-api.service[99713]: DEBUG glance_store._drivers.swift.store [None req-98915ccc-4da3-45df-8cae-b72a89e799de tempest-VolumesActionsTest-1138863330 tempest-VolumesActionsTest-1138863330-project-member] Wrote chunk a0fe50fa-647c-4d5b-b870-aa4b23ae3ded-00002 (2/?) of length 204800000 to Swift returning MD5 of content: eda9a9889837ac4bc81d6387d92c1bec {{(pid=99713) add /opt/stack/data/venv/lib/python3.12/site-packages/glance_store/_drivers/swift/store.py:1059}}
Jul 17 18:28:10.071655 np0000005366 devstack@g-api.service[99715]: DEBUG glance.api.middleware.version_negotiation [None req-6204f818-258c-4060-9d84-821247b01179 tempest-VolumesActionsTest-1138863330 tempest-VolumesActionsTest-1138863330-project-member] Determining version of request: GET /v2/images/a0fe50fa-647c-4d5b-b870-aa4b23ae3ded Accept: application/json {{(pid=99715) process_request /opt/stack/glance/glance/api/middleware/version_negotiation.py:44}}
Jul 17 18:28:10.072064 np0000005366 devstack@g-api.service[99715]: DEBUG glance.api.middleware.version_negotiation [None req-6204f818-258c-4060-9d84-821247b01179 tempest-VolumesActionsTest-1138863330 tempest-VolumesActionsTest-1138863330-project-member] Using url versioning {{(pid=99715) process_request /opt/stack/glance/glance/api/middleware/version_negotiation.py:57}}
Jul 17 18:28:10.072064 np0000005366 devstack@g-api.service[99715]: DEBUG glance.api.middleware.version_negotiation [None req-6204f818-258c-4060-9d84-821247b01179 tempest-VolumesActionsTest-1138863330 tempest-VolumesActionsTest-1138863330-project-member] Matched version: v2 {{(pid=99715) process_request /opt/stack/glance/glance/api/middleware/version_negotiation.py:69}}
Jul 17 18:28:10.072243 np0000005366 devstack@g-api.service[99715]: DEBUG glance.api.middleware.version_negotiation [None req-6204f818-258c-4060-9d84-821247b01179 tempest-VolumesActionsTest-1138863330 tempest-VolumesActionsTest-1138863330-project-member] new path /v2/images/a0fe50fa-647c-4d5b-b870-aa4b23ae3ded {{(pid=99715) process_request /opt/stack/glance/glance/api/middleware/version_negotiation.py:70}}
Jul 17 18:28:10.082008 np0000005366 devstack@g-api.service[99715]: [pid: 99715|app: 0|req: 146/434] 127.0.0.1 () {40 vars in 834 bytes} [Fri Jul 17 18:28:10 2026] GET /v2/images/a0fe50fa-647c-4d5b-b870-aa4b23ae3ded => generated 649 bytes in 10 msecs (HTTP/1.1 200) 4 headers in 157 bytes (1 switches on core 0)
Jul 17 18:28:11.093427 np0000005366 devstack@g-api.service[99714]: DEBUG glance.api.middleware.version_negotiation [None req-55c6f070-c099-446a-bc01-8e9e9c31cfe4 tempest-VolumesActionsTest-1138863330 tempest-VolumesActionsTest-1138863330-project-member] Determining version of request: GET /v2/images/a0fe50fa-647c-4d5b-b870-aa4b23ae3ded Accept: application/json {{(pid=99714) process_request /opt/stack/glance/glance/api/middleware/version_negotiation.py:44}}
Jul 17 18:28:11.093864 np0000005366 devstack@g-api.service[99714]: DEBUG glance.api.middleware.version_negotiation [None req-55c6f070-c099-446a-bc01-8e9e9c31cfe4 tempest-VolumesActionsTest-1138863330 tempest-VolumesActionsTest-1138863330-project-member] Using url versioning {{(pid=99714) process_request /opt/stack/glance/glance/api/middleware/version_negotiation.py:57}}
Jul 17 18:28:11.093864 np0000005366 devstack@g-api.service[99714]: DEBUG glance.api.middleware.version_negotiation [None req-55c6f070-c099-446a-bc01-8e9e9c31cfe4 tempest-VolumesActionsTest-1138863330 tempest-VolumesActionsTest-1138863330-project-member] Matched version: v2 {{(pid=99714) process_request /opt/stack/glance/glance/api/middleware/version_negotiation.py:69}}
Jul 17 18:28:11.093864 np0000005366 devstack@g-api.service[99714]: DEBUG glance.api.middleware.version_negotiation [None req-55c6f070-c099-446a-bc01-8e9e9c31cfe4 tempest-VolumesActionsTest-1138863330 tempest-VolumesActionsTest-1138863330-project-member] new path /v2/images/a0fe50fa-647c-4d5b-b870-aa4b23ae3ded {{(pid=99714) process_request /opt/stack/glance/glance/api/middleware/version_negotiation.py:70}}
Jul 17 18:28:11.113287 np0000005366 devstack@g-api.service[99714]: [pid: 99714|app: 0|req: 148/435] 127.0.0.1 () {40 vars in 834 bytes} [Fri Jul 17 18:28:11 2026] GET /v2/images/a0fe50fa-647c-4d5b-b870-aa4b23ae3ded => generated 649 bytes in 20 msecs (HTTP/1.1 200) 4 headers in 157 bytes (1 switches on core 0)
Jul 17 18:28:11.969178 np0000005366 devstack@g-api.service[99713]: DEBUG swiftclient [None req-98915ccc-4da3-45df-8cae-b72a89e799de tempest-VolumesActionsTest-1138863330 tempest-VolumesActionsTest-1138863330-project-member] REQ: curl -i https://10.4.3.75:8080/v1/AUTH_ae426c42afe841dfab3af638801ad956/glance/a0fe50fa-647c-4d5b-b870-aa4b23ae3ded-00003 -X PUT -H "X-Auth-Token: gAAAAABqWnQ2ieiY..." {{(pid=99713) http_log /opt/stack/data/venv/lib/python3.12/site-packages/swiftclient/client.py:160}}
Jul 17 18:28:11.969178 np0000005366 devstack@g-api.service[99713]: DEBUG swiftclient [None req-98915ccc-4da3-45df-8cae-b72a89e799de tempest-VolumesActionsTest-1138863330 tempest-VolumesActionsTest-1138863330-project-member] RESP STATUS: 201 Created {{(pid=99713) http_log /opt/stack/data/venv/lib/python3.12/site-packages/swiftclient/client.py:161}}
Jul 17 18:28:11.969628 np0000005366 devstack@g-api.service[99713]: DEBUG swiftclient [None req-98915ccc-4da3-45df-8cae-b72a89e799de tempest-VolumesActionsTest-1138863330 tempest-VolumesActionsTest-1138863330-project-member] RESP HEADERS: {'Date': 'Fri, 17 Jul 2026 18:28:11 GMT', 'Server': 'Apache/2.4.58 (Ubuntu)', 'Content-Type': 'text/html; charset=UTF-8', 'Content-Length': '0', 'Etag': 'eda9a9889837ac4bc81d6387d92c1bec', 'Last-Modified': 'Fri, 17 Jul 2026 18:28:11 GMT', 'X-Trans-Id': 'txc2ddbdebd93841529f241-006a5a743a', 'X-Openstack-Request-Id': 'txc2ddbdebd93841529f241-006a5a743a', 'Connection': 'close'} {{(pid=99713) http_log /opt/stack/data/venv/lib/python3.12/site-packages/swiftclient/client.py:162}}
Jul 17 18:28:11.969628 np0000005366 devstack@g-api.service[99713]: DEBUG glance_store._drivers.swift.store [None req-98915ccc-4da3-45df-8cae-b72a89e799de tempest-VolumesActionsTest-1138863330 tempest-VolumesActionsTest-1138863330-project-member] Wrote chunk a0fe50fa-647c-4d5b-b870-aa4b23ae3ded-00003 (3/?) of length 204800000 to Swift returning MD5 of content: eda9a9889837ac4bc81d6387d92c1bec {{(pid=99713) add /opt/stack/data/venv/lib/python3.12/site-packages/glance_store/_drivers/swift/store.py:1059}}
Jul 17 18:28:12.125283 np0000005366 devstack@g-api.service[99715]: DEBUG glance.api.middleware.version_negotiation [None req-7cb6337d-c87e-4ffa-94d0-ed01440b7d5a tempest-VolumesActionsTest-1138863330 tempest-VolumesActionsTest-1138863330-project-member] Determining version of request: GET /v2/images/a0fe50fa-647c-4d5b-b870-aa4b23ae3ded Accept: application/json {{(pid=99715) process_request /opt/stack/glance/glance/api/middleware/version_negotiation.py:44}}
Jul 17 18:28:12.125714 np0000005366 devstack@g-api.service[99715]: DEBUG glance.api.middleware.version_negotiation [None req-7cb6337d-c87e-4ffa-94d0-ed01440b7d5a tempest-VolumesActionsTest-1138863330 tempest-VolumesActionsTest-1138863330-project-member] Using url versioning {{(pid=99715) process_request /opt/stack/glance/glance/api/middleware/version_negotiation.py:57}}
Jul 17 18:28:12.125714 np0000005366 devstack@g-api.service[99715]: DEBUG glance.api.middleware.version_negotiation [None req-7cb6337d-c87e-4ffa-94d0-ed01440b7d5a tempest-VolumesActionsTest-1138863330 tempest-VolumesActionsTest-1138863330-project-member] Matched version: v2 {{(pid=99715) process_request /opt/stack/glance/glance/api/middleware/version_negotiation.py:69}}
Jul 17 18:28:12.125714 np0000005366 devstack@g-api.service[99715]: DEBUG glance.api.middleware.version_negotiation [None req-7cb6337d-c87e-4ffa-94d0-ed01440b7d5a tempest-VolumesActionsTest-1138863330 tempest-VolumesActionsTest-1138863330-project-member] new path /v2/images/a0fe50fa-647c-4d5b-b870-aa4b23ae3ded {{(pid=99715) process_request /opt/stack/glance/glance/api/middleware/version_negotiation.py:70}}
Jul 17 18:28:12.140753 np0000005366 devstack@g-api.service[99715]: [pid: 99715|app: 0|req: 147/436] 127.0.0.1 () {40 vars in 834 bytes} [Fri Jul 17 18:28:12 2026] GET /v2/images/a0fe50fa-647c-4d5b-b870-aa4b23ae3ded => generated 649 bytes in 15 msecs (HTTP/1.1 200) 4 headers in 157 bytes (1 switches on core 0)
Jul 17 18:28:13.148784 np0000005366 devstack@g-api.service[99714]: DEBUG glance.api.middleware.version_negotiation [None req-a1754859-e9a1-4c3f-b49c-9ce1c9e43109 tempest-VolumesActionsTest-1138863330 tempest-VolumesActionsTest-1138863330-project-member] Determining version of request: GET /v2/images/a0fe50fa-647c-4d5b-b870-aa4b23ae3ded Accept: application/json {{(pid=99714) process_request /opt/stack/glance/glance/api/middleware/version_negotiation.py:44}}
Jul 17 18:28:13.149198 np0000005366 devstack@g-api.service[99714]: DEBUG glance.api.middleware.version_negotiation [None req-a1754859-e9a1-4c3f-b49c-9ce1c9e43109 tempest-VolumesActionsTest-1138863330 tempest-VolumesActionsTest-1138863330-project-member] Using url versioning {{(pid=99714) process_request /opt/stack/glance/glance/api/middleware/version_negotiation.py:57}}
Jul 17 18:28:13.149198 np0000005366 devstack@g-api.service[99714]: DEBUG glance.api.middleware.version_negotiation [None req-a1754859-e9a1-4c3f-b49c-9ce1c9e43109 tempest-VolumesActionsTest-1138863330 tempest-VolumesActionsTest-1138863330-project-member] Matched version: v2 {{(pid=99714) process_request /opt/stack/glance/glance/api/middleware/version_negotiation.py:69}}
Jul 17 18:28:13.149198 np0000005366 devstack@g-api.service[99714]: DEBUG glance.api.middleware.version_negotiation [None req-a1754859-e9a1-4c3f-b49c-9ce1c9e43109 tempest-VolumesActionsTest-1138863330 tempest-VolumesActionsTest-1138863330-project-member] new path /v2/images/a0fe50fa-647c-4d5b-b870-aa4b23ae3ded {{(pid=99714) process_request /opt/stack/glance/glance/api/middleware/version_negotiation.py:70}}
Jul 17 18:28:13.161690 np0000005366 devstack@g-api.service[99714]: [pid: 99714|app: 0|req: 149/437] 127.0.0.1 () {40 vars in 834 bytes} [Fri Jul 17 18:28:13 2026] GET /v2/images/a0fe50fa-647c-4d5b-b870-aa4b23ae3ded => generated 649 bytes in 13 msecs (HTTP/1.1 200) 4 headers in 157 bytes (1 switches on core 0)
Jul 17 18:28:13.815163 np0000005366 devstack@g-api.service[99713]: DEBUG swiftclient [None req-98915ccc-4da3-45df-8cae-b72a89e799de tempest-VolumesActionsTest-1138863330 tempest-VolumesActionsTest-1138863330-project-member] REQ: curl -i https://10.4.3.75:8080/v1/AUTH_ae426c42afe841dfab3af638801ad956/glance/a0fe50fa-647c-4d5b-b870-aa4b23ae3ded-00004 -X PUT -H "X-Auth-Token: gAAAAABqWnQ2ieiY..." {{(pid=99713) http_log /opt/stack/data/venv/lib/python3.12/site-packages/swiftclient/client.py:160}}
Jul 17 18:28:13.815402 np0000005366 devstack@g-api.service[99713]: DEBUG swiftclient [None req-98915ccc-4da3-45df-8cae-b72a89e799de tempest-VolumesActionsTest-1138863330 tempest-VolumesActionsTest-1138863330-project-member] RESP STATUS: 201 Created {{(pid=99713) http_log /opt/stack/data/venv/lib/python3.12/site-packages/swiftclient/client.py:161}}
Jul 17 18:28:13.815402 np0000005366 devstack@g-api.service[99713]: DEBUG swiftclient [None req-98915ccc-4da3-45df-8cae-b72a89e799de tempest-VolumesActionsTest-1138863330 tempest-VolumesActionsTest-1138863330-project-member] RESP HEADERS: {'Date': 'Fri, 17 Jul 2026 18:28:13 GMT', 'Server': 'Apache/2.4.58 (Ubuntu)', 'Content-Type': 'text/html; charset=UTF-8', 'Content-Length': '0', 'Etag': 'eda9a9889837ac4bc81d6387d92c1bec', 'Last-Modified': 'Fri, 17 Jul 2026 18:28:12 GMT', 'X-Trans-Id': 'txaaab598e28004c968174b-006a5a743b', 'X-Openstack-Request-Id': 'txaaab598e28004c968174b-006a5a743b', 'Connection': 'close'} {{(pid=99713) http_log /opt/stack/data/venv/lib/python3.12/site-packages/swiftclient/client.py:162}}
Jul 17 18:28:13.815496 np0000005366 devstack@g-api.service[99713]: DEBUG glance_store._drivers.swift.store [None req-98915ccc-4da3-45df-8cae-b72a89e799de tempest-VolumesActionsTest-1138863330 tempest-VolumesActionsTest-1138863330-project-member] Wrote chunk a0fe50fa-647c-4d5b-b870-aa4b23ae3ded-00004 (4/?) of length 204800000 to Swift returning MD5 of content: eda9a9889837ac4bc81d6387d92c1bec {{(pid=99713) add /opt/stack/data/venv/lib/python3.12/site-packages/glance_store/_drivers/swift/store.py:1059}}
Jul 17 18:28:14.170808 np0000005366 devstack@g-api.service[99715]: DEBUG glance.api.middleware.version_negotiation [None req-4cf7f947-b148-47e8-9004-9fd48ccbad8a tempest-VolumesActionsTest-1138863330 tempest-VolumesActionsTest-1138863330-project-member] Determining version of request: GET /v2/images/a0fe50fa-647c-4d5b-b870-aa4b23ae3ded Accept: application/json {{(pid=99715) process_request /opt/stack/glance/glance/api/middleware/version_negotiation.py:44}}
Jul 17 18:28:14.171180 np0000005366 devstack@g-api.service[99715]: DEBUG glance.api.middleware.version_negotiation [None req-4cf7f947-b148-47e8-9004-9fd48ccbad8a tempest-VolumesActionsTest-1138863330 tempest-VolumesActionsTest-1138863330-project-member] Using url versioning {{(pid=99715) process_request /opt/stack/glance/glance/api/middleware/version_negotiation.py:57}}
Jul 17 18:28:14.171180 np0000005366 devstack@g-api.service[99715]: DEBUG glance.api.middleware.version_negotiation [None req-4cf7f947-b148-47e8-9004-9fd48ccbad8a tempest-VolumesActionsTest-1138863330 tempest-VolumesActionsTest-1138863330-project-member] Matched version: v2 {{(pid=99715) process_request /opt/stack/glance/glance/api/middleware/version_negotiation.py:69}}
Jul 17 18:28:14.171180 np0000005366 devstack@g-api.service[99715]: DEBUG glance.api.middleware.version_negotiation [None req-4cf7f947-b148-47e8-9004-9fd48ccbad8a tempest-VolumesActionsTest-1138863330 tempest-VolumesActionsTest-1138863330-project-member] new path /v2/images/a0fe50fa-647c-4d5b-b870-aa4b23ae3ded {{(pid=99715) process_request /opt/stack/glance/glance/api/middleware/version_negotiation.py:70}}
Jul 17 18:28:14.187423 np0000005366 devstack@g-api.service[99715]: [pid: 99715|app: 0|req: 148/438] 127.0.0.1 () {40 vars in 834 bytes} [Fri Jul 17 18:28:14 2026] GET /v2/images/a0fe50fa-647c-4d5b-b870-aa4b23ae3ded => generated 649 bytes in 17 msecs (HTTP/1.1 200) 4 headers in 157 bytes (1 switches on core 0)
Jul 17 18:28:15.195513 np0000005366 devstack@g-api.service[99714]: DEBUG glance.api.middleware.version_negotiation [None req-a84849a8-99e3-47f3-befd-6a68bce2ad16 tempest-VolumesActionsTest-1138863330 tempest-VolumesActionsTest-1138863330-project-member] Determining version of request: GET /v2/images/a0fe50fa-647c-4d5b-b870-aa4b23ae3ded Accept: application/json {{(pid=99714) process_request /opt/stack/glance/glance/api/middleware/version_negotiation.py:44}}
Jul 17 18:28:15.196108 np0000005366 devstack@g-api.service[99714]: DEBUG glance.api.middleware.version_negotiation [None req-a84849a8-99e3-47f3-befd-6a68bce2ad16 tempest-VolumesActionsTest-1138863330 tempest-VolumesActionsTest-1138863330-project-member] Using url versioning {{(pid=99714) process_request /opt/stack/glance/glance/api/middleware/version_negotiation.py:57}}
Jul 17 18:28:15.196108 np0000005366 devstack@g-api.service[99714]: DEBUG glance.api.middleware.version_negotiation [None req-a84849a8-99e3-47f3-befd-6a68bce2ad16 tempest-VolumesActionsTest-1138863330 tempest-VolumesActionsTest-1138863330-project-member] Matched version: v2 {{(pid=99714) process_request /opt/stack/glance/glance/api/middleware/version_negotiation.py:69}}
Jul 17 18:28:15.196108 np0000005366 devstack@g-api.service[99714]: DEBUG glance.api.middleware.version_negotiation [None req-a84849a8-99e3-47f3-befd-6a68bce2ad16 tempest-VolumesActionsTest-1138863330 tempest-VolumesActionsTest-1138863330-project-member] new path /v2/images/a0fe50fa-647c-4d5b-b870-aa4b23ae3ded {{(pid=99714) process_request /opt/stack/glance/glance/api/middleware/version_negotiation.py:70}}
Jul 17 18:28:15.204238 np0000005366 devstack@g-api.service[99714]: [pid: 99714|app: 0|req: 150/439] 127.0.0.1 () {40 vars in 834 bytes} [Fri Jul 17 18:28:15 2026] GET /v2/images/a0fe50fa-647c-4d5b-b870-aa4b23ae3ded => generated 649 bytes in 8 msecs (HTTP/1.1 200) 4 headers in 157 bytes (1 switches on core 0)
Jul 17 18:28:15.718440 np0000005366 devstack@g-api.service[99713]: DEBUG swiftclient [None req-98915ccc-4da3-45df-8cae-b72a89e799de tempest-VolumesActionsTest-1138863330 tempest-VolumesActionsTest-1138863330-project-member] REQ: curl -i https://10.4.3.75:8080/v1/AUTH_ae426c42afe841dfab3af638801ad956/glance/a0fe50fa-647c-4d5b-b870-aa4b23ae3ded-00005 -X PUT -H "X-Auth-Token: gAAAAABqWnQ2ieiY..." {{(pid=99713) http_log /opt/stack/data/venv/lib/python3.12/site-packages/swiftclient/client.py:160}}
Jul 17 18:28:15.718693 np0000005366 devstack@g-api.service[99713]: DEBUG swiftclient [None req-98915ccc-4da3-45df-8cae-b72a89e799de tempest-VolumesActionsTest-1138863330 tempest-VolumesActionsTest-1138863330-project-member] RESP STATUS: 201 Created {{(pid=99713) http_log /opt/stack/data/venv/lib/python3.12/site-packages/swiftclient/client.py:161}}
Jul 17 18:28:15.718693 np0000005366 devstack@g-api.service[99713]: DEBUG swiftclient [None req-98915ccc-4da3-45df-8cae-b72a89e799de tempest-VolumesActionsTest-1138863330 tempest-VolumesActionsTest-1138863330-project-member] RESP HEADERS: {'Date': 'Fri, 17 Jul 2026 18:28:15 GMT', 'Server': 'Apache/2.4.58 (Ubuntu)', 'Content-Type': 'text/html; charset=UTF-8', 'Content-Length': '0', 'Etag': 'eda9a9889837ac4bc81d6387d92c1bec', 'Last-Modified': 'Fri, 17 Jul 2026 18:28:14 GMT', 'X-Trans-Id': 'tx73945c85a87e40879a8d5-006a5a743d', 'X-Openstack-Request-Id': 'tx73945c85a87e40879a8d5-006a5a743d', 'Connection': 'close'} {{(pid=99713) http_log /opt/stack/data/venv/lib/python3.12/site-packages/swiftclient/client.py:162}}
Jul 17 18:28:15.718785 np0000005366 devstack@g-api.service[99713]: DEBUG glance_store._drivers.swift.store [None req-98915ccc-4da3-45df-8cae-b72a89e799de tempest-VolumesActionsTest-1138863330 tempest-VolumesActionsTest-1138863330-project-member] Wrote chunk a0fe50fa-647c-4d5b-b870-aa4b23ae3ded-00005 (5/?) of length 204800000 to Swift returning MD5 of content: eda9a9889837ac4bc81d6387d92c1bec {{(pid=99713) add /opt/stack/data/venv/lib/python3.12/site-packages/glance_store/_drivers/swift/store.py:1059}}
Jul 17 18:28:16.022374 np0000005366 devstack@g-api.service[99713]: DEBUG dbcounter [-] [99713] Writing DB stats glance:SELECT=10,glance:UPDATE=1 {{(pid=99713) stat_writer /opt/stack/data/venv/lib/python3.12/site-packages/dbcounter.py:115}}
Jul 17 18:28:16.211491 np0000005366 devstack@g-api.service[99715]: DEBUG glance.api.middleware.version_negotiation [None req-f0e26324-d524-42a3-8bc9-4bb276b018a0 tempest-VolumesActionsTest-1138863330 tempest-VolumesActionsTest-1138863330-project-member] Determining version of request: GET /v2/images/a0fe50fa-647c-4d5b-b870-aa4b23ae3ded Accept: application/json {{(pid=99715) process_request /opt/stack/glance/glance/api/middleware/version_negotiation.py:44}}
Jul 17 18:28:16.211898 np0000005366 devstack@g-api.service[99715]: DEBUG glance.api.middleware.version_negotiation [None req-f0e26324-d524-42a3-8bc9-4bb276b018a0 tempest-VolumesActionsTest-1138863330 tempest-VolumesActionsTest-1138863330-project-member] Using url versioning {{(pid=99715) process_request /opt/stack/glance/glance/api/middleware/version_negotiation.py:57}}
Jul 17 18:28:16.211898 np0000005366 devstack@g-api.service[99715]: DEBUG glance.api.middleware.version_negotiation [None req-f0e26324-d524-42a3-8bc9-4bb276b018a0 tempest-VolumesActionsTest-1138863330 tempest-VolumesActionsTest-1138863330-project-member] Matched version: v2 {{(pid=99715) process_request /opt/stack/glance/glance/api/middleware/version_negotiation.py:69}}
Jul 17 18:28:16.212002 np0000005366 devstack@g-api.service[99715]: DEBUG glance.api.middleware.version_negotiation [None req-f0e26324-d524-42a3-8bc9-4bb276b018a0 tempest-VolumesActionsTest-1138863330 tempest-VolumesActionsTest-1138863330-project-member] new path /v2/images/a0fe50fa-647c-4d5b-b870-aa4b23ae3ded {{(pid=99715) process_request /opt/stack/glance/glance/api/middleware/version_negotiation.py:70}}
Jul 17 18:28:16.217591 np0000005366 devstack@g-api.service[99713]: DEBUG swiftclient [None req-98915ccc-4da3-45df-8cae-b72a89e799de tempest-VolumesActionsTest-1138863330 tempest-VolumesActionsTest-1138863330-project-member] REQ: curl -i https://10.4.3.75:8080/v1/AUTH_ae426c42afe841dfab3af638801ad956/glance/a0fe50fa-647c-4d5b-b870-aa4b23ae3ded-00006 -X PUT -H "X-Auth-Token: gAAAAABqWnQ2ieiY..." {{(pid=99713) http_log /opt/stack/data/venv/lib/python3.12/site-packages/swiftclient/client.py:160}}
Jul 17 18:28:16.217705 np0000005366 devstack@g-api.service[99713]: DEBUG swiftclient [None req-98915ccc-4da3-45df-8cae-b72a89e799de tempest-VolumesActionsTest-1138863330 tempest-VolumesActionsTest-1138863330-project-member] RESP STATUS: 201 Created {{(pid=99713) http_log /opt/stack/data/venv/lib/python3.12/site-packages/swiftclient/client.py:161}}
Jul 17 18:28:16.217870 np0000005366 devstack@g-api.service[99713]: DEBUG swiftclient [None req-98915ccc-4da3-45df-8cae-b72a89e799de tempest-VolumesActionsTest-1138863330 tempest-VolumesActionsTest-1138863330-project-member] RESP HEADERS: {'Date': 'Fri, 17 Jul 2026 18:28:16 GMT', 'Server': 'Apache/2.4.58 (Ubuntu)', 'Content-Type': 'text/html; charset=UTF-8', 'Content-Length': '0', 'Etag': '708761f3b8777ec77058e63da08eeeb6', 'Last-Modified': 'Fri, 17 Jul 2026 18:28:16 GMT', 'X-Trans-Id': 'txb96498dff4824160a2b23-006a5a743f', 'X-Openstack-Request-Id': 'txb96498dff4824160a2b23-006a5a743f', 'Connection': 'close'} {{(pid=99713) http_log /opt/stack/data/venv/lib/python3.12/site-packages/swiftclient/client.py:162}}
Jul 17 18:28:16.217972 np0000005366 devstack@g-api.service[99713]: DEBUG glance_store._drivers.swift.store [None req-98915ccc-4da3-45df-8cae-b72a89e799de tempest-VolumesActionsTest-1138863330 tempest-VolumesActionsTest-1138863330-project-member] Wrote chunk a0fe50fa-647c-4d5b-b870-aa4b23ae3ded-00006 (6/?) of length 49741824 to Swift returning MD5 of content: 708761f3b8777ec77058e63da08eeeb6 {{(pid=99713) add /opt/stack/data/venv/lib/python3.12/site-packages/glance_store/_drivers/swift/store.py:1059}}
Jul 17 18:28:16.218225 np0000005366 devstack@g-api.service[99713]: DEBUG glance_store._drivers.swift.store [None req-98915ccc-4da3-45df-8cae-b72a89e799de tempest-VolumesActionsTest-1138863330 tempest-VolumesActionsTest-1138863330-project-member] Not writing zero-length chunk. {{(pid=99713) add /opt/stack/data/venv/lib/python3.12/site-packages/glance_store/_drivers/swift/store.py:1028}}
Jul 17 18:28:16.227863 np0000005366 devstack@g-api.service[99715]: [pid: 99715|app: 0|req: 149/440] 127.0.0.1 () {40 vars in 834 bytes} [Fri Jul 17 18:28:16 2026] GET /v2/images/a0fe50fa-647c-4d5b-b870-aa4b23ae3ded => generated 649 bytes in 17 msecs (HTTP/1.1 200) 4 headers in 157 bytes (1 switches on core 0)
Jul 17 18:28:16.239370 np0000005366 devstack@g-api.service[99713]: DEBUG swiftclient [None req-98915ccc-4da3-45df-8cae-b72a89e799de tempest-VolumesActionsTest-1138863330 tempest-VolumesActionsTest-1138863330-project-member] REQ: curl -i https://10.4.3.75:8080/v1/AUTH_ae426c42afe841dfab3af638801ad956/glance/a0fe50fa-647c-4d5b-b870-aa4b23ae3ded -X PUT -H "X-Object-Manifest: glance/a0fe50fa-647c-4d5b-b870-aa4b23ae3ded-" -H "X-Auth-Token: gAAAAABqWnQ2ieiY..." -H "Content-Length: 0" {{(pid=99713) http_log /opt/stack/data/venv/lib/python3.12/site-packages/swiftclient/client.py:160}}
Jul 17 18:28:16.239473 np0000005366 devstack@g-api.service[99713]: DEBUG swiftclient [None req-98915ccc-4da3-45df-8cae-b72a89e799de tempest-VolumesActionsTest-1138863330 tempest-VolumesActionsTest-1138863330-project-member] RESP STATUS: 201 Created {{(pid=99713) http_log /opt/stack/data/venv/lib/python3.12/site-packages/swiftclient/client.py:161}}
Jul 17 18:28:16.239605 np0000005366 devstack@g-api.service[99713]: DEBUG swiftclient [None req-98915ccc-4da3-45df-8cae-b72a89e799de tempest-VolumesActionsTest-1138863330 tempest-VolumesActionsTest-1138863330-project-member] RESP HEADERS: {'Date': 'Fri, 17 Jul 2026 18:28:16 GMT', 'Server': 'Apache/2.4.58 (Ubuntu)', 'Content-Type': 'text/html; charset=UTF-8', 'Content-Length': '0', 'Etag': 'd41d8cd98f00b204e9800998ecf8427e', 'Last-Modified': 'Fri, 17 Jul 2026 18:28:17 GMT', 'X-Trans-Id': 'tx95bb5d7fb8ed4127ade81-006a5a7440', 'X-Openstack-Request-Id': 'tx95bb5d7fb8ed4127ade81-006a5a7440', 'Connection': 'close'} {{(pid=99713) http_log /opt/stack/data/venv/lib/python3.12/site-packages/swiftclient/client.py:162}}
