Aug 17 19:59:07.111309 np0000007583 devstack@g-api.service[103158]: DEBUG glance_store.capabilities [-] Store glance_store._drivers.swift.store.SingleTenantStore doesn't support updating dynamic storage capabilities. Please overwrite 'update_capabilities' method of the store to implement updating logics if needed. {{(pid=103158) update_capabilities /opt/stack/data/venv/lib/python3.12/site-packages/glance_store/capabilities.py:91}}
Aug 17 19:59:07.111383 np0000007583 devstack@g-api.service[103158]: DEBUG glance_store.backend [-] Registering store swift with schemes ('swift+https', 'swift', 'swift+http', 'swift+config') {{(pid=103158) create_stores /opt/stack/data/venv/lib/python3.12/site-packages/glance_store/backend.py:261}}
Aug 17 19:59:07.111467 np0000007583 devstack@g-api.service[103158]: DEBUG glance_store.driver [-] Late loading location class glance_store._drivers.swift.store.StoreLocation {{(pid=103158) get_store_location_class /opt/stack/data/venv/lib/python3.12/site-packages/glance_store/driver.py:134}}
Aug 17 19:59:07.111575 np0000007583 devstack@g-api.service[103158]: DEBUG glance_store.location [-] Registering scheme swift+https with {'store': , 'location_class': , 'store_entry': 'swift'} {{(pid=103158) register_scheme_map /opt/stack/data/venv/lib/python3.12/site-packages/glance_store/location.py:146}}
Aug 17 19:59:07.111654 np0000007583 devstack@g-api.service[103158]: DEBUG glance_store.location [-] Registering scheme swift with {'store': , 'location_class': , 'store_entry': 'swift'} {{(pid=103158) register_scheme_map /opt/stack/data/venv/lib/python3.12/site-packages/glance_store/location.py:146}}
Aug 17 19:59:07.111703 np0000007583 devstack@g-api.service[103158]: DEBUG glance_store.location [-] Registering scheme swift+http with {'store': , 'location_class': , 'store_entry': 'swift'} {{(pid=103158) register_scheme_map /opt/stack/data/venv/lib/python3.12/site-packages/glance_store/location.py:146}}
Aug 17 19:59:07.111756 np0000007583 devstack@g-api.service[103158]: DEBUG glance_store.location [-] Registering scheme swift+config with {'store': , 'location_class': , 'store_entry': 'swift'} {{(pid=103158) register_scheme_map /opt/stack/data/venv/lib/python3.12/site-packages/glance_store/location.py:146}}
Aug 17 19:59:07.111808 np0000007583 devstack@g-api.service[103158]: DEBUG glance_store.backend [-] Attempting to import store file {{(pid=103158) _load_store /opt/stack/data/venv/lib/python3.12/site-packages/glance_store/backend.py:215}}
Aug 17 19:59:07.112353 np0000007583 devstack@g-api.service[103158]: DEBUG glance_store.capabilities [-] Store glance_store._drivers.filesystem.Store doesn't support updating dynamic storage capabilities. Please overwrite 'update_capabilities' method of the store to implement updating logics if needed. {{(pid=103158) update_capabilities /opt/stack/data/venv/lib/python3.12/site-packages/glance_store/capabilities.py:91}}
Aug 17 19:59:07.112427 np0000007583 devstack@g-api.service[103158]: DEBUG glance_store.backend [-] Registering store file with schemes ('file', 'filesystem') {{(pid=103158) create_stores /opt/stack/data/venv/lib/python3.12/site-packages/glance_store/backend.py:261}}
Aug 17 19:59:07.112498 np0000007583 devstack@g-api.service[103158]: DEBUG glance_store.driver [-] Late loading location class glance_store._drivers.filesystem.StoreLocation {{(pid=103158) get_store_location_class /opt/stack/data/venv/lib/python3.12/site-packages/glance_store/driver.py:134}}
Aug 17 19:59:07.112576 np0000007583 devstack@g-api.service[103158]: DEBUG glance_store.location [-] Registering scheme file with {'store': , 'location_class': , 'store_entry': 'file'} {{(pid=103158) register_scheme_map /opt/stack/data/venv/lib/python3.12/site-packages/glance_store/location.py:146}}
Aug 17 19:59:07.112635 np0000007583 devstack@g-api.service[103158]: DEBUG glance_store.location [-] Registering scheme filesystem with {'store': , 'location_class': , 'store_entry': 'file'} {{(pid=103158) register_scheme_map /opt/stack/data/venv/lib/python3.12/site-packages/glance_store/location.py:146}}
Aug 17 19:59:07.112686 np0000007583 devstack@g-api.service[103158]: DEBUG glance_store.backend [-] Attempting to import store http {{(pid=103158) _load_store /opt/stack/data/venv/lib/python3.12/site-packages/glance_store/backend.py:215}}
Aug 17 19:59:07.112945 np0000007583 devstack@g-api.service[103158]: DEBUG glance_store.capabilities [-] Store glance_store._drivers.http.Store doesn't support updating dynamic storage capabilities. Please overwrite 'update_capabilities' method of the store to implement updating logics if needed. {{(pid=103158) update_capabilities /opt/stack/data/venv/lib/python3.12/site-packages/glance_store/capabilities.py:91}}
Aug 17 19:59:07.113032 np0000007583 devstack@g-api.service[103158]: DEBUG glance_store.backend [-] Registering store http with schemes ('http', 'https') {{(pid=103158) create_stores /opt/stack/data/venv/lib/python3.12/site-packages/glance_store/backend.py:261}}
Aug 17 19:59:07.113078 np0000007583 devstack@g-api.service[103158]: DEBUG glance_store.driver [-] Late loading location class glance_store._drivers.http.StoreLocation {{(pid=103158) get_store_location_class /opt/stack/data/venv/lib/python3.12/site-packages/glance_store/driver.py:134}}
Aug 17 19:59:07.113151 np0000007583 devstack@g-api.service[103158]: DEBUG glance_store.location [-] Registering scheme http with {'store': , 'location_class': , 'store_entry': 'http'} {{(pid=103158) register_scheme_map /opt/stack/data/venv/lib/python3.12/site-packages/glance_store/location.py:146}}
Aug 17 19:59:07.113269 np0000007583 devstack@g-api.service[103158]: DEBUG glance_store.location [-] Registering scheme https with {'store': , 'location_class': , 'store_entry': 'http'} {{(pid=103158) register_scheme_map /opt/stack/data/venv/lib/python3.12/site-packages/glance_store/location.py:146}}
Aug 17 19:59:07.113328 np0000007583 devstack@g-api.service[103158]: DEBUG glance_store.backend [-] Attempting to import store swift {{(pid=103158) _load_store /opt/stack/data/venv/lib/python3.12/site-packages/glance_store/backend.py:215}}
Aug 17 19:59:07.114541 np0000007583 devstack@g-api.service[103158]: DEBUG glance_store.capabilities [-] Store glance_store._drivers.swift.store.SingleTenantStore doesn't support updating dynamic storage capabilities. Please overwrite 'update_capabilities' method of the store to implement updating logics if needed. {{(pid=103158) update_capabilities /opt/stack/data/venv/lib/python3.12/site-packages/glance_store/capabilities.py:91}}
Aug 17 19:59:07.114613 np0000007583 devstack@g-api.service[103158]: DEBUG glance_store.driver [-] Late loading location class glance_store._drivers.swift.store.StoreLocation {{(pid=103158) get_store_location_class /opt/stack/data/venv/lib/python3.12/site-packages/glance_store/driver.py:134}}
Aug 17 19:59:07.114684 np0000007583 devstack@g-api.service[103158]: DEBUG glance_store.location [-] Registering scheme swift+https with {'store': , 'location_class': , 'store_entry': 'swift'} {{(pid=103158) register_scheme_map /opt/stack/data/venv/lib/python3.12/site-packages/glance_store/location.py:146}}
Aug 17 19:59:07.114734 np0000007583 devstack@g-api.service[103158]: DEBUG glance_store.location [-] Registering scheme swift+https with {'store': , 'location_class': , 'store_entry': 'swift'} {{(pid=103158) register_scheme_map /opt/stack/data/venv/lib/python3.12/site-packages/glance_store/location.py:146}}
Aug 17 19:59:07.114784 np0000007583 devstack@g-api.service[103158]: DEBUG glance_store.location [-] Registering scheme swift with {'store': , 'location_class': , 'store_entry': 'swift'} {{(pid=103158) register_scheme_map /opt/stack/data/venv/lib/python3.12/site-packages/glance_store/location.py:146}}
Aug 17 19:59:07.114834 np0000007583 devstack@g-api.service[103158]: DEBUG glance_store.location [-] Registering scheme swift+https with {'store': , 'location_class': , 'store_entry': 'swift'} {{(pid=103158) register_scheme_map /opt/stack/data/venv/lib/python3.12/site-packages/glance_store/location.py:146}}
Aug 17 19:59:07.114899 np0000007583 devstack@g-api.service[103158]: DEBUG glance_store.location [-] Registering scheme swift with {'store': , 'location_class': , 'store_entry': 'swift'} {{(pid=103158) register_scheme_map /opt/stack/data/venv/lib/python3.12/site-packages/glance_store/location.py:146}}
Aug 17 19:59:07.114942 np0000007583 devstack@g-api.service[103158]: DEBUG glance_store.location [-] Registering scheme swift+http with {'store': , 'location_class': , 'store_entry': 'swift'} {{(pid=103158) register_scheme_map /opt/stack/data/venv/lib/python3.12/site-packages/glance_store/location.py:146}}
Aug 17 19:59:07.115023 np0000007583 devstack@g-api.service[103158]: DEBUG glance_store.location [-] Registering scheme swift+https with {'store': , 'location_class': , 'store_entry': 'swift'} {{(pid=103158) register_scheme_map /opt/stack/data/venv/lib/python3.12/site-packages/glance_store/location.py:146}}
Aug 17 19:59:07.115114 np0000007583 devstack@g-api.service[103158]: DEBUG glance_store.location [-] Registering scheme swift with {'store': , 'location_class': , 'store_entry': 'swift'} {{(pid=103158) register_scheme_map /opt/stack/data/venv/lib/python3.12/site-packages/glance_store/location.py:146}}
Aug 17 19:59:07.115183 np0000007583 devstack@g-api.service[103158]: DEBUG glance_store.location [-] Registering scheme swift+http with {'store': , 'location_class': , 'store_entry': 'swift'} {{(pid=103158) register_scheme_map /opt/stack/data/venv/lib/python3.12/site-packages/glance_store/location.py:146}}
Aug 17 19:59:07.115257 np0000007583 devstack@g-api.service[103158]: DEBUG glance_store.location [-] Registering scheme swift+config with {'store': , 'location_class': , 'store_entry': 'swift'} {{(pid=103158) register_scheme_map /opt/stack/data/venv/lib/python3.12/site-packages/glance_store/location.py:146}}
Aug 17 19:59:07.115553 np0000007583 devstack@g-api.service[103158]: DEBUG glance.sqlite_migration [-] SQLite caching database not located, skipping migration {{(pid=103158) get_db_path /opt/stack/glance/glance/sqlite_migration.py:68}}
Aug 17 19:59:07.115762 np0000007583 devstack@g-api.service[103158]: WARNING glance.common.wsgi_app [-] Import methods are enabled but staging directory /tmp/staging/ does not exist; Imports will fail!
Aug 17 19:59:07.119975 np0000007583 devstack@g-api.service[103160]: DEBUG glance_store.backend [-] Attempting to import store cinder {{(pid=103160) _load_store /opt/stack/data/venv/lib/python3.12/site-packages/glance_store/backend.py:215}}
Aug 17 19:59:07.120144 np0000007583 devstack@g-api.service[103160]: DEBUG glance_store.backend [-] Attempting to import store file {{(pid=103160) _load_store /opt/stack/data/venv/lib/python3.12/site-packages/glance_store/backend.py:215}}
Aug 17 19:59:07.120257 np0000007583 devstack@g-api.service[103160]: DEBUG glance_store.backend [-] Attempting to import store glance.store.cinder.Store {{(pid=103160) _load_store /opt/stack/data/venv/lib/python3.12/site-packages/glance_store/backend.py:215}}
Aug 17 19:59:07.120355 np0000007583 devstack@g-api.service[103160]: DEBUG glance_store.backend [-] Attempting to import store glance.store.filesystem.Store {{(pid=103160) _load_store /opt/stack/data/venv/lib/python3.12/site-packages/glance_store/backend.py:215}}
Aug 17 19:59:07.120453 np0000007583 devstack@g-api.service[103160]: DEBUG glance_store.backend [-] Attempting to import store glance.store.http.Store {{(pid=103160) _load_store /opt/stack/data/venv/lib/python3.12/site-packages/glance_store/backend.py:215}}
Aug 17 19:59:07.120559 np0000007583 devstack@g-api.service[103160]: DEBUG glance_store.backend [-] Attempting to import store glance.store.rbd.Store {{(pid=103160) _load_store /opt/stack/data/venv/lib/python3.12/site-packages/glance_store/backend.py:215}}
Aug 17 19:59:07.120664 np0000007583 devstack@g-api.service[103160]: DEBUG glance_store.backend [-] Attempting to import store glance.store.s3.Store {{(pid=103160) _load_store /opt/stack/data/venv/lib/python3.12/site-packages/glance_store/backend.py:215}}
Aug 17 19:59:07.120756 np0000007583 devstack@g-api.service[103160]: DEBUG glance_store.backend [-] Attempting to import store glance.store.swift.Store {{(pid=103160) _load_store /opt/stack/data/venv/lib/python3.12/site-packages/glance_store/backend.py:215}}
Aug 17 19:59:07.120850 np0000007583 devstack@g-api.service[103160]: DEBUG glance_store.backend [-] Attempting to import store glance.store.vmware_datastore.Store {{(pid=103160) _load_store /opt/stack/data/venv/lib/python3.12/site-packages/glance_store/backend.py:215}}
Aug 17 19:59:07.120955 np0000007583 devstack@g-api.service[103160]: DEBUG glance_store.backend [-] Attempting to import store http {{(pid=103160) _load_store /opt/stack/data/venv/lib/python3.12/site-packages/glance_store/backend.py:215}}
Aug 17 19:59:07.121043 np0000007583 devstack@g-api.service[103160]: DEBUG glance_store.backend [-] Attempting to import store no_conf {{(pid=103160) _load_store /opt/stack/data/venv/lib/python3.12/site-packages/glance_store/backend.py:215}}
Aug 17 19:59:07.121128 np0000007583 devstack@g-api.service[103160]: DEBUG glance_store.backend [-] Attempting to import store rbd {{(pid=103160) _load_store /opt/stack/data/venv/lib/python3.12/site-packages/glance_store/backend.py:215}}
Aug 17 19:59:07.121219 np0000007583 devstack@g-api.service[103160]: DEBUG glance_store.backend [-] Attempting to import store s3 {{(pid=103160) _load_store /opt/stack/data/venv/lib/python3.12/site-packages/glance_store/backend.py:215}}
Aug 17 19:59:07.121306 np0000007583 devstack@g-api.service[103160]: DEBUG glance_store.backend [-] Attempting to import store swift {{(pid=103160) _load_store /opt/stack/data/venv/lib/python3.12/site-packages/glance_store/backend.py:215}}
Aug 17 19:59:07.121400 np0000007583 devstack@g-api.service[103160]: DEBUG glance_store.backend [-] Attempting to import store vmware {{(pid=103160) _load_store /opt/stack/data/venv/lib/python3.12/site-packages/glance_store/backend.py:215}}
Aug 17 19:59:07.121508 np0000007583 devstack@g-api.service[103160]: DEBUG glance_store.backend [-] Registering options for group glance_store {{(pid=103160) register_opts /opt/stack/data/venv/lib/python3.12/site-packages/glance_store/backend.py:144}}
Aug 17 19:59:07.121729 np0000007583 devstack@g-api.service[103160]: DEBUG glance_store.backend [-] Registering options for group glance_store {{(pid=103160) register_opts /opt/stack/data/venv/lib/python3.12/site-packages/glance_store/backend.py:144}}
Aug 17 19:59:07.122421 np0000007583 devstack@g-api.service[103160]: WARNING oslo_config.cfg [-] Deprecated: Option "stores" from group "glance_store" is deprecated for removal (
Aug 17 19:59:07.122421 np0000007583 devstack@g-api.service[103160]: This option is deprecated against new config option
Aug 17 19:59:07.122421 np0000007583 devstack@g-api.service[103160]: ``enabled_backends`` which helps to configure multiple backend stores
Aug 17 19:59:07.122421 np0000007583 devstack@g-api.service[103160]: of different schemes.
Aug 17 19:59:07.122421 np0000007583 devstack@g-api.service[103160]: This option is scheduled for removal in the U development
Aug 17 19:59:07.122421 np0000007583 devstack@g-api.service[103160]: cycle.
Aug 17 19:59:07.122421 np0000007583 devstack@g-api.service[103160]: ). Its value may be silently ignored in the future.
Aug 17 19:59:07.122595 np0000007583 devstack@g-api.service[103160]: DEBUG glance_store.backend [-] Attempting to import store swift {{(pid=103160) _load_store /opt/stack/data/venv/lib/python3.12/site-packages/glance_store/backend.py:215}}
Aug 17 19:59:07.122891 np0000007583 devstack@g-api.service[103160]: WARNING oslo_config.cfg [-] Deprecated: Option "default_store" from group "glance_store" is deprecated for removal (
Aug 17 19:59:07.122891 np0000007583 devstack@g-api.service[103160]: This option is deprecated against new config option
Aug 17 19:59:07.122891 np0000007583 devstack@g-api.service[103160]: ``default_backend`` which acts similar to ``default_store`` config
Aug 17 19:59:07.122891 np0000007583 devstack@g-api.service[103160]: option.
Aug 17 19:59:07.122891 np0000007583 devstack@g-api.service[103160]: This option is scheduled for removal in the U development
Aug 17 19:59:07.122891 np0000007583 devstack@g-api.service[103160]: cycle.
Aug 17 19:59:07.122891 np0000007583 devstack@g-api.service[103160]: ). Its value may be silently ignored in the future.
Aug 17 19:59:07.124747 np0000007583 devstack@g-api.service[103160]: DEBUG glance_store.capabilities [-] Store glance_store._drivers.swift.store.SingleTenantStore doesn't support updating dynamic storage capabilities. Please overwrite 'update_capabilities' method of the store to implement updating logics if needed. {{(pid=103160) update_capabilities /opt/stack/data/venv/lib/python3.12/site-packages/glance_store/capabilities.py:91}}
Aug 17 19:59:07.124851 np0000007583 devstack@g-api.service[103160]: DEBUG glance_store.backend [-] Registering store swift with schemes ('swift+https', 'swift', 'swift+http', 'swift+config') {{(pid=103160) create_stores /opt/stack/data/venv/lib/python3.12/site-packages/glance_store/backend.py:261}}
Aug 17 19:59:07.124977 np0000007583 devstack@g-api.service[103160]: DEBUG glance_store.driver [-] Late loading location class glance_store._drivers.swift.store.StoreLocation {{(pid=103160) get_store_location_class /opt/stack/data/venv/lib/python3.12/site-packages/glance_store/driver.py:134}}
Aug 17 19:59:07.125115 np0000007583 devstack@g-api.service[103160]: DEBUG glance_store.location [-] Registering scheme swift+https with {'store': , 'location_class': , 'store_entry': 'swift'} {{(pid=103160) register_scheme_map /opt/stack/data/venv/lib/python3.12/site-packages/glance_store/location.py:146}}
Aug 17 19:59:07.125219 np0000007583 devstack@g-api.service[103160]: DEBUG glance_store.location [-] Registering scheme swift with {'store': , 'location_class': , 'store_entry': 'swift'} {{(pid=103160) register_scheme_map /opt/stack/data/venv/lib/python3.12/site-packages/glance_store/location.py:146}}
Aug 17 19:59:07.125312 np0000007583 devstack@g-api.service[103160]: DEBUG glance_store.location [-] Registering scheme swift+http with {'store': , 'location_class': , 'store_entry': 'swift'} {{(pid=103160) register_scheme_map /opt/stack/data/venv/lib/python3.12/site-packages/glance_store/location.py:146}}
Aug 17 19:59:07.125407 np0000007583 devstack@g-api.service[103160]: DEBUG glance_store.location [-] Registering scheme swift+config with {'store': , 'location_class': , 'store_entry': 'swift'} {{(pid=103160) register_scheme_map /opt/stack/data/venv/lib/python3.12/site-packages/glance_store/location.py:146}}
Aug 17 19:59:07.125499 np0000007583 devstack@g-api.service[103160]: DEBUG glance_store.backend [-] Attempting to import store file {{(pid=103160) _load_store /opt/stack/data/venv/lib/python3.12/site-packages/glance_store/backend.py:215}}
Aug 17 19:59:07.126297 np0000007583 devstack@g-api.service[103160]: DEBUG glance_store.capabilities [-] Store glance_store._drivers.filesystem.Store doesn't support updating dynamic storage capabilities. Please overwrite 'update_capabilities' method of the store to implement updating logics if needed. {{(pid=103160) update_capabilities /opt/stack/data/venv/lib/python3.12/site-packages/glance_store/capabilities.py:91}}
Aug 17 19:59:07.126373 np0000007583 devstack@g-api.service[103160]: DEBUG glance_store.backend [-] Registering store file with schemes ('file', 'filesystem') {{(pid=103160) create_stores /opt/stack/data/venv/lib/python3.12/site-packages/glance_store/backend.py:261}}
Aug 17 19:59:07.126451 np0000007583 devstack@g-api.service[103160]: DEBUG glance_store.driver [-] Late loading location class glance_store._drivers.filesystem.StoreLocation {{(pid=103160) get_store_location_class /opt/stack/data/venv/lib/python3.12/site-packages/glance_store/driver.py:134}}
Aug 17 19:59:07.126524 np0000007583 devstack@g-api.service[103160]: DEBUG glance_store.location [-] Registering scheme file with {'store': , 'location_class': , 'store_entry': 'file'} {{(pid=103160) register_scheme_map /opt/stack/data/venv/lib/python3.12/site-packages/glance_store/location.py:146}}
Aug 17 19:59:07.126640 np0000007583 devstack@g-api.service[103160]: DEBUG glance_store.location [-] Registering scheme filesystem with {'store': , 'location_class': , 'store_entry': 'file'} {{(pid=103160) register_scheme_map /opt/stack/data/venv/lib/python3.12/site-packages/glance_store/location.py:146}}
Aug 17 19:59:07.126737 np0000007583 devstack@g-api.service[103160]: DEBUG glance_store.backend [-] Attempting to import store http {{(pid=103160) _load_store /opt/stack/data/venv/lib/python3.12/site-packages/glance_store/backend.py:215}}
Aug 17 19:59:07.127033 np0000007583 devstack@g-api.service[103160]: DEBUG glance_store.capabilities [-] Store glance_store._drivers.http.Store doesn't support updating dynamic storage capabilities. Please overwrite 'update_capabilities' method of the store to implement updating logics if needed. {{(pid=103160) update_capabilities /opt/stack/data/venv/lib/python3.12/site-packages/glance_store/capabilities.py:91}}
Aug 17 19:59:07.127136 np0000007583 devstack@g-api.service[103160]: DEBUG glance_store.backend [-] Registering store http with schemes ('http', 'https') {{(pid=103160) create_stores /opt/stack/data/venv/lib/python3.12/site-packages/glance_store/backend.py:261}}
Aug 17 19:59:07.127232 np0000007583 devstack@g-api.service[103160]: DEBUG glance_store.driver [-] Late loading location class glance_store._drivers.http.StoreLocation {{(pid=103160) get_store_location_class /opt/stack/data/venv/lib/python3.12/site-packages/glance_store/driver.py:134}}
Aug 17 19:59:07.127335 np0000007583 devstack@g-api.service[103160]: DEBUG glance_store.location [-] Registering scheme http with {'store': , 'location_class': , 'store_entry': 'http'} {{(pid=103160) register_scheme_map /opt/stack/data/venv/lib/python3.12/site-packages/glance_store/location.py:146}}
Aug 17 19:59:07.127429 np0000007583 devstack@g-api.service[103160]: DEBUG glance_store.location [-] Registering scheme https with {'store': , 'location_class': , 'store_entry': 'http'} {{(pid=103160) register_scheme_map /opt/stack/data/venv/lib/python3.12/site-packages/glance_store/location.py:146}}
Aug 17 19:59:07.127625 np0000007583 devstack@g-api.service[103160]: DEBUG glance_store.backend [-] Attempting to import store swift {{(pid=103160) _load_store /opt/stack/data/venv/lib/python3.12/site-packages/glance_store/backend.py:215}}
Aug 17 19:59:07.129281 np0000007583 devstack@g-api.service[103160]: DEBUG glance_store.capabilities [-] Store glance_store._drivers.swift.store.SingleTenantStore doesn't support updating dynamic storage capabilities. Please overwrite 'update_capabilities' method of the store to implement updating logics if needed. {{(pid=103160) update_capabilities /opt/stack/data/venv/lib/python3.12/site-packages/glance_store/capabilities.py:91}}
Aug 17 19:59:07.129386 np0000007583 devstack@g-api.service[103160]: DEBUG glance_store.driver [-] Late loading location class glance_store._drivers.swift.store.StoreLocation {{(pid=103160) get_store_location_class /opt/stack/data/venv/lib/python3.12/site-packages/glance_store/driver.py:134}}
Aug 17 19:59:07.129489 np0000007583 devstack@g-api.service[103160]: DEBUG glance_store.location [-] Registering scheme swift+https with {'store': , 'location_class': , 'store_entry': 'swift'} {{(pid=103160) register_scheme_map /opt/stack/data/venv/lib/python3.12/site-packages/glance_store/location.py:146}}
Aug 17 19:59:07.129610 np0000007583 devstack@g-api.service[103160]: DEBUG glance_store.location [-] Registering scheme swift+https with {'store': , 'location_class': , 'store_entry': 'swift'} {{(pid=103160) register_scheme_map /opt/stack/data/venv/lib/python3.12/site-packages/glance_store/location.py:146}}
Aug 17 19:59:07.129700 np0000007583 devstack@g-api.service[103160]: DEBUG glance_store.location [-] Registering scheme swift with {'store': , 'location_class': , 'store_entry': 'swift'} {{(pid=103160) register_scheme_map /opt/stack/data/venv/lib/python3.12/site-packages/glance_store/location.py:146}}
Aug 17 19:59:07.129795 np0000007583 devstack@g-api.service[103160]: DEBUG glance_store.location [-] Registering scheme swift+https with {'store': , 'location_class': , 'store_entry': 'swift'} {{(pid=103160) register_scheme_map /opt/stack/data/venv/lib/python3.12/site-packages/glance_store/location.py:146}}
Aug 17 19:59:07.129905 np0000007583 devstack@g-api.service[103160]: DEBUG glance_store.location [-] Registering scheme swift with {'store': , 'location_class': , 'store_entry': 'swift'} {{(pid=103160) register_scheme_map /opt/stack/data/venv/lib/python3.12/site-packages/glance_store/location.py:146}}
Aug 17 19:59:07.130002 np0000007583 devstack@g-api.service[103160]: DEBUG glance_store.location [-] Registering scheme swift+http with {'store': , 'location_class': , 'store_entry': 'swift'} {{(pid=103160) register_scheme_map /opt/stack/data/venv/lib/python3.12/site-packages/glance_store/location.py:146}}
Aug 17 19:59:07.130098 np0000007583 devstack@g-api.service[103160]: DEBUG glance_store.location [-] Registering scheme swift+https with {'store': , 'location_class': , 'store_entry': 'swift'} {{(pid=103160) register_scheme_map /opt/stack/data/venv/lib/python3.12/site-packages/glance_store/location.py:146}}
Aug 17 19:59:07.130192 np0000007583 devstack@g-api.service[103160]: DEBUG glance_store.location [-] Registering scheme swift with {'store': , 'location_class': , 'store_entry': 'swift'} {{(pid=103160) register_scheme_map /opt/stack/data/venv/lib/python3.12/site-packages/glance_store/location.py:146}}
Aug 17 19:59:07.130300 np0000007583 devstack@g-api.service[103160]: DEBUG glance_store.location [-] Registering scheme swift+http with {'store': , 'location_class': , 'store_entry': 'swift'} {{(pid=103160) register_scheme_map /opt/stack/data/venv/lib/python3.12/site-packages/glance_store/location.py:146}}
Aug 17 19:59:07.130382 np0000007583 devstack@g-api.service[103160]: DEBUG glance_store.location [-] Registering scheme swift+config with {'store': , 'location_class': , 'store_entry': 'swift'} {{(pid=103160) register_scheme_map /opt/stack/data/venv/lib/python3.12/site-packages/glance_store/location.py:146}}
Aug 17 19:59:07.130795 np0000007583 devstack@g-api.service[103160]: DEBUG glance.sqlite_migration [-] SQLite caching database not located, skipping migration {{(pid=103160) get_db_path /opt/stack/glance/glance/sqlite_migration.py:68}}
Aug 17 19:59:07.131112 np0000007583 devstack@g-api.service[103160]: WARNING glance.common.wsgi_app [-] Import methods are enabled but staging directory /tmp/staging/ does not exist; Imports will fail!
Aug 17 19:59:07.162911 np0000007583 devstack@g-api.service[103157]: DEBUG glance.common.config [None req-f0359d04-e052-46ff-af32-31ea5e4092e2 None None] Loading glance-api-keystone+cachemanagement from /etc/glance/glance-api-paste.ini {{(pid=103157) load_paste_app /opt/stack/glance/glance/common/config.py:772}}
Aug 17 19:59:07.282076 np0000007583 devstack@g-api.service[103158]: DEBUG glance.common.config [None req-619e8aad-58c6-42d9-80dd-ece3d6e2beb3 None None] Loading glance-api-keystone+cachemanagement from /etc/glance/glance-api-paste.ini {{(pid=103158) load_paste_app /opt/stack/glance/glance/common/config.py:772}}
Aug 17 19:59:07.312185 np0000007583 devstack@g-api.service[103160]: DEBUG glance.common.config [None req-a54d2141-396d-44f9-bdea-4d606bc5b263 None None] Loading glance-api-keystone+cachemanagement from /etc/glance/glance-api-paste.ini {{(pid=103160) load_paste_app /opt/stack/glance/glance/common/config.py:772}}
Aug 17 19:59:07.845023 np0000007583 devstack@g-api.service[103159]: INFO glance.image_cache [None req-66ccb926-7329-4283-9fc7-2f9c1b2a7c65 None None] Image cache loaded driver 'centralized_db'.
Aug 17 19:59:07.864300 np0000007583 devstack@g-api.service[103157]: INFO glance.image_cache [None req-f0359d04-e052-46ff-af32-31ea5e4092e2 None None] Image cache loaded driver 'centralized_db'.
Aug 17 19:59:07.904152 np0000007583 devstack@g-api.service[103159]: INFO dbcounter [None req-66ccb926-7329-4283-9fc7-2f9c1b2a7c65 None None] Registered counter for database glance
Aug 17 19:59:07.905288 np0000007583 devstack@g-api.service[103160]: INFO glance.image_cache [None req-a54d2141-396d-44f9-bdea-4d606bc5b263 None None] Image cache loaded driver 'centralized_db'.
Aug 17 19:59:07.913864 np0000007583 devstack@g-api.service[103158]: INFO glance.image_cache [None req-619e8aad-58c6-42d9-80dd-ece3d6e2beb3 None None] Image cache loaded driver 'centralized_db'.
Aug 17 19:59:07.923579 np0000007583 devstack@g-api.service[103157]: INFO dbcounter [None req-f0359d04-e052-46ff-af32-31ea5e4092e2 None None] Registered counter for database glance
Aug 17 19:59:07.959783 np0000007583 devstack@g-api.service[103160]: INFO dbcounter [None req-a54d2141-396d-44f9-bdea-4d606bc5b263 None None] Registered counter for database glance
Aug 17 19:59:07.969285 np0000007583 devstack@g-api.service[103157]: DEBUG oslo_db.sqlalchemy.engines [None req-f0359d04-e052-46ff-af32-31ea5e4092e2 None None] MySQL server mode set to STRICT_TRANS_TABLES,STRICT_ALL_TABLES,NO_ZERO_IN_DATE,NO_ZERO_DATE,ERROR_FOR_DIVISION_BY_ZERO,TRADITIONAL,NO_ENGINE_SUBSTITUTION {{(pid=103157) _check_effective_sql_mode /opt/stack/data/venv/lib/python3.12/site-packages/oslo_db/sqlalchemy/engines.py:325}}
Aug 17 19:59:07.971496 np0000007583 devstack@g-api.service[103159]: DEBUG oslo_db.sqlalchemy.engines [None req-66ccb926-7329-4283-9fc7-2f9c1b2a7c65 None None] MySQL server mode set to STRICT_TRANS_TABLES,STRICT_ALL_TABLES,NO_ZERO_IN_DATE,NO_ZERO_DATE,ERROR_FOR_DIVISION_BY_ZERO,TRADITIONAL,NO_ENGINE_SUBSTITUTION {{(pid=103159) _check_effective_sql_mode /opt/stack/data/venv/lib/python3.12/site-packages/oslo_db/sqlalchemy/engines.py:325}}
Aug 17 19:59:07.991556 np0000007583 devstack@g-api.service[103157]: DEBUG dbcounter [-] [103157] Writer thread running {{(pid=103157) stat_writer /opt/stack/data/venv/lib/python3.12/site-packages/dbcounter.py:102}}
Aug 17 19:59:07.992934 np0000007583 devstack@g-api.service[103158]: INFO dbcounter [None req-619e8aad-58c6-42d9-80dd-ece3d6e2beb3 None None] Registered counter for database glance
Aug 17 19:59:08.005639 np0000007583 devstack@g-api.service[103159]: DEBUG dbcounter [-] [103159] Writer thread running {{(pid=103159) stat_writer /opt/stack/data/venv/lib/python3.12/site-packages/dbcounter.py:102}}
Aug 17 19:59:08.007068 np0000007583 devstack@g-api.service[103160]: DEBUG oslo_db.sqlalchemy.engines [None req-a54d2141-396d-44f9-bdea-4d606bc5b263 None None] MySQL server mode set to STRICT_TRANS_TABLES,STRICT_ALL_TABLES,NO_ZERO_IN_DATE,NO_ZERO_DATE,ERROR_FOR_DIVISION_BY_ZERO,TRADITIONAL,NO_ENGINE_SUBSTITUTION {{(pid=103160) _check_effective_sql_mode /opt/stack/data/venv/lib/python3.12/site-packages/oslo_db/sqlalchemy/engines.py:325}}
Aug 17 19:59:08.010134 np0000007583 devstack@g-api.service[103159]: DEBUG glance.image_cache.drivers.centralized_db [None req-66ccb926-7329-4283-9fc7-2f9c1b2a7c65 None None] Node reference is already recorded, ignoring it {{(pid=103159) configure /opt/stack/glance/glance/image_cache/drivers/centralized_db.py:71}}
Aug 17 19:59:08.060472 np0000007583 devstack@g-api.service[103158]: DEBUG oslo_db.sqlalchemy.engines [None req-619e8aad-58c6-42d9-80dd-ece3d6e2beb3 None None] MySQL server mode set to STRICT_TRANS_TABLES,STRICT_ALL_TABLES,NO_ZERO_IN_DATE,NO_ZERO_DATE,ERROR_FOR_DIVISION_BY_ZERO,TRADITIONAL,NO_ENGINE_SUBSTITUTION {{(pid=103158) _check_effective_sql_mode /opt/stack/data/venv/lib/python3.12/site-packages/oslo_db/sqlalchemy/engines.py:325}}
Aug 17 19:59:08.098134 np0000007583 devstack@g-api.service[103157]: INFO glance.image_cache [None req-f0359d04-e052-46ff-af32-31ea5e4092e2 None None] Image cache loaded driver 'centralized_db'.
Aug 17 19:59:08.107595 np0000007583 devstack@g-api.service[103157]: DEBUG glance.image_cache.drivers.centralized_db [None req-f0359d04-e052-46ff-af32-31ea5e4092e2 None None] Node reference is already recorded, ignoring it {{(pid=103157) configure /opt/stack/glance/glance/image_cache/drivers/centralized_db.py:71}}
Aug 17 19:59:08.112953 np0000007583 devstack@g-api.service[103157]: DEBUG glance.api.v2.cached_images [None req-f0359d04-e052-46ff-af32-31ea5e4092e2 None None] Started cache worker thread {{(pid=103157) __init__ /opt/stack/glance/glance/api/v2/cached_images.py:71}}
Aug 17 19:59:08.115046 np0000007583 devstack@g-api.service[103157]: INFO glance.image_cache [None req-f0359d04-e052-46ff-af32-31ea5e4092e2 None None] Image cache loaded driver 'centralized_db'.
Aug 17 19:59:08.123931 np0000007583 devstack@g-api.service[103157]: DEBUG glance.image_cache.drivers.centralized_db [None req-f0359d04-e052-46ff-af32-31ea5e4092e2 None None] Node reference is already recorded, ignoring it {{(pid=103157) configure /opt/stack/glance/glance/image_cache/drivers/centralized_db.py:71}}
Aug 17 19:59:08.125473 np0000007583 devstack@g-api.service[103159]: INFO glance.image_cache [None req-66ccb926-7329-4283-9fc7-2f9c1b2a7c65 None None] Image cache loaded driver 'centralized_db'.
Aug 17 19:59:08.128634 np0000007583 devstack@g-api.service[103157]: INFO glance.api.middleware.cache_manage [None req-f0359d04-e052-46ff-af32-31ea5e4092e2 None None] Initialized image cache management middleware
Aug 17 19:59:08.128777 np0000007583 devstack@g-api.service[103157]: INFO glance.image_cache [None req-f0359d04-e052-46ff-af32-31ea5e4092e2 None None] Image cache loaded driver 'centralized_db'.
Aug 17 19:59:08.136295 np0000007583 devstack@g-api.service[103159]: DEBUG glance.image_cache.drivers.centralized_db [None req-66ccb926-7329-4283-9fc7-2f9c1b2a7c65 None None] Node reference is already recorded, ignoring it {{(pid=103159) configure /opt/stack/glance/glance/image_cache/drivers/centralized_db.py:71}}
Aug 17 19:59:08.137479 np0000007583 devstack@g-api.service[103157]: DEBUG glance.image_cache.drivers.centralized_db [None req-f0359d04-e052-46ff-af32-31ea5e4092e2 None None] Node reference is already recorded, ignoring it {{(pid=103157) configure /opt/stack/glance/glance/image_cache/drivers/centralized_db.py:71}}
Aug 17 19:59:08.143285 np0000007583 devstack@g-api.service[103159]: DEBUG glance.api.v2.cached_images [None req-66ccb926-7329-4283-9fc7-2f9c1b2a7c65 None None] Started cache worker thread {{(pid=103159) __init__ /opt/stack/glance/glance/api/v2/cached_images.py:71}}
Aug 17 19:59:08.143490 np0000007583 devstack@g-api.service[103157]: INFO glance.api.middleware.cache [None req-f0359d04-e052-46ff-af32-31ea5e4092e2 None None] Initialized image cache middleware
Aug 17 19:59:08.143550 np0000007583 devstack@g-api.service[103159]: INFO glance.image_cache [None req-66ccb926-7329-4283-9fc7-2f9c1b2a7c65 None None] Image cache loaded driver 'centralized_db'.
Aug 17 19:59:08.154324 np0000007583 devstack@g-api.service[103157]: DEBUG glance.common.config [None req-f0359d04-e052-46ff-af32-31ea5e4092e2 None None] ******************************************************************************** {{(pid=103157) log_opt_values /opt/stack/data/venv/lib/python3.12/site-packages/oslo_config/cfg.py:3533}}
Aug 17 19:59:08.154324 np0000007583 devstack@g-api.service[103157]: DEBUG glance.common.config [None req-f0359d04-e052-46ff-af32-31ea5e4092e2 None None] Configuration options gathered from: {{(pid=103157) log_opt_values /opt/stack/data/venv/lib/python3.12/site-packages/oslo_config/cfg.py:3534}}
Aug 17 19:59:08.154556 np0000007583 devstack@g-api.service[103159]: DEBUG glance.image_cache.drivers.centralized_db [None req-66ccb926-7329-4283-9fc7-2f9c1b2a7c65 None None] Node reference is already recorded, ignoring it {{(pid=103159) configure /opt/stack/glance/glance/image_cache/drivers/centralized_db.py:71}}
Aug 17 19:59:08.154631 np0000007583 devstack@g-api.service[103157]: DEBUG glance.common.config [None req-f0359d04-e052-46ff-af32-31ea5e4092e2 None None] command line args: [] {{(pid=103157) log_opt_values /opt/stack/data/venv/lib/python3.12/site-packages/oslo_config/cfg.py:3535}}
Aug 17 19:59:08.154631 np0000007583 devstack@g-api.service[103157]: DEBUG glance.common.config [None req-f0359d04-e052-46ff-af32-31ea5e4092e2 None None] config files: ['/etc/glance/glance-image-import.conf', '/etc/glance/glance-api.conf'] {{(pid=103157) log_opt_values /opt/stack/data/venv/lib/python3.12/site-packages/oslo_config/cfg.py:3536}}
Aug 17 19:59:08.154704 np0000007583 devstack@g-api.service[103157]: DEBUG glance.common.config [None req-f0359d04-e052-46ff-af32-31ea5e4092e2 None None] ================================================================================ {{(pid=103157) log_opt_values /opt/stack/data/venv/lib/python3.12/site-packages/oslo_config/cfg.py:3541}}
Aug 17 19:59:08.155354 np0000007583 devstack@g-api.service[103157]: DEBUG glance.common.config [None req-f0359d04-e052-46ff-af32-31ea5e4092e2 None None] allow_anonymous_access = False {{(pid=103157) log_opt_values /opt/stack/data/venv/lib/python3.12/site-packages/oslo_config/cfg.py:3549}}
Aug 17 19:59:08.155354 np0000007583 devstack@g-api.service[103157]: DEBUG glance.common.config [None req-f0359d04-e052-46ff-af32-31ea5e4092e2 None None] api_limit_max = 1000 {{(pid=103157) log_opt_values /opt/stack/data/venv/lib/python3.12/site-packages/oslo_config/cfg.py:3549}}
Aug 17 19:59:08.155354 np0000007583 devstack@g-api.service[103157]: DEBUG glance.common.config [None req-f0359d04-e052-46ff-af32-31ea5e4092e2 None None] config_dir = [] {{(pid=103157) log_opt_values /opt/stack/data/venv/lib/python3.12/site-packages/oslo_config/cfg.py:3549}}
Aug 17 19:59:08.155354 np0000007583 devstack@g-api.service[103157]: DEBUG glance.common.config [None req-f0359d04-e052-46ff-af32-31ea5e4092e2 None None] config_file = ['/etc/glance/glance-image-import.conf', '/etc/glance/glance-api.conf'] {{(pid=103157) log_opt_values /opt/stack/data/venv/lib/python3.12/site-packages/oslo_config/cfg.py:3549}}
Aug 17 19:59:08.155354 np0000007583 devstack@g-api.service[103157]: DEBUG glance.common.config [None req-f0359d04-e052-46ff-af32-31ea5e4092e2 None None] config_source = [] {{(pid=103157) log_opt_values /opt/stack/data/venv/lib/python3.12/site-packages/oslo_config/cfg.py:3549}}
Aug 17 19:59:08.155354 np0000007583 devstack@g-api.service[103157]: DEBUG glance.common.config [None req-f0359d04-e052-46ff-af32-31ea5e4092e2 None None] control_exchange = glance {{(pid=103157) log_opt_values /opt/stack/data/venv/lib/python3.12/site-packages/oslo_config/cfg.py:3549}}
Aug 17 19:59:08.155354 np0000007583 devstack@g-api.service[103157]: DEBUG glance.common.config [None req-f0359d04-e052-46ff-af32-31ea5e4092e2 None None] debug = True {{(pid=103157) log_opt_values /opt/stack/data/venv/lib/python3.12/site-packages/oslo_config/cfg.py:3549}}
Aug 17 19:59:08.155811 np0000007583 devstack@g-api.service[103157]: DEBUG glance.common.config [None req-f0359d04-e052-46ff-af32-31ea5e4092e2 None None] default_log_levels = ['amqp=WARN', 'boto=WARN', 'sqlalchemy=WARN', 'suds=INFO', 'oslo.messaging=INFO', 'oslo_messaging=INFO', 'iso8601=WARN', 'requests.packages.urllib3.connectionpool=WARN', 'urllib3.connectionpool=WARN', 'websocket=WARN', 'requests.packages.urllib3.util.retry=WARN', 'urllib3.util.retry=WARN', 'keystonemiddleware=WARN', 'routes.middleware=WARN', 'stevedore=WARN', 'taskflow=WARN', 'keystoneauth=WARN', 'oslo.cache=INFO', 'oslo_policy=INFO', 'dogpile.core.dogpile=INFO'] {{(pid=103157) log_opt_values /opt/stack/data/venv/lib/python3.12/site-packages/oslo_config/cfg.py:3549}}
Aug 17 19:59:08.155811 np0000007583 devstack@g-api.service[103157]: DEBUG glance.common.config [None req-f0359d04-e052-46ff-af32-31ea5e4092e2 None None] default_publisher_id = image.localhost {{(pid=103157) log_opt_values /opt/stack/data/venv/lib/python3.12/site-packages/oslo_config/cfg.py:3549}}
Aug 17 19:59:08.155811 np0000007583 devstack@g-api.service[103157]: DEBUG glance.common.config [None req-f0359d04-e052-46ff-af32-31ea5e4092e2 None None] delayed_delete = False {{(pid=103157) log_opt_values /opt/stack/data/venv/lib/python3.12/site-packages/oslo_config/cfg.py:3549}}
Aug 17 19:59:08.155811 np0000007583 devstack@g-api.service[103157]: DEBUG glance.common.config [None req-f0359d04-e052-46ff-af32-31ea5e4092e2 None None] digest_algorithm = sha256 {{(pid=103157) log_opt_values /opt/stack/data/venv/lib/python3.12/site-packages/oslo_config/cfg.py:3549}}
Aug 17 19:59:08.156049 np0000007583 devstack@g-api.service[103157]: DEBUG glance.common.config [None req-f0359d04-e052-46ff-af32-31ea5e4092e2 None None] disabled_notifications = [] {{(pid=103157) log_opt_values /opt/stack/data/venv/lib/python3.12/site-packages/oslo_config/cfg.py:3549}}
Aug 17 19:59:08.156049 np0000007583 devstack@g-api.service[103157]: DEBUG glance.common.config [None req-f0359d04-e052-46ff-af32-31ea5e4092e2 None None] do_secure_hash = True {{(pid=103157) log_opt_values /opt/stack/data/venv/lib/python3.12/site-packages/oslo_config/cfg.py:3549}}
Aug 17 19:59:08.156049 np0000007583 devstack@g-api.service[103157]: DEBUG glance.common.config [None req-f0359d04-e052-46ff-af32-31ea5e4092e2 None None] enabled_backends = None {{(pid=103157) log_opt_values /opt/stack/data/venv/lib/python3.12/site-packages/oslo_config/cfg.py:3549}}
Aug 17 19:59:08.156177 np0000007583 devstack@g-api.service[103157]: DEBUG glance.common.config [None req-f0359d04-e052-46ff-af32-31ea5e4092e2 None None] enabled_import_methods = ['glance-direct', 'web-download', 'copy-image'] {{(pid=103157) log_opt_values /opt/stack/data/venv/lib/python3.12/site-packages/oslo_config/cfg.py:3549}}
Aug 17 19:59:08.156227 np0000007583 devstack@g-api.service[103157]: DEBUG glance.common.config [None req-f0359d04-e052-46ff-af32-31ea5e4092e2 None None] fatal_deprecations = False {{(pid=103157) log_opt_values /opt/stack/data/venv/lib/python3.12/site-packages/oslo_config/cfg.py:3549}}
Aug 17 19:59:08.156328 np0000007583 devstack@g-api.service[103157]: DEBUG glance.common.config [None req-f0359d04-e052-46ff-af32-31ea5e4092e2 None None] hashing_algorithm = sha512 {{(pid=103157) log_opt_values /opt/stack/data/venv/lib/python3.12/site-packages/oslo_config/cfg.py:3549}}
Aug 17 19:59:08.156416 np0000007583 devstack@g-api.service[103157]: DEBUG glance.common.config [None req-f0359d04-e052-46ff-af32-31ea5e4092e2 None None] http_retries = 3 {{(pid=103157) log_opt_values /opt/stack/data/venv/lib/python3.12/site-packages/oslo_config/cfg.py:3549}}
Aug 17 19:59:08.156490 np0000007583 devstack@g-api.service[103160]: DEBUG dbcounter [-] [103160] Writer thread running {{(pid=103160) stat_writer /opt/stack/data/venv/lib/python3.12/site-packages/dbcounter.py:102}}
Aug 17 19:59:08.156540 np0000007583 devstack@g-api.service[103157]: DEBUG glance.common.config [None req-f0359d04-e052-46ff-af32-31ea5e4092e2 None None] image_cache_dir = /opt/stack/data/glance/cache/ {{(pid=103157) log_opt_values /opt/stack/data/venv/lib/python3.12/site-packages/oslo_config/cfg.py:3549}}
Aug 17 19:59:08.156618 np0000007583 devstack@g-api.service[103157]: DEBUG glance.common.config [None req-f0359d04-e052-46ff-af32-31ea5e4092e2 None None] image_cache_driver = centralized_db {{(pid=103157) log_opt_values /opt/stack/data/venv/lib/python3.12/site-packages/oslo_config/cfg.py:3549}}
Aug 17 19:59:08.156836 np0000007583 devstack@g-api.service[103157]: DEBUG glance.common.config [None req-f0359d04-e052-46ff-af32-31ea5e4092e2 None None] image_cache_max_size = 10737418240 {{(pid=103157) log_opt_values /opt/stack/data/venv/lib/python3.12/site-packages/oslo_config/cfg.py:3549}}
Aug 17 19:59:08.156836 np0000007583 devstack@g-api.service[103157]: DEBUG glance.common.config [None req-f0359d04-e052-46ff-af32-31ea5e4092e2 None None] image_cache_sqlite_db = cache.db {{(pid=103157) log_opt_values /opt/stack/data/venv/lib/python3.12/site-packages/oslo_config/cfg.py:3549}}
Aug 17 19:59:08.156934 np0000007583 devstack@g-api.service[103157]: DEBUG glance.common.config [None req-f0359d04-e052-46ff-af32-31ea5e4092e2 None None] image_cache_stall_time = 86400 {{(pid=103157) log_opt_values /opt/stack/data/venv/lib/python3.12/site-packages/oslo_config/cfg.py:3549}}
Aug 17 19:59:08.157004 np0000007583 devstack@g-api.service[103157]: DEBUG glance.common.config [None req-f0359d04-e052-46ff-af32-31ea5e4092e2 None None] image_location_quota = 10 {{(pid=103157) log_opt_values /opt/stack/data/venv/lib/python3.12/site-packages/oslo_config/cfg.py:3549}}
Aug 17 19:59:08.157114 np0000007583 devstack@g-api.service[103157]: DEBUG glance.common.config [None req-f0359d04-e052-46ff-af32-31ea5e4092e2 None None] image_member_quota = 128 {{(pid=103157) log_opt_values /opt/stack/data/venv/lib/python3.12/site-packages/oslo_config/cfg.py:3549}}
Aug 17 19:59:08.157186 np0000007583 devstack@g-api.service[103157]: DEBUG glance.common.config [None req-f0359d04-e052-46ff-af32-31ea5e4092e2 None None] image_property_quota = 128 {{(pid=103157) log_opt_values /opt/stack/data/venv/lib/python3.12/site-packages/oslo_config/cfg.py:3549}}
Aug 17 19:59:08.157269 np0000007583 devstack@g-api.service[103157]: DEBUG glance.common.config [None req-f0359d04-e052-46ff-af32-31ea5e4092e2 None None] image_size_cap = 1099511627776 {{(pid=103157) log_opt_values /opt/stack/data/venv/lib/python3.12/site-packages/oslo_config/cfg.py:3549}}
Aug 17 19:59:08.157383 np0000007583 devstack@g-api.service[103157]: DEBUG glance.common.config [None req-f0359d04-e052-46ff-af32-31ea5e4092e2 None None] image_tag_quota = 128 {{(pid=103157) log_opt_values /opt/stack/data/venv/lib/python3.12/site-packages/oslo_config/cfg.py:3549}}
Aug 17 19:59:08.157435 np0000007583 devstack@g-api.service[103157]: DEBUG glance.common.config [None req-f0359d04-e052-46ff-af32-31ea5e4092e2 None None] instance_format = [instance: %(uuid)s] {{(pid=103157) log_opt_values /opt/stack/data/venv/lib/python3.12/site-packages/oslo_config/cfg.py:3549}}
Aug 17 19:59:08.157538 np0000007583 devstack@g-api.service[103157]: DEBUG glance.common.config [None req-f0359d04-e052-46ff-af32-31ea5e4092e2 None None] instance_uuid_format = [instance: %(uuid)s] {{(pid=103157) log_opt_values /opt/stack/data/venv/lib/python3.12/site-packages/oslo_config/cfg.py:3549}}
Aug 17 19:59:08.157925 np0000007583 devstack@g-api.service[103157]: DEBUG glance.common.config [None req-f0359d04-e052-46ff-af32-31ea5e4092e2 None None] limit_param_default = 25 {{(pid=103157) log_opt_values /opt/stack/data/venv/lib/python3.12/site-packages/oslo_config/cfg.py:3549}}
Aug 17 19:59:08.157925 np0000007583 devstack@g-api.service[103157]: DEBUG glance.common.config [None req-f0359d04-e052-46ff-af32-31ea5e4092e2 None None] log_color = False {{(pid=103157) log_opt_values /opt/stack/data/venv/lib/python3.12/site-packages/oslo_config/cfg.py:3549}}
Aug 17 19:59:08.157925 np0000007583 devstack@g-api.service[103157]: DEBUG glance.common.config [None req-f0359d04-e052-46ff-af32-31ea5e4092e2 None None] log_config_append = None {{(pid=103157) log_opt_values /opt/stack/data/venv/lib/python3.12/site-packages/oslo_config/cfg.py:3549}}
Aug 17 19:59:08.157925 np0000007583 devstack@g-api.service[103157]: DEBUG glance.common.config [None req-f0359d04-e052-46ff-af32-31ea5e4092e2 None None] log_date_format = %Y-%m-%d %H:%M:%S {{(pid=103157) log_opt_values /opt/stack/data/venv/lib/python3.12/site-packages/oslo_config/cfg.py:3549}}
Aug 17 19:59:08.158071 np0000007583 devstack@g-api.service[103157]: DEBUG glance.common.config [None req-f0359d04-e052-46ff-af32-31ea5e4092e2 None None] log_dir = None {{(pid=103157) log_opt_values /opt/stack/data/venv/lib/python3.12/site-packages/oslo_config/cfg.py:3549}}
Aug 17 19:59:08.158119 np0000007583 devstack@g-api.service[103157]: DEBUG glance.common.config [None req-f0359d04-e052-46ff-af32-31ea5e4092e2 None None] log_file = None {{(pid=103157) log_opt_values /opt/stack/data/venv/lib/python3.12/site-packages/oslo_config/cfg.py:3549}}
Aug 17 19:59:08.158329 np0000007583 devstack@g-api.service[103157]: DEBUG glance.common.config [None req-f0359d04-e052-46ff-af32-31ea5e4092e2 None None] log_rotate_interval = 1 {{(pid=103157) log_opt_values /opt/stack/data/venv/lib/python3.12/site-packages/oslo_config/cfg.py:3549}}
Aug 17 19:59:08.158329 np0000007583 devstack@g-api.service[103157]: DEBUG glance.common.config [None req-f0359d04-e052-46ff-af32-31ea5e4092e2 None None] log_rotate_interval_type = days {{(pid=103157) log_opt_values /opt/stack/data/venv/lib/python3.12/site-packages/oslo_config/cfg.py:3549}}
Aug 17 19:59:08.158444 np0000007583 devstack@g-api.service[103157]: DEBUG glance.common.config [None req-f0359d04-e052-46ff-af32-31ea5e4092e2 None None] log_rotation_type = none {{(pid=103157) log_opt_values /opt/stack/data/venv/lib/python3.12/site-packages/oslo_config/cfg.py:3549}}
Aug 17 19:59:08.158444 np0000007583 devstack@g-api.service[103157]: DEBUG glance.common.config [None req-f0359d04-e052-46ff-af32-31ea5e4092e2 None None] logging_context_format_string = %(color)s%(levelname)s %(name)s [%(global_request_id)s %(request_id)s %(project_name)s %(user_name)s%(color)s] %(instance)s%(color)s%(message)s {{(pid=103157) log_opt_values /opt/stack/data/venv/lib/python3.12/site-packages/oslo_config/cfg.py:3549}}
Aug 17 19:59:08.158514 np0000007583 devstack@g-api.service[103157]: DEBUG glance.common.config [None req-f0359d04-e052-46ff-af32-31ea5e4092e2 None None] logging_debug_format_suffix = {{(pid=%(process)d) %(funcName)s %(pathname)s:%(lineno)d}} {{(pid=103157) log_opt_values /opt/stack/data/venv/lib/python3.12/site-packages/oslo_config/cfg.py:3549}}
Aug 17 19:59:08.158631 np0000007583 devstack@g-api.service[103157]: DEBUG glance.common.config [None req-f0359d04-e052-46ff-af32-31ea5e4092e2 None None] logging_default_format_string = %(color)s%(levelname)s %(name)s [-%(color)s] %(instance)s%(color)s%(message)s {{(pid=103157) log_opt_values /opt/stack/data/venv/lib/python3.12/site-packages/oslo_config/cfg.py:3549}}
