Jun 30 07:13:22.304235 np0000003947 devstack@g-api.service[99534]: DEBUG glance_store.location [None req-a5902edb-af38-4d0f-be8d-3233c29242a5 tempest-VolumesActionsTest-1912370129 tempest-VolumesActionsTest-1912370129-project-member] Registering scheme swift+http with {'store': , 'location_class': , 'store_entry': 'swift'} {{(pid=99534) register_scheme_map /opt/stack/data/venv/lib/python3.12/site-packages/glance_store/location.py:146}}
Jun 30 07:13:22.304722 np0000003947 devstack@g-api.service[99534]: DEBUG glance_store.location [None req-a5902edb-af38-4d0f-be8d-3233c29242a5 tempest-VolumesActionsTest-1912370129 tempest-VolumesActionsTest-1912370129-project-member] Registering scheme swift+config with {'store': , 'location_class': , 'store_entry': 'swift'} {{(pid=99534) register_scheme_map /opt/stack/data/venv/lib/python3.12/site-packages/glance_store/location.py:146}}
Jun 30 07:13:22.617665 np0000003947 devstack@g-api.service[99536]: DEBUG glance.api.middleware.version_negotiation [None req-e325fac3-3e33-4dad-8a67-56bf61541a4a tempest-VolumesActionsTest-1912370129 tempest-VolumesActionsTest-1912370129-project-member] Determining version of request: GET /v2/images/275384c7-722b-4506-a2d7-9735f917a40a Accept: application/json {{(pid=99536) process_request /opt/stack/glance/glance/api/middleware/version_negotiation.py:44}}
Jun 30 07:13:22.617665 np0000003947 devstack@g-api.service[99536]: DEBUG glance.api.middleware.version_negotiation [None req-e325fac3-3e33-4dad-8a67-56bf61541a4a tempest-VolumesActionsTest-1912370129 tempest-VolumesActionsTest-1912370129-project-member] Using url versioning {{(pid=99536) process_request /opt/stack/glance/glance/api/middleware/version_negotiation.py:57}}
Jun 30 07:13:22.617665 np0000003947 devstack@g-api.service[99536]: DEBUG glance.api.middleware.version_negotiation [None req-e325fac3-3e33-4dad-8a67-56bf61541a4a tempest-VolumesActionsTest-1912370129 tempest-VolumesActionsTest-1912370129-project-member] Matched version: v2 {{(pid=99536) process_request /opt/stack/glance/glance/api/middleware/version_negotiation.py:69}}
Jun 30 07:13:22.617665 np0000003947 devstack@g-api.service[99536]: DEBUG glance.api.middleware.version_negotiation [None req-e325fac3-3e33-4dad-8a67-56bf61541a4a tempest-VolumesActionsTest-1912370129 tempest-VolumesActionsTest-1912370129-project-member] new path /v2/images/275384c7-722b-4506-a2d7-9735f917a40a {{(pid=99536) process_request /opt/stack/glance/glance/api/middleware/version_negotiation.py:70}}
Jun 30 07:13:22.643804 np0000003947 devstack@g-api.service[99536]: [pid: 99536|app: 0|req: 45/137] 127.0.0.1 () {40 vars in 838 bytes} [Tue Jun 30 07:13:22 2026] GET /v2/images/275384c7-722b-4506-a2d7-9735f917a40a => generated 650 bytes in 27 msecs (HTTP/1.1 200) 4 headers in 157 bytes (1 switches on core 0)
Jun 30 07:13:22.749325 np0000003947 devstack@g-api.service[99534]: DEBUG swiftclient [None req-a5902edb-af38-4d0f-be8d-3233c29242a5 tempest-VolumesActionsTest-1912370129 tempest-VolumesActionsTest-1912370129-project-member] REQ: curl -i https://10.4.3.127:8080/v1/AUTH_87d0392cd90442229b38b07c097f7574/glance -I -H "X-Auth-Token: gAAAAABqQ2ySHA6o..." {{(pid=99534) http_log /opt/stack/data/venv/lib/python3.12/site-packages/swiftclient/client.py:160}}
Jun 30 07:13:22.751199 np0000003947 devstack@g-api.service[99534]: DEBUG swiftclient [None req-a5902edb-af38-4d0f-be8d-3233c29242a5 tempest-VolumesActionsTest-1912370129 tempest-VolumesActionsTest-1912370129-project-member] RESP STATUS: 204 No Content {{(pid=99534) http_log /opt/stack/data/venv/lib/python3.12/site-packages/swiftclient/client.py:161}}
Jun 30 07:13:22.751199 np0000003947 devstack@g-api.service[99534]: DEBUG swiftclient [None req-a5902edb-af38-4d0f-be8d-3233c29242a5 tempest-VolumesActionsTest-1912370129 tempest-VolumesActionsTest-1912370129-project-member] RESP HEADERS: {'Date': 'Tue, 30 Jun 2026 07:13:22 GMT', 'Server': 'Apache/2.4.58 (Ubuntu)', 'Content-Type': 'text/plain; charset=utf-8', 'X-Container-Object-Count': '3', 'X-Container-Bytes-Used': '64356352', 'X-Timestamp': '1782803395.69275', 'Last-Modified': 'Tue, 30 Jun 2026 07:09:56 GMT', 'Accept-Ranges': 'bytes', 'X-Storage-Policy': 'Policy-0', 'X-Container-Sharding': 'False', 'Vary': 'Accept', 'X-Trans-Id': 'tx6befb5d5b8ba42caa2d78-006a436c92', 'X-Openstack-Request-Id': 'tx6befb5d5b8ba42caa2d78-006a436c92', 'Connection': 'close'} {{(pid=99534) http_log /opt/stack/data/venv/lib/python3.12/site-packages/swiftclient/client.py:162}}
Jun 30 07:13:22.751199 np0000003947 devstack@g-api.service[99534]: DEBUG glance_store._drivers.swift.store [None req-a5902edb-af38-4d0f-be8d-3233c29242a5 tempest-VolumesActionsTest-1912370129 tempest-VolumesActionsTest-1912370129-project-member] Adding image object '275384c7-722b-4506-a2d7-9735f917a40a' to Swift {{(pid=99534) add /opt/stack/data/venv/lib/python3.12/site-packages/glance_store/_drivers/swift/store.py:970}}
Jun 30 07:13:22.751199 np0000003947 devstack@g-api.service[99534]: DEBUG glance_store._drivers.swift.store [None req-a5902edb-af38-4d0f-be8d-3233c29242a5 tempest-VolumesActionsTest-1912370129 tempest-VolumesActionsTest-1912370129-project-member] Cannot determine image size because it is either not provided in the request or chunked-transfer encoding is used. Adding image as a segmented object to Swift. {{(pid=99534) add /opt/stack/data/venv/lib/python3.12/site-packages/glance_store/_drivers/swift/store.py:994}}
Jun 30 07:13:22.758498 np0000003947 devstack@g-api.service[99534]: DEBUG oslo_utils.imageutils.format_inspector [None req-a5902edb-af38-4d0f-be8d-3233c29242a5 tempest-VolumesActionsTest-1912370129 tempest-VolumesActionsTest-1912370129-project-member] Format inspector for vmdk does not match, excluding from consideration (Signature KDMV not found: b'\x00\x00\x00\x00') {{(pid=99534) _process_chunk /opt/stack/data/venv/lib/python3.12/site-packages/oslo_utils/imageutils/format_inspector.py:1758}}
Jun 30 07:13:22.761757 np0000003947 devstack@g-api.service[99534]: DEBUG oslo_utils.imageutils.format_inspector [None req-a5902edb-af38-4d0f-be8d-3233c29242a5 tempest-VolumesActionsTest-1912370129 tempest-VolumesActionsTest-1912370129-project-member] Format inspector for vhdx does not match, excluding from consideration (Region signature not found at 30000) {{(pid=99534) _process_chunk /opt/stack/data/venv/lib/python3.12/site-packages/oslo_utils/imageutils/format_inspector.py:1758}}
Jun 30 07:13:23.654980 np0000003947 devstack@g-api.service[99535]: DEBUG glance.api.middleware.version_negotiation [None req-a60507d0-e6f7-41e3-a103-76b29b883ffc tempest-VolumesActionsTest-1912370129 tempest-VolumesActionsTest-1912370129-project-member] Determining version of request: GET /v2/images/275384c7-722b-4506-a2d7-9735f917a40a Accept: application/json {{(pid=99535) process_request /opt/stack/glance/glance/api/middleware/version_negotiation.py:44}}
Jun 30 07:13:23.655469 np0000003947 devstack@g-api.service[99535]: DEBUG glance.api.middleware.version_negotiation [None req-a60507d0-e6f7-41e3-a103-76b29b883ffc tempest-VolumesActionsTest-1912370129 tempest-VolumesActionsTest-1912370129-project-member] Using url versioning {{(pid=99535) process_request /opt/stack/glance/glance/api/middleware/version_negotiation.py:57}}
Jun 30 07:13:23.655469 np0000003947 devstack@g-api.service[99535]: DEBUG glance.api.middleware.version_negotiation [None req-a60507d0-e6f7-41e3-a103-76b29b883ffc tempest-VolumesActionsTest-1912370129 tempest-VolumesActionsTest-1912370129-project-member] Matched version: v2 {{(pid=99535) process_request /opt/stack/glance/glance/api/middleware/version_negotiation.py:69}}
Jun 30 07:13:23.655469 np0000003947 devstack@g-api.service[99535]: DEBUG glance.api.middleware.version_negotiation [None req-a60507d0-e6f7-41e3-a103-76b29b883ffc tempest-VolumesActionsTest-1912370129 tempest-VolumesActionsTest-1912370129-project-member] new path /v2/images/275384c7-722b-4506-a2d7-9735f917a40a {{(pid=99535) process_request /opt/stack/glance/glance/api/middleware/version_negotiation.py:70}}
Jun 30 07:13:23.671581 np0000003947 devstack@g-api.service[99535]: [pid: 99535|app: 0|req: 47/138] 127.0.0.1 () {40 vars in 838 bytes} [Tue Jun 30 07:13:23 2026] GET /v2/images/275384c7-722b-4506-a2d7-9735f917a40a => generated 650 bytes in 17 msecs (HTTP/1.1 200) 4 headers in 157 bytes (1 switches on core 0)
Jun 30 07:13:24.686262 np0000003947 devstack@g-api.service[99536]: DEBUG glance.api.middleware.version_negotiation [None req-605f0b14-0cd0-4074-9bb5-2c596b431032 tempest-VolumesActionsTest-1912370129 tempest-VolumesActionsTest-1912370129-project-member] Determining version of request: GET /v2/images/275384c7-722b-4506-a2d7-9735f917a40a Accept: application/json {{(pid=99536) process_request /opt/stack/glance/glance/api/middleware/version_negotiation.py:44}}
Jun 30 07:13:24.686262 np0000003947 devstack@g-api.service[99536]: DEBUG glance.api.middleware.version_negotiation [None req-605f0b14-0cd0-4074-9bb5-2c596b431032 tempest-VolumesActionsTest-1912370129 tempest-VolumesActionsTest-1912370129-project-member] Using url versioning {{(pid=99536) process_request /opt/stack/glance/glance/api/middleware/version_negotiation.py:57}}
Jun 30 07:13:24.686262 np0000003947 devstack@g-api.service[99536]: DEBUG glance.api.middleware.version_negotiation [None req-605f0b14-0cd0-4074-9bb5-2c596b431032 tempest-VolumesActionsTest-1912370129 tempest-VolumesActionsTest-1912370129-project-member] Matched version: v2 {{(pid=99536) process_request /opt/stack/glance/glance/api/middleware/version_negotiation.py:69}}
Jun 30 07:13:24.686262 np0000003947 devstack@g-api.service[99536]: DEBUG glance.api.middleware.version_negotiation [None req-605f0b14-0cd0-4074-9bb5-2c596b431032 tempest-VolumesActionsTest-1912370129 tempest-VolumesActionsTest-1912370129-project-member] new path /v2/images/275384c7-722b-4506-a2d7-9735f917a40a {{(pid=99536) process_request /opt/stack/glance/glance/api/middleware/version_negotiation.py:70}}
Jun 30 07:13:24.696376 np0000003947 devstack@g-api.service[99536]: [pid: 99536|app: 0|req: 46/139] 127.0.0.1 () {40 vars in 838 bytes} [Tue Jun 30 07:13:24 2026] GET /v2/images/275384c7-722b-4506-a2d7-9735f917a40a => generated 650 bytes in 11 msecs (HTTP/1.1 200) 4 headers in 157 bytes (1 switches on core 0)
Jun 30 07:13:25.253733 np0000003947 devstack@g-api.service[99534]: DEBUG swiftclient [None req-a5902edb-af38-4d0f-be8d-3233c29242a5 tempest-VolumesActionsTest-1912370129 tempest-VolumesActionsTest-1912370129-project-member] REQ: curl -i https://10.4.3.127:8080/v1/AUTH_87d0392cd90442229b38b07c097f7574/glance/275384c7-722b-4506-a2d7-9735f917a40a-00001 -X PUT -H "X-Auth-Token: gAAAAABqQ2ySHA6o..." {{(pid=99534) http_log /opt/stack/data/venv/lib/python3.12/site-packages/swiftclient/client.py:160}}
Jun 30 07:13:25.254088 np0000003947 devstack@g-api.service[99534]: DEBUG swiftclient [None req-a5902edb-af38-4d0f-be8d-3233c29242a5 tempest-VolumesActionsTest-1912370129 tempest-VolumesActionsTest-1912370129-project-member] RESP STATUS: 201 Created {{(pid=99534) http_log /opt/stack/data/venv/lib/python3.12/site-packages/swiftclient/client.py:161}}
Jun 30 07:13:25.254088 np0000003947 devstack@g-api.service[99534]: DEBUG swiftclient [None req-a5902edb-af38-4d0f-be8d-3233c29242a5 tempest-VolumesActionsTest-1912370129 tempest-VolumesActionsTest-1912370129-project-member] RESP HEADERS: {'Date': 'Tue, 30 Jun 2026 07:13:25 GMT', 'Server': 'Apache/2.4.58 (Ubuntu)', 'Content-Type': 'text/html; charset=UTF-8', 'Content-Length': '0', 'Etag': 'eda9a9889837ac4bc81d6387d92c1bec', 'Last-Modified': 'Tue, 30 Jun 2026 07:13:23 GMT', 'X-Trans-Id': 'tx2c9ccacc773b4e7c9b14c-006a436c92', 'X-Openstack-Request-Id': 'tx2c9ccacc773b4e7c9b14c-006a436c92', 'Connection': 'close'} {{(pid=99534) http_log /opt/stack/data/venv/lib/python3.12/site-packages/swiftclient/client.py:162}}
Jun 30 07:13:25.255830 np0000003947 devstack@g-api.service[99534]: DEBUG glance_store._drivers.swift.store [None req-a5902edb-af38-4d0f-be8d-3233c29242a5 tempest-VolumesActionsTest-1912370129 tempest-VolumesActionsTest-1912370129-project-member] Wrote chunk 275384c7-722b-4506-a2d7-9735f917a40a-00001 (1/?) of length 204800000 to Swift returning MD5 of content: eda9a9889837ac4bc81d6387d92c1bec {{(pid=99534) add /opt/stack/data/venv/lib/python3.12/site-packages/glance_store/_drivers/swift/store.py:1059}}
Jun 30 07:13:25.706026 np0000003947 devstack@g-api.service[99535]: DEBUG glance.api.middleware.version_negotiation [None req-e75c8701-8891-4118-a5e6-4157e2230ad2 tempest-VolumesActionsTest-1912370129 tempest-VolumesActionsTest-1912370129-project-member] Determining version of request: GET /v2/images/275384c7-722b-4506-a2d7-9735f917a40a Accept: application/json {{(pid=99535) process_request /opt/stack/glance/glance/api/middleware/version_negotiation.py:44}}
Jun 30 07:13:25.706446 np0000003947 devstack@g-api.service[99535]: DEBUG glance.api.middleware.version_negotiation [None req-e75c8701-8891-4118-a5e6-4157e2230ad2 tempest-VolumesActionsTest-1912370129 tempest-VolumesActionsTest-1912370129-project-member] Using url versioning {{(pid=99535) process_request /opt/stack/glance/glance/api/middleware/version_negotiation.py:57}}
Jun 30 07:13:25.706446 np0000003947 devstack@g-api.service[99535]: DEBUG glance.api.middleware.version_negotiation [None req-e75c8701-8891-4118-a5e6-4157e2230ad2 tempest-VolumesActionsTest-1912370129 tempest-VolumesActionsTest-1912370129-project-member] Matched version: v2 {{(pid=99535) process_request /opt/stack/glance/glance/api/middleware/version_negotiation.py:69}}
Jun 30 07:13:25.706540 np0000003947 devstack@g-api.service[99535]: DEBUG glance.api.middleware.version_negotiation [None req-e75c8701-8891-4118-a5e6-4157e2230ad2 tempest-VolumesActionsTest-1912370129 tempest-VolumesActionsTest-1912370129-project-member] new path /v2/images/275384c7-722b-4506-a2d7-9735f917a40a {{(pid=99535) process_request /opt/stack/glance/glance/api/middleware/version_negotiation.py:70}}
Jun 30 07:13:25.719964 np0000003947 devstack@g-api.service[99535]: [pid: 99535|app: 0|req: 48/140] 127.0.0.1 () {40 vars in 838 bytes} [Tue Jun 30 07:13:25 2026] GET /v2/images/275384c7-722b-4506-a2d7-9735f917a40a => generated 650 bytes in 14 msecs (HTTP/1.1 200) 4 headers in 157 bytes (1 switches on core 0)
Jun 30 07:13:26.729795 np0000003947 devstack@g-api.service[99536]: DEBUG glance.api.middleware.version_negotiation [None req-74514f03-668c-40f9-be7f-cd9200ef4682 tempest-VolumesActionsTest-1912370129 tempest-VolumesActionsTest-1912370129-project-member] Determining version of request: GET /v2/images/275384c7-722b-4506-a2d7-9735f917a40a Accept: application/json {{(pid=99536) process_request /opt/stack/glance/glance/api/middleware/version_negotiation.py:44}}
Jun 30 07:13:26.730181 np0000003947 devstack@g-api.service[99536]: DEBUG glance.api.middleware.version_negotiation [None req-74514f03-668c-40f9-be7f-cd9200ef4682 tempest-VolumesActionsTest-1912370129 tempest-VolumesActionsTest-1912370129-project-member] Using url versioning {{(pid=99536) process_request /opt/stack/glance/glance/api/middleware/version_negotiation.py:57}}
Jun 30 07:13:26.730293 np0000003947 devstack@g-api.service[99536]: DEBUG glance.api.middleware.version_negotiation [None req-74514f03-668c-40f9-be7f-cd9200ef4682 tempest-VolumesActionsTest-1912370129 tempest-VolumesActionsTest-1912370129-project-member] Matched version: v2 {{(pid=99536) process_request /opt/stack/glance/glance/api/middleware/version_negotiation.py:69}}
Jun 30 07:13:26.730412 np0000003947 devstack@g-api.service[99536]: DEBUG glance.api.middleware.version_negotiation [None req-74514f03-668c-40f9-be7f-cd9200ef4682 tempest-VolumesActionsTest-1912370129 tempest-VolumesActionsTest-1912370129-project-member] new path /v2/images/275384c7-722b-4506-a2d7-9735f917a40a {{(pid=99536) process_request /opt/stack/glance/glance/api/middleware/version_negotiation.py:70}}
Jun 30 07:13:26.742594 np0000003947 devstack@g-api.service[99536]: [pid: 99536|app: 0|req: 47/141] 127.0.0.1 () {40 vars in 838 bytes} [Tue Jun 30 07:13:26 2026] GET /v2/images/275384c7-722b-4506-a2d7-9735f917a40a => generated 650 bytes in 13 msecs (HTTP/1.1 200) 4 headers in 157 bytes (1 switches on core 0)
Jun 30 07:13:27.496256 np0000003947 devstack@g-api.service[99534]: DEBUG swiftclient [None req-a5902edb-af38-4d0f-be8d-3233c29242a5 tempest-VolumesActionsTest-1912370129 tempest-VolumesActionsTest-1912370129-project-member] REQ: curl -i https://10.4.3.127:8080/v1/AUTH_87d0392cd90442229b38b07c097f7574/glance/275384c7-722b-4506-a2d7-9735f917a40a-00002 -X PUT -H "X-Auth-Token: gAAAAABqQ2ySHA6o..." {{(pid=99534) http_log /opt/stack/data/venv/lib/python3.12/site-packages/swiftclient/client.py:160}}
Jun 30 07:13:27.496256 np0000003947 devstack@g-api.service[99534]: DEBUG swiftclient [None req-a5902edb-af38-4d0f-be8d-3233c29242a5 tempest-VolumesActionsTest-1912370129 tempest-VolumesActionsTest-1912370129-project-member] RESP STATUS: 201 Created {{(pid=99534) http_log /opt/stack/data/venv/lib/python3.12/site-packages/swiftclient/client.py:161}}
Jun 30 07:13:27.496256 np0000003947 devstack@g-api.service[99534]: DEBUG swiftclient [None req-a5902edb-af38-4d0f-be8d-3233c29242a5 tempest-VolumesActionsTest-1912370129 tempest-VolumesActionsTest-1912370129-project-member] RESP HEADERS: {'Date': 'Tue, 30 Jun 2026 07:13:27 GMT', 'Server': 'Apache/2.4.58 (Ubuntu)', 'Content-Type': 'text/html; charset=UTF-8', 'Content-Length': '0', 'Etag': 'eda9a9889837ac4bc81d6387d92c1bec', 'Last-Modified': 'Tue, 30 Jun 2026 07:13:26 GMT', 'X-Trans-Id': 'tx16c9a1ee3db74bd4a9eb4-006a436c95', 'X-Openstack-Request-Id': 'tx16c9a1ee3db74bd4a9eb4-006a436c95', 'Connection': 'close'} {{(pid=99534) http_log /opt/stack/data/venv/lib/python3.12/site-packages/swiftclient/client.py:162}}
Jun 30 07:13:27.496256 np0000003947 devstack@g-api.service[99534]: DEBUG glance_store._drivers.swift.store [None req-a5902edb-af38-4d0f-be8d-3233c29242a5 tempest-VolumesActionsTest-1912370129 tempest-VolumesActionsTest-1912370129-project-member] Wrote chunk 275384c7-722b-4506-a2d7-9735f917a40a-00002 (2/?) of length 204800000 to Swift returning MD5 of content: eda9a9889837ac4bc81d6387d92c1bec {{(pid=99534) add /opt/stack/data/venv/lib/python3.12/site-packages/glance_store/_drivers/swift/store.py:1059}}
Jun 30 07:13:27.751071 np0000003947 devstack@g-api.service[99535]: DEBUG glance.api.middleware.version_negotiation [None req-24798acf-d5e7-459a-85cc-7fc2458e18d1 tempest-VolumesActionsTest-1912370129 tempest-VolumesActionsTest-1912370129-project-member] Determining version of request: GET /v2/images/275384c7-722b-4506-a2d7-9735f917a40a Accept: application/json {{(pid=99535) process_request /opt/stack/glance/glance/api/middleware/version_negotiation.py:44}}
Jun 30 07:13:27.751871 np0000003947 devstack@g-api.service[99535]: DEBUG glance.api.middleware.version_negotiation [None req-24798acf-d5e7-459a-85cc-7fc2458e18d1 tempest-VolumesActionsTest-1912370129 tempest-VolumesActionsTest-1912370129-project-member] Using url versioning {{(pid=99535) process_request /opt/stack/glance/glance/api/middleware/version_negotiation.py:57}}
Jun 30 07:13:27.751871 np0000003947 devstack@g-api.service[99535]: DEBUG glance.api.middleware.version_negotiation [None req-24798acf-d5e7-459a-85cc-7fc2458e18d1 tempest-VolumesActionsTest-1912370129 tempest-VolumesActionsTest-1912370129-project-member] Matched version: v2 {{(pid=99535) process_request /opt/stack/glance/glance/api/middleware/version_negotiation.py:69}}
Jun 30 07:13:27.751871 np0000003947 devstack@g-api.service[99535]: DEBUG glance.api.middleware.version_negotiation [None req-24798acf-d5e7-459a-85cc-7fc2458e18d1 tempest-VolumesActionsTest-1912370129 tempest-VolumesActionsTest-1912370129-project-member] new path /v2/images/275384c7-722b-4506-a2d7-9735f917a40a {{(pid=99535) process_request /opt/stack/glance/glance/api/middleware/version_negotiation.py:70}}
Jun 30 07:13:27.770721 np0000003947 devstack@g-api.service[99535]: [pid: 99535|app: 0|req: 49/142] 127.0.0.1 () {40 vars in 838 bytes} [Tue Jun 30 07:13:27 2026] GET /v2/images/275384c7-722b-4506-a2d7-9735f917a40a => generated 650 bytes in 20 msecs (HTTP/1.1 200) 4 headers in 157 bytes (1 switches on core 0)
Jun 30 07:13:28.780503 np0000003947 devstack@g-api.service[99536]: DEBUG glance.api.middleware.version_negotiation [None req-d1497e15-6496-444d-98b6-dae59cc0453d tempest-VolumesActionsTest-1912370129 tempest-VolumesActionsTest-1912370129-project-member] Determining version of request: GET /v2/images/275384c7-722b-4506-a2d7-9735f917a40a Accept: application/json {{(pid=99536) process_request /opt/stack/glance/glance/api/middleware/version_negotiation.py:44}}
Jun 30 07:13:28.780877 np0000003947 devstack@g-api.service[99536]: DEBUG glance.api.middleware.version_negotiation [None req-d1497e15-6496-444d-98b6-dae59cc0453d tempest-VolumesActionsTest-1912370129 tempest-VolumesActionsTest-1912370129-project-member] Using url versioning {{(pid=99536) process_request /opt/stack/glance/glance/api/middleware/version_negotiation.py:57}}
Jun 30 07:13:28.780877 np0000003947 devstack@g-api.service[99536]: DEBUG glance.api.middleware.version_negotiation [None req-d1497e15-6496-444d-98b6-dae59cc0453d tempest-VolumesActionsTest-1912370129 tempest-VolumesActionsTest-1912370129-project-member] Matched version: v2 {{(pid=99536) process_request /opt/stack/glance/glance/api/middleware/version_negotiation.py:69}}
Jun 30 07:13:28.781533 np0000003947 devstack@g-api.service[99536]: DEBUG glance.api.middleware.version_negotiation [None req-d1497e15-6496-444d-98b6-dae59cc0453d tempest-VolumesActionsTest-1912370129 tempest-VolumesActionsTest-1912370129-project-member] new path /v2/images/275384c7-722b-4506-a2d7-9735f917a40a {{(pid=99536) process_request /opt/stack/glance/glance/api/middleware/version_negotiation.py:70}}
Jun 30 07:13:28.791689 np0000003947 devstack@g-api.service[99536]: [pid: 99536|app: 0|req: 48/143] 127.0.0.1 () {40 vars in 838 bytes} [Tue Jun 30 07:13:28 2026] GET /v2/images/275384c7-722b-4506-a2d7-9735f917a40a => generated 650 bytes in 13 msecs (HTTP/1.1 200) 4 headers in 157 bytes (1 switches on core 0)
Jun 30 07:13:29.037643 np0000003947 devstack@g-api.service[99535]: DEBUG glance.api.middleware.version_negotiation [None req-6b519edd-635d-4dac-9f3d-f2fb2b697367 tempest-VolumesActionsTest-1912370129 tempest-VolumesActionsTest-1912370129-project-member] Determining version of request: GET /v2/images/e9b7fde8-853e-463d-95a6-050757495486 Accept: */* {{(pid=99535) process_request /opt/stack/glance/glance/api/middleware/version_negotiation.py:44}}
Jun 30 07:13:29.037643 np0000003947 devstack@g-api.service[99535]: DEBUG glance.api.middleware.version_negotiation [None req-6b519edd-635d-4dac-9f3d-f2fb2b697367 tempest-VolumesActionsTest-1912370129 tempest-VolumesActionsTest-1912370129-project-member] Using url versioning {{(pid=99535) process_request /opt/stack/glance/glance/api/middleware/version_negotiation.py:57}}
Jun 30 07:13:29.037643 np0000003947 devstack@g-api.service[99535]: DEBUG glance.api.middleware.version_negotiation [None req-6b519edd-635d-4dac-9f3d-f2fb2b697367 tempest-VolumesActionsTest-1912370129 tempest-VolumesActionsTest-1912370129-project-member] Matched version: v2 {{(pid=99535) process_request /opt/stack/glance/glance/api/middleware/version_negotiation.py:69}}
Jun 30 07:13:29.037643 np0000003947 devstack@g-api.service[99535]: DEBUG glance.api.middleware.version_negotiation [None req-6b519edd-635d-4dac-9f3d-f2fb2b697367 tempest-VolumesActionsTest-1912370129 tempest-VolumesActionsTest-1912370129-project-member] new path /v2/images/e9b7fde8-853e-463d-95a6-050757495486 {{(pid=99535) process_request /opt/stack/glance/glance/api/middleware/version_negotiation.py:70}}
Jun 30 07:13:29.055660 np0000003947 devstack@g-api.service[99535]: [pid: 99535|app: 0|req: 50/144] 127.0.0.1 () {44 vars in 1115 bytes} [Tue Jun 30 07:13:29 2026] GET /v2/images/e9b7fde8-853e-463d-95a6-050757495486 => generated 1044 bytes in 19 msecs (HTTP/1.1 200) 4 headers in 158 bytes (1 switches on core 0)
Jun 30 07:13:29.086769 np0000003947 devstack@g-api.service[99536]: DEBUG glance.api.middleware.version_negotiation [None req-bfa2449b-be30-4a9f-8205-8017050ac5b3 tempest-VolumesActionsTest-1912370129 tempest-VolumesActionsTest-1912370129-project-member] Determining version of request: GET /v2/schemas/image Accept: */* {{(pid=99536) process_request /opt/stack/glance/glance/api/middleware/version_negotiation.py:44}}
Jun 30 07:13:29.086983 np0000003947 devstack@g-api.service[99536]: DEBUG glance.api.middleware.version_negotiation [None req-bfa2449b-be30-4a9f-8205-8017050ac5b3 tempest-VolumesActionsTest-1912370129 tempest-VolumesActionsTest-1912370129-project-member] Using url versioning {{(pid=99536) process_request /opt/stack/glance/glance/api/middleware/version_negotiation.py:57}}
Jun 30 07:13:29.087179 np0000003947 devstack@g-api.service[99536]: DEBUG glance.api.middleware.version_negotiation [None req-bfa2449b-be30-4a9f-8205-8017050ac5b3 tempest-VolumesActionsTest-1912370129 tempest-VolumesActionsTest-1912370129-project-member] Matched version: v2 {{(pid=99536) process_request /opt/stack/glance/glance/api/middleware/version_negotiation.py:69}}
Jun 30 07:13:29.087347 np0000003947 devstack@g-api.service[99536]: DEBUG glance.api.middleware.version_negotiation [None req-bfa2449b-be30-4a9f-8205-8017050ac5b3 tempest-VolumesActionsTest-1912370129 tempest-VolumesActionsTest-1912370129-project-member] new path /v2/schemas/image {{(pid=99536) process_request /opt/stack/glance/glance/api/middleware/version_negotiation.py:70}}
Jun 30 07:13:29.093243 np0000003947 devstack@g-api.service[99536]: [pid: 99536|app: 0|req: 49/145] 127.0.0.1 () {44 vars in 1055 bytes} [Tue Jun 30 07:13:29 2026] GET /v2/schemas/image => generated 6083 bytes in 4 msecs (HTTP/1.1 200) 4 headers in 158 bytes (1 switches on core 0)
Jun 30 07:13:29.609747 np0000003947 devstack@g-api.service[99534]: DEBUG swiftclient [None req-a5902edb-af38-4d0f-be8d-3233c29242a5 tempest-VolumesActionsTest-1912370129 tempest-VolumesActionsTest-1912370129-project-member] REQ: curl -i https://10.4.3.127:8080/v1/AUTH_87d0392cd90442229b38b07c097f7574/glance/275384c7-722b-4506-a2d7-9735f917a40a-00003 -X PUT -H "X-Auth-Token: gAAAAABqQ2ySHA6o..." {{(pid=99534) http_log /opt/stack/data/venv/lib/python3.12/site-packages/swiftclient/client.py:160}}
Jun 30 07:13:29.610078 np0000003947 devstack@g-api.service[99534]: DEBUG swiftclient [None req-a5902edb-af38-4d0f-be8d-3233c29242a5 tempest-VolumesActionsTest-1912370129 tempest-VolumesActionsTest-1912370129-project-member] RESP STATUS: 201 Created {{(pid=99534) http_log /opt/stack/data/venv/lib/python3.12/site-packages/swiftclient/client.py:161}}
Jun 30 07:13:29.610078 np0000003947 devstack@g-api.service[99534]: DEBUG swiftclient [None req-a5902edb-af38-4d0f-be8d-3233c29242a5 tempest-VolumesActionsTest-1912370129 tempest-VolumesActionsTest-1912370129-project-member] RESP HEADERS: {'Date': 'Tue, 30 Jun 2026 07:13:29 GMT', 'Server': 'Apache/2.4.58 (Ubuntu)', 'Content-Type': 'text/html; charset=UTF-8', 'Content-Length': '0', 'Etag': 'eda9a9889837ac4bc81d6387d92c1bec', 'Last-Modified': 'Tue, 30 Jun 2026 07:13:28 GMT', 'X-Trans-Id': 'txb229934a34c64e9e8fe62-006a436c97', 'X-Openstack-Request-Id': 'txb229934a34c64e9e8fe62-006a436c97', 'Connection': 'close'} {{(pid=99534) http_log /opt/stack/data/venv/lib/python3.12/site-packages/swiftclient/client.py:162}}
Jun 30 07:13:29.610078 np0000003947 devstack@g-api.service[99534]: DEBUG glance_store._drivers.swift.store [None req-a5902edb-af38-4d0f-be8d-3233c29242a5 tempest-VolumesActionsTest-1912370129 tempest-VolumesActionsTest-1912370129-project-member] Wrote chunk 275384c7-722b-4506-a2d7-9735f917a40a-00003 (3/?) of length 204800000 to Swift returning MD5 of content: eda9a9889837ac4bc81d6387d92c1bec {{(pid=99534) add /opt/stack/data/venv/lib/python3.12/site-packages/glance_store/_drivers/swift/store.py:1059}}
Jun 30 07:13:29.803118 np0000003947 devstack@g-api.service[99535]: DEBUG glance.api.middleware.version_negotiation [None req-81c70a02-e2d5-40a7-bb1d-41329326392f tempest-ServerActionsTestOtherA-378569007 tempest-ServerActionsTestOtherA-378569007-project-member] Determining version of request: GET /v2/images/275384c7-722b-4506-a2d7-9735f917a40a Accept: application/json {{(pid=99535) process_request /opt/stack/glance/glance/api/middleware/version_negotiation.py:44}}
Jun 30 07:13:29.803296 np0000003947 devstack@g-api.service[99535]: DEBUG glance.api.middleware.version_negotiation [None req-81c70a02-e2d5-40a7-bb1d-41329326392f tempest-ServerActionsTestOtherA-378569007 tempest-ServerActionsTestOtherA-378569007-project-member] Using url versioning {{(pid=99535) process_request /opt/stack/glance/glance/api/middleware/version_negotiation.py:57}}
Jun 30 07:13:29.803638 np0000003947 devstack@g-api.service[99535]: DEBUG glance.api.middleware.version_negotiation [None req-81c70a02-e2d5-40a7-bb1d-41329326392f tempest-ServerActionsTestOtherA-378569007 tempest-ServerActionsTestOtherA-378569007-project-member] Matched version: v2 {{(pid=99535) process_request /opt/stack/glance/glance/api/middleware/version_negotiation.py:69}}
Jun 30 07:13:29.803638 np0000003947 devstack@g-api.service[99535]: DEBUG glance.api.middleware.version_negotiation [None req-81c70a02-e2d5-40a7-bb1d-41329326392f tempest-ServerActionsTestOtherA-378569007 tempest-ServerActionsTestOtherA-378569007-project-member] new path /v2/images/275384c7-722b-4506-a2d7-9735f917a40a {{(pid=99535) process_request /opt/stack/glance/glance/api/middleware/version_negotiation.py:70}}
Jun 30 07:13:29.818009 np0000003947 devstack@g-api.service[99535]: [pid: 99535|app: 0|req: 51/146] 127.0.0.1 () {40 vars in 838 bytes} [Tue Jun 30 07:13:29 2026] GET /v2/images/275384c7-722b-4506-a2d7-9735f917a40a => generated 650 bytes in 15 msecs (HTTP/1.1 200) 4 headers in 157 bytes (1 switches on core 0)
Jun 30 07:13:30.827748 np0000003947 devstack@g-api.service[99536]: DEBUG glance.api.middleware.version_negotiation [None req-81c70a02-e2d5-40a7-bb1d-41329326392f tempest-ServerActionsTestOtherA-378569007 tempest-ServerActionsTestOtherA-378569007-project-member] Determining version of request: GET /v2/images/275384c7-722b-4506-a2d7-9735f917a40a Accept: application/json {{(pid=99536) process_request /opt/stack/glance/glance/api/middleware/version_negotiation.py:44}}
Jun 30 07:13:30.828237 np0000003947 devstack@g-api.service[99536]: DEBUG glance.api.middleware.version_negotiation [None req-81c70a02-e2d5-40a7-bb1d-41329326392f tempest-ServerActionsTestOtherA-378569007 tempest-ServerActionsTestOtherA-378569007-project-member] Using url versioning {{(pid=99536) process_request /opt/stack/glance/glance/api/middleware/version_negotiation.py:57}}
Jun 30 07:13:30.828237 np0000003947 devstack@g-api.service[99536]: DEBUG glance.api.middleware.version_negotiation [None req-81c70a02-e2d5-40a7-bb1d-41329326392f tempest-ServerActionsTestOtherA-378569007 tempest-ServerActionsTestOtherA-378569007-project-member] Matched version: v2 {{(pid=99536) process_request /opt/stack/glance/glance/api/middleware/version_negotiation.py:69}}
Jun 30 07:13:30.828237 np0000003947 devstack@g-api.service[99536]: DEBUG glance.api.middleware.version_negotiation [None req-81c70a02-e2d5-40a7-bb1d-41329326392f tempest-ServerActionsTestOtherA-378569007 tempest-ServerActionsTestOtherA-378569007-project-member] new path /v2/images/275384c7-722b-4506-a2d7-9735f917a40a {{(pid=99536) process_request /opt/stack/glance/glance/api/middleware/version_negotiation.py:70}}
Jun 30 07:13:30.838631 np0000003947 devstack@g-api.service[99536]: [pid: 99536|app: 0|req: 50/147] 127.0.0.1 () {40 vars in 838 bytes} [Tue Jun 30 07:13:30 2026] GET /v2/images/275384c7-722b-4506-a2d7-9735f917a40a => generated 650 bytes in 11 msecs (HTTP/1.1 200) 4 headers in 157 bytes (1 switches on core 0)
Jun 30 07:13:31.554430 np0000003947 devstack@g-api.service[99534]: DEBUG swiftclient [None req-a5902edb-af38-4d0f-be8d-3233c29242a5 tempest-VolumesActionsTest-1912370129 tempest-VolumesActionsTest-1912370129-project-member] REQ: curl -i https://10.4.3.127:8080/v1/AUTH_87d0392cd90442229b38b07c097f7574/glance/275384c7-722b-4506-a2d7-9735f917a40a-00004 -X PUT -H "X-Auth-Token: gAAAAABqQ2ySHA6o..." {{(pid=99534) http_log /opt/stack/data/venv/lib/python3.12/site-packages/swiftclient/client.py:160}}
Jun 30 07:13:31.554778 np0000003947 devstack@g-api.service[99534]: DEBUG swiftclient [None req-a5902edb-af38-4d0f-be8d-3233c29242a5 tempest-VolumesActionsTest-1912370129 tempest-VolumesActionsTest-1912370129-project-member] RESP STATUS: 201 Created {{(pid=99534) http_log /opt/stack/data/venv/lib/python3.12/site-packages/swiftclient/client.py:161}}
Jun 30 07:13:31.554778 np0000003947 devstack@g-api.service[99534]: DEBUG swiftclient [None req-a5902edb-af38-4d0f-be8d-3233c29242a5 tempest-VolumesActionsTest-1912370129 tempest-VolumesActionsTest-1912370129-project-member] RESP HEADERS: {'Date': 'Tue, 30 Jun 2026 07:13:31 GMT', 'Server': 'Apache/2.4.58 (Ubuntu)', 'Content-Type': 'text/html; charset=UTF-8', 'Content-Length': '0', 'Etag': 'eda9a9889837ac4bc81d6387d92c1bec', 'Last-Modified': 'Tue, 30 Jun 2026 07:13:30 GMT', 'X-Trans-Id': 'tx9fec2e8fabc74d388a695-006a436c99', 'X-Openstack-Request-Id': 'tx9fec2e8fabc74d388a695-006a436c99', 'Connection': 'close'} {{(pid=99534) http_log /opt/stack/data/venv/lib/python3.12/site-packages/swiftclient/client.py:162}}
Jun 30 07:13:31.554778 np0000003947 devstack@g-api.service[99534]: DEBUG glance_store._drivers.swift.store [None req-a5902edb-af38-4d0f-be8d-3233c29242a5 tempest-VolumesActionsTest-1912370129 tempest-VolumesActionsTest-1912370129-project-member] Wrote chunk 275384c7-722b-4506-a2d7-9735f917a40a-00004 (4/?) of length 204800000 to Swift returning MD5 of content: eda9a9889837ac4bc81d6387d92c1bec {{(pid=99534) add /opt/stack/data/venv/lib/python3.12/site-packages/glance_store/_drivers/swift/store.py:1059}}
Jun 30 07:13:31.850746 np0000003947 devstack@g-api.service[99535]: DEBUG glance.api.middleware.version_negotiation [None req-48cb3a3b-c2a1-48fc-9c7c-40c5ddd44726 tempest-VolumesActionsTest-1912370129 tempest-VolumesActionsTest-1912370129-project-member] Determining version of request: GET /v2/images/275384c7-722b-4506-a2d7-9735f917a40a Accept: application/json {{(pid=99535) process_request /opt/stack/glance/glance/api/middleware/version_negotiation.py:44}}
Jun 30 07:13:31.850746 np0000003947 devstack@g-api.service[99535]: DEBUG glance.api.middleware.version_negotiation [None req-48cb3a3b-c2a1-48fc-9c7c-40c5ddd44726 tempest-VolumesActionsTest-1912370129 tempest-VolumesActionsTest-1912370129-project-member] Using url versioning {{(pid=99535) process_request /opt/stack/glance/glance/api/middleware/version_negotiation.py:57}}
Jun 30 07:13:31.850746 np0000003947 devstack@g-api.service[99535]: DEBUG glance.api.middleware.version_negotiation [None req-48cb3a3b-c2a1-48fc-9c7c-40c5ddd44726 tempest-VolumesActionsTest-1912370129 tempest-VolumesActionsTest-1912370129-project-member] Matched version: v2 {{(pid=99535) process_request /opt/stack/glance/glance/api/middleware/version_negotiation.py:69}}
Jun 30 07:13:31.850746 np0000003947 devstack@g-api.service[99535]: DEBUG glance.api.middleware.version_negotiation [None req-48cb3a3b-c2a1-48fc-9c7c-40c5ddd44726 tempest-VolumesActionsTest-1912370129 tempest-VolumesActionsTest-1912370129-project-member] new path /v2/images/275384c7-722b-4506-a2d7-9735f917a40a {{(pid=99535) process_request /opt/stack/glance/glance/api/middleware/version_negotiation.py:70}}
Jun 30 07:13:31.860847 np0000003947 devstack@g-api.service[99535]: [pid: 99535|app: 0|req: 52/148] 127.0.0.1 () {40 vars in 838 bytes} [Tue Jun 30 07:13:31 2026] GET /v2/images/275384c7-722b-4506-a2d7-9735f917a40a => generated 650 bytes in 11 msecs (HTTP/1.1 200) 4 headers in 157 bytes (1 switches on core 0)
Jun 30 07:13:32.297317 np0000003947 devstack@g-api.service[99534]: DEBUG dbcounter [-] [99534] Writing DB stats glance:SELECT=14,glance:INSERT=1,glance:UPDATE=1 {{(pid=99534) stat_writer /opt/stack/data/venv/lib/python3.12/site-packages/dbcounter.py:115}}
Jun 30 07:13:32.868644 np0000003947 devstack@g-api.service[99536]: DEBUG glance.api.middleware.version_negotiation [None req-08d154c1-4f36-4db4-ba02-201ac8678bc5 tempest-VolumesActionsTest-1912370129 tempest-VolumesActionsTest-1912370129-project-member] Determining version of request: GET /v2/images/275384c7-722b-4506-a2d7-9735f917a40a Accept: application/json {{(pid=99536) process_request /opt/stack/glance/glance/api/middleware/version_negotiation.py:44}}
Jun 30 07:13:32.869071 np0000003947 devstack@g-api.service[99536]: DEBUG glance.api.middleware.version_negotiation [None req-08d154c1-4f36-4db4-ba02-201ac8678bc5 tempest-VolumesActionsTest-1912370129 tempest-VolumesActionsTest-1912370129-project-member] Using url versioning {{(pid=99536) process_request /opt/stack/glance/glance/api/middleware/version_negotiation.py:57}}
Jun 30 07:13:32.869071 np0000003947 devstack@g-api.service[99536]: DEBUG glance.api.middleware.version_negotiation [None req-08d154c1-4f36-4db4-ba02-201ac8678bc5 tempest-VolumesActionsTest-1912370129 tempest-VolumesActionsTest-1912370129-project-member] Matched version: v2 {{(pid=99536) process_request /opt/stack/glance/glance/api/middleware/version_negotiation.py:69}}
Jun 30 07:13:32.869071 np0000003947 devstack@g-api.service[99536]: DEBUG glance.api.middleware.version_negotiation [None req-08d154c1-4f36-4db4-ba02-201ac8678bc5 tempest-VolumesActionsTest-1912370129 tempest-VolumesActionsTest-1912370129-project-member] new path /v2/images/275384c7-722b-4506-a2d7-9735f917a40a {{(pid=99536) process_request /opt/stack/glance/glance/api/middleware/version_negotiation.py:70}}
Jun 30 07:13:32.883535 np0000003947 devstack@g-api.service[99536]: [pid: 99536|app: 0|req: 51/149] 127.0.0.1 () {40 vars in 838 bytes} [Tue Jun 30 07:13:32 2026] GET /v2/images/275384c7-722b-4506-a2d7-9735f917a40a => generated 650 bytes in 15 msecs (HTTP/1.1 200) 4 headers in 157 bytes (1 switches on core 0)
Jun 30 07:13:33.702896 np0000003947 devstack@g-api.service[99534]: DEBUG swiftclient [None req-a5902edb-af38-4d0f-be8d-3233c29242a5 tempest-VolumesActionsTest-1912370129 tempest-VolumesActionsTest-1912370129-project-member] REQ: curl -i https://10.4.3.127:8080/v1/AUTH_87d0392cd90442229b38b07c097f7574/glance/275384c7-722b-4506-a2d7-9735f917a40a-00005 -X PUT -H "X-Auth-Token: gAAAAABqQ2ySHA6o..." {{(pid=99534) http_log /opt/stack/data/venv/lib/python3.12/site-packages/swiftclient/client.py:160}}
Jun 30 07:13:33.703186 np0000003947 devstack@g-api.service[99534]: DEBUG swiftclient [None req-a5902edb-af38-4d0f-be8d-3233c29242a5 tempest-VolumesActionsTest-1912370129 tempest-VolumesActionsTest-1912370129-project-member] RESP STATUS: 201 Created {{(pid=99534) http_log /opt/stack/data/venv/lib/python3.12/site-packages/swiftclient/client.py:161}}
Jun 30 07:13:33.703186 np0000003947 devstack@g-api.service[99534]: DEBUG swiftclient [None req-a5902edb-af38-4d0f-be8d-3233c29242a5 tempest-VolumesActionsTest-1912370129 tempest-VolumesActionsTest-1912370129-project-member] RESP HEADERS: {'Date': 'Tue, 30 Jun 2026 07:13:33 GMT', 'Server': 'Apache/2.4.58 (Ubuntu)', 'Content-Type': 'text/html; charset=UTF-8', 'Content-Length': '0', 'Etag': 'eda9a9889837ac4bc81d6387d92c1bec', 'Last-Modified': 'Tue, 30 Jun 2026 07:13:32 GMT', 'X-Trans-Id': 'tx7bb36e857ae34f4eb95e9-006a436c9b', 'X-Openstack-Request-Id': 'tx7bb36e857ae34f4eb95e9-006a436c9b', 'Connection': 'close'} {{(pid=99534) http_log /opt/stack/data/venv/lib/python3.12/site-packages/swiftclient/client.py:162}}
Jun 30 07:13:33.703351 np0000003947 devstack@g-api.service[99534]: DEBUG glance_store._drivers.swift.store [None req-a5902edb-af38-4d0f-be8d-3233c29242a5 tempest-VolumesActionsTest-1912370129 tempest-VolumesActionsTest-1912370129-project-member] Wrote chunk 275384c7-722b-4506-a2d7-9735f917a40a-00005 (5/?) of length 204800000 to Swift returning MD5 of content: eda9a9889837ac4bc81d6387d92c1bec {{(pid=99534) add /opt/stack/data/venv/lib/python3.12/site-packages/glance_store/_drivers/swift/store.py:1059}}
Jun 30 07:13:33.890791 np0000003947 devstack@g-api.service[99535]: DEBUG glance.api.middleware.version_negotiation [None req-8052c279-1af7-46bf-a8ba-6a47285abf4d tempest-VolumesActionsTest-1912370129 tempest-VolumesActionsTest-1912370129-project-member] Determining version of request: GET /v2/images/275384c7-722b-4506-a2d7-9735f917a40a Accept: application/json {{(pid=99535) process_request /opt/stack/glance/glance/api/middleware/version_negotiation.py:44}}
Jun 30 07:13:33.891261 np0000003947 devstack@g-api.service[99535]: DEBUG glance.api.middleware.version_negotiation [None req-8052c279-1af7-46bf-a8ba-6a47285abf4d tempest-VolumesActionsTest-1912370129 tempest-VolumesActionsTest-1912370129-project-member] Using url versioning {{(pid=99535) process_request /opt/stack/glance/glance/api/middleware/version_negotiation.py:57}}
Jun 30 07:13:33.891261 np0000003947 devstack@g-api.service[99535]: DEBUG glance.api.middleware.version_negotiation [None req-8052c279-1af7-46bf-a8ba-6a47285abf4d tempest-VolumesActionsTest-1912370129 tempest-VolumesActionsTest-1912370129-project-member] Matched version: v2 {{(pid=99535) process_request /opt/stack/glance/glance/api/middleware/version_negotiation.py:69}}
Jun 30 07:13:33.891261 np0000003947 devstack@g-api.service[99535]: DEBUG glance.api.middleware.version_negotiation [None req-8052c279-1af7-46bf-a8ba-6a47285abf4d tempest-VolumesActionsTest-1912370129 tempest-VolumesActionsTest-1912370129-project-member] new path /v2/images/275384c7-722b-4506-a2d7-9735f917a40a {{(pid=99535) process_request /opt/stack/glance/glance/api/middleware/version_negotiation.py:70}}
Jun 30 07:13:33.898751 np0000003947 devstack@g-api.service[99535]: [pid: 99535|app: 0|req: 53/150] 127.0.0.1 () {40 vars in 838 bytes} [Tue Jun 30 07:13:33 2026] GET /v2/images/275384c7-722b-4506-a2d7-9735f917a40a => generated 650 bytes in 8 msecs (HTTP/1.1 200) 4 headers in 157 bytes (1 switches on core 0)
Jun 30 07:13:34.237799 np0000003947 devstack@g-api.service[99534]: DEBUG swiftclient [None req-a5902edb-af38-4d0f-be8d-3233c29242a5 tempest-VolumesActionsTest-1912370129 tempest-VolumesActionsTest-1912370129-project-member] REQ: curl -i https://10.4.3.127:8080/v1/AUTH_87d0392cd90442229b38b07c097f7574/glance/275384c7-722b-4506-a2d7-9735f917a40a-00006 -X PUT -H "X-Auth-Token: gAAAAABqQ2ySHA6o..." {{(pid=99534) http_log /opt/stack/data/venv/lib/python3.12/site-packages/swiftclient/client.py:160}}
Jun 30 07:13:34.237903 np0000003947 devstack@g-api.service[99534]: DEBUG swiftclient [None req-a5902edb-af38-4d0f-be8d-3233c29242a5 tempest-VolumesActionsTest-1912370129 tempest-VolumesActionsTest-1912370129-project-member] RESP STATUS: 201 Created {{(pid=99534) http_log /opt/stack/data/venv/lib/python3.12/site-packages/swiftclient/client.py:161}}
Jun 30 07:13:34.238084 np0000003947 devstack@g-api.service[99534]: DEBUG swiftclient [None req-a5902edb-af38-4d0f-be8d-3233c29242a5 tempest-VolumesActionsTest-1912370129 tempest-VolumesActionsTest-1912370129-project-member] RESP HEADERS: {'Date': 'Tue, 30 Jun 2026 07:13:34 GMT', 'Server': 'Apache/2.4.58 (Ubuntu)', 'Content-Type': 'text/html; charset=UTF-8', 'Content-Length': '0', 'Etag': '708761f3b8777ec77058e63da08eeeb6', 'Last-Modified': 'Tue, 30 Jun 2026 07:13:34 GMT', 'X-Trans-Id': 'tx035a5e59d46b4ad994296-006a436c9d', 'X-Openstack-Request-Id': 'tx035a5e59d46b4ad994296-006a436c9d', 'Connection': 'close'} {{(pid=99534) http_log /opt/stack/data/venv/lib/python3.12/site-packages/swiftclient/client.py:162}}
Jun 30 07:13:34.238225 np0000003947 devstack@g-api.service[99534]: DEBUG glance_store._drivers.swift.store [None req-a5902edb-af38-4d0f-be8d-3233c29242a5 tempest-VolumesActionsTest-1912370129 tempest-VolumesActionsTest-1912370129-project-member] Wrote chunk 275384c7-722b-4506-a2d7-9735f917a40a-00006 (6/?) of length 49741824 to Swift returning MD5 of content: 708761f3b8777ec77058e63da08eeeb6 {{(pid=99534) add /opt/stack/data/venv/lib/python3.12/site-packages/glance_store/_drivers/swift/store.py:1059}}
Jun 30 07:13:34.238502 np0000003947 devstack@g-api.service[99534]: DEBUG glance_store._drivers.swift.store [None req-a5902edb-af38-4d0f-be8d-3233c29242a5 tempest-VolumesActionsTest-1912370129 tempest-VolumesActionsTest-1912370129-project-member] Not writing zero-length chunk. {{(pid=99534) add /opt/stack/data/venv/lib/python3.12/site-packages/glance_store/_drivers/swift/store.py:1028}}
Jun 30 07:13:34.273087 np0000003947 devstack@g-api.service[99534]: DEBUG swiftclient [None req-a5902edb-af38-4d0f-be8d-3233c29242a5 tempest-VolumesActionsTest-1912370129 tempest-VolumesActionsTest-1912370129-project-member] REQ: curl -i https://10.4.3.127:8080/v1/AUTH_87d0392cd90442229b38b07c097f7574/glance/275384c7-722b-4506-a2d7-9735f917a40a -X PUT -H "X-Object-Manifest: glance/275384c7-722b-4506-a2d7-9735f917a40a-" -H "X-Auth-Token: gAAAAABqQ2ySHA6o..." -H "Content-Length: 0" {{(pid=99534) http_log /opt/stack/data/venv/lib/python3.12/site-packages/swiftclient/client.py:160}}
Jun 30 07:13:34.273602 np0000003947 devstack@g-api.service[99534]: DEBUG swiftclient [None req-a5902edb-af38-4d0f-be8d-3233c29242a5 tempest-VolumesActionsTest-1912370129 tempest-VolumesActionsTest-1912370129-project-member] RESP STATUS: 201 Created {{(pid=99534) http_log /opt/stack/data/venv/lib/python3.12/site-packages/swiftclient/client.py:161}}
Jun 30 07:13:34.274243 np0000003947 devstack@g-api.service[99534]: DEBUG swiftclient [None req-a5902edb-af38-4d0f-be8d-3233c29242a5 tempest-VolumesActionsTest-1912370129 tempest-VolumesActionsTest-1912370129-project-member] RESP HEADERS: {'Date': 'Tue, 30 Jun 2026 07:13:34 GMT', 'Server': 'Apache/2.4.58 (Ubuntu)', 'Content-Type': 'text/html; charset=UTF-8', 'Content-Length': '0', 'Etag': 'd41d8cd98f00b204e9800998ecf8427e', 'Last-Modified': 'Tue, 30 Jun 2026 07:13:35 GMT', 'X-Trans-Id': 'txa9ef821ac19e466f9bf28-006a436c9e', 'X-Openstack-Request-Id': 'txa9ef821ac19e466f9bf28-006a436c9e', 'Connection': 'close'} {{(pid=99534) http_log /opt/stack/data/venv/lib/python3.12/site-packages/swiftclient/client.py:162}}
Jun 30 07:13:34.275236 np0000003947 devstack@g-api.service[99534]: INFO glance.location [None req-a5902edb-af38-4d0f-be8d-3233c29242a5 tempest-VolumesActionsTest-1912370129 tempest-VolumesActionsTest-1912370129-project-member] Image format matched and virtual size computed: 1073741824
Jun 30 07:13:34.314065 np0000003947 devstack@g-api.service[99534]: DEBUG glance_store.backend [None req-a5902edb-af38-4d0f-be8d-3233c29242a5 tempest-VolumesActionsTest-1912370129 tempest-VolumesActionsTest-1912370129-project-member] Attempting to import store swift {{(pid=99534) _load_store /opt/stack/data/venv/lib/python3.12/site-packages/glance_store/backend.py:215}}
Jun 30 07:13:34.316049 np0000003947 devstack@g-api.service[99534]: DEBUG glance_store.capabilities [None req-a5902edb-af38-4d0f-be8d-3233c29242a5 tempest-VolumesActionsTest-1912370129 tempest-VolumesActionsTest-1912370129-project-member] Store glance_store._drivers.swift.store.SingleTenantStore doesn't support updating dynamic storage capabilities. Please overwrite 'update_capabilities' method of the store to implement updating logics if needed. {{(pid=99534) update_capabilities /opt/stack/data/venv/lib/python3.12/site-packages/glance_store/capabilities.py:91}}
Jun 30 07:13:34.316288 np0000003947 devstack@g-api.service[99534]: DEBUG glance_store.driver [None req-a5902edb-af38-4d0f-be8d-3233c29242a5 tempest-VolumesActionsTest-1912370129 tempest-VolumesActionsTest-1912370129-project-member] Late loading location class glance_store._drivers.swift.store.StoreLocation {{(pid=99534) get_store_location_class /opt/stack/data/venv/lib/python3.12/site-packages/glance_store/driver.py:134}}
Jun 30 07:13:34.316425 np0000003947 devstack@g-api.service[99534]: DEBUG glance_store.location [None req-a5902edb-af38-4d0f-be8d-3233c29242a5 tempest-VolumesActionsTest-1912370129 tempest-VolumesActionsTest-1912370129-project-member] Registering scheme swift+https with {'store': , 'location_class': , 'store_entry': 'swift'} {{(pid=99534) register_scheme_map /opt/stack/data/venv/lib/python3.12/site-packages/glance_store/location.py:146}}
Jun 30 07:13:34.316543 np0000003947 devstack@g-api.service[99534]: DEBUG glance_store.location [None req-a5902edb-af38-4d0f-be8d-3233c29242a5 tempest-VolumesActionsTest-1912370129 tempest-VolumesActionsTest-1912370129-project-member] Registering scheme swift+https with {'store': , 'location_class': , 'store_entry': 'swift'} {{(pid=99534) register_scheme_map /opt/stack/data/venv/lib/python3.12/site-packages/glance_store/location.py:146}}
Jun 30 07:13:34.316623 np0000003947 devstack@g-api.service[99534]: DEBUG glance_store.location [None req-a5902edb-af38-4d0f-be8d-3233c29242a5 tempest-VolumesActionsTest-1912370129 tempest-VolumesActionsTest-1912370129-project-member] Registering scheme swift with {'store': , 'location_class': , 'store_entry': 'swift'} {{(pid=99534) register_scheme_map /opt/stack/data/venv/lib/python3.12/site-packages/glance_store/location.py:146}}
Jun 30 07:13:34.316745 np0000003947 devstack@g-api.service[99534]: DEBUG glance_store.location [None req-a5902edb-af38-4d0f-be8d-3233c29242a5 tempest-VolumesActionsTest-1912370129 tempest-VolumesActionsTest-1912370129-project-member] Registering scheme swift+https with {'store': , 'location_class': , 'store_entry': 'swift'} {{(pid=99534) register_scheme_map /opt/stack/data/venv/lib/python3.12/site-packages/glance_store/location.py:146}}
Jun 30 07:13:34.316842 np0000003947 devstack@g-api.service[99534]: DEBUG glance_store.location [None req-a5902edb-af38-4d0f-be8d-3233c29242a5 tempest-VolumesActionsTest-1912370129 tempest-VolumesActionsTest-1912370129-project-member] Registering scheme swift with {'store': , 'location_class': , 'store_entry': 'swift'} {{(pid=99534) register_scheme_map /opt/stack/data/venv/lib/python3.12/site-packages/glance_store/location.py:146}}
