Jun 06 03:11:22.494571 np0000002240 devstack@g-api.service[102118]: DEBUG glance.api.middleware.version_negotiation [None req-2deb1a88-2bcc-4619-bf8e-22d21e61fb10 tempest-ServerBootFromVolumeStableRescueTest-1509035060 tempest-ServerBootFromVolumeStableRescueTest-1509035060-project-member] Determining version of request: GET /v2/images/22fbb505-eacc-46a2-9306-2aa9871437a4 Accept: application/json {{(pid=102118) process_request /opt/stack/glance/glance/api/middleware/version_negotiation.py:44}}
Jun 06 03:11:22.495314 np0000002240 devstack@g-api.service[102118]: DEBUG glance.api.middleware.version_negotiation [None req-2deb1a88-2bcc-4619-bf8e-22d21e61fb10 tempest-ServerBootFromVolumeStableRescueTest-1509035060 tempest-ServerBootFromVolumeStableRescueTest-1509035060-project-member] Using url versioning {{(pid=102118) process_request /opt/stack/glance/glance/api/middleware/version_negotiation.py:57}}
Jun 06 03:11:22.495314 np0000002240 devstack@g-api.service[102118]: DEBUG glance.api.middleware.version_negotiation [None req-2deb1a88-2bcc-4619-bf8e-22d21e61fb10 tempest-ServerBootFromVolumeStableRescueTest-1509035060 tempest-ServerBootFromVolumeStableRescueTest-1509035060-project-member] Matched version: v2 {{(pid=102118) process_request /opt/stack/glance/glance/api/middleware/version_negotiation.py:69}}
Jun 06 03:11:22.495314 np0000002240 devstack@g-api.service[102118]: DEBUG glance.api.middleware.version_negotiation [None req-2deb1a88-2bcc-4619-bf8e-22d21e61fb10 tempest-ServerBootFromVolumeStableRescueTest-1509035060 tempest-ServerBootFromVolumeStableRescueTest-1509035060-project-member] new path /v2/images/22fbb505-eacc-46a2-9306-2aa9871437a4 {{(pid=102118) process_request /opt/stack/glance/glance/api/middleware/version_negotiation.py:70}}
Jun 06 03:11:22.509970 np0000002240 devstack@g-api.service[102118]: [pid: 102118|app: 0|req: 49/163] 127.0.0.1 () {40 vars in 834 bytes} [Sat Jun 6 03:11:22 2026] GET /v2/images/22fbb505-eacc-46a2-9306-2aa9871437a4 => generated 1359 bytes in 16 msecs (HTTP/1.1 200) 4 headers in 158 bytes (1 switches on core 0)
Jun 06 03:11:23.060482 np0000002240 devstack@g-api.service[102119]: DEBUG glance.api.middleware.version_negotiation [None req-f518918e-20ef-46a3-b0f2-5bc519224304 tempest-VolumesActionsTest-2066997339 tempest-VolumesActionsTest-2066997339-project-member] Determining version of request: GET /v2/images/46bb5d12-a958-4388-b101-32bbf2a694b3 Accept: application/json {{(pid=102119) process_request /opt/stack/glance/glance/api/middleware/version_negotiation.py:44}}
Jun 06 03:11:23.060893 np0000002240 devstack@g-api.service[102119]: DEBUG glance.api.middleware.version_negotiation [None req-f518918e-20ef-46a3-b0f2-5bc519224304 tempest-VolumesActionsTest-2066997339 tempest-VolumesActionsTest-2066997339-project-member] Using url versioning {{(pid=102119) process_request /opt/stack/glance/glance/api/middleware/version_negotiation.py:57}}
Jun 06 03:11:23.060893 np0000002240 devstack@g-api.service[102119]: DEBUG glance.api.middleware.version_negotiation [None req-f518918e-20ef-46a3-b0f2-5bc519224304 tempest-VolumesActionsTest-2066997339 tempest-VolumesActionsTest-2066997339-project-member] Matched version: v2 {{(pid=102119) process_request /opt/stack/glance/glance/api/middleware/version_negotiation.py:69}}
Jun 06 03:11:23.061012 np0000002240 devstack@g-api.service[102119]: DEBUG glance.api.middleware.version_negotiation [None req-f518918e-20ef-46a3-b0f2-5bc519224304 tempest-VolumesActionsTest-2066997339 tempest-VolumesActionsTest-2066997339-project-member] new path /v2/images/46bb5d12-a958-4388-b101-32bbf2a694b3 {{(pid=102119) process_request /opt/stack/glance/glance/api/middleware/version_negotiation.py:70}}
Jun 06 03:11:23.070971 np0000002240 devstack@g-api.service[102119]: [pid: 102119|app: 0|req: 60/164] 127.0.0.1 () {40 vars in 834 bytes} [Sat Jun 6 03:11:23 2026] GET /v2/images/46bb5d12-a958-4388-b101-32bbf2a694b3 => generated 652 bytes in 11 msecs (HTTP/1.1 200) 4 headers in 157 bytes (1 switches on core 0)
Jun 06 03:11:23.518371 np0000002240 devstack@g-api.service[102117]: DEBUG glance.api.middleware.version_negotiation [None req-2deb1a88-2bcc-4619-bf8e-22d21e61fb10 tempest-ServerBootFromVolumeStableRescueTest-1509035060 tempest-ServerBootFromVolumeStableRescueTest-1509035060-project-member] Determining version of request: GET /v2/images/22fbb505-eacc-46a2-9306-2aa9871437a4 Accept: application/json {{(pid=102117) process_request /opt/stack/glance/glance/api/middleware/version_negotiation.py:44}}
Jun 06 03:11:23.518808 np0000002240 devstack@g-api.service[102117]: DEBUG glance.api.middleware.version_negotiation [None req-2deb1a88-2bcc-4619-bf8e-22d21e61fb10 tempest-ServerBootFromVolumeStableRescueTest-1509035060 tempest-ServerBootFromVolumeStableRescueTest-1509035060-project-member] Using url versioning {{(pid=102117) process_request /opt/stack/glance/glance/api/middleware/version_negotiation.py:57}}
Jun 06 03:11:23.518808 np0000002240 devstack@g-api.service[102117]: DEBUG glance.api.middleware.version_negotiation [None req-2deb1a88-2bcc-4619-bf8e-22d21e61fb10 tempest-ServerBootFromVolumeStableRescueTest-1509035060 tempest-ServerBootFromVolumeStableRescueTest-1509035060-project-member] Matched version: v2 {{(pid=102117) process_request /opt/stack/glance/glance/api/middleware/version_negotiation.py:69}}
Jun 06 03:11:23.518808 np0000002240 devstack@g-api.service[102117]: DEBUG glance.api.middleware.version_negotiation [None req-2deb1a88-2bcc-4619-bf8e-22d21e61fb10 tempest-ServerBootFromVolumeStableRescueTest-1509035060 tempest-ServerBootFromVolumeStableRescueTest-1509035060-project-member] new path /v2/images/22fbb505-eacc-46a2-9306-2aa9871437a4 {{(pid=102117) process_request /opt/stack/glance/glance/api/middleware/version_negotiation.py:70}}
Jun 06 03:11:23.534100 np0000002240 devstack@g-api.service[102117]: [pid: 102117|app: 0|req: 56/165] 127.0.0.1 () {40 vars in 834 bytes} [Sat Jun 6 03:11:23 2026] GET /v2/images/22fbb505-eacc-46a2-9306-2aa9871437a4 => generated 1359 bytes in 16 msecs (HTTP/1.1 200) 4 headers in 158 bytes (1 switches on core 0)
Jun 06 03:11:24.079685 np0000002240 devstack@g-api.service[102118]: DEBUG glance.api.middleware.version_negotiation [None req-0c45fd9b-e56d-474f-afce-3c9177a46f00 tempest-ServerBootFromVolumeStableRescueTest-1509035060 tempest-ServerBootFromVolumeStableRescueTest-1509035060-project-member] Determining version of request: GET /v2/images/46bb5d12-a958-4388-b101-32bbf2a694b3 Accept: application/json {{(pid=102118) process_request /opt/stack/glance/glance/api/middleware/version_negotiation.py:44}}
Jun 06 03:11:24.079685 np0000002240 devstack@g-api.service[102118]: DEBUG glance.api.middleware.version_negotiation [None req-0c45fd9b-e56d-474f-afce-3c9177a46f00 tempest-ServerBootFromVolumeStableRescueTest-1509035060 tempest-ServerBootFromVolumeStableRescueTest-1509035060-project-member] Using url versioning {{(pid=102118) process_request /opt/stack/glance/glance/api/middleware/version_negotiation.py:57}}
Jun 06 03:11:24.079685 np0000002240 devstack@g-api.service[102118]: DEBUG glance.api.middleware.version_negotiation [None req-0c45fd9b-e56d-474f-afce-3c9177a46f00 tempest-ServerBootFromVolumeStableRescueTest-1509035060 tempest-ServerBootFromVolumeStableRescueTest-1509035060-project-member] Matched version: v2 {{(pid=102118) process_request /opt/stack/glance/glance/api/middleware/version_negotiation.py:69}}
Jun 06 03:11:24.079685 np0000002240 devstack@g-api.service[102118]: DEBUG glance.api.middleware.version_negotiation [None req-0c45fd9b-e56d-474f-afce-3c9177a46f00 tempest-ServerBootFromVolumeStableRescueTest-1509035060 tempest-ServerBootFromVolumeStableRescueTest-1509035060-project-member] new path /v2/images/46bb5d12-a958-4388-b101-32bbf2a694b3 {{(pid=102118) process_request /opt/stack/glance/glance/api/middleware/version_negotiation.py:70}}
Jun 06 03:11:24.087742 np0000002240 devstack@g-api.service[102118]: [pid: 102118|app: 0|req: 50/166] 127.0.0.1 () {40 vars in 834 bytes} [Sat Jun 6 03:11:24 2026] GET /v2/images/46bb5d12-a958-4388-b101-32bbf2a694b3 => generated 652 bytes in 9 msecs (HTTP/1.1 200) 4 headers in 157 bytes (1 switches on core 0)
Jun 06 03:11:24.546341 np0000002240 devstack@g-api.service[102119]: DEBUG glance.api.middleware.version_negotiation [None req-00ab4f9e-ca50-49eb-8292-cb6986b8be80 tempest-VolumesActionsTest-2066997339 tempest-VolumesActionsTest-2066997339-project-member] Determining version of request: GET /v2/images/22fbb505-eacc-46a2-9306-2aa9871437a4 Accept: application/json {{(pid=102119) process_request /opt/stack/glance/glance/api/middleware/version_negotiation.py:44}}
Jun 06 03:11:24.546706 np0000002240 devstack@g-api.service[102119]: DEBUG glance.api.middleware.version_negotiation [None req-00ab4f9e-ca50-49eb-8292-cb6986b8be80 tempest-VolumesActionsTest-2066997339 tempest-VolumesActionsTest-2066997339-project-member] Using url versioning {{(pid=102119) process_request /opt/stack/glance/glance/api/middleware/version_negotiation.py:57}}
Jun 06 03:11:24.546706 np0000002240 devstack@g-api.service[102119]: DEBUG glance.api.middleware.version_negotiation [None req-00ab4f9e-ca50-49eb-8292-cb6986b8be80 tempest-VolumesActionsTest-2066997339 tempest-VolumesActionsTest-2066997339-project-member] Matched version: v2 {{(pid=102119) process_request /opt/stack/glance/glance/api/middleware/version_negotiation.py:69}}
Jun 06 03:11:24.546835 np0000002240 devstack@g-api.service[102119]: DEBUG glance.api.middleware.version_negotiation [None req-00ab4f9e-ca50-49eb-8292-cb6986b8be80 tempest-VolumesActionsTest-2066997339 tempest-VolumesActionsTest-2066997339-project-member] new path /v2/images/22fbb505-eacc-46a2-9306-2aa9871437a4 {{(pid=102119) process_request /opt/stack/glance/glance/api/middleware/version_negotiation.py:70}}
Jun 06 03:11:24.558816 np0000002240 devstack@g-api.service[102119]: [pid: 102119|app: 0|req: 61/167] 127.0.0.1 () {40 vars in 834 bytes} [Sat Jun 6 03:11:24 2026] GET /v2/images/22fbb505-eacc-46a2-9306-2aa9871437a4 => generated 1359 bytes in 13 msecs (HTTP/1.1 200) 4 headers in 158 bytes (1 switches on core 0)
Jun 06 03:11:24.928149 np0000002240 devstack@g-api.service[102117]: DEBUG glance.api.middleware.version_negotiation [None req-a6a0afd6-f9bf-4506-b79c-bb62c728a944 tempest-ServerBootFromVolumeStableRescueTest-1509035060 tempest-ServerBootFromVolumeStableRescueTest-1509035060-project-member] Determining version of request: GET /v2/images/22fbb505-eacc-46a2-9306-2aa9871437a4 Accept: */* {{(pid=102117) process_request /opt/stack/glance/glance/api/middleware/version_negotiation.py:44}}
Jun 06 03:11:24.929207 np0000002240 devstack@g-api.service[102117]: DEBUG glance.api.middleware.version_negotiation [None req-a6a0afd6-f9bf-4506-b79c-bb62c728a944 tempest-ServerBootFromVolumeStableRescueTest-1509035060 tempest-ServerBootFromVolumeStableRescueTest-1509035060-project-member] Using url versioning {{(pid=102117) process_request /opt/stack/glance/glance/api/middleware/version_negotiation.py:57}}
Jun 06 03:11:24.929207 np0000002240 devstack@g-api.service[102117]: DEBUG glance.api.middleware.version_negotiation [None req-a6a0afd6-f9bf-4506-b79c-bb62c728a944 tempest-ServerBootFromVolumeStableRescueTest-1509035060 tempest-ServerBootFromVolumeStableRescueTest-1509035060-project-member] Matched version: v2 {{(pid=102117) process_request /opt/stack/glance/glance/api/middleware/version_negotiation.py:69}}
Jun 06 03:11:24.929207 np0000002240 devstack@g-api.service[102117]: DEBUG glance.api.middleware.version_negotiation [None req-a6a0afd6-f9bf-4506-b79c-bb62c728a944 tempest-ServerBootFromVolumeStableRescueTest-1509035060 tempest-ServerBootFromVolumeStableRescueTest-1509035060-project-member] new path /v2/images/22fbb505-eacc-46a2-9306-2aa9871437a4 {{(pid=102117) process_request /opt/stack/glance/glance/api/middleware/version_negotiation.py:70}}
Jun 06 03:11:24.946164 np0000002240 devstack@g-api.service[102117]: [pid: 102117|app: 0|req: 57/168] 127.0.0.1 () {44 vars in 1111 bytes} [Sat Jun 6 03:11:24 2026] GET /v2/images/22fbb505-eacc-46a2-9306-2aa9871437a4 => generated 1359 bytes in 16 msecs (HTTP/1.1 200) 4 headers in 158 bytes (1 switches on core 0)
Jun 06 03:11:24.993042 np0000002240 devstack@g-api.service[102118]: DEBUG glance.api.middleware.version_negotiation [None req-2ac85ced-368c-4cbf-b248-69117efe081b tempest-VolumesActionsTest-2066997339 tempest-VolumesActionsTest-2066997339-project-member] Determining version of request: GET /v2/schemas/image Accept: */* {{(pid=102118) process_request /opt/stack/glance/glance/api/middleware/version_negotiation.py:44}}
Jun 06 03:11:24.993301 np0000002240 devstack@g-api.service[102118]: DEBUG glance.api.middleware.version_negotiation [None req-2ac85ced-368c-4cbf-b248-69117efe081b tempest-VolumesActionsTest-2066997339 tempest-VolumesActionsTest-2066997339-project-member] Using url versioning {{(pid=102118) process_request /opt/stack/glance/glance/api/middleware/version_negotiation.py:57}}
Jun 06 03:11:24.993477 np0000002240 devstack@g-api.service[102118]: DEBUG glance.api.middleware.version_negotiation [None req-2ac85ced-368c-4cbf-b248-69117efe081b tempest-VolumesActionsTest-2066997339 tempest-VolumesActionsTest-2066997339-project-member] Matched version: v2 {{(pid=102118) process_request /opt/stack/glance/glance/api/middleware/version_negotiation.py:69}}
Jun 06 03:11:24.993643 np0000002240 devstack@g-api.service[102118]: DEBUG glance.api.middleware.version_negotiation [None req-2ac85ced-368c-4cbf-b248-69117efe081b tempest-VolumesActionsTest-2066997339 tempest-VolumesActionsTest-2066997339-project-member] new path /v2/schemas/image {{(pid=102118) process_request /opt/stack/glance/glance/api/middleware/version_negotiation.py:70}}
Jun 06 03:11:24.996658 np0000002240 devstack@g-api.service[102118]: [pid: 102118|app: 0|req: 51/169] 127.0.0.1 () {44 vars in 1051 bytes} [Sat Jun 6 03:11:24 2026] GET /v2/schemas/image => generated 6083 bytes in 4 msecs (HTTP/1.1 200) 4 headers in 158 bytes (1 switches on core 0)
Jun 06 03:11:25.048847 np0000002240 devstack@g-api.service[102119]: DEBUG glance.api.middleware.version_negotiation [None req-8fd86dd8-7841-4066-8637-c7dd284e84d8 tempest-ServerBootFromVolumeStableRescueTest-1509035060 tempest-ServerBootFromVolumeStableRescueTest-1509035060-project-member] Determining version of request: GET /v2/schemas/image Accept: */* {{(pid=102119) process_request /opt/stack/glance/glance/api/middleware/version_negotiation.py:44}}
Jun 06 03:11:25.049013 np0000002240 devstack@g-api.service[102119]: DEBUG glance.api.middleware.version_negotiation [None req-8fd86dd8-7841-4066-8637-c7dd284e84d8 tempest-ServerBootFromVolumeStableRescueTest-1509035060 tempest-ServerBootFromVolumeStableRescueTest-1509035060-project-member] Using url versioning {{(pid=102119) process_request /opt/stack/glance/glance/api/middleware/version_negotiation.py:57}}
Jun 06 03:11:25.049215 np0000002240 devstack@g-api.service[102119]: DEBUG glance.api.middleware.version_negotiation [None req-8fd86dd8-7841-4066-8637-c7dd284e84d8 tempest-ServerBootFromVolumeStableRescueTest-1509035060 tempest-ServerBootFromVolumeStableRescueTest-1509035060-project-member] Matched version: v2 {{(pid=102119) process_request /opt/stack/glance/glance/api/middleware/version_negotiation.py:69}}
Jun 06 03:11:25.049394 np0000002240 devstack@g-api.service[102119]: DEBUG glance.api.middleware.version_negotiation [None req-8fd86dd8-7841-4066-8637-c7dd284e84d8 tempest-ServerBootFromVolumeStableRescueTest-1509035060 tempest-ServerBootFromVolumeStableRescueTest-1509035060-project-member] new path /v2/schemas/image {{(pid=102119) process_request /opt/stack/glance/glance/api/middleware/version_negotiation.py:70}}
Jun 06 03:11:25.053532 np0000002240 devstack@g-api.service[102119]: [pid: 102119|app: 0|req: 62/170] 127.0.0.1 () {44 vars in 1051 bytes} [Sat Jun 6 03:11:25 2026] GET /v2/schemas/image => generated 6083 bytes in 5 msecs (HTTP/1.1 200) 4 headers in 158 bytes (1 switches on core 0)
Jun 06 03:11:25.094999 np0000002240 devstack@g-api.service[102117]: DEBUG glance.api.middleware.version_negotiation [None req-2deb1a88-2bcc-4619-bf8e-22d21e61fb10 tempest-ServerBootFromVolumeStableRescueTest-1509035060 tempest-ServerBootFromVolumeStableRescueTest-1509035060-project-member] Determining version of request: PATCH /v2/images/22fbb505-eacc-46a2-9306-2aa9871437a4 Accept: */* {{(pid=102117) process_request /opt/stack/glance/glance/api/middleware/version_negotiation.py:44}}
Jun 06 03:11:25.095297 np0000002240 devstack@g-api.service[102117]: DEBUG glance.api.middleware.version_negotiation [None req-2deb1a88-2bcc-4619-bf8e-22d21e61fb10 tempest-ServerBootFromVolumeStableRescueTest-1509035060 tempest-ServerBootFromVolumeStableRescueTest-1509035060-project-member] Using url versioning {{(pid=102117) process_request /opt/stack/glance/glance/api/middleware/version_negotiation.py:57}}
Jun 06 03:11:25.095500 np0000002240 devstack@g-api.service[102117]: DEBUG glance.api.middleware.version_negotiation [None req-2deb1a88-2bcc-4619-bf8e-22d21e61fb10 tempest-ServerBootFromVolumeStableRescueTest-1509035060 tempest-ServerBootFromVolumeStableRescueTest-1509035060-project-member] Matched version: v2 {{(pid=102117) process_request /opt/stack/glance/glance/api/middleware/version_negotiation.py:69}}
Jun 06 03:11:25.095777 np0000002240 devstack@g-api.service[102117]: DEBUG glance.api.middleware.version_negotiation [None req-2deb1a88-2bcc-4619-bf8e-22d21e61fb10 tempest-ServerBootFromVolumeStableRescueTest-1509035060 tempest-ServerBootFromVolumeStableRescueTest-1509035060-project-member] new path /v2/images/22fbb505-eacc-46a2-9306-2aa9871437a4 {{(pid=102117) process_request /opt/stack/glance/glance/api/middleware/version_negotiation.py:70}}
Jun 06 03:11:25.096867 np0000002240 devstack@g-api.service[102118]: DEBUG glance.api.middleware.version_negotiation [None req-2deb1a88-2bcc-4619-bf8e-22d21e61fb10 tempest-ServerBootFromVolumeStableRescueTest-1509035060 tempest-ServerBootFromVolumeStableRescueTest-1509035060-project-member] Determining version of request: GET /v2/images/46bb5d12-a958-4388-b101-32bbf2a694b3 Accept: application/json {{(pid=102118) process_request /opt/stack/glance/glance/api/middleware/version_negotiation.py:44}}
Jun 06 03:11:25.097186 np0000002240 devstack@g-api.service[102118]: DEBUG glance.api.middleware.version_negotiation [None req-2deb1a88-2bcc-4619-bf8e-22d21e61fb10 tempest-ServerBootFromVolumeStableRescueTest-1509035060 tempest-ServerBootFromVolumeStableRescueTest-1509035060-project-member] Using url versioning {{(pid=102118) process_request /opt/stack/glance/glance/api/middleware/version_negotiation.py:57}}
Jun 06 03:11:25.097186 np0000002240 devstack@g-api.service[102118]: DEBUG glance.api.middleware.version_negotiation [None req-2deb1a88-2bcc-4619-bf8e-22d21e61fb10 tempest-ServerBootFromVolumeStableRescueTest-1509035060 tempest-ServerBootFromVolumeStableRescueTest-1509035060-project-member] Matched version: v2 {{(pid=102118) process_request /opt/stack/glance/glance/api/middleware/version_negotiation.py:69}}
Jun 06 03:11:25.097257 np0000002240 devstack@g-api.service[102118]: DEBUG glance.api.middleware.version_negotiation [None req-2deb1a88-2bcc-4619-bf8e-22d21e61fb10 tempest-ServerBootFromVolumeStableRescueTest-1509035060 tempest-ServerBootFromVolumeStableRescueTest-1509035060-project-member] new path /v2/images/46bb5d12-a958-4388-b101-32bbf2a694b3 {{(pid=102118) process_request /opt/stack/glance/glance/api/middleware/version_negotiation.py:70}}
Jun 06 03:11:25.114264 np0000002240 devstack@g-api.service[102118]: [pid: 102118|app: 0|req: 52/171] 127.0.0.1 () {40 vars in 834 bytes} [Sat Jun 6 03:11:25 2026] GET /v2/images/46bb5d12-a958-4388-b101-32bbf2a694b3 => generated 652 bytes in 17 msecs (HTTP/1.1 200) 4 headers in 157 bytes (1 switches on core 0)
Jun 06 03:11:25.269768 np0000002240 devstack@g-api.service[102117]: [pid: 102117|app: 0|req: 58/172] 127.0.0.1 () {46 vars in 1154 bytes} [Sat Jun 6 03:11:25 2026] PATCH /v2/images/22fbb505-eacc-46a2-9306-2aa9871437a4 => generated 1470 bytes in 173 msecs (HTTP/1.1 200) 4 headers in 158 bytes (1 switches on core 0)
Jun 06 03:11:25.353958 np0000002240 devstack@g-api.service[102119]: DEBUG glance.api.middleware.version_negotiation [None req-2deb1a88-2bcc-4619-bf8e-22d21e61fb10 tempest-ServerBootFromVolumeStableRescueTest-1509035060 tempest-ServerBootFromVolumeStableRescueTest-1509035060-project-member] Determining version of request: GET /v2/images/22fbb505-eacc-46a2-9306-2aa9871437a4 Accept: */* {{(pid=102119) process_request /opt/stack/glance/glance/api/middleware/version_negotiation.py:44}}
Jun 06 03:11:25.354034 np0000002240 devstack@g-api.service[102119]: DEBUG glance.api.middleware.version_negotiation [None req-2deb1a88-2bcc-4619-bf8e-22d21e61fb10 tempest-ServerBootFromVolumeStableRescueTest-1509035060 tempest-ServerBootFromVolumeStableRescueTest-1509035060-project-member] Using url versioning {{(pid=102119) process_request /opt/stack/glance/glance/api/middleware/version_negotiation.py:57}}
Jun 06 03:11:25.354205 np0000002240 devstack@g-api.service[102119]: DEBUG glance.api.middleware.version_negotiation [None req-2deb1a88-2bcc-4619-bf8e-22d21e61fb10 tempest-ServerBootFromVolumeStableRescueTest-1509035060 tempest-ServerBootFromVolumeStableRescueTest-1509035060-project-member] Matched version: v2 {{(pid=102119) process_request /opt/stack/glance/glance/api/middleware/version_negotiation.py:69}}
Jun 06 03:11:25.354354 np0000002240 devstack@g-api.service[102119]: DEBUG glance.api.middleware.version_negotiation [None req-2deb1a88-2bcc-4619-bf8e-22d21e61fb10 tempest-ServerBootFromVolumeStableRescueTest-1509035060 tempest-ServerBootFromVolumeStableRescueTest-1509035060-project-member] new path /v2/images/22fbb505-eacc-46a2-9306-2aa9871437a4 {{(pid=102119) process_request /opt/stack/glance/glance/api/middleware/version_negotiation.py:70}}
Jun 06 03:11:25.374610 np0000002240 devstack@g-api.service[102119]: [pid: 102119|app: 0|req: 63/173] 127.0.0.1 () {44 vars in 1111 bytes} [Sat Jun 6 03:11:25 2026] GET /v2/images/22fbb505-eacc-46a2-9306-2aa9871437a4 => generated 1470 bytes in 21 msecs (HTTP/1.1 200) 4 headers in 158 bytes (1 switches on core 0)
Jun 06 03:11:25.466561 np0000002240 devstack@g-api.service[102118]: DEBUG glance.api.middleware.version_negotiation [None req-3ae907a9-57d9-47d8-aad2-1e56e931aa8c tempest-VolumesActionsTest-2066997339 tempest-VolumesActionsTest-2066997339-project-member] Determining version of request: PUT /v2/images/22fbb505-eacc-46a2-9306-2aa9871437a4/file Accept: */* {{(pid=102118) process_request /opt/stack/glance/glance/api/middleware/version_negotiation.py:44}}
Jun 06 03:11:25.467535 np0000002240 devstack@g-api.service[102118]: DEBUG glance.api.middleware.version_negotiation [None req-3ae907a9-57d9-47d8-aad2-1e56e931aa8c tempest-VolumesActionsTest-2066997339 tempest-VolumesActionsTest-2066997339-project-member] Using url versioning {{(pid=102118) process_request /opt/stack/glance/glance/api/middleware/version_negotiation.py:57}}
Jun 06 03:11:25.468097 np0000002240 devstack@g-api.service[102118]: DEBUG glance.api.middleware.version_negotiation [None req-3ae907a9-57d9-47d8-aad2-1e56e931aa8c tempest-VolumesActionsTest-2066997339 tempest-VolumesActionsTest-2066997339-project-member] Matched version: v2 {{(pid=102118) process_request /opt/stack/glance/glance/api/middleware/version_negotiation.py:69}}
Jun 06 03:11:25.468496 np0000002240 devstack@g-api.service[102118]: DEBUG glance.api.middleware.version_negotiation [None req-3ae907a9-57d9-47d8-aad2-1e56e931aa8c tempest-VolumesActionsTest-2066997339 tempest-VolumesActionsTest-2066997339-project-member] new path /v2/images/22fbb505-eacc-46a2-9306-2aa9871437a4/file {{(pid=102118) process_request /opt/stack/glance/glance/api/middleware/version_negotiation.py:70}}
Jun 06 03:11:25.573156 np0000002240 devstack@g-api.service[102117]: DEBUG glance.api.middleware.version_negotiation [None req-2deb1a88-2bcc-4619-bf8e-22d21e61fb10 tempest-ServerBootFromVolumeStableRescueTest-1509035060 tempest-ServerBootFromVolumeStableRescueTest-1509035060-project-member] Determining version of request: GET /v2/images/22fbb505-eacc-46a2-9306-2aa9871437a4 Accept: application/json {{(pid=102117) process_request /opt/stack/glance/glance/api/middleware/version_negotiation.py:44}}
Jun 06 03:11:25.573156 np0000002240 devstack@g-api.service[102117]: DEBUG glance.api.middleware.version_negotiation [None req-2deb1a88-2bcc-4619-bf8e-22d21e61fb10 tempest-ServerBootFromVolumeStableRescueTest-1509035060 tempest-ServerBootFromVolumeStableRescueTest-1509035060-project-member] Using url versioning {{(pid=102117) process_request /opt/stack/glance/glance/api/middleware/version_negotiation.py:57}}
Jun 06 03:11:25.573650 np0000002240 devstack@g-api.service[102117]: DEBUG glance.api.middleware.version_negotiation [None req-2deb1a88-2bcc-4619-bf8e-22d21e61fb10 tempest-ServerBootFromVolumeStableRescueTest-1509035060 tempest-ServerBootFromVolumeStableRescueTest-1509035060-project-member] Matched version: v2 {{(pid=102117) process_request /opt/stack/glance/glance/api/middleware/version_negotiation.py:69}}
Jun 06 03:11:25.573759 np0000002240 devstack@g-api.service[102117]: DEBUG glance.api.middleware.version_negotiation [None req-2deb1a88-2bcc-4619-bf8e-22d21e61fb10 tempest-ServerBootFromVolumeStableRescueTest-1509035060 tempest-ServerBootFromVolumeStableRescueTest-1509035060-project-member] new path /v2/images/22fbb505-eacc-46a2-9306-2aa9871437a4 {{(pid=102117) process_request /opt/stack/glance/glance/api/middleware/version_negotiation.py:70}}
Jun 06 03:11:25.591247 np0000002240 devstack@g-api.service[102117]: [pid: 102117|app: 0|req: 59/174] 127.0.0.1 () {40 vars in 834 bytes} [Sat Jun 6 03:11:25 2026] GET /v2/images/22fbb505-eacc-46a2-9306-2aa9871437a4 => generated 1470 bytes in 19 msecs (HTTP/1.1 200) 4 headers in 158 bytes (1 switches on core 0)
Jun 06 03:11:26.124549 np0000002240 devstack@g-api.service[102119]: DEBUG glance.api.middleware.version_negotiation [None req-2deb1a88-2bcc-4619-bf8e-22d21e61fb10 tempest-ServerBootFromVolumeStableRescueTest-1509035060 tempest-ServerBootFromVolumeStableRescueTest-1509035060-project-member] Determining version of request: GET /v2/images/46bb5d12-a958-4388-b101-32bbf2a694b3 Accept: application/json {{(pid=102119) process_request /opt/stack/glance/glance/api/middleware/version_negotiation.py:44}}
Jun 06 03:11:26.124953 np0000002240 devstack@g-api.service[102119]: DEBUG glance.api.middleware.version_negotiation [None req-2deb1a88-2bcc-4619-bf8e-22d21e61fb10 tempest-ServerBootFromVolumeStableRescueTest-1509035060 tempest-ServerBootFromVolumeStableRescueTest-1509035060-project-member] Using url versioning {{(pid=102119) process_request /opt/stack/glance/glance/api/middleware/version_negotiation.py:57}}
Jun 06 03:11:26.124953 np0000002240 devstack@g-api.service[102119]: DEBUG glance.api.middleware.version_negotiation [None req-2deb1a88-2bcc-4619-bf8e-22d21e61fb10 tempest-ServerBootFromVolumeStableRescueTest-1509035060 tempest-ServerBootFromVolumeStableRescueTest-1509035060-project-member] Matched version: v2 {{(pid=102119) process_request /opt/stack/glance/glance/api/middleware/version_negotiation.py:69}}
Jun 06 03:11:26.125056 np0000002240 devstack@g-api.service[102119]: DEBUG glance.api.middleware.version_negotiation [None req-2deb1a88-2bcc-4619-bf8e-22d21e61fb10 tempest-ServerBootFromVolumeStableRescueTest-1509035060 tempest-ServerBootFromVolumeStableRescueTest-1509035060-project-member] new path /v2/images/46bb5d12-a958-4388-b101-32bbf2a694b3 {{(pid=102119) process_request /opt/stack/glance/glance/api/middleware/version_negotiation.py:70}}
Jun 06 03:11:26.138318 np0000002240 devstack@g-api.service[102119]: [pid: 102119|app: 0|req: 64/175] 127.0.0.1 () {40 vars in 834 bytes} [Sat Jun 6 03:11:26 2026] GET /v2/images/46bb5d12-a958-4388-b101-32bbf2a694b3 => generated 652 bytes in 12 msecs (HTTP/1.1 200) 4 headers in 157 bytes (1 switches on core 0)
Jun 06 03:11:26.257418 np0000002240 devstack@g-api.service[102118]: INFO glance.api.v2.image_data [None req-2deb1a88-2bcc-4619-bf8e-22d21e61fb10 tempest-ServerBootFromVolumeStableRescueTest-1509035060 tempest-ServerBootFromVolumeStableRescueTest-1509035060-project-member] Unable to create trust: no such option collect_timing in group [keystone_authtoken] Use the existing user token.
Jun 06 03:11:26.601772 np0000002240 devstack@g-api.service[102117]: DEBUG glance.api.middleware.version_negotiation [None req-d6cb28d3-3179-467e-8f21-0ef486656b89 tempest-ServerBootFromVolumeStableRescueTest-1509035060 tempest-ServerBootFromVolumeStableRescueTest-1509035060-project-member] Determining version of request: GET /v2/images/22fbb505-eacc-46a2-9306-2aa9871437a4 Accept: application/json {{(pid=102117) process_request /opt/stack/glance/glance/api/middleware/version_negotiation.py:44}}
Jun 06 03:11:26.602187 np0000002240 devstack@g-api.service[102117]: DEBUG glance.api.middleware.version_negotiation [None req-d6cb28d3-3179-467e-8f21-0ef486656b89 tempest-ServerBootFromVolumeStableRescueTest-1509035060 tempest-ServerBootFromVolumeStableRescueTest-1509035060-project-member] Using url versioning {{(pid=102117) process_request /opt/stack/glance/glance/api/middleware/version_negotiation.py:57}}
Jun 06 03:11:26.602187 np0000002240 devstack@g-api.service[102117]: DEBUG glance.api.middleware.version_negotiation [None req-d6cb28d3-3179-467e-8f21-0ef486656b89 tempest-ServerBootFromVolumeStableRescueTest-1509035060 tempest-ServerBootFromVolumeStableRescueTest-1509035060-project-member] Matched version: v2 {{(pid=102117) process_request /opt/stack/glance/glance/api/middleware/version_negotiation.py:69}}
Jun 06 03:11:26.602187 np0000002240 devstack@g-api.service[102117]: DEBUG glance.api.middleware.version_negotiation [None req-d6cb28d3-3179-467e-8f21-0ef486656b89 tempest-ServerBootFromVolumeStableRescueTest-1509035060 tempest-ServerBootFromVolumeStableRescueTest-1509035060-project-member] new path /v2/images/22fbb505-eacc-46a2-9306-2aa9871437a4 {{(pid=102117) process_request /opt/stack/glance/glance/api/middleware/version_negotiation.py:70}}
Jun 06 03:11:26.617979 np0000002240 devstack@g-api.service[102117]: [pid: 102117|app: 0|req: 60/176] 127.0.0.1 () {40 vars in 834 bytes} [Sat Jun 6 03:11:26 2026] GET /v2/images/22fbb505-eacc-46a2-9306-2aa9871437a4 => generated 1470 bytes in 16 msecs (HTTP/1.1 200) 4 headers in 158 bytes (1 switches on core 0)
Jun 06 03:11:27.022792 np0000002240 devstack@g-api.service[102118]: DEBUG glance.location [None req-2deb1a88-2bcc-4619-bf8e-22d21e61fb10 tempest-ServerBootFromVolumeStableRescueTest-1509035060 tempest-ServerBootFromVolumeStableRescueTest-1509035060-project-member] Enabling in-flight format inspection for qcow2 {{(pid=102118) set_data /opt/stack/glance/glance/location.py:616}}
Jun 06 03:11:27.023269 np0000002240 devstack@g-api.service[102118]: DEBUG glance_store.backend [None req-2deb1a88-2bcc-4619-bf8e-22d21e61fb10 tempest-ServerBootFromVolumeStableRescueTest-1509035060 tempest-ServerBootFromVolumeStableRescueTest-1509035060-project-member] Attempting to import store swift {{(pid=102118) _load_store /opt/stack/data/venv/lib/python3.12/site-packages/glance_store/backend.py:215}}
Jun 06 03:11:27.024951 np0000002240 devstack@g-api.service[102118]: DEBUG glance_store.capabilities [None req-2deb1a88-2bcc-4619-bf8e-22d21e61fb10 tempest-ServerBootFromVolumeStableRescueTest-1509035060 tempest-ServerBootFromVolumeStableRescueTest-1509035060-project-member] Store glance_store._drivers.swift.store.SingleTenantStore doesn't support updating dynamic storage capabilities. Please overwrite 'update_capabilities' method of the store to implement updating logics if needed. {{(pid=102118) update_capabilities /opt/stack/data/venv/lib/python3.12/site-packages/glance_store/capabilities.py:91}}
Jun 06 03:11:27.025088 np0000002240 devstack@g-api.service[102118]: DEBUG glance_store.driver [None req-2deb1a88-2bcc-4619-bf8e-22d21e61fb10 tempest-ServerBootFromVolumeStableRescueTest-1509035060 tempest-ServerBootFromVolumeStableRescueTest-1509035060-project-member] Late loading location class glance_store._drivers.swift.store.StoreLocation {{(pid=102118) get_store_location_class /opt/stack/data/venv/lib/python3.12/site-packages/glance_store/driver.py:134}}
Jun 06 03:11:27.025158 np0000002240 devstack@g-api.service[102118]: DEBUG glance_store.location [None req-2deb1a88-2bcc-4619-bf8e-22d21e61fb10 tempest-ServerBootFromVolumeStableRescueTest-1509035060 tempest-ServerBootFromVolumeStableRescueTest-1509035060-project-member] Registering scheme swift+https with {'store': , 'location_class': , 'store_entry': 'swift'} {{(pid=102118) register_scheme_map /opt/stack/data/venv/lib/python3.12/site-packages/glance_store/location.py:146}}
Jun 06 03:11:27.025241 np0000002240 devstack@g-api.service[102118]: DEBUG glance_store.location [None req-2deb1a88-2bcc-4619-bf8e-22d21e61fb10 tempest-ServerBootFromVolumeStableRescueTest-1509035060 tempest-ServerBootFromVolumeStableRescueTest-1509035060-project-member] Registering scheme swift+https with {'store': , 'location_class': , 'store_entry': 'swift'} {{(pid=102118) register_scheme_map /opt/stack/data/venv/lib/python3.12/site-packages/glance_store/location.py:146}}
Jun 06 03:11:27.025314 np0000002240 devstack@g-api.service[102118]: DEBUG glance_store.location [None req-2deb1a88-2bcc-4619-bf8e-22d21e61fb10 tempest-ServerBootFromVolumeStableRescueTest-1509035060 tempest-ServerBootFromVolumeStableRescueTest-1509035060-project-member] Registering scheme swift with {'store': , 'location_class': , 'store_entry': 'swift'} {{(pid=102118) register_scheme_map /opt/stack/data/venv/lib/python3.12/site-packages/glance_store/location.py:146}}
Jun 06 03:11:27.025399 np0000002240 devstack@g-api.service[102118]: DEBUG glance_store.location [None req-2deb1a88-2bcc-4619-bf8e-22d21e61fb10 tempest-ServerBootFromVolumeStableRescueTest-1509035060 tempest-ServerBootFromVolumeStableRescueTest-1509035060-project-member] Registering scheme swift+https with {'store': , 'location_class': , 'store_entry': 'swift'} {{(pid=102118) register_scheme_map /opt/stack/data/venv/lib/python3.12/site-packages/glance_store/location.py:146}}
Jun 06 03:11:27.025459 np0000002240 devstack@g-api.service[102118]: DEBUG glance_store.location [None req-2deb1a88-2bcc-4619-bf8e-22d21e61fb10 tempest-ServerBootFromVolumeStableRescueTest-1509035060 tempest-ServerBootFromVolumeStableRescueTest-1509035060-project-member] Registering scheme swift with {'store': , 'location_class': , 'store_entry': 'swift'} {{(pid=102118) register_scheme_map /opt/stack/data/venv/lib/python3.12/site-packages/glance_store/location.py:146}}
Jun 06 03:11:27.025510 np0000002240 devstack@g-api.service[102118]: DEBUG glance_store.location [None req-2deb1a88-2bcc-4619-bf8e-22d21e61fb10 tempest-ServerBootFromVolumeStableRescueTest-1509035060 tempest-ServerBootFromVolumeStableRescueTest-1509035060-project-member] Registering scheme swift+http with {'store': , 'location_class': , 'store_entry': 'swift'} {{(pid=102118) register_scheme_map /opt/stack/data/venv/lib/python3.12/site-packages/glance_store/location.py:146}}
Jun 06 03:11:27.025552 np0000002240 devstack@g-api.service[102118]: DEBUG glance_store.location [None req-2deb1a88-2bcc-4619-bf8e-22d21e61fb10 tempest-ServerBootFromVolumeStableRescueTest-1509035060 tempest-ServerBootFromVolumeStableRescueTest-1509035060-project-member] Registering scheme swift+https with {'store': , 'location_class': , 'store_entry': 'swift'} {{(pid=102118) register_scheme_map /opt/stack/data/venv/lib/python3.12/site-packages/glance_store/location.py:146}}
Jun 06 03:11:27.025645 np0000002240 devstack@g-api.service[102118]: DEBUG glance_store.location [None req-2deb1a88-2bcc-4619-bf8e-22d21e61fb10 tempest-ServerBootFromVolumeStableRescueTest-1509035060 tempest-ServerBootFromVolumeStableRescueTest-1509035060-project-member] Registering scheme swift with {'store': , 'location_class': , 'store_entry': 'swift'} {{(pid=102118) register_scheme_map /opt/stack/data/venv/lib/python3.12/site-packages/glance_store/location.py:146}}
Jun 06 03:11:27.025713 np0000002240 devstack@g-api.service[102118]: DEBUG glance_store.location [None req-2deb1a88-2bcc-4619-bf8e-22d21e61fb10 tempest-ServerBootFromVolumeStableRescueTest-1509035060 tempest-ServerBootFromVolumeStableRescueTest-1509035060-project-member] Registering scheme swift+http with {'store': , 'location_class': , 'store_entry': 'swift'} {{(pid=102118) register_scheme_map /opt/stack/data/venv/lib/python3.12/site-packages/glance_store/location.py:146}}
Jun 06 03:11:27.025778 np0000002240 devstack@g-api.service[102118]: DEBUG glance_store.location [None req-2deb1a88-2bcc-4619-bf8e-22d21e61fb10 tempest-ServerBootFromVolumeStableRescueTest-1509035060 tempest-ServerBootFromVolumeStableRescueTest-1509035060-project-member] Registering scheme swift+config with {'store': , 'location_class': , 'store_entry': 'swift'} {{(pid=102118) register_scheme_map /opt/stack/data/venv/lib/python3.12/site-packages/glance_store/location.py:146}}
Jun 06 03:11:27.149449 np0000002240 devstack@g-api.service[102119]: DEBUG glance.api.middleware.version_negotiation [None req-74ef43e7-28bf-405a-a890-f572dbea078e tempest-VolumesActionsTest-2066997339 tempest-VolumesActionsTest-2066997339-project-member] Determining version of request: GET /v2/images/46bb5d12-a958-4388-b101-32bbf2a694b3 Accept: application/json {{(pid=102119) process_request /opt/stack/glance/glance/api/middleware/version_negotiation.py:44}}
Jun 06 03:11:27.149449 np0000002240 devstack@g-api.service[102119]: DEBUG glance.api.middleware.version_negotiation [None req-74ef43e7-28bf-405a-a890-f572dbea078e tempest-VolumesActionsTest-2066997339 tempest-VolumesActionsTest-2066997339-project-member] Using url versioning {{(pid=102119) process_request /opt/stack/glance/glance/api/middleware/version_negotiation.py:57}}
Jun 06 03:11:27.149449 np0000002240 devstack@g-api.service[102119]: DEBUG glance.api.middleware.version_negotiation [None req-74ef43e7-28bf-405a-a890-f572dbea078e tempest-VolumesActionsTest-2066997339 tempest-VolumesActionsTest-2066997339-project-member] Matched version: v2 {{(pid=102119) process_request /opt/stack/glance/glance/api/middleware/version_negotiation.py:69}}
Jun 06 03:11:27.149449 np0000002240 devstack@g-api.service[102119]: DEBUG glance.api.middleware.version_negotiation [None req-74ef43e7-28bf-405a-a890-f572dbea078e tempest-VolumesActionsTest-2066997339 tempest-VolumesActionsTest-2066997339-project-member] new path /v2/images/46bb5d12-a958-4388-b101-32bbf2a694b3 {{(pid=102119) process_request /opt/stack/glance/glance/api/middleware/version_negotiation.py:70}}
Jun 06 03:11:27.161859 np0000002240 devstack@g-api.service[102119]: [pid: 102119|app: 0|req: 65/177] 127.0.0.1 () {40 vars in 834 bytes} [Sat Jun 6 03:11:27 2026] GET /v2/images/46bb5d12-a958-4388-b101-32bbf2a694b3 => generated 652 bytes in 13 msecs (HTTP/1.1 200) 4 headers in 157 bytes (1 switches on core 0)
Jun 06 03:11:27.434944 np0000002240 devstack@g-api.service[102118]: DEBUG swiftclient [None req-2deb1a88-2bcc-4619-bf8e-22d21e61fb10 tempest-ServerBootFromVolumeStableRescueTest-1509035060 tempest-ServerBootFromVolumeStableRescueTest-1509035060-project-member] REQ: curl -i https://10.4.3.55:8080/v1/AUTH_ef35df0f11a5475d91e64cff19d44a57/glance -I -H "X-Auth-Token: gAAAAABqI4_fAiiw..." {{(pid=102118) http_log /opt/stack/data/venv/lib/python3.12/site-packages/swiftclient/client.py:160}}
Jun 06 03:11:27.435320 np0000002240 devstack@g-api.service[102118]: DEBUG swiftclient [None req-2deb1a88-2bcc-4619-bf8e-22d21e61fb10 tempest-ServerBootFromVolumeStableRescueTest-1509035060 tempest-ServerBootFromVolumeStableRescueTest-1509035060-project-member] RESP STATUS: 204 No Content {{(pid=102118) http_log /opt/stack/data/venv/lib/python3.12/site-packages/swiftclient/client.py:161}}
Jun 06 03:11:27.435320 np0000002240 devstack@g-api.service[102118]: DEBUG swiftclient [None req-2deb1a88-2bcc-4619-bf8e-22d21e61fb10 tempest-ServerBootFromVolumeStableRescueTest-1509035060 tempest-ServerBootFromVolumeStableRescueTest-1509035060-project-member] RESP HEADERS: {'Date': 'Sat, 06 Jun 2026 03:11:27 GMT', 'Server': 'Apache/2.4.58 (Ubuntu)', 'Content-Type': 'text/plain; charset=utf-8', 'X-Container-Object-Count': '12', 'X-Container-Bytes-Used': '1191706624', 'X-Timestamp': '1780715212.82947', 'Last-Modified': 'Sat, 06 Jun 2026 03:06:53 GMT', 'Accept-Ranges': 'bytes', 'X-Storage-Policy': 'Policy-0', 'X-Container-Sharding': 'False', 'Vary': 'Accept', 'X-Trans-Id': 'txaed69aeb122a436585c5a-006a238fdf', 'X-Openstack-Request-Id': 'txaed69aeb122a436585c5a-006a238fdf', 'Connection': 'close'} {{(pid=102118) http_log /opt/stack/data/venv/lib/python3.12/site-packages/swiftclient/client.py:162}}
Jun 06 03:11:27.435480 np0000002240 devstack@g-api.service[102118]: DEBUG glance_store._drivers.swift.store [None req-2deb1a88-2bcc-4619-bf8e-22d21e61fb10 tempest-ServerBootFromVolumeStableRescueTest-1509035060 tempest-ServerBootFromVolumeStableRescueTest-1509035060-project-member] Adding image object '22fbb505-eacc-46a2-9306-2aa9871437a4' to Swift {{(pid=102118) add /opt/stack/data/venv/lib/python3.12/site-packages/glance_store/_drivers/swift/store.py:970}}
Jun 06 03:11:27.435609 np0000002240 devstack@g-api.service[102118]: DEBUG glance_store._drivers.swift.store [None req-2deb1a88-2bcc-4619-bf8e-22d21e61fb10 tempest-ServerBootFromVolumeStableRescueTest-1509035060 tempest-ServerBootFromVolumeStableRescueTest-1509035060-project-member] Cannot determine image size because it is either not provided in the request or chunked-transfer encoding is used. Adding image as a segmented object to Swift. {{(pid=102118) add /opt/stack/data/venv/lib/python3.12/site-packages/glance_store/_drivers/swift/store.py:994}}
Jun 06 03:11:27.446807 np0000002240 devstack@g-api.service[102118]: DEBUG oslo_utils.imageutils.format_inspector [None req-2deb1a88-2bcc-4619-bf8e-22d21e61fb10 tempest-ServerBootFromVolumeStableRescueTest-1509035060 tempest-ServerBootFromVolumeStableRescueTest-1509035060-project-member] Format inspector for vmdk does not match, excluding from consideration (Signature KDMV not found: b'QFI\xfb') {{(pid=102118) _process_chunk /opt/stack/data/venv/lib/python3.12/site-packages/oslo_utils/imageutils/format_inspector.py:1758}}
Jun 06 03:11:27.450474 np0000002240 devstack@g-api.service[102118]: DEBUG oslo_utils.imageutils.format_inspector [None req-2deb1a88-2bcc-4619-bf8e-22d21e61fb10 tempest-ServerBootFromVolumeStableRescueTest-1509035060 tempest-ServerBootFromVolumeStableRescueTest-1509035060-project-member] Format inspector for vhdx does not match, excluding from consideration (Region signature not found at 30000) {{(pid=102118) _process_chunk /opt/stack/data/venv/lib/python3.12/site-packages/oslo_utils/imageutils/format_inspector.py:1758}}
Jun 06 03:11:27.628761 np0000002240 devstack@g-api.service[102117]: DEBUG glance.api.middleware.version_negotiation [None req-aff2091b-394f-4ef9-a284-aee3e5d283d0 tempest-ServerBootFromVolumeStableRescueTest-1509035060 tempest-ServerBootFromVolumeStableRescueTest-1509035060-project-member] Determining version of request: GET /v2/images/22fbb505-eacc-46a2-9306-2aa9871437a4 Accept: application/json {{(pid=102117) process_request /opt/stack/glance/glance/api/middleware/version_negotiation.py:44}}
Jun 06 03:11:27.628761 np0000002240 devstack@g-api.service[102117]: DEBUG glance.api.middleware.version_negotiation [None req-aff2091b-394f-4ef9-a284-aee3e5d283d0 tempest-ServerBootFromVolumeStableRescueTest-1509035060 tempest-ServerBootFromVolumeStableRescueTest-1509035060-project-member] Using url versioning {{(pid=102117) process_request /opt/stack/glance/glance/api/middleware/version_negotiation.py:57}}
Jun 06 03:11:27.628761 np0000002240 devstack@g-api.service[102117]: DEBUG glance.api.middleware.version_negotiation [None req-aff2091b-394f-4ef9-a284-aee3e5d283d0 tempest-ServerBootFromVolumeStableRescueTest-1509035060 tempest-ServerBootFromVolumeStableRescueTest-1509035060-project-member] Matched version: v2 {{(pid=102117) process_request /opt/stack/glance/glance/api/middleware/version_negotiation.py:69}}
Jun 06 03:11:27.628761 np0000002240 devstack@g-api.service[102117]: DEBUG glance.api.middleware.version_negotiation [None req-aff2091b-394f-4ef9-a284-aee3e5d283d0 tempest-ServerBootFromVolumeStableRescueTest-1509035060 tempest-ServerBootFromVolumeStableRescueTest-1509035060-project-member] new path /v2/images/22fbb505-eacc-46a2-9306-2aa9871437a4 {{(pid=102117) process_request /opt/stack/glance/glance/api/middleware/version_negotiation.py:70}}
Jun 06 03:11:27.655279 np0000002240 devstack@g-api.service[102117]: [pid: 102117|app: 0|req: 61/178] 127.0.0.1 () {40 vars in 834 bytes} [Sat Jun 6 03:11:27 2026] GET /v2/images/22fbb505-eacc-46a2-9306-2aa9871437a4 => generated 1470 bytes in 28 msecs (HTTP/1.1 200) 4 headers in 158 bytes (1 switches on core 0)
Jun 06 03:11:27.721202 np0000002240 devstack@g-api.service[102118]: DEBUG swiftclient [None req-2deb1a88-2bcc-4619-bf8e-22d21e61fb10 tempest-ServerBootFromVolumeStableRescueTest-1509035060 tempest-ServerBootFromVolumeStableRescueTest-1509035060-project-member] REQ: curl -i https://10.4.3.55:8080/v1/AUTH_ef35df0f11a5475d91e64cff19d44a57/glance/22fbb505-eacc-46a2-9306-2aa9871437a4-00001 -X PUT -H "X-Auth-Token: gAAAAABqI4_fAiiw..." {{(pid=102118) http_log /opt/stack/data/venv/lib/python3.12/site-packages/swiftclient/client.py:160}}
Jun 06 03:11:27.721358 np0000002240 devstack@g-api.service[102118]: DEBUG swiftclient [None req-2deb1a88-2bcc-4619-bf8e-22d21e61fb10 tempest-ServerBootFromVolumeStableRescueTest-1509035060 tempest-ServerBootFromVolumeStableRescueTest-1509035060-project-member] RESP STATUS: 201 Created {{(pid=102118) http_log /opt/stack/data/venv/lib/python3.12/site-packages/swiftclient/client.py:161}}
Jun 06 03:11:27.721459 np0000002240 devstack@g-api.service[102118]: DEBUG swiftclient [None req-2deb1a88-2bcc-4619-bf8e-22d21e61fb10 tempest-ServerBootFromVolumeStableRescueTest-1509035060 tempest-ServerBootFromVolumeStableRescueTest-1509035060-project-member] RESP HEADERS: {'Date': 'Sat, 06 Jun 2026 03:11:27 GMT', 'Server': 'Apache/2.4.58 (Ubuntu)', 'Content-Type': 'text/html; charset=UTF-8', 'Content-Length': '0', 'Etag': '4fa343ee581d8d2e78533191fd1ac3e1', 'Last-Modified': 'Sat, 06 Jun 2026 03:11:28 GMT', 'X-Trans-Id': 'tx214a35ac80514732bbc21-006a238fdf', 'X-Openstack-Request-Id': 'tx214a35ac80514732bbc21-006a238fdf', 'Connection': 'close'} {{(pid=102118) http_log /opt/stack/data/venv/lib/python3.12/site-packages/swiftclient/client.py:162}}
Jun 06 03:11:27.721603 np0000002240 devstack@g-api.service[102118]: DEBUG glance_store._drivers.swift.store [None req-2deb1a88-2bcc-4619-bf8e-22d21e61fb10 tempest-ServerBootFromVolumeStableRescueTest-1509035060 tempest-ServerBootFromVolumeStableRescueTest-1509035060-project-member] Wrote chunk 22fbb505-eacc-46a2-9306-2aa9871437a4-00001 (1/?) of length 23527424 to Swift returning MD5 of content: 4fa343ee581d8d2e78533191fd1ac3e1 {{(pid=102118) add /opt/stack/data/venv/lib/python3.12/site-packages/glance_store/_drivers/swift/store.py:1059}}
Jun 06 03:11:27.722870 np0000002240 devstack@g-api.service[102118]: DEBUG glance_store._drivers.swift.store [None req-2deb1a88-2bcc-4619-bf8e-22d21e61fb10 tempest-ServerBootFromVolumeStableRescueTest-1509035060 tempest-ServerBootFromVolumeStableRescueTest-1509035060-project-member] Not writing zero-length chunk. {{(pid=102118) add /opt/stack/data/venv/lib/python3.12/site-packages/glance_store/_drivers/swift/store.py:1028}}
Jun 06 03:11:27.755522 np0000002240 devstack@g-api.service[102118]: DEBUG swiftclient [None req-2deb1a88-2bcc-4619-bf8e-22d21e61fb10 tempest-ServerBootFromVolumeStableRescueTest-1509035060 tempest-ServerBootFromVolumeStableRescueTest-1509035060-project-member] REQ: curl -i https://10.4.3.55:8080/v1/AUTH_ef35df0f11a5475d91e64cff19d44a57/glance/22fbb505-eacc-46a2-9306-2aa9871437a4 -X PUT -H "X-Object-Manifest: glance/22fbb505-eacc-46a2-9306-2aa9871437a4-" -H "X-Auth-Token: gAAAAABqI4_fAiiw..." -H "Content-Length: 0" {{(pid=102118) http_log /opt/stack/data/venv/lib/python3.12/site-packages/swiftclient/client.py:160}}
Jun 06 03:11:27.755624 np0000002240 devstack@g-api.service[102118]: DEBUG swiftclient [None req-2deb1a88-2bcc-4619-bf8e-22d21e61fb10 tempest-ServerBootFromVolumeStableRescueTest-1509035060 tempest-ServerBootFromVolumeStableRescueTest-1509035060-project-member] RESP STATUS: 201 Created {{(pid=102118) http_log /opt/stack/data/venv/lib/python3.12/site-packages/swiftclient/client.py:161}}
Jun 06 03:11:27.755774 np0000002240 devstack@g-api.service[102118]: DEBUG swiftclient [None req-2deb1a88-2bcc-4619-bf8e-22d21e61fb10 tempest-ServerBootFromVolumeStableRescueTest-1509035060 tempest-ServerBootFromVolumeStableRescueTest-1509035060-project-member] RESP HEADERS: {'Date': 'Sat, 06 Jun 2026 03:11:27 GMT', 'Server': 'Apache/2.4.58 (Ubuntu)', 'Content-Type': 'text/html; charset=UTF-8', 'Content-Length': '0', 'Etag': 'd41d8cd98f00b204e9800998ecf8427e', 'Last-Modified': 'Sat, 06 Jun 2026 03:11:28 GMT', 'X-Trans-Id': 'tx8fa2d9e4876d47418d998-006a238fdf', 'X-Openstack-Request-Id': 'tx8fa2d9e4876d47418d998-006a238fdf', 'Connection': 'close'} {{(pid=102118) http_log /opt/stack/data/venv/lib/python3.12/site-packages/swiftclient/client.py:162}}
Jun 06 03:11:27.756331 np0000002240 devstack@g-api.service[102118]: INFO glance.location [None req-2deb1a88-2bcc-4619-bf8e-22d21e61fb10 tempest-ServerBootFromVolumeStableRescueTest-1509035060 tempest-ServerBootFromVolumeStableRescueTest-1509035060-project-member] Image format matched and virtual size computed: 1073741824
