Jun 06 03:06:45.162569 np0000002240 devstack@g-api.service[102117]: DEBUG glance_store.capabilities [-] Store glance_store._drivers.swift.store.SingleTenantStore doesn't support updating dynamic storage capabilities. Please overwrite 'update_capabilities' method of the store to implement updating logics if needed. {{(pid=102117) update_capabilities /opt/stack/data/venv/lib/python3.12/site-packages/glance_store/capabilities.py:91}}
Jun 06 03:06:45.162643 np0000002240 devstack@g-api.service[102117]: DEBUG glance_store.backend [-] Registering store swift with schemes ('swift+https', 'swift', 'swift+http', 'swift+config') {{(pid=102117) create_stores /opt/stack/data/venv/lib/python3.12/site-packages/glance_store/backend.py:261}}
Jun 06 03:06:45.162687 np0000002240 devstack@g-api.service[102117]: DEBUG glance_store.driver [-] Late loading location class glance_store._drivers.swift.store.StoreLocation {{(pid=102117) get_store_location_class /opt/stack/data/venv/lib/python3.12/site-packages/glance_store/driver.py:134}}
Jun 06 03:06:45.162785 np0000002240 devstack@g-api.service[102117]: DEBUG glance_store.location [-] Registering scheme swift+https with {'store': , 'location_class': , 'store_entry': 'swift'} {{(pid=102117) register_scheme_map /opt/stack/data/venv/lib/python3.12/site-packages/glance_store/location.py:146}}
Jun 06 03:06:45.162856 np0000002240 devstack@g-api.service[102117]: DEBUG glance_store.location [-] Registering scheme swift with {'store': , 'location_class': , 'store_entry': 'swift'} {{(pid=102117) register_scheme_map /opt/stack/data/venv/lib/python3.12/site-packages/glance_store/location.py:146}}
Jun 06 03:06:45.162856 np0000002240 devstack@g-api.service[102117]: DEBUG glance_store.location [-] Registering scheme swift+http with {'store': , 'location_class': , 'store_entry': 'swift'} {{(pid=102117) register_scheme_map /opt/stack/data/venv/lib/python3.12/site-packages/glance_store/location.py:146}}
Jun 06 03:06:45.163005 np0000002240 devstack@g-api.service[102117]: DEBUG glance_store.location [-] Registering scheme swift+config with {'store': , 'location_class': , 'store_entry': 'swift'} {{(pid=102117) register_scheme_map /opt/stack/data/venv/lib/python3.12/site-packages/glance_store/location.py:146}}
Jun 06 03:06:45.163005 np0000002240 devstack@g-api.service[102117]: DEBUG glance_store.backend [-] Attempting to import store http {{(pid=102117) _load_store /opt/stack/data/venv/lib/python3.12/site-packages/glance_store/backend.py:215}}
Jun 06 03:06:45.163276 np0000002240 devstack@g-api.service[102117]: DEBUG glance_store.capabilities [-] Store glance_store._drivers.http.Store doesn't support updating dynamic storage capabilities. Please overwrite 'update_capabilities' method of the store to implement updating logics if needed. {{(pid=102117) update_capabilities /opt/stack/data/venv/lib/python3.12/site-packages/glance_store/capabilities.py:91}}
Jun 06 03:06:45.163330 np0000002240 devstack@g-api.service[102117]: DEBUG glance_store.backend [-] Registering store http with schemes ('http', 'https') {{(pid=102117) create_stores /opt/stack/data/venv/lib/python3.12/site-packages/glance_store/backend.py:261}}
Jun 06 03:06:45.163430 np0000002240 devstack@g-api.service[102117]: DEBUG glance_store.driver [-] Late loading location class glance_store._drivers.http.StoreLocation {{(pid=102117) get_store_location_class /opt/stack/data/venv/lib/python3.12/site-packages/glance_store/driver.py:134}}
Jun 06 03:06:45.163520 np0000002240 devstack@g-api.service[102117]: DEBUG glance_store.location [-] Registering scheme http with {'store': , 'location_class': , 'store_entry': 'http'} {{(pid=102117) register_scheme_map /opt/stack/data/venv/lib/python3.12/site-packages/glance_store/location.py:146}}
Jun 06 03:06:45.163593 np0000002240 devstack@g-api.service[102117]: DEBUG glance_store.location [-] Registering scheme https with {'store': , 'location_class': , 'store_entry': 'http'} {{(pid=102117) register_scheme_map /opt/stack/data/venv/lib/python3.12/site-packages/glance_store/location.py:146}}
Jun 06 03:06:45.163718 np0000002240 devstack@g-api.service[102117]: DEBUG glance_store.backend [-] Attempting to import store swift {{(pid=102117) _load_store /opt/stack/data/venv/lib/python3.12/site-packages/glance_store/backend.py:215}}
Jun 06 03:06:45.165200 np0000002240 devstack@g-api.service[102117]: DEBUG glance_store.capabilities [-] Store glance_store._drivers.swift.store.SingleTenantStore doesn't support updating dynamic storage capabilities. Please overwrite 'update_capabilities' method of the store to implement updating logics if needed. {{(pid=102117) update_capabilities /opt/stack/data/venv/lib/python3.12/site-packages/glance_store/capabilities.py:91}}
Jun 06 03:06:45.165287 np0000002240 devstack@g-api.service[102117]: DEBUG glance_store.driver [-] Late loading location class glance_store._drivers.swift.store.StoreLocation {{(pid=102117) get_store_location_class /opt/stack/data/venv/lib/python3.12/site-packages/glance_store/driver.py:134}}
Jun 06 03:06:45.165332 np0000002240 devstack@g-api.service[102117]: DEBUG glance_store.location [-] Registering scheme swift+https with {'store': , 'location_class': , 'store_entry': 'swift'} {{(pid=102117) register_scheme_map /opt/stack/data/venv/lib/python3.12/site-packages/glance_store/location.py:146}}
Jun 06 03:06:45.165425 np0000002240 devstack@g-api.service[102117]: DEBUG glance_store.location [-] Registering scheme swift+https with {'store': , 'location_class': , 'store_entry': 'swift'} {{(pid=102117) register_scheme_map /opt/stack/data/venv/lib/python3.12/site-packages/glance_store/location.py:146}}
Jun 06 03:06:45.165492 np0000002240 devstack@g-api.service[102117]: DEBUG glance_store.location [-] Registering scheme swift with {'store': , 'location_class': , 'store_entry': 'swift'} {{(pid=102117) register_scheme_map /opt/stack/data/venv/lib/python3.12/site-packages/glance_store/location.py:146}}
Jun 06 03:06:45.165561 np0000002240 devstack@g-api.service[102117]: DEBUG glance_store.location [-] Registering scheme swift+https with {'store': , 'location_class': , 'store_entry': 'swift'} {{(pid=102117) register_scheme_map /opt/stack/data/venv/lib/python3.12/site-packages/glance_store/location.py:146}}
Jun 06 03:06:45.165636 np0000002240 devstack@g-api.service[102117]: DEBUG glance_store.location [-] Registering scheme swift with {'store': , 'location_class': , 'store_entry': 'swift'} {{(pid=102117) register_scheme_map /opt/stack/data/venv/lib/python3.12/site-packages/glance_store/location.py:146}}
Jun 06 03:06:45.165702 np0000002240 devstack@g-api.service[102117]: DEBUG glance_store.location [-] Registering scheme swift+http with {'store': , 'location_class': , 'store_entry': 'swift'} {{(pid=102117) register_scheme_map /opt/stack/data/venv/lib/python3.12/site-packages/glance_store/location.py:146}}
Jun 06 03:06:45.165775 np0000002240 devstack@g-api.service[102117]: DEBUG glance_store.location [-] Registering scheme swift+https with {'store': , 'location_class': , 'store_entry': 'swift'} {{(pid=102117) register_scheme_map /opt/stack/data/venv/lib/python3.12/site-packages/glance_store/location.py:146}}
Jun 06 03:06:45.165814 np0000002240 devstack@g-api.service[102117]: DEBUG glance_store.location [-] Registering scheme swift with {'store': , 'location_class': , 'store_entry': 'swift'} {{(pid=102117) register_scheme_map /opt/stack/data/venv/lib/python3.12/site-packages/glance_store/location.py:146}}
Jun 06 03:06:45.165886 np0000002240 devstack@g-api.service[102117]: DEBUG glance_store.location [-] Registering scheme swift+http with {'store': , 'location_class': , 'store_entry': 'swift'} {{(pid=102117) register_scheme_map /opt/stack/data/venv/lib/python3.12/site-packages/glance_store/location.py:146}}
Jun 06 03:06:45.165949 np0000002240 devstack@g-api.service[102117]: DEBUG glance_store.location [-] Registering scheme swift+config with {'store': , 'location_class': , 'store_entry': 'swift'} {{(pid=102117) register_scheme_map /opt/stack/data/venv/lib/python3.12/site-packages/glance_store/location.py:146}}
Jun 06 03:06:45.166288 np0000002240 devstack@g-api.service[102117]: DEBUG glance.sqlite_migration [-] SQLite caching database not located, skipping migration {{(pid=102117) get_db_path /opt/stack/glance/glance/sqlite_migration.py:68}}
Jun 06 03:06:45.166528 np0000002240 devstack@g-api.service[102117]: WARNING glance.common.wsgi_app [-] Import methods are enabled but staging directory /tmp/staging/ does not exist; Imports will fail!
Jun 06 03:06:45.381916 np0000002240 devstack@g-api.service[102118]: DEBUG glance.common.config [None req-9f4f9f56-ff72-4747-ad38-3d3a695393f8 None None] Loading glance-api-keystone+cachemanagement from /etc/glance/glance-api-paste.ini {{(pid=102118) load_paste_app /opt/stack/glance/glance/common/config.py:758}}
Jun 06 03:06:45.398092 np0000002240 devstack@g-api.service[102119]: DEBUG glance.common.config [None req-afbc9452-e486-4d67-bdcf-85d760906737 None None] Loading glance-api-keystone+cachemanagement from /etc/glance/glance-api-paste.ini {{(pid=102119) load_paste_app /opt/stack/glance/glance/common/config.py:758}}
Jun 06 03:06:45.435403 np0000002240 devstack@g-api.service[102117]: DEBUG glance.common.config [None req-2c3f9fca-d712-4ef8-a412-a0efe131e36f None None] Loading glance-api-keystone+cachemanagement from /etc/glance/glance-api-paste.ini {{(pid=102117) load_paste_app /opt/stack/glance/glance/common/config.py:758}}
Jun 06 03:06:45.974456 np0000002240 devstack@g-api.service[102119]: INFO glance.image_cache [None req-afbc9452-e486-4d67-bdcf-85d760906737 None None] Image cache loaded driver 'centralized_db'.
Jun 06 03:06:45.983464 np0000002240 devstack@g-api.service[102117]: INFO glance.image_cache [None req-2c3f9fca-d712-4ef8-a412-a0efe131e36f None None] Image cache loaded driver 'centralized_db'.
Jun 06 03:06:45.989151 np0000002240 devstack@g-api.service[102118]: INFO glance.image_cache [None req-9f4f9f56-ff72-4747-ad38-3d3a695393f8 None None] Image cache loaded driver 'centralized_db'.
Jun 06 03:06:46.019235 np0000002240 devstack@g-api.service[102119]: INFO dbcounter [None req-afbc9452-e486-4d67-bdcf-85d760906737 None None] Registered counter for database glance
Jun 06 03:06:46.026453 np0000002240 devstack@g-api.service[102117]: INFO dbcounter [None req-2c3f9fca-d712-4ef8-a412-a0efe131e36f None None] Registered counter for database glance
Jun 06 03:06:46.039227 np0000002240 devstack@g-api.service[102118]: INFO dbcounter [None req-9f4f9f56-ff72-4747-ad38-3d3a695393f8 None None] Registered counter for database glance
Jun 06 03:06:46.061539 np0000002240 devstack@g-api.service[102119]: DEBUG oslo_db.sqlalchemy.engines [None req-afbc9452-e486-4d67-bdcf-85d760906737 None None] MySQL server mode set to STRICT_TRANS_TABLES,STRICT_ALL_TABLES,NO_ZERO_IN_DATE,NO_ZERO_DATE,ERROR_FOR_DIVISION_BY_ZERO,TRADITIONAL,NO_ENGINE_SUBSTITUTION {{(pid=102119) _check_effective_sql_mode /opt/stack/data/venv/lib/python3.12/site-packages/oslo_db/sqlalchemy/engines.py:325}}
Jun 06 03:06:46.069174 np0000002240 devstack@g-api.service[102117]: DEBUG oslo_db.sqlalchemy.engines [None req-2c3f9fca-d712-4ef8-a412-a0efe131e36f None None] MySQL server mode set to STRICT_TRANS_TABLES,STRICT_ALL_TABLES,NO_ZERO_IN_DATE,NO_ZERO_DATE,ERROR_FOR_DIVISION_BY_ZERO,TRADITIONAL,NO_ENGINE_SUBSTITUTION {{(pid=102117) _check_effective_sql_mode /opt/stack/data/venv/lib/python3.12/site-packages/oslo_db/sqlalchemy/engines.py:325}}
Jun 06 03:06:46.081758 np0000002240 devstack@g-api.service[102119]: DEBUG dbcounter [-] [102119] Writer thread running {{(pid=102119) stat_writer /opt/stack/data/venv/lib/python3.12/site-packages/dbcounter.py:102}}
Jun 06 03:06:46.084340 np0000002240 devstack@g-api.service[102118]: DEBUG oslo_db.sqlalchemy.engines [None req-9f4f9f56-ff72-4747-ad38-3d3a695393f8 None None] MySQL server mode set to STRICT_TRANS_TABLES,STRICT_ALL_TABLES,NO_ZERO_IN_DATE,NO_ZERO_DATE,ERROR_FOR_DIVISION_BY_ZERO,TRADITIONAL,NO_ENGINE_SUBSTITUTION {{(pid=102118) _check_effective_sql_mode /opt/stack/data/venv/lib/python3.12/site-packages/oslo_db/sqlalchemy/engines.py:325}}
Jun 06 03:06:46.098152 np0000002240 devstack@g-api.service[102119]: INFO glance.image_cache [None req-afbc9452-e486-4d67-bdcf-85d760906737 None None] Image cache loaded driver 'centralized_db'.
Jun 06 03:06:46.102112 np0000002240 devstack@g-api.service[102117]: DEBUG dbcounter [-] [102117] Writer thread running {{(pid=102117) stat_writer /opt/stack/data/venv/lib/python3.12/site-packages/dbcounter.py:102}}
Jun 06 03:06:46.105153 np0000002240 devstack@g-api.service[102119]: DEBUG glance.image_cache.drivers.centralized_db [None req-afbc9452-e486-4d67-bdcf-85d760906737 None None] Node reference is already recorded, ignoring it {{(pid=102119) configure /opt/stack/glance/glance/image_cache/drivers/centralized_db.py:71}}
Jun 06 03:06:46.105281 np0000002240 devstack@g-api.service[102117]: DEBUG glance.image_cache.drivers.centralized_db [None req-2c3f9fca-d712-4ef8-a412-a0efe131e36f None None] Node reference is already recorded, ignoring it {{(pid=102117) configure /opt/stack/glance/glance/image_cache/drivers/centralized_db.py:71}}
Jun 06 03:06:46.105745 np0000002240 devstack@g-api.service[102118]: DEBUG dbcounter [-] [102118] Writer thread running {{(pid=102118) stat_writer /opt/stack/data/venv/lib/python3.12/site-packages/dbcounter.py:102}}
Jun 06 03:06:46.108283 np0000002240 devstack@g-api.service[102118]: DEBUG glance.image_cache.drivers.centralized_db [None req-9f4f9f56-ff72-4747-ad38-3d3a695393f8 None None] Node reference is already recorded, ignoring it {{(pid=102118) configure /opt/stack/glance/glance/image_cache/drivers/centralized_db.py:71}}
Jun 06 03:06:46.109791 np0000002240 devstack@g-api.service[102119]: DEBUG glance.api.v2.cached_images [None req-afbc9452-e486-4d67-bdcf-85d760906737 None None] Started cache worker thread {{(pid=102119) __init__ /opt/stack/glance/glance/api/v2/cached_images.py:69}}
Jun 06 03:06:46.110452 np0000002240 devstack@g-api.service[102119]: INFO glance.image_cache [None req-afbc9452-e486-4d67-bdcf-85d760906737 None None] Image cache loaded driver 'centralized_db'.
Jun 06 03:06:46.113031 np0000002240 devstack@g-api.service[102118]: INFO glance.image_cache [None req-9f4f9f56-ff72-4747-ad38-3d3a695393f8 None None] Image cache loaded driver 'centralized_db'.
Jun 06 03:06:46.113221 np0000002240 devstack@g-api.service[102117]: INFO glance.image_cache [None req-2c3f9fca-d712-4ef8-a412-a0efe131e36f None None] Image cache loaded driver 'centralized_db'.
Jun 06 03:06:46.119338 np0000002240 devstack@g-api.service[102119]: DEBUG glance.image_cache.drivers.centralized_db [None req-afbc9452-e486-4d67-bdcf-85d760906737 None None] Node reference is already recorded, ignoring it {{(pid=102119) configure /opt/stack/glance/glance/image_cache/drivers/centralized_db.py:71}}
Jun 06 03:06:46.119446 np0000002240 devstack@g-api.service[102118]: DEBUG glance.image_cache.drivers.centralized_db [None req-9f4f9f56-ff72-4747-ad38-3d3a695393f8 None None] Node reference is already recorded, ignoring it {{(pid=102118) configure /opt/stack/glance/glance/image_cache/drivers/centralized_db.py:71}}
Jun 06 03:06:46.122699 np0000002240 devstack@g-api.service[102117]: DEBUG glance.image_cache.drivers.centralized_db [None req-2c3f9fca-d712-4ef8-a412-a0efe131e36f None None] Node reference is already recorded, ignoring it {{(pid=102117) configure /opt/stack/glance/glance/image_cache/drivers/centralized_db.py:71}}
Jun 06 03:06:46.123489 np0000002240 devstack@g-api.service[102118]: DEBUG glance.api.v2.cached_images [None req-9f4f9f56-ff72-4747-ad38-3d3a695393f8 None None] Started cache worker thread {{(pid=102118) __init__ /opt/stack/glance/glance/api/v2/cached_images.py:69}}
Jun 06 03:06:46.124014 np0000002240 devstack@g-api.service[102119]: INFO glance.api.middleware.cache_manage [None req-afbc9452-e486-4d67-bdcf-85d760906737 None None] Initialized image cache management middleware
Jun 06 03:06:46.124077 np0000002240 devstack@g-api.service[102118]: INFO glance.image_cache [None req-9f4f9f56-ff72-4747-ad38-3d3a695393f8 None None] Image cache loaded driver 'centralized_db'.
Jun 06 03:06:46.124165 np0000002240 devstack@g-api.service[102119]: INFO glance.image_cache [None req-afbc9452-e486-4d67-bdcf-85d760906737 None None] Image cache loaded driver 'centralized_db'.
Jun 06 03:06:46.127647 np0000002240 devstack@g-api.service[102117]: DEBUG glance.api.v2.cached_images [None req-2c3f9fca-d712-4ef8-a412-a0efe131e36f None None] Started cache worker thread {{(pid=102117) __init__ /opt/stack/glance/glance/api/v2/cached_images.py:69}}
Jun 06 03:06:46.128420 np0000002240 devstack@g-api.service[102117]: INFO glance.image_cache [None req-2c3f9fca-d712-4ef8-a412-a0efe131e36f None None] Image cache loaded driver 'centralized_db'.
Jun 06 03:06:46.129922 np0000002240 devstack@g-api.service[102118]: DEBUG glance.image_cache.drivers.centralized_db [None req-9f4f9f56-ff72-4747-ad38-3d3a695393f8 None None] Node reference is already recorded, ignoring it {{(pid=102118) configure /opt/stack/glance/glance/image_cache/drivers/centralized_db.py:71}}
Jun 06 03:06:46.130524 np0000002240 devstack@g-api.service[102119]: DEBUG glance.image_cache.drivers.centralized_db [None req-afbc9452-e486-4d67-bdcf-85d760906737 None None] Node reference is already recorded, ignoring it {{(pid=102119) configure /opt/stack/glance/glance/image_cache/drivers/centralized_db.py:71}}
Jun 06 03:06:46.134203 np0000002240 devstack@g-api.service[102118]: INFO glance.api.middleware.cache_manage [None req-9f4f9f56-ff72-4747-ad38-3d3a695393f8 None None] Initialized image cache management middleware
Jun 06 03:06:46.134327 np0000002240 devstack@g-api.service[102118]: INFO glance.image_cache [None req-9f4f9f56-ff72-4747-ad38-3d3a695393f8 None None] Image cache loaded driver 'centralized_db'.
Jun 06 03:06:46.134940 np0000002240 devstack@g-api.service[102119]: INFO glance.api.middleware.cache [None req-afbc9452-e486-4d67-bdcf-85d760906737 None None] Initialized image cache middleware
Jun 06 03:06:46.136891 np0000002240 devstack@g-api.service[102117]: DEBUG glance.image_cache.drivers.centralized_db [None req-2c3f9fca-d712-4ef8-a412-a0efe131e36f None None] Node reference is already recorded, ignoring it {{(pid=102117) configure /opt/stack/glance/glance/image_cache/drivers/centralized_db.py:71}}
Jun 06 03:06:46.141865 np0000002240 devstack@g-api.service[102118]: DEBUG glance.image_cache.drivers.centralized_db [None req-9f4f9f56-ff72-4747-ad38-3d3a695393f8 None None] Node reference is already recorded, ignoring it {{(pid=102118) configure /opt/stack/glance/glance/image_cache/drivers/centralized_db.py:71}}
Jun 06 03:06:46.141971 np0000002240 devstack@g-api.service[102117]: INFO glance.api.middleware.cache_manage [None req-2c3f9fca-d712-4ef8-a412-a0efe131e36f None None] Initialized image cache management middleware
Jun 06 03:06:46.142038 np0000002240 devstack@g-api.service[102117]: INFO glance.image_cache [None req-2c3f9fca-d712-4ef8-a412-a0efe131e36f None None] Image cache loaded driver 'centralized_db'.
Jun 06 03:06:46.145353 np0000002240 devstack@g-api.service[102118]: INFO glance.api.middleware.cache [None req-9f4f9f56-ff72-4747-ad38-3d3a695393f8 None None] Initialized image cache middleware
Jun 06 03:06:46.146641 np0000002240 devstack@g-api.service[102119]: DEBUG glance.common.config [None req-afbc9452-e486-4d67-bdcf-85d760906737 None None] ******************************************************************************** {{(pid=102119) log_opt_values /opt/stack/data/venv/lib/python3.12/site-packages/oslo_config/cfg.py:3229}}
Jun 06 03:06:46.146716 np0000002240 devstack@g-api.service[102119]: DEBUG glance.common.config [None req-afbc9452-e486-4d67-bdcf-85d760906737 None None] Configuration options gathered from: {{(pid=102119) log_opt_values /opt/stack/data/venv/lib/python3.12/site-packages/oslo_config/cfg.py:3230}}
Jun 06 03:06:46.146995 np0000002240 devstack@g-api.service[102119]: DEBUG glance.common.config [None req-afbc9452-e486-4d67-bdcf-85d760906737 None None] command line args: [] {{(pid=102119) log_opt_values /opt/stack/data/venv/lib/python3.12/site-packages/oslo_config/cfg.py:3231}}
Jun 06 03:06:46.147113 np0000002240 devstack@g-api.service[102119]: DEBUG glance.common.config [None req-afbc9452-e486-4d67-bdcf-85d760906737 None None] config files: ['/etc/glance/glance-image-import.conf', '/etc/glance/glance-api.conf'] {{(pid=102119) log_opt_values /opt/stack/data/venv/lib/python3.12/site-packages/oslo_config/cfg.py:3232}}
Jun 06 03:06:46.147198 np0000002240 devstack@g-api.service[102119]: DEBUG glance.common.config [None req-afbc9452-e486-4d67-bdcf-85d760906737 None None] ================================================================================ {{(pid=102119) log_opt_values /opt/stack/data/venv/lib/python3.12/site-packages/oslo_config/cfg.py:3237}}
Jun 06 03:06:46.147348 np0000002240 devstack@g-api.service[102119]: DEBUG glance.common.config [None req-afbc9452-e486-4d67-bdcf-85d760906737 None None] allow_anonymous_access = False {{(pid=102119) log_opt_values /opt/stack/data/venv/lib/python3.12/site-packages/oslo_config/cfg.py:3245}}
Jun 06 03:06:46.147499 np0000002240 devstack@g-api.service[102119]: DEBUG glance.common.config [None req-afbc9452-e486-4d67-bdcf-85d760906737 None None] api_limit_max = 1000 {{(pid=102119) log_opt_values /opt/stack/data/venv/lib/python3.12/site-packages/oslo_config/cfg.py:3245}}
Jun 06 03:06:46.147643 np0000002240 devstack@g-api.service[102119]: DEBUG glance.common.config [None req-afbc9452-e486-4d67-bdcf-85d760906737 None None] backlog = 4096 {{(pid=102119) log_opt_values /opt/stack/data/venv/lib/python3.12/site-packages/oslo_config/cfg.py:3245}}
Jun 06 03:06:46.147824 np0000002240 devstack@g-api.service[102119]: DEBUG glance.common.config [None req-afbc9452-e486-4d67-bdcf-85d760906737 None None] bind_host = 0.0.0.0 {{(pid=102119) log_opt_values /opt/stack/data/venv/lib/python3.12/site-packages/oslo_config/cfg.py:3245}}
Jun 06 03:06:46.147975 np0000002240 devstack@g-api.service[102119]: DEBUG glance.common.config [None req-afbc9452-e486-4d67-bdcf-85d760906737 None None] bind_port = 19292 {{(pid=102119) log_opt_values /opt/stack/data/venv/lib/python3.12/site-packages/oslo_config/cfg.py:3245}}
Jun 06 03:06:46.148115 np0000002240 devstack@g-api.service[102119]: DEBUG glance.common.config [None req-afbc9452-e486-4d67-bdcf-85d760906737 None None] client_socket_timeout = 900 {{(pid=102119) log_opt_values /opt/stack/data/venv/lib/python3.12/site-packages/oslo_config/cfg.py:3245}}
Jun 06 03:06:46.148287 np0000002240 devstack@g-api.service[102119]: DEBUG glance.common.config [None req-afbc9452-e486-4d67-bdcf-85d760906737 None None] config_dir = [] {{(pid=102119) log_opt_values /opt/stack/data/venv/lib/python3.12/site-packages/oslo_config/cfg.py:3245}}
Jun 06 03:06:46.148394 np0000002240 devstack@g-api.service[102119]: DEBUG glance.common.config [None req-afbc9452-e486-4d67-bdcf-85d760906737 None None] config_file = ['/etc/glance/glance-image-import.conf', '/etc/glance/glance-api.conf'] {{(pid=102119) log_opt_values /opt/stack/data/venv/lib/python3.12/site-packages/oslo_config/cfg.py:3245}}
Jun 06 03:06:46.148511 np0000002240 devstack@g-api.service[102119]: DEBUG glance.common.config [None req-afbc9452-e486-4d67-bdcf-85d760906737 None None] config_source = [] {{(pid=102119) log_opt_values /opt/stack/data/venv/lib/python3.12/site-packages/oslo_config/cfg.py:3245}}
Jun 06 03:06:46.148655 np0000002240 devstack@g-api.service[102119]: DEBUG glance.common.config [None req-afbc9452-e486-4d67-bdcf-85d760906737 None None] control_exchange = glance {{(pid=102119) log_opt_values /opt/stack/data/venv/lib/python3.12/site-packages/oslo_config/cfg.py:3245}}
Jun 06 03:06:46.148758 np0000002240 devstack@g-api.service[102119]: DEBUG glance.common.config [None req-afbc9452-e486-4d67-bdcf-85d760906737 None None] debug = True {{(pid=102119) log_opt_values /opt/stack/data/venv/lib/python3.12/site-packages/oslo_config/cfg.py:3245}}
Jun 06 03:06:46.148949 np0000002240 devstack@g-api.service[102119]: DEBUG glance.common.config [None req-afbc9452-e486-4d67-bdcf-85d760906737 None None] default_log_levels = ['amqp=WARN', 'boto=WARN', 'sqlalchemy=WARN', 'suds=INFO', 'oslo.messaging=INFO', 'oslo_messaging=INFO', 'iso8601=WARN', 'requests.packages.urllib3.connectionpool=WARN', 'urllib3.connectionpool=WARN', 'websocket=WARN', 'requests.packages.urllib3.util.retry=WARN', 'urllib3.util.retry=WARN', 'keystonemiddleware=WARN', 'routes.middleware=WARN', 'stevedore=WARN', 'taskflow=WARN', 'keystoneauth=WARN', 'oslo.cache=INFO', 'oslo_policy=INFO', 'dogpile.core.dogpile=INFO'] {{(pid=102119) log_opt_values /opt/stack/data/venv/lib/python3.12/site-packages/oslo_config/cfg.py:3245}}
Jun 06 03:06:46.149040 np0000002240 devstack@g-api.service[102119]: DEBUG glance.common.config [None req-afbc9452-e486-4d67-bdcf-85d760906737 None None] default_publisher_id = image.localhost {{(pid=102119) log_opt_values /opt/stack/data/venv/lib/python3.12/site-packages/oslo_config/cfg.py:3245}}
Jun 06 03:06:46.149147 np0000002240 devstack@g-api.service[102119]: DEBUG glance.common.config [None req-afbc9452-e486-4d67-bdcf-85d760906737 None None] delayed_delete = False {{(pid=102119) log_opt_values /opt/stack/data/venv/lib/python3.12/site-packages/oslo_config/cfg.py:3245}}
Jun 06 03:06:46.149259 np0000002240 devstack@g-api.service[102119]: DEBUG glance.common.config [None req-afbc9452-e486-4d67-bdcf-85d760906737 None None] digest_algorithm = sha256 {{(pid=102119) log_opt_values /opt/stack/data/venv/lib/python3.12/site-packages/oslo_config/cfg.py:3245}}
Jun 06 03:06:46.149383 np0000002240 devstack@g-api.service[102119]: DEBUG glance.common.config [None req-afbc9452-e486-4d67-bdcf-85d760906737 None None] disabled_notifications = [] {{(pid=102119) log_opt_values /opt/stack/data/venv/lib/python3.12/site-packages/oslo_config/cfg.py:3245}}
Jun 06 03:06:46.149478 np0000002240 devstack@g-api.service[102119]: DEBUG glance.common.config [None req-afbc9452-e486-4d67-bdcf-85d760906737 None None] do_secure_hash = True {{(pid=102119) log_opt_values /opt/stack/data/venv/lib/python3.12/site-packages/oslo_config/cfg.py:3245}}
Jun 06 03:06:46.149569 np0000002240 devstack@g-api.service[102119]: DEBUG glance.common.config [None req-afbc9452-e486-4d67-bdcf-85d760906737 None None] enabled_backends = None {{(pid=102119) log_opt_values /opt/stack/data/venv/lib/python3.12/site-packages/oslo_config/cfg.py:3245}}
Jun 06 03:06:46.149691 np0000002240 devstack@g-api.service[102119]: DEBUG glance.common.config [None req-afbc9452-e486-4d67-bdcf-85d760906737 None None] enabled_import_methods = ['glance-direct', 'web-download', 'copy-image'] {{(pid=102119) log_opt_values /opt/stack/data/venv/lib/python3.12/site-packages/oslo_config/cfg.py:3245}}
Jun 06 03:06:46.149785 np0000002240 devstack@g-api.service[102119]: DEBUG glance.common.config [None req-afbc9452-e486-4d67-bdcf-85d760906737 None None] fatal_deprecations = False {{(pid=102119) log_opt_values /opt/stack/data/venv/lib/python3.12/site-packages/oslo_config/cfg.py:3245}}
Jun 06 03:06:46.149887 np0000002240 devstack@g-api.service[102119]: DEBUG glance.common.config [None req-afbc9452-e486-4d67-bdcf-85d760906737 None None] hashing_algorithm = sha512 {{(pid=102119) log_opt_values /opt/stack/data/venv/lib/python3.12/site-packages/oslo_config/cfg.py:3245}}
Jun 06 03:06:46.149991 np0000002240 devstack@g-api.service[102119]: DEBUG glance.common.config [None req-afbc9452-e486-4d67-bdcf-85d760906737 None None] http_keepalive = True {{(pid=102119) log_opt_values /opt/stack/data/venv/lib/python3.12/site-packages/oslo_config/cfg.py:3245}}
Jun 06 03:06:46.150146 np0000002240 devstack@g-api.service[102119]: DEBUG glance.common.config [None req-afbc9452-e486-4d67-bdcf-85d760906737 None None] http_retries = 3 {{(pid=102119) log_opt_values /opt/stack/data/venv/lib/python3.12/site-packages/oslo_config/cfg.py:3245}}
Jun 06 03:06:46.150312 np0000002240 devstack@g-api.service[102119]: DEBUG glance.common.config [None req-afbc9452-e486-4d67-bdcf-85d760906737 None None] image_cache_dir = /opt/stack/data/glance/cache/ {{(pid=102119) log_opt_values /opt/stack/data/venv/lib/python3.12/site-packages/oslo_config/cfg.py:3245}}
Jun 06 03:06:46.150455 np0000002240 devstack@g-api.service[102119]: DEBUG glance.common.config [None req-afbc9452-e486-4d67-bdcf-85d760906737 None None] image_cache_driver = centralized_db {{(pid=102119) log_opt_values /opt/stack/data/venv/lib/python3.12/site-packages/oslo_config/cfg.py:3245}}
Jun 06 03:06:46.150567 np0000002240 devstack@g-api.service[102119]: DEBUG glance.common.config [None req-afbc9452-e486-4d67-bdcf-85d760906737 None None] image_cache_max_size = 10737418240 {{(pid=102119) log_opt_values /opt/stack/data/venv/lib/python3.12/site-packages/oslo_config/cfg.py:3245}}
Jun 06 03:06:46.150695 np0000002240 devstack@g-api.service[102119]: DEBUG glance.common.config [None req-afbc9452-e486-4d67-bdcf-85d760906737 None None] image_cache_sqlite_db = cache.db {{(pid=102119) log_opt_values /opt/stack/data/venv/lib/python3.12/site-packages/oslo_config/cfg.py:3245}}
Jun 06 03:06:46.150811 np0000002240 devstack@g-api.service[102119]: DEBUG glance.common.config [None req-afbc9452-e486-4d67-bdcf-85d760906737 None None] image_cache_stall_time = 86400 {{(pid=102119) log_opt_values /opt/stack/data/venv/lib/python3.12/site-packages/oslo_config/cfg.py:3245}}
Jun 06 03:06:46.150934 np0000002240 devstack@g-api.service[102119]: DEBUG glance.common.config [None req-afbc9452-e486-4d67-bdcf-85d760906737 None None] image_location_quota = 10 {{(pid=102119) log_opt_values /opt/stack/data/venv/lib/python3.12/site-packages/oslo_config/cfg.py:3245}}
Jun 06 03:06:46.151067 np0000002240 devstack@g-api.service[102119]: DEBUG glance.common.config [None req-afbc9452-e486-4d67-bdcf-85d760906737 None None] image_member_quota = 128 {{(pid=102119) log_opt_values /opt/stack/data/venv/lib/python3.12/site-packages/oslo_config/cfg.py:3245}}
Jun 06 03:06:46.151214 np0000002240 devstack@g-api.service[102119]: DEBUG glance.common.config [None req-afbc9452-e486-4d67-bdcf-85d760906737 None None] image_property_quota = 128 {{(pid=102119) log_opt_values /opt/stack/data/venv/lib/python3.12/site-packages/oslo_config/cfg.py:3245}}
Jun 06 03:06:46.151329 np0000002240 devstack@g-api.service[102119]: DEBUG glance.common.config [None req-afbc9452-e486-4d67-bdcf-85d760906737 None None] image_size_cap = 1099511627776 {{(pid=102119) log_opt_values /opt/stack/data/venv/lib/python3.12/site-packages/oslo_config/cfg.py:3245}}
Jun 06 03:06:46.151419 np0000002240 devstack@g-api.service[102119]: DEBUG glance.common.config [None req-afbc9452-e486-4d67-bdcf-85d760906737 None None] image_tag_quota = 128 {{(pid=102119) log_opt_values /opt/stack/data/venv/lib/python3.12/site-packages/oslo_config/cfg.py:3245}}
Jun 06 03:06:46.151515 np0000002240 devstack@g-api.service[102119]: DEBUG glance.common.config [None req-afbc9452-e486-4d67-bdcf-85d760906737 None None] instance_format = [instance: %(uuid)s] {{(pid=102119) log_opt_values /opt/stack/data/venv/lib/python3.12/site-packages/oslo_config/cfg.py:3245}}
Jun 06 03:06:46.151635 np0000002240 devstack@g-api.service[102119]: DEBUG glance.common.config [None req-afbc9452-e486-4d67-bdcf-85d760906737 None None] instance_uuid_format = [instance: %(uuid)s] {{(pid=102119) log_opt_values /opt/stack/data/venv/lib/python3.12/site-packages/oslo_config/cfg.py:3245}}
Jun 06 03:06:46.151771 np0000002240 devstack@g-api.service[102119]: DEBUG glance.common.config [None req-afbc9452-e486-4d67-bdcf-85d760906737 None None] limit_param_default = 25 {{(pid=102119) log_opt_values /opt/stack/data/venv/lib/python3.12/site-packages/oslo_config/cfg.py:3245}}
Jun 06 03:06:46.151920 np0000002240 devstack@g-api.service[102119]: DEBUG glance.common.config [None req-afbc9452-e486-4d67-bdcf-85d760906737 None None] log_color = False {{(pid=102119) log_opt_values /opt/stack/data/venv/lib/python3.12/site-packages/oslo_config/cfg.py:3245}}
Jun 06 03:06:46.152059 np0000002240 devstack@g-api.service[102119]: DEBUG glance.common.config [None req-afbc9452-e486-4d67-bdcf-85d760906737 None None] log_config_append = None {{(pid=102119) log_opt_values /opt/stack/data/venv/lib/python3.12/site-packages/oslo_config/cfg.py:3245}}
Jun 06 03:06:46.152221 np0000002240 devstack@g-api.service[102119]: DEBUG glance.common.config [None req-afbc9452-e486-4d67-bdcf-85d760906737 None None] log_date_format = %Y-%m-%d %H:%M:%S {{(pid=102119) log_opt_values /opt/stack/data/venv/lib/python3.12/site-packages/oslo_config/cfg.py:3245}}
Jun 06 03:06:46.152365 np0000002240 devstack@g-api.service[102119]: DEBUG glance.common.config [None req-afbc9452-e486-4d67-bdcf-85d760906737 None None] log_dir = None {{(pid=102119) log_opt_values /opt/stack/data/venv/lib/python3.12/site-packages/oslo_config/cfg.py:3245}}
Jun 06 03:06:46.152495 np0000002240 devstack@g-api.service[102119]: DEBUG glance.common.config [None req-afbc9452-e486-4d67-bdcf-85d760906737 None None] log_file = None {{(pid=102119) log_opt_values /opt/stack/data/venv/lib/python3.12/site-packages/oslo_config/cfg.py:3245}}
Jun 06 03:06:46.152606 np0000002240 devstack@g-api.service[102119]: DEBUG glance.common.config [None req-afbc9452-e486-4d67-bdcf-85d760906737 None None] log_rotate_interval = 1 {{(pid=102119) log_opt_values /opt/stack/data/venv/lib/python3.12/site-packages/oslo_config/cfg.py:3245}}
Jun 06 03:06:46.152740 np0000002240 devstack@g-api.service[102119]: DEBUG glance.common.config [None req-afbc9452-e486-4d67-bdcf-85d760906737 None None] log_rotate_interval_type = days {{(pid=102119) log_opt_values /opt/stack/data/venv/lib/python3.12/site-packages/oslo_config/cfg.py:3245}}
Jun 06 03:06:46.152871 np0000002240 devstack@g-api.service[102119]: DEBUG glance.common.config [None req-afbc9452-e486-4d67-bdcf-85d760906737 None None] log_rotation_type = none {{(pid=102119) log_opt_values /opt/stack/data/venv/lib/python3.12/site-packages/oslo_config/cfg.py:3245}}
Jun 06 03:06:46.152966 np0000002240 devstack@g-api.service[102119]: DEBUG glance.common.config [None req-afbc9452-e486-4d67-bdcf-85d760906737 None None] logging_context_format_string = %(color)s%(levelname)s %(name)s [%(global_request_id)s %(request_id)s %(project_name)s %(user_name)s%(color)s] %(instance)s%(color)s%(message)s {{(pid=102119) log_opt_values /opt/stack/data/venv/lib/python3.12/site-packages/oslo_config/cfg.py:3245}}
Jun 06 03:06:46.153040 np0000002240 devstack@g-api.service[102119]: DEBUG glance.common.config [None req-afbc9452-e486-4d67-bdcf-85d760906737 None None] logging_debug_format_suffix = {{(pid=%(process)d) %(funcName)s %(pathname)s:%(lineno)d}} {{(pid=102119) log_opt_values /opt/stack/data/venv/lib/python3.12/site-packages/oslo_config/cfg.py:3245}}
Jun 06 03:06:46.153153 np0000002240 devstack@g-api.service[102119]: DEBUG glance.common.config [None req-afbc9452-e486-4d67-bdcf-85d760906737 None None] logging_default_format_string = %(color)s%(levelname)s %(name)s [-%(color)s] %(instance)s%(color)s%(message)s {{(pid=102119) log_opt_values /opt/stack/data/venv/lib/python3.12/site-packages/oslo_config/cfg.py:3245}}
Jun 06 03:06:46.153281 np0000002240 devstack@g-api.service[102119]: DEBUG glance.common.config [None req-afbc9452-e486-4d67-bdcf-85d760906737 None None] logging_exception_prefix = ERROR %(name)s %(instance)s {{(pid=102119) log_opt_values /opt/stack/data/venv/lib/python3.12/site-packages/oslo_config/cfg.py:3245}}
Jun 06 03:06:46.153376 np0000002240 devstack@g-api.service[102119]: DEBUG glance.common.config [None req-afbc9452-e486-4d67-bdcf-85d760906737 None None] logging_user_identity_format = %(user)s %(project)s %(domain)s %(system_scope)s %(user_domain)s %(project_domain)s {{(pid=102119) log_opt_values /opt/stack/data/venv/lib/python3.12/site-packages/oslo_config/cfg.py:3245}}
Jun 06 03:06:46.153477 np0000002240 devstack@g-api.service[102119]: DEBUG glance.common.config [None req-afbc9452-e486-4d67-bdcf-85d760906737 None None] max_header_line = 16384 {{(pid=102119) log_opt_values /opt/stack/data/venv/lib/python3.12/site-packages/oslo_config/cfg.py:3245}}
Jun 06 03:06:46.153566 np0000002240 devstack@g-api.service[102119]: DEBUG glance.common.config [None req-afbc9452-e486-4d67-bdcf-85d760906737 None None] max_logfile_count = 30 {{(pid=102119) log_opt_values /opt/stack/data/venv/lib/python3.12/site-packages/oslo_config/cfg.py:3245}}
Jun 06 03:06:46.153667 np0000002240 devstack@g-api.service[102119]: DEBUG glance.common.config [None req-afbc9452-e486-4d67-bdcf-85d760906737 None None] max_logfile_size_mb = 200 {{(pid=102119) log_opt_values /opt/stack/data/venv/lib/python3.12/site-packages/oslo_config/cfg.py:3245}}
Jun 06 03:06:46.153757 np0000002240 devstack@g-api.service[102119]: DEBUG glance.common.config [None req-afbc9452-e486-4d67-bdcf-85d760906737 None None] max_request_id_length = 64 {{(pid=102119) log_opt_values /opt/stack/data/venv/lib/python3.12/site-packages/oslo_config/cfg.py:3245}}
Jun 06 03:06:46.153849 np0000002240 devstack@g-api.service[102119]: DEBUG glance.common.config [None req-afbc9452-e486-4d67-bdcf-85d760906737 None None] metadata_encryption_key = **** {{(pid=102119) log_opt_values /opt/stack/data/venv/lib/python3.12/site-packages/oslo_config/cfg.py:3245}}
Jun 06 03:06:46.153941 np0000002240 devstack@g-api.service[102119]: DEBUG glance.common.config [None req-afbc9452-e486-4d67-bdcf-85d760906737 None None] node_staging_uri = file:///tmp/staging/ {{(pid=102119) log_opt_values /opt/stack/data/venv/lib/python3.12/site-packages/oslo_config/cfg.py:3245}}
Jun 06 03:06:46.154062 np0000002240 devstack@g-api.service[102119]: DEBUG glance.common.config [None req-afbc9452-e486-4d67-bdcf-85d760906737 None None] property_protection_file = None {{(pid=102119) log_opt_values /opt/stack/data/venv/lib/python3.12/site-packages/oslo_config/cfg.py:3245}}
Jun 06 03:06:46.154234 np0000002240 devstack@g-api.service[102119]: DEBUG glance.common.config [None req-afbc9452-e486-4d67-bdcf-85d760906737 None None] property_protection_rule_format = roles {{(pid=102119) log_opt_values /opt/stack/data/venv/lib/python3.12/site-packages/oslo_config/cfg.py:3245}}
Jun 06 03:06:46.154385 np0000002240 devstack@g-api.service[102119]: DEBUG glance.common.config [None req-afbc9452-e486-4d67-bdcf-85d760906737 None None] public_endpoint = https://10.4.3.55/image {{(pid=102119) log_opt_values /opt/stack/data/venv/lib/python3.12/site-packages/oslo_config/cfg.py:3245}}
Jun 06 03:06:46.154514 np0000002240 devstack@g-api.service[102119]: DEBUG glance.common.config [None req-afbc9452-e486-4d67-bdcf-85d760906737 None None] publish_errors = False {{(pid=102119) log_opt_values /opt/stack/data/venv/lib/python3.12/site-packages/oslo_config/cfg.py:3245}}
Jun 06 03:06:46.154634 np0000002240 devstack@g-api.service[102119]: DEBUG glance.common.config [None req-afbc9452-e486-4d67-bdcf-85d760906737 None None] pydev_worker_debug_host = None {{(pid=102119) log_opt_values /opt/stack/data/venv/lib/python3.12/site-packages/oslo_config/cfg.py:3245}}
Jun 06 03:06:46.154747 np0000002240 devstack@g-api.service[102119]: DEBUG glance.common.config [None req-afbc9452-e486-4d67-bdcf-85d760906737 None None] pydev_worker_debug_port = 5678 {{(pid=102119) log_opt_values /opt/stack/data/venv/lib/python3.12/site-packages/oslo_config/cfg.py:3245}}
Jun 06 03:06:46.154864 np0000002240 devstack@g-api.service[102119]: DEBUG glance.common.config [None req-afbc9452-e486-4d67-bdcf-85d760906737 None None] rate_limit_burst = 0 {{(pid=102119) log_opt_values /opt/stack/data/venv/lib/python3.12/site-packages/oslo_config/cfg.py:3245}}
Jun 06 03:06:46.154989 np0000002240 devstack@g-api.service[102119]: DEBUG glance.common.config [None req-afbc9452-e486-4d67-bdcf-85d760906737 None None] rate_limit_except_level = CRITICAL {{(pid=102119) log_opt_values /opt/stack/data/venv/lib/python3.12/site-packages/oslo_config/cfg.py:3245}}
Jun 06 03:06:46.155099 np0000002240 devstack@g-api.service[102119]: DEBUG glance.common.config [None req-afbc9452-e486-4d67-bdcf-85d760906737 None None] rate_limit_interval = 0 {{(pid=102119) log_opt_values /opt/stack/data/venv/lib/python3.12/site-packages/oslo_config/cfg.py:3245}}
Jun 06 03:06:46.155210 np0000002240 devstack@g-api.service[102119]: DEBUG glance.common.config [None req-afbc9452-e486-4d67-bdcf-85d760906737 None None] scrub_pool_size = 1 {{(pid=102119) log_opt_values /opt/stack/data/venv/lib/python3.12/site-packages/oslo_config/cfg.py:3245}}
Jun 06 03:06:46.155318 np0000002240 devstack@g-api.service[102119]: DEBUG glance.common.config [None req-afbc9452-e486-4d67-bdcf-85d760906737 None None] scrub_time = 0 {{(pid=102119) log_opt_values /opt/stack/data/venv/lib/python3.12/site-packages/oslo_config/cfg.py:3245}}
Jun 06 03:06:46.155408 np0000002240 devstack@g-api.service[102119]: DEBUG glance.common.config [None req-afbc9452-e486-4d67-bdcf-85d760906737 None None] shell_completion = None {{(pid=102119) log_opt_values /opt/stack/data/venv/lib/python3.12/site-packages/oslo_config/cfg.py:3245}}
Jun 06 03:06:46.155501 np0000002240 devstack@g-api.service[102119]: DEBUG glance.common.config [None req-afbc9452-e486-4d67-bdcf-85d760906737 None None] show_image_direct_url = False {{(pid=102119) log_opt_values /opt/stack/data/venv/lib/python3.12/site-packages/oslo_config/cfg.py:3245}}
Jun 06 03:06:46.155712 np0000002240 devstack@g-api.service[102119]: WARNING oslo_config.cfg [None req-afbc9452-e486-4d67-bdcf-85d760906737 None None] Deprecated: Option "show_multiple_locations" from group "DEFAULT" is deprecated for removal (Use of this option, deprecated since Newton, is a security risk and will be removed once we figure out a way to satisfy those use cases that currently require it. An earlier announcement that the same functionality can be achieved with greater granularity by using policies is incorrect. You cannot work around this option via policy configuration at the present time, though that is the direction we believe the fix will take. Please keep an eye on the Glance release notes to stay up to date on progress in addressing this issue.). Its value may be silently ignored in the future.
Jun 06 03:06:46.155825 np0000002240 devstack@g-api.service[102119]: DEBUG glance.common.config [None req-afbc9452-e486-4d67-bdcf-85d760906737 None None] show_multiple_locations = False {{(pid=102119) log_opt_values /opt/stack/data/venv/lib/python3.12/site-packages/oslo_config/cfg.py:3245}}
Jun 06 03:06:46.155919 np0000002240 devstack@g-api.service[102119]: DEBUG glance.common.config [None req-afbc9452-e486-4d67-bdcf-85d760906737 None None] syslog_log_facility = LOG_USER {{(pid=102119) log_opt_values /opt/stack/data/venv/lib/python3.12/site-packages/oslo_config/cfg.py:3245}}
Jun 06 03:06:46.156009 np0000002240 devstack@g-api.service[102119]: DEBUG glance.common.config [None req-afbc9452-e486-4d67-bdcf-85d760906737 None None] tcp_keepidle = 600 {{(pid=102119) log_opt_values /opt/stack/data/venv/lib/python3.12/site-packages/oslo_config/cfg.py:3245}}
Jun 06 03:06:46.156107 np0000002240 devstack@g-api.service[102119]: DEBUG glance.common.config [None req-afbc9452-e486-4d67-bdcf-85d760906737 None None] transport_url = **** {{(pid=102119) log_opt_values /opt/stack/data/venv/lib/python3.12/site-packages/oslo_config/cfg.py:3245}}
Jun 06 03:06:46.156215 np0000002240 devstack@g-api.service[102119]: DEBUG glance.common.config [None req-afbc9452-e486-4d67-bdcf-85d760906737 None None] use_journal = False {{(pid=102119) log_opt_values /opt/stack/data/venv/lib/python3.12/site-packages/oslo_config/cfg.py:3245}}
Jun 06 03:06:46.156322 np0000002240 devstack@g-api.service[102119]: DEBUG glance.common.config [None req-afbc9452-e486-4d67-bdcf-85d760906737 None None] use_json = False {{(pid=102119) log_opt_values /opt/stack/data/venv/lib/python3.12/site-packages/oslo_config/cfg.py:3245}}
Jun 06 03:06:46.156422 np0000002240 devstack@g-api.service[102119]: DEBUG glance.common.config [None req-afbc9452-e486-4d67-bdcf-85d760906737 None None] use_keystone_limits = True {{(pid=102119) log_opt_values /opt/stack/data/venv/lib/python3.12/site-packages/oslo_config/cfg.py:3245}}
Jun 06 03:06:46.156512 np0000002240 devstack@g-api.service[102119]: DEBUG glance.common.config [None req-afbc9452-e486-4d67-bdcf-85d760906737 None None] use_stderr = False {{(pid=102119) log_opt_values /opt/stack/data/venv/lib/python3.12/site-packages/oslo_config/cfg.py:3245}}
Jun 06 03:06:46.156605 np0000002240 devstack@g-api.service[102119]: DEBUG glance.common.config [None req-afbc9452-e486-4d67-bdcf-85d760906737 None None] use_syslog = False {{(pid=102119) log_opt_values /opt/stack/data/venv/lib/python3.12/site-packages/oslo_config/cfg.py:3245}}
Jun 06 03:06:46.156707 np0000002240 devstack@g-api.service[102119]: DEBUG glance.common.config [None req-afbc9452-e486-4d67-bdcf-85d760906737 None None] user_storage_quota = 0 {{(pid=102119) log_opt_values /opt/stack/data/venv/lib/python3.12/site-packages/oslo_config/cfg.py:3245}}
Jun 06 03:06:46.156801 np0000002240 devstack@g-api.service[102119]: DEBUG glance.common.config [None req-afbc9452-e486-4d67-bdcf-85d760906737 None None] worker_self_reference_url = http://127.0.0.1:60999 {{(pid=102119) log_opt_values /opt/stack/data/venv/lib/python3.12/site-packages/oslo_config/cfg.py:3245}}
Jun 06 03:06:46.156889 np0000002240 devstack@g-api.service[102119]: DEBUG glance.common.config [None req-afbc9452-e486-4d67-bdcf-85d760906737 None None] workers = None {{(pid=102119) log_opt_values /opt/stack/data/venv/lib/python3.12/site-packages/oslo_config/cfg.py:3245}}
Jun 06 03:06:46.156994 np0000002240 devstack@g-api.service[102119]: DEBUG glance.common.config [None req-afbc9452-e486-4d67-bdcf-85d760906737 None None] oslo_concurrency.disable_process_locking = False {{(pid=102119) log_opt_values /opt/stack/data/venv/lib/python3.12/site-packages/oslo_config/cfg.py:3256}}
Jun 06 03:06:46.157092 np0000002240 devstack@g-api.service[102119]: DEBUG glance.common.config [None req-afbc9452-e486-4d67-bdcf-85d760906737 None None] oslo_concurrency.lock_path = /opt/stack/data/glance/locks {{(pid=102119) log_opt_values /opt/stack/data/venv/lib/python3.12/site-packages/oslo_config/cfg.py:3256}}
Jun 06 03:06:46.157236 np0000002240 devstack@g-api.service[102119]: DEBUG glance.common.config [None req-afbc9452-e486-4d67-bdcf-85d760906737 None None] oslo_middleware.enable_proxy_headers_parsing = False {{(pid=102119) log_opt_values /opt/stack/data/venv/lib/python3.12/site-packages/oslo_config/cfg.py:3256}}
Jun 06 03:06:46.157356 np0000002240 devstack@g-api.service[102119]: DEBUG glance.common.config [None req-afbc9452-e486-4d67-bdcf-85d760906737 None None] oslo_middleware.http_basic_auth_user_file = /etc/htpasswd {{(pid=102119) log_opt_values /opt/stack/data/venv/lib/python3.12/site-packages/oslo_config/cfg.py:3256}}
Jun 06 03:06:46.157461 np0000002240 devstack@g-api.service[102119]: DEBUG glance.common.config [None req-afbc9452-e486-4d67-bdcf-85d760906737 None None] paste_deploy.config_file = None {{(pid=102119) log_opt_values /opt/stack/data/venv/lib/python3.12/site-packages/oslo_config/cfg.py:3256}}
Jun 06 03:06:46.157559 np0000002240 devstack@g-api.service[102119]: DEBUG glance.common.config [None req-afbc9452-e486-4d67-bdcf-85d760906737 None None] paste_deploy.flavor = keystone+cachemanagement {{(pid=102119) log_opt_values /opt/stack/data/venv/lib/python3.12/site-packages/oslo_config/cfg.py:3256}}
Jun 06 03:06:46.157701 np0000002240 devstack@g-api.service[102119]: DEBUG glance.common.config [None req-afbc9452-e486-4d67-bdcf-85d760906737 None None] image_format.container_formats = ['ami', 'ari', 'aki', 'bare', 'ovf', 'ova', 'docker', 'compressed'] {{(pid=102119) log_opt_values /opt/stack/data/venv/lib/python3.12/site-packages/oslo_config/cfg.py:3256}}
Jun 06 03:06:46.157831 np0000002240 devstack@g-api.service[102119]: DEBUG glance.common.config [None req-afbc9452-e486-4d67-bdcf-85d760906737 None None] image_format.disk_formats = ['ami', 'ari', 'aki', 'vhd', 'vhdx', 'vmdk', 'raw', 'qcow2', 'vdi', 'iso', 'ploop'] {{(pid=102119) log_opt_values /opt/stack/data/venv/lib/python3.12/site-packages/oslo_config/cfg.py:3256}}
Jun 06 03:06:46.157925 np0000002240 devstack@g-api.service[102119]: DEBUG glance.common.config [None req-afbc9452-e486-4d67-bdcf-85d760906737 None None] image_format.gpt_safety_checks_nonfatal = [] {{(pid=102119) log_opt_values /opt/stack/data/venv/lib/python3.12/site-packages/oslo_config/cfg.py:3256}}
Jun 06 03:06:46.158020 np0000002240 devstack@g-api.service[102119]: DEBUG glance.common.config [None req-afbc9452-e486-4d67-bdcf-85d760906737 None None] image_format.require_image_format_match = True {{(pid=102119) log_opt_values /opt/stack/data/venv/lib/python3.12/site-packages/oslo_config/cfg.py:3256}}
Jun 06 03:06:46.158123 np0000002240 devstack@g-api.service[102119]: DEBUG glance.common.config [None req-afbc9452-e486-4d67-bdcf-85d760906737 None None] image_format.vmdk_allowed_types = ['streamOptimized', 'monolithicSparse'] {{(pid=102119) log_opt_values /opt/stack/data/venv/lib/python3.12/site-packages/oslo_config/cfg.py:3256}}
Jun 06 03:06:46.158244 np0000002240 devstack@g-api.service[102119]: DEBUG glance.common.config [None req-afbc9452-e486-4d67-bdcf-85d760906737 None None] task.task_executor = taskflow {{(pid=102119) log_opt_values /opt/stack/data/venv/lib/python3.12/site-packages/oslo_config/cfg.py:3256}}
Jun 06 03:06:46.158353 np0000002240 devstack@g-api.service[102119]: DEBUG glance.common.config [None req-afbc9452-e486-4d67-bdcf-85d760906737 None None] task.task_time_to_live = 48 {{(pid=102119) log_opt_values /opt/stack/data/venv/lib/python3.12/site-packages/oslo_config/cfg.py:3256}}
Jun 06 03:06:46.158440 np0000002240 devstack@g-api.service[102119]: DEBUG glance.common.config [None req-afbc9452-e486-4d67-bdcf-85d760906737 None None] task.work_dir = None {{(pid=102119) log_opt_values /opt/stack/data/venv/lib/python3.12/site-packages/oslo_config/cfg.py:3256}}
