Jul 10 09:42:47.062076 np0000004985 devstack@g-api.service[99703]: DEBUG glance.api.middleware.version_negotiation [None req-19ae367c-e638-40a0-92b6-c470d1212943 tempest-TaggedBootDevicesTest-2039461323 tempest-TaggedBootDevicesTest-2039461323-project-member] Using url versioning {{(pid=99703) process_request /opt/stack/glance/glance/api/middleware/version_negotiation.py:57}}
Jul 10 09:42:47.062458 np0000004985 devstack@g-api.service[99703]: DEBUG glance.api.middleware.version_negotiation [None req-19ae367c-e638-40a0-92b6-c470d1212943 tempest-TaggedBootDevicesTest-2039461323 tempest-TaggedBootDevicesTest-2039461323-project-member] Matched version: v2 {{(pid=99703) process_request /opt/stack/glance/glance/api/middleware/version_negotiation.py:69}}
Jul 10 09:42:47.063509 np0000004985 devstack@g-api.service[99703]: DEBUG glance.api.middleware.version_negotiation [None req-19ae367c-e638-40a0-92b6-c470d1212943 tempest-TaggedBootDevicesTest-2039461323 tempest-TaggedBootDevicesTest-2039461323-project-member] new path /v2/schemas/image {{(pid=99703) process_request /opt/stack/glance/glance/api/middleware/version_negotiation.py:70}}
Jul 10 09:42:47.067887 np0000004985 devstack@g-api.service[99703]: [pid: 99703|app: 0|req: 12/32] 127.0.0.1 () {44 vars in 1055 bytes} [Fri Jul 10 09:42:47 2026] GET /v2/schemas/image => generated 6083 bytes in 8 msecs (HTTP/1.1 200) 4 headers in 158 bytes (1 switches on core 0)
Jul 10 09:42:47.076949 np0000004985 devstack@g-api.service[99704]: DEBUG glance.api.middleware.version_negotiation [None req-19ae367c-e638-40a0-92b6-c470d1212943 tempest-TaggedBootDevicesTest-2039461323 tempest-TaggedBootDevicesTest-2039461323-project-member] Determining version of request: GET /v2/schemas/image Accept: */* {{(pid=99704) process_request /opt/stack/glance/glance/api/middleware/version_negotiation.py:44}}
Jul 10 09:42:47.077099 np0000004985 devstack@g-api.service[99704]: DEBUG glance.api.middleware.version_negotiation [None req-19ae367c-e638-40a0-92b6-c470d1212943 tempest-TaggedBootDevicesTest-2039461323 tempest-TaggedBootDevicesTest-2039461323-project-member] Using url versioning {{(pid=99704) process_request /opt/stack/glance/glance/api/middleware/version_negotiation.py:57}}
Jul 10 09:42:47.077189 np0000004985 devstack@g-api.service[99704]: DEBUG glance.api.middleware.version_negotiation [None req-19ae367c-e638-40a0-92b6-c470d1212943 tempest-TaggedBootDevicesTest-2039461323 tempest-TaggedBootDevicesTest-2039461323-project-member] Matched version: v2 {{(pid=99704) process_request /opt/stack/glance/glance/api/middleware/version_negotiation.py:69}}
Jul 10 09:42:47.077288 np0000004985 devstack@g-api.service[99704]: DEBUG glance.api.middleware.version_negotiation [None req-19ae367c-e638-40a0-92b6-c470d1212943 tempest-TaggedBootDevicesTest-2039461323 tempest-TaggedBootDevicesTest-2039461323-project-member] new path /v2/schemas/image {{(pid=99704) process_request /opt/stack/glance/glance/api/middleware/version_negotiation.py:70}}
Jul 10 09:42:47.079244 np0000004985 devstack@g-api.service[99704]: [pid: 99704|app: 0|req: 11/33] 127.0.0.1 () {44 vars in 1055 bytes} [Fri Jul 10 09:42:47 2026] GET /v2/schemas/image => generated 6083 bytes in 2 msecs (HTTP/1.1 200) 4 headers in 158 bytes (1 switches on core 0)
Jul 10 09:42:47.815069 np0000004985 devstack@g-api.service[99705]: DEBUG glance.api.middleware.version_negotiation [None req-19ae367c-e638-40a0-92b6-c470d1212943 tempest-TaggedBootDevicesTest-2039461323 tempest-TaggedBootDevicesTest-2039461323-project-member] Determining version of request: GET /versions Accept: */* {{(pid=99705) process_request /opt/stack/glance/glance/api/middleware/version_negotiation.py:44}}
Jul 10 09:42:47.815950 np0000004985 devstack@g-api.service[99705]: [pid: 99705|app: 0|req: 11/34] 127.0.0.1 () {44 vars in 1039 bytes} [Fri Jul 10 09:42:47 2026] GET /versions => generated 1515 bytes in 1 msecs (HTTP/1.1 200) 3 headers in 92 bytes (1 switches on core 0)
Jul 10 09:42:47.826045 np0000004985 devstack@g-api.service[99703]: DEBUG glance.api.middleware.version_negotiation [None req-19ae367c-e638-40a0-92b6-c470d1212943 tempest-TaggedBootDevicesTest-2039461323 tempest-TaggedBootDevicesTest-2039461323-project-member] Determining version of request: GET /v2/images/4d8a2e1c-9f54-4213-9817-48de5cdbacb9/locations Accept: */* {{(pid=99703) process_request /opt/stack/glance/glance/api/middleware/version_negotiation.py:44}}
Jul 10 09:42:47.826180 np0000004985 devstack@g-api.service[99703]: DEBUG glance.api.middleware.version_negotiation [None req-19ae367c-e638-40a0-92b6-c470d1212943 tempest-TaggedBootDevicesTest-2039461323 tempest-TaggedBootDevicesTest-2039461323-project-member] Using url versioning {{(pid=99703) process_request /opt/stack/glance/glance/api/middleware/version_negotiation.py:57}}
Jul 10 09:42:47.826303 np0000004985 devstack@g-api.service[99703]: DEBUG glance.api.middleware.version_negotiation [None req-19ae367c-e638-40a0-92b6-c470d1212943 tempest-TaggedBootDevicesTest-2039461323 tempest-TaggedBootDevicesTest-2039461323-project-member] Matched version: v2 {{(pid=99703) process_request /opt/stack/glance/glance/api/middleware/version_negotiation.py:69}}
Jul 10 09:42:47.826408 np0000004985 devstack@g-api.service[99703]: DEBUG glance.api.middleware.version_negotiation [None req-19ae367c-e638-40a0-92b6-c470d1212943 tempest-TaggedBootDevicesTest-2039461323 tempest-TaggedBootDevicesTest-2039461323-project-member] new path /v2/images/4d8a2e1c-9f54-4213-9817-48de5cdbacb9/locations {{(pid=99703) process_request /opt/stack/glance/glance/api/middleware/version_negotiation.py:70}}
Jul 10 09:42:48.277691 np0000004985 devstack@g-api.service[99703]: [pid: 99703|app: 0|req: 13/35] 127.0.0.1 () {44 vars in 1135 bytes} [Fri Jul 10 09:42:47 2026] GET /v2/images/4d8a2e1c-9f54-4213-9817-48de5cdbacb9/locations => generated 92 bytes in 452 msecs (HTTP/1.1 200) 4 headers in 156 bytes (1 switches on core 0)
Jul 10 09:42:48.290498 np0000004985 devstack@g-api.service[99704]: DEBUG glance.api.middleware.version_negotiation [None req-19ae367c-e638-40a0-92b6-c470d1212943 tempest-TaggedBootDevicesTest-2039461323 tempest-TaggedBootDevicesTest-2039461323-project-member] Determining version of request: GET /v2/images/4d8a2e1c-9f54-4213-9817-48de5cdbacb9 Accept: */* {{(pid=99704) process_request /opt/stack/glance/glance/api/middleware/version_negotiation.py:44}}
Jul 10 09:42:48.290498 np0000004985 devstack@g-api.service[99704]: DEBUG glance.api.middleware.version_negotiation [None req-19ae367c-e638-40a0-92b6-c470d1212943 tempest-TaggedBootDevicesTest-2039461323 tempest-TaggedBootDevicesTest-2039461323-project-member] Using url versioning {{(pid=99704) process_request /opt/stack/glance/glance/api/middleware/version_negotiation.py:57}}
Jul 10 09:42:48.290498 np0000004985 devstack@g-api.service[99704]: DEBUG glance.api.middleware.version_negotiation [None req-19ae367c-e638-40a0-92b6-c470d1212943 tempest-TaggedBootDevicesTest-2039461323 tempest-TaggedBootDevicesTest-2039461323-project-member] Matched version: v2 {{(pid=99704) process_request /opt/stack/glance/glance/api/middleware/version_negotiation.py:69}}
Jul 10 09:42:48.290847 np0000004985 devstack@g-api.service[99704]: DEBUG glance.api.middleware.version_negotiation [None req-19ae367c-e638-40a0-92b6-c470d1212943 tempest-TaggedBootDevicesTest-2039461323 tempest-TaggedBootDevicesTest-2039461323-project-member] new path /v2/images/4d8a2e1c-9f54-4213-9817-48de5cdbacb9 {{(pid=99704) process_request /opt/stack/glance/glance/api/middleware/version_negotiation.py:70}}
Jul 10 09:42:48.309594 np0000004985 devstack@g-api.service[99704]: [pid: 99704|app: 0|req: 12/36] 127.0.0.1 () {44 vars in 1115 bytes} [Fri Jul 10 09:42:48 2026] GET /v2/images/4d8a2e1c-9f54-4213-9817-48de5cdbacb9 => generated 1044 bytes in 20 msecs (HTTP/1.1 200) 4 headers in 158 bytes (1 switches on core 0)
Jul 10 09:42:48.316705 np0000004985 devstack@g-api.service[99705]: DEBUG glance.api.middleware.version_negotiation [None req-19ae367c-e638-40a0-92b6-c470d1212943 tempest-TaggedBootDevicesTest-2039461323 tempest-TaggedBootDevicesTest-2039461323-project-member] Determining version of request: GET /v2/schemas/image Accept: */* {{(pid=99705) process_request /opt/stack/glance/glance/api/middleware/version_negotiation.py:44}}
Jul 10 09:42:48.316951 np0000004985 devstack@g-api.service[99705]: DEBUG glance.api.middleware.version_negotiation [None req-19ae367c-e638-40a0-92b6-c470d1212943 tempest-TaggedBootDevicesTest-2039461323 tempest-TaggedBootDevicesTest-2039461323-project-member] Using url versioning {{(pid=99705) process_request /opt/stack/glance/glance/api/middleware/version_negotiation.py:57}}
Jul 10 09:42:48.317117 np0000004985 devstack@g-api.service[99705]: DEBUG glance.api.middleware.version_negotiation [None req-19ae367c-e638-40a0-92b6-c470d1212943 tempest-TaggedBootDevicesTest-2039461323 tempest-TaggedBootDevicesTest-2039461323-project-member] Matched version: v2 {{(pid=99705) process_request /opt/stack/glance/glance/api/middleware/version_negotiation.py:69}}
Jul 10 09:42:48.317234 np0000004985 devstack@g-api.service[99705]: DEBUG glance.api.middleware.version_negotiation [None req-19ae367c-e638-40a0-92b6-c470d1212943 tempest-TaggedBootDevicesTest-2039461323 tempest-TaggedBootDevicesTest-2039461323-project-member] new path /v2/schemas/image {{(pid=99705) process_request /opt/stack/glance/glance/api/middleware/version_negotiation.py:70}}
Jul 10 09:42:48.320053 np0000004985 devstack@g-api.service[99705]: [pid: 99705|app: 0|req: 12/37] 127.0.0.1 () {44 vars in 1055 bytes} [Fri Jul 10 09:42:48 2026] GET /v2/schemas/image => generated 6083 bytes in 3 msecs (HTTP/1.1 200) 4 headers in 158 bytes (1 switches on core 0)
Jul 10 09:42:48.329203 np0000004985 devstack@g-api.service[99703]: DEBUG glance.api.middleware.version_negotiation [None req-19ae367c-e638-40a0-92b6-c470d1212943 service glance] Determining version of request: GET /v2/schemas/image Accept: */* {{(pid=99703) process_request /opt/stack/glance/glance/api/middleware/version_negotiation.py:44}}
Jul 10 09:42:48.329203 np0000004985 devstack@g-api.service[99703]: DEBUG glance.api.middleware.version_negotiation [None req-19ae367c-e638-40a0-92b6-c470d1212943 service glance] Using url versioning {{(pid=99703) process_request /opt/stack/glance/glance/api/middleware/version_negotiation.py:57}}
Jul 10 09:42:48.329203 np0000004985 devstack@g-api.service[99703]: DEBUG glance.api.middleware.version_negotiation [None req-19ae367c-e638-40a0-92b6-c470d1212943 service glance] Matched version: v2 {{(pid=99703) process_request /opt/stack/glance/glance/api/middleware/version_negotiation.py:69}}
Jul 10 09:42:48.329203 np0000004985 devstack@g-api.service[99703]: DEBUG glance.api.middleware.version_negotiation [None req-19ae367c-e638-40a0-92b6-c470d1212943 service glance] new path /v2/schemas/image {{(pid=99703) process_request /opt/stack/glance/glance/api/middleware/version_negotiation.py:70}}
Jul 10 09:42:48.332910 np0000004985 devstack@g-api.service[99703]: [pid: 99703|app: 0|req: 14/38] 127.0.0.1 () {44 vars in 1055 bytes} [Fri Jul 10 09:42:48 2026] GET /v2/schemas/image => generated 6083 bytes in 5 msecs (HTTP/1.1 200) 4 headers in 158 bytes (1 switches on core 0)
Jul 10 09:42:48.359459 np0000004985 devstack@g-api.service[99704]: DEBUG glance.api.middleware.version_negotiation [None req-19ae367c-e638-40a0-92b6-c470d1212943 tempest-TaggedBootDevicesTest-2039461323 tempest-TaggedBootDevicesTest-2039461323-project-member] Determining version of request: GET /v2/images/4d8a2e1c-9f54-4213-9817-48de5cdbacb9 Accept: */* {{(pid=99704) process_request /opt/stack/glance/glance/api/middleware/version_negotiation.py:44}}
Jul 10 09:42:48.360441 np0000004985 devstack@g-api.service[99704]: DEBUG glance.api.middleware.version_negotiation [None req-19ae367c-e638-40a0-92b6-c470d1212943 tempest-TaggedBootDevicesTest-2039461323 tempest-TaggedBootDevicesTest-2039461323-project-member] Using url versioning {{(pid=99704) process_request /opt/stack/glance/glance/api/middleware/version_negotiation.py:57}}
Jul 10 09:42:48.360441 np0000004985 devstack@g-api.service[99704]: DEBUG glance.api.middleware.version_negotiation [None req-19ae367c-e638-40a0-92b6-c470d1212943 tempest-TaggedBootDevicesTest-2039461323 tempest-TaggedBootDevicesTest-2039461323-project-member] Matched version: v2 {{(pid=99704) process_request /opt/stack/glance/glance/api/middleware/version_negotiation.py:69}}
Jul 10 09:42:48.360441 np0000004985 devstack@g-api.service[99704]: DEBUG glance.api.middleware.version_negotiation [None req-19ae367c-e638-40a0-92b6-c470d1212943 tempest-TaggedBootDevicesTest-2039461323 tempest-TaggedBootDevicesTest-2039461323-project-member] new path /v2/images/4d8a2e1c-9f54-4213-9817-48de5cdbacb9 {{(pid=99704) process_request /opt/stack/glance/glance/api/middleware/version_negotiation.py:70}}
Jul 10 09:42:48.374418 np0000004985 devstack@g-api.service[99704]: [pid: 99704|app: 0|req: 13/39] 127.0.0.1 () {44 vars in 1115 bytes} [Fri Jul 10 09:42:48 2026] GET /v2/images/4d8a2e1c-9f54-4213-9817-48de5cdbacb9 => generated 1044 bytes in 15 msecs (HTTP/1.1 200) 4 headers in 158 bytes (1 switches on core 0)
Jul 10 09:42:48.383089 np0000004985 devstack@g-api.service[99705]: DEBUG glance.api.middleware.version_negotiation [None req-19ae367c-e638-40a0-92b6-c470d1212943 tempest-TaggedBootDevicesTest-2039461323 tempest-TaggedBootDevicesTest-2039461323-project-member] Determining version of request: GET /v2/images/4d8a2e1c-9f54-4213-9817-48de5cdbacb9/file Accept: */* {{(pid=99705) process_request /opt/stack/glance/glance/api/middleware/version_negotiation.py:44}}
Jul 10 09:42:48.383255 np0000004985 devstack@g-api.service[99705]: DEBUG glance.api.middleware.version_negotiation [None req-19ae367c-e638-40a0-92b6-c470d1212943 tempest-TaggedBootDevicesTest-2039461323 tempest-TaggedBootDevicesTest-2039461323-project-member] Using url versioning {{(pid=99705) process_request /opt/stack/glance/glance/api/middleware/version_negotiation.py:57}}
Jul 10 09:42:48.383255 np0000004985 devstack@g-api.service[99705]: DEBUG glance.api.middleware.version_negotiation [None req-19ae367c-e638-40a0-92b6-c470d1212943 tempest-TaggedBootDevicesTest-2039461323 tempest-TaggedBootDevicesTest-2039461323-project-member] Matched version: v2 {{(pid=99705) process_request /opt/stack/glance/glance/api/middleware/version_negotiation.py:69}}
Jul 10 09:42:48.383407 np0000004985 devstack@g-api.service[99705]: DEBUG glance.api.middleware.version_negotiation [None req-19ae367c-e638-40a0-92b6-c470d1212943 tempest-TaggedBootDevicesTest-2039461323 tempest-TaggedBootDevicesTest-2039461323-project-member] new path /v2/images/4d8a2e1c-9f54-4213-9817-48de5cdbacb9/file {{(pid=99705) process_request /opt/stack/glance/glance/api/middleware/version_negotiation.py:70}}
Jul 10 09:42:48.393349 np0000004985 devstack@g-api.service[99705]: DEBUG glance_store.backend [None req-19ae367c-e638-40a0-92b6-c470d1212943 tempest-TaggedBootDevicesTest-2039461323 tempest-TaggedBootDevicesTest-2039461323-project-member] Attempting to import store swift {{(pid=99705) _load_store /opt/stack/data/venv/lib/python3.12/site-packages/glance_store/backend.py:215}}
Jul 10 09:42:48.394675 np0000004985 devstack@g-api.service[99705]: DEBUG glance_store.capabilities [None req-19ae367c-e638-40a0-92b6-c470d1212943 tempest-TaggedBootDevicesTest-2039461323 tempest-TaggedBootDevicesTest-2039461323-project-member] Store glance_store._drivers.swift.store.SingleTenantStore doesn't support updating dynamic storage capabilities. Please overwrite 'update_capabilities' method of the store to implement updating logics if needed. {{(pid=99705) update_capabilities /opt/stack/data/venv/lib/python3.12/site-packages/glance_store/capabilities.py:91}}
Jul 10 09:42:48.394820 np0000004985 devstack@g-api.service[99705]: DEBUG glance_store.driver [None req-19ae367c-e638-40a0-92b6-c470d1212943 tempest-TaggedBootDevicesTest-2039461323 tempest-TaggedBootDevicesTest-2039461323-project-member] Late loading location class glance_store._drivers.swift.store.StoreLocation {{(pid=99705) get_store_location_class /opt/stack/data/venv/lib/python3.12/site-packages/glance_store/driver.py:134}}
Jul 10 09:42:48.394912 np0000004985 devstack@g-api.service[99705]: DEBUG glance_store.location [None req-19ae367c-e638-40a0-92b6-c470d1212943 tempest-TaggedBootDevicesTest-2039461323 tempest-TaggedBootDevicesTest-2039461323-project-member] Registering scheme swift+https with {'store': , 'location_class': , 'store_entry': 'swift'} {{(pid=99705) register_scheme_map /opt/stack/data/venv/lib/python3.12/site-packages/glance_store/location.py:146}}
Jul 10 09:42:48.395069 np0000004985 devstack@g-api.service[99705]: DEBUG glance_store.location [None req-19ae367c-e638-40a0-92b6-c470d1212943 tempest-TaggedBootDevicesTest-2039461323 tempest-TaggedBootDevicesTest-2039461323-project-member] Registering scheme swift+https with {'store': , 'location_class': , 'store_entry': 'swift'} {{(pid=99705) register_scheme_map /opt/stack/data/venv/lib/python3.12/site-packages/glance_store/location.py:146}}
Jul 10 09:42:48.395069 np0000004985 devstack@g-api.service[99705]: DEBUG glance_store.location [None req-19ae367c-e638-40a0-92b6-c470d1212943 tempest-TaggedBootDevicesTest-2039461323 tempest-TaggedBootDevicesTest-2039461323-project-member] Registering scheme swift with {'store': , 'location_class': , 'store_entry': 'swift'} {{(pid=99705) register_scheme_map /opt/stack/data/venv/lib/python3.12/site-packages/glance_store/location.py:146}}
Jul 10 09:42:48.395198 np0000004985 devstack@g-api.service[99705]: DEBUG glance_store.location [None req-19ae367c-e638-40a0-92b6-c470d1212943 tempest-TaggedBootDevicesTest-2039461323 tempest-TaggedBootDevicesTest-2039461323-project-member] Registering scheme swift+https with {'store': , 'location_class': , 'store_entry': 'swift'} {{(pid=99705) register_scheme_map /opt/stack/data/venv/lib/python3.12/site-packages/glance_store/location.py:146}}
Jul 10 09:42:48.395198 np0000004985 devstack@g-api.service[99705]: DEBUG glance_store.location [None req-19ae367c-e638-40a0-92b6-c470d1212943 tempest-TaggedBootDevicesTest-2039461323 tempest-TaggedBootDevicesTest-2039461323-project-member] Registering scheme swift with {'store': , 'location_class': , 'store_entry': 'swift'} {{(pid=99705) register_scheme_map /opt/stack/data/venv/lib/python3.12/site-packages/glance_store/location.py:146}}
Jul 10 09:42:48.395326 np0000004985 devstack@g-api.service[99705]: DEBUG glance_store.location [None req-19ae367c-e638-40a0-92b6-c470d1212943 tempest-TaggedBootDevicesTest-2039461323 tempest-TaggedBootDevicesTest-2039461323-project-member] Registering scheme swift+http with {'store': , 'location_class': , 'store_entry': 'swift'} {{(pid=99705) register_scheme_map /opt/stack/data/venv/lib/python3.12/site-packages/glance_store/location.py:146}}
Jul 10 09:42:48.395326 np0000004985 devstack@g-api.service[99705]: DEBUG glance_store.location [None req-19ae367c-e638-40a0-92b6-c470d1212943 tempest-TaggedBootDevicesTest-2039461323 tempest-TaggedBootDevicesTest-2039461323-project-member] Registering scheme swift+https with {'store': , 'location_class': , 'store_entry': 'swift'} {{(pid=99705) register_scheme_map /opt/stack/data/venv/lib/python3.12/site-packages/glance_store/location.py:146}}
Jul 10 09:42:48.395471 np0000004985 devstack@g-api.service[99705]: DEBUG glance_store.location [None req-19ae367c-e638-40a0-92b6-c470d1212943 tempest-TaggedBootDevicesTest-2039461323 tempest-TaggedBootDevicesTest-2039461323-project-member] Registering scheme swift with {'store': , 'location_class': , 'store_entry': 'swift'} {{(pid=99705) register_scheme_map /opt/stack/data/venv/lib/python3.12/site-packages/glance_store/location.py:146}}
Jul 10 09:42:48.395590 np0000004985 devstack@g-api.service[99705]: DEBUG glance_store.location [None req-19ae367c-e638-40a0-92b6-c470d1212943 tempest-TaggedBootDevicesTest-2039461323 tempest-TaggedBootDevicesTest-2039461323-project-member] Registering scheme swift+http with {'store': , 'location_class': , 'store_entry': 'swift'} {{(pid=99705) register_scheme_map /opt/stack/data/venv/lib/python3.12/site-packages/glance_store/location.py:146}}
Jul 10 09:42:48.395657 np0000004985 devstack@g-api.service[99705]: DEBUG glance_store.location [None req-19ae367c-e638-40a0-92b6-c470d1212943 tempest-TaggedBootDevicesTest-2039461323 tempest-TaggedBootDevicesTest-2039461323-project-member] Registering scheme swift+config with {'store': , 'location_class': , 'store_entry': 'swift'} {{(pid=99705) register_scheme_map /opt/stack/data/venv/lib/python3.12/site-packages/glance_store/location.py:146}}
Jul 10 09:42:48.763047 np0000004985 devstack@g-api.service[99705]: DEBUG swiftclient [None req-19ae367c-e638-40a0-92b6-c470d1212943 tempest-TaggedBootDevicesTest-2039461323 tempest-TaggedBootDevicesTest-2039461323-project-member] REQ: curl -i https://10.4.3.142:8080/v1/AUTH_80297045a2d748338802f08cdf41f69c/glance/4d8a2e1c-9f54-4213-9817-48de5cdbacb9 -X GET -H "X-Auth-Token: gAAAAABqUL6Y1Fl-..." {{(pid=99705) http_log /opt/stack/data/venv/lib/python3.12/site-packages/swiftclient/client.py:160}}
Jul 10 09:42:48.763149 np0000004985 devstack@g-api.service[99705]: DEBUG swiftclient [None req-19ae367c-e638-40a0-92b6-c470d1212943 tempest-TaggedBootDevicesTest-2039461323 tempest-TaggedBootDevicesTest-2039461323-project-member] RESP STATUS: 200 OK {{(pid=99705) http_log /opt/stack/data/venv/lib/python3.12/site-packages/swiftclient/client.py:161}}
Jul 10 09:42:48.763272 np0000004985 devstack@g-api.service[99705]: DEBUG swiftclient [None req-19ae367c-e638-40a0-92b6-c470d1212943 tempest-TaggedBootDevicesTest-2039461323 tempest-TaggedBootDevicesTest-2039461323-project-member] RESP HEADERS: {'Date': 'Fri, 10 Jul 2026 09:42:48 GMT', 'Server': 'Apache/2.4.58 (Ubuntu)', 'Content-Type': 'application/octet-stream', 'Etag': '87617e24a5e30cb3b87fda8c0764838f', 'Last-Modified': 'Fri, 10 Jul 2026 09:41:02 GMT', 'X-Timestamp': '1783676461.22568', 'Accept-Ranges': 'bytes', 'Content-Length': '21692416', 'X-Trans-Id': 'txcee1d988a63c49cca8e9b-006a50be98', 'X-Openstack-Request-Id': 'txcee1d988a63c49cca8e9b-006a50be98', 'Connection': 'close'} {{(pid=99705) http_log /opt/stack/data/venv/lib/python3.12/site-packages/swiftclient/client.py:162}}
Jul 10 09:42:48.772543 np0000004985 devstack@g-api.service[99705]: DEBUG glance.image_cache [None req-19ae367c-e638-40a0-92b6-c470d1212943 tempest-TaggedBootDevicesTest-2039461323 tempest-TaggedBootDevicesTest-2039461323-project-member] Tee'ing image '4d8a2e1c-9f54-4213-9817-48de5cdbacb9' into cache {{(pid=99705) get_caching_iter /opt/stack/glance/glance/image_cache/__init__.py:356}}
Jul 10 09:42:48.958017 np0000004985 devstack@g-api.service[99705]: DEBUG glance.image_cache.drivers.centralized_db [None req-19ae367c-e638-40a0-92b6-c470d1212943 tempest-TaggedBootDevicesTest-2039461323 tempest-TaggedBootDevicesTest-2039461323-project-member] Fetch finished, moving '/opt/stack/data/glance/cache/incomplete/4d8a2e1c-9f54-4213-9817-48de5cdbacb9' to '/opt/stack/data/glance/cache/4d8a2e1c-9f54-4213-9817-48de5cdbacb9' {{(pid=99705) commit /opt/stack/glance/glance/image_cache/drivers/centralized_db.py:243}}
Jul 10 09:42:48.968092 np0000004985 devstack@g-api.service[99705]: DEBUG glance.image_cache.drivers.centralized_db [None req-19ae367c-e638-40a0-92b6-c470d1212943 tempest-TaggedBootDevicesTest-2039461323 tempest-TaggedBootDevicesTest-2039461323-project-member] Image cached successfully. {{(pid=99705) commit /opt/stack/glance/glance/image_cache/drivers/centralized_db.py:258}}
Jul 10 09:42:48.968240 np0000004985 devstack@g-api.service[99705]: [pid: 99705|app: 0|req: 13/40] 127.0.0.1 () {44 vars in 1125 bytes} [Fri Jul 10 09:42:48 2026] GET /v2/images/4d8a2e1c-9f54-4213-9817-48de5cdbacb9/file => generated 21692416 bytes in 585 msecs (HTTP/1.1 200) 4 headers in 191 bytes (333 switches on core 0)
Jul 10 09:42:49.707743 np0000004985 devstack@g-api.service[99703]: DEBUG glance.api.middleware.version_negotiation [None req-19ae367c-e638-40a0-92b6-c470d1212943 tempest-TaggedBootDevicesTest-2039461323 tempest-TaggedBootDevicesTest-2039461323-project-member] Determining version of request: GET /v2/images/4d8a2e1c-9f54-4213-9817-48de5cdbacb9 Accept: */* {{(pid=99703) process_request /opt/stack/glance/glance/api/middleware/version_negotiation.py:44}}
Jul 10 09:42:49.707743 np0000004985 devstack@g-api.service[99703]: DEBUG glance.api.middleware.version_negotiation [None req-19ae367c-e638-40a0-92b6-c470d1212943 tempest-TaggedBootDevicesTest-2039461323 tempest-TaggedBootDevicesTest-2039461323-project-member] Using url versioning {{(pid=99703) process_request /opt/stack/glance/glance/api/middleware/version_negotiation.py:57}}
Jul 10 09:42:49.707743 np0000004985 devstack@g-api.service[99703]: DEBUG glance.api.middleware.version_negotiation [None req-19ae367c-e638-40a0-92b6-c470d1212943 tempest-TaggedBootDevicesTest-2039461323 tempest-TaggedBootDevicesTest-2039461323-project-member] Matched version: v2 {{(pid=99703) process_request /opt/stack/glance/glance/api/middleware/version_negotiation.py:69}}
Jul 10 09:42:49.707743 np0000004985 devstack@g-api.service[99703]: DEBUG glance.api.middleware.version_negotiation [None req-19ae367c-e638-40a0-92b6-c470d1212943 tempest-TaggedBootDevicesTest-2039461323 tempest-TaggedBootDevicesTest-2039461323-project-member] new path /v2/images/4d8a2e1c-9f54-4213-9817-48de5cdbacb9 {{(pid=99703) process_request /opt/stack/glance/glance/api/middleware/version_negotiation.py:70}}
Jul 10 09:42:49.722419 np0000004985 devstack@g-api.service[99703]: [pid: 99703|app: 0|req: 15/41] 127.0.0.1 () {44 vars in 1115 bytes} [Fri Jul 10 09:42:49 2026] GET /v2/images/4d8a2e1c-9f54-4213-9817-48de5cdbacb9 => generated 1044 bytes in 14 msecs (HTTP/1.1 200) 4 headers in 158 bytes (1 switches on core 0)
Jul 10 09:42:49.728790 np0000004985 devstack@g-api.service[99704]: DEBUG glance.api.middleware.version_negotiation [None req-19ae367c-e638-40a0-92b6-c470d1212943 tempest-TaggedBootDevicesTest-2039461323 tempest-TaggedBootDevicesTest-2039461323-project-member] Determining version of request: GET /v2/schemas/image Accept: */* {{(pid=99704) process_request /opt/stack/glance/glance/api/middleware/version_negotiation.py:44}}
Jul 10 09:42:49.729240 np0000004985 devstack@g-api.service[99704]: DEBUG glance.api.middleware.version_negotiation [None req-19ae367c-e638-40a0-92b6-c470d1212943 tempest-TaggedBootDevicesTest-2039461323 tempest-TaggedBootDevicesTest-2039461323-project-member] Using url versioning {{(pid=99704) process_request /opt/stack/glance/glance/api/middleware/version_negotiation.py:57}}
Jul 10 09:42:49.729240 np0000004985 devstack@g-api.service[99704]: DEBUG glance.api.middleware.version_negotiation [None req-19ae367c-e638-40a0-92b6-c470d1212943 tempest-TaggedBootDevicesTest-2039461323 tempest-TaggedBootDevicesTest-2039461323-project-member] Matched version: v2 {{(pid=99704) process_request /opt/stack/glance/glance/api/middleware/version_negotiation.py:69}}
Jul 10 09:42:49.729240 np0000004985 devstack@g-api.service[99704]: DEBUG glance.api.middleware.version_negotiation [None req-19ae367c-e638-40a0-92b6-c470d1212943 tempest-TaggedBootDevicesTest-2039461323 tempest-TaggedBootDevicesTest-2039461323-project-member] new path /v2/schemas/image {{(pid=99704) process_request /opt/stack/glance/glance/api/middleware/version_negotiation.py:70}}
Jul 10 09:42:49.731299 np0000004985 devstack@g-api.service[99704]: [pid: 99704|app: 0|req: 14/42] 127.0.0.1 () {44 vars in 1055 bytes} [Fri Jul 10 09:42:49 2026] GET /v2/schemas/image => generated 6083 bytes in 3 msecs (HTTP/1.1 200) 4 headers in 158 bytes (1 switches on core 0)
Jul 10 09:42:50.393230 np0000004985 devstack@g-api.service[99705]: DEBUG glance.api.middleware.version_negotiation [None req-19ae367c-e638-40a0-92b6-c470d1212943 tempest-TaggedBootDevicesTest-2039461323 tempest-TaggedBootDevicesTest-2039461323-project-member] Determining version of request: GET /v2/images/4d8a2e1c-9f54-4213-9817-48de5cdbacb9 Accept: application/json {{(pid=99705) process_request /opt/stack/glance/glance/api/middleware/version_negotiation.py:44}}
Jul 10 09:42:50.393807 np0000004985 devstack@g-api.service[99705]: DEBUG glance.api.middleware.version_negotiation [None req-19ae367c-e638-40a0-92b6-c470d1212943 tempest-TaggedBootDevicesTest-2039461323 tempest-TaggedBootDevicesTest-2039461323-project-member] Using url versioning {{(pid=99705) process_request /opt/stack/glance/glance/api/middleware/version_negotiation.py:57}}
Jul 10 09:42:50.393807 np0000004985 devstack@g-api.service[99705]: DEBUG glance.api.middleware.version_negotiation [None req-19ae367c-e638-40a0-92b6-c470d1212943 tempest-TaggedBootDevicesTest-2039461323 tempest-TaggedBootDevicesTest-2039461323-project-member] Matched version: v2 {{(pid=99705) process_request /opt/stack/glance/glance/api/middleware/version_negotiation.py:69}}
Jul 10 09:42:50.393807 np0000004985 devstack@g-api.service[99705]: DEBUG glance.api.middleware.version_negotiation [None req-19ae367c-e638-40a0-92b6-c470d1212943 tempest-TaggedBootDevicesTest-2039461323 tempest-TaggedBootDevicesTest-2039461323-project-member] new path /v2/images/4d8a2e1c-9f54-4213-9817-48de5cdbacb9 {{(pid=99705) process_request /opt/stack/glance/glance/api/middleware/version_negotiation.py:70}}
Jul 10 09:42:50.686887 np0000004985 devstack@g-api.service[99705]: [pid: 99705|app: 0|req: 14/43] 127.0.0.1 () {40 vars in 838 bytes} [Fri Jul 10 09:42:50 2026] GET /v2/images/4d8a2e1c-9f54-4213-9817-48de5cdbacb9 => generated 1044 bytes in 294 msecs (HTTP/1.1 200) 4 headers in 158 bytes (1 switches on core 0)
Jul 10 09:42:50.694887 np0000004985 devstack@g-api.service[99703]: DEBUG glance.api.middleware.version_negotiation [None req-19ae367c-e638-40a0-92b6-c470d1212943 tempest-TaggedBootDevicesTest-2039461323 tempest-TaggedBootDevicesTest-2039461323-project-member] Determining version of request: GET /v2/images/4d8a2e1c-9f54-4213-9817-48de5cdbacb9/file Accept: application/json {{(pid=99703) process_request /opt/stack/glance/glance/api/middleware/version_negotiation.py:44}}
Jul 10 09:42:50.695038 np0000004985 devstack@g-api.service[99703]: DEBUG glance.api.middleware.version_negotiation [None req-19ae367c-e638-40a0-92b6-c470d1212943 tempest-TaggedBootDevicesTest-2039461323 tempest-TaggedBootDevicesTest-2039461323-project-member] Using url versioning {{(pid=99703) process_request /opt/stack/glance/glance/api/middleware/version_negotiation.py:57}}
Jul 10 09:42:50.695163 np0000004985 devstack@g-api.service[99703]: DEBUG glance.api.middleware.version_negotiation [None req-19ae367c-e638-40a0-92b6-c470d1212943 tempest-TaggedBootDevicesTest-2039461323 tempest-TaggedBootDevicesTest-2039461323-project-member] Matched version: v2 {{(pid=99703) process_request /opt/stack/glance/glance/api/middleware/version_negotiation.py:69}}
Jul 10 09:42:50.695626 np0000004985 devstack@g-api.service[99703]: DEBUG glance.api.middleware.version_negotiation [None req-19ae367c-e638-40a0-92b6-c470d1212943 tempest-TaggedBootDevicesTest-2039461323 tempest-TaggedBootDevicesTest-2039461323-project-member] new path /v2/images/4d8a2e1c-9f54-4213-9817-48de5cdbacb9/file {{(pid=99703) process_request /opt/stack/glance/glance/api/middleware/version_negotiation.py:70}}
Jul 10 09:42:50.989483 np0000004985 devstack@g-api.service[99703]: DEBUG glance.api.middleware.cache [None req-b172ae3a-0c28-42ab-b19a-b6154be64dc0 tempest-AttachSCSIVolumeTestJSON-1629159487 tempest-AttachSCSIVolumeTestJSON-1629159487-project-admin] Cache hit for image '4d8a2e1c-9f54-4213-9817-48de5cdbacb9' {{(pid=99703) process_request /opt/stack/glance/glance/api/middleware/cache.py:160}}
Jul 10 09:42:51.005010 np0000004985 devstack@g-api.service[99704]: DEBUG glance.api.middleware.version_negotiation [None req-19ae367c-e638-40a0-92b6-c470d1212943 tempest-TaggedBootDevicesTest-2039461323 tempest-TaggedBootDevicesTest-2039461323-project-member] Determining version of request: POST /v2/images Accept: application/json {{(pid=99704) process_request /opt/stack/glance/glance/api/middleware/version_negotiation.py:44}}
Jul 10 09:42:51.005010 np0000004985 devstack@g-api.service[99704]: DEBUG glance.api.middleware.version_negotiation [None req-19ae367c-e638-40a0-92b6-c470d1212943 tempest-TaggedBootDevicesTest-2039461323 tempest-TaggedBootDevicesTest-2039461323-project-member] Using url versioning {{(pid=99704) process_request /opt/stack/glance/glance/api/middleware/version_negotiation.py:57}}
Jul 10 09:42:51.005010 np0000004985 devstack@g-api.service[99704]: DEBUG glance.api.middleware.version_negotiation [None req-19ae367c-e638-40a0-92b6-c470d1212943 tempest-TaggedBootDevicesTest-2039461323 tempest-TaggedBootDevicesTest-2039461323-project-member] Matched version: v2 {{(pid=99704) process_request /opt/stack/glance/glance/api/middleware/version_negotiation.py:69}}
Jul 10 09:42:51.005010 np0000004985 devstack@g-api.service[99704]: DEBUG glance.api.middleware.version_negotiation [None req-19ae367c-e638-40a0-92b6-c470d1212943 tempest-TaggedBootDevicesTest-2039461323 tempest-TaggedBootDevicesTest-2039461323-project-member] new path /v2/images {{(pid=99704) process_request /opt/stack/glance/glance/api/middleware/version_negotiation.py:70}}
Jul 10 09:42:51.084117 np0000004985 devstack@g-api.service[99705]: DEBUG glance.api.middleware.version_negotiation [None req-bc26e907-2f40-47a2-a9a2-33278673a304 tempest-AttachSCSIVolumeTestJSON-591776909 tempest-AttachSCSIVolumeTestJSON-591776909-project-reader] Determining version of request: GET /v2/images/4d8a2e1c-9f54-4213-9817-48de5cdbacb9 Accept: */* {{(pid=99705) process_request /opt/stack/glance/glance/api/middleware/version_negotiation.py:44}}
Jul 10 09:42:51.084173 np0000004985 devstack@g-api.service[99705]: DEBUG glance.api.middleware.version_negotiation [None req-bc26e907-2f40-47a2-a9a2-33278673a304 tempest-AttachSCSIVolumeTestJSON-591776909 tempest-AttachSCSIVolumeTestJSON-591776909-project-reader] Using url versioning {{(pid=99705) process_request /opt/stack/glance/glance/api/middleware/version_negotiation.py:57}}
Jul 10 09:42:51.084299 np0000004985 devstack@g-api.service[99705]: DEBUG glance.api.middleware.version_negotiation [None req-bc26e907-2f40-47a2-a9a2-33278673a304 tempest-AttachSCSIVolumeTestJSON-591776909 tempest-AttachSCSIVolumeTestJSON-591776909-project-reader] Matched version: v2 {{(pid=99705) process_request /opt/stack/glance/glance/api/middleware/version_negotiation.py:69}}
Jul 10 09:42:51.084468 np0000004985 devstack@g-api.service[99705]: DEBUG glance.api.middleware.version_negotiation [None req-bc26e907-2f40-47a2-a9a2-33278673a304 tempest-AttachSCSIVolumeTestJSON-591776909 tempest-AttachSCSIVolumeTestJSON-591776909-project-reader] new path /v2/images/4d8a2e1c-9f54-4213-9817-48de5cdbacb9 {{(pid=99705) process_request /opt/stack/glance/glance/api/middleware/version_negotiation.py:70}}
Jul 10 09:42:51.093980 np0000004985 devstack@g-api.service[99705]: [pid: 99705|app: 0|req: 15/44] 127.0.0.1 () {44 vars in 1115 bytes} [Fri Jul 10 09:42:51 2026] GET /v2/images/4d8a2e1c-9f54-4213-9817-48de5cdbacb9 => generated 1044 bytes in 10 msecs (HTTP/1.1 200) 4 headers in 158 bytes (1 switches on core 0)
Jul 10 09:42:51.103701 np0000004985 devstack@g-api.service[99705]: DEBUG glance.api.middleware.version_negotiation [None req-19ae367c-e638-40a0-92b6-c470d1212943 tempest-TaggedBootDevicesTest-2039461323 tempest-TaggedBootDevicesTest-2039461323-project-member] Determining version of request: GET /v2/schemas/image Accept: */* {{(pid=99705) process_request /opt/stack/glance/glance/api/middleware/version_negotiation.py:44}}
Jul 10 09:42:51.103701 np0000004985 devstack@g-api.service[99705]: DEBUG glance.api.middleware.version_negotiation [None req-19ae367c-e638-40a0-92b6-c470d1212943 tempest-TaggedBootDevicesTest-2039461323 tempest-TaggedBootDevicesTest-2039461323-project-member] Using url versioning {{(pid=99705) process_request /opt/stack/glance/glance/api/middleware/version_negotiation.py:57}}
Jul 10 09:42:51.103701 np0000004985 devstack@g-api.service[99705]: DEBUG glance.api.middleware.version_negotiation [None req-19ae367c-e638-40a0-92b6-c470d1212943 tempest-TaggedBootDevicesTest-2039461323 tempest-TaggedBootDevicesTest-2039461323-project-member] Matched version: v2 {{(pid=99705) process_request /opt/stack/glance/glance/api/middleware/version_negotiation.py:69}}
Jul 10 09:42:51.103701 np0000004985 devstack@g-api.service[99705]: DEBUG glance.api.middleware.version_negotiation [None req-19ae367c-e638-40a0-92b6-c470d1212943 tempest-TaggedBootDevicesTest-2039461323 tempest-TaggedBootDevicesTest-2039461323-project-member] new path /v2/schemas/image {{(pid=99705) process_request /opt/stack/glance/glance/api/middleware/version_negotiation.py:70}}
Jul 10 09:42:51.105871 np0000004985 devstack@g-api.service[99705]: [pid: 99705|app: 0|req: 16/45] 127.0.0.1 () {44 vars in 1055 bytes} [Fri Jul 10 09:42:51 2026] GET /v2/schemas/image => generated 6083 bytes in 4 msecs (HTTP/1.1 200) 4 headers in 158 bytes (1 switches on core 0)
Jul 10 09:42:51.803317 np0000004985 devstack@g-api.service[99704]: [pid: 99704|app: 0|req: 15/46] 127.0.0.1 () {42 vars in 786 bytes} [Fri Jul 10 09:42:51 2026] POST /v2/images => generated 690 bytes in 799 msecs (HTTP/1.1 201) 6 headers in 315 bytes (1 switches on core 0)
Jul 10 09:42:51.815767 np0000004985 devstack@g-api.service[99705]: DEBUG glance.api.middleware.version_negotiation [None req-19ae367c-e638-40a0-92b6-c470d1212943 tempest-TaggedBootDevicesTest-2039461323 tempest-TaggedBootDevicesTest-2039461323-project-member] Determining version of request: PUT /v2/images/3bcfdec1-86ec-41cb-8578-f3bac846e0d5/file Accept: {{(pid=99705) process_request /opt/stack/glance/glance/api/middleware/version_negotiation.py:44}}
Jul 10 09:42:51.816204 np0000004985 devstack@g-api.service[99705]: DEBUG glance.api.middleware.version_negotiation [None req-19ae367c-e638-40a0-92b6-c470d1212943 tempest-TaggedBootDevicesTest-2039461323 tempest-TaggedBootDevicesTest-2039461323-project-member] Using url versioning {{(pid=99705) process_request /opt/stack/glance/glance/api/middleware/version_negotiation.py:57}}
Jul 10 09:42:51.816204 np0000004985 devstack@g-api.service[99705]: DEBUG glance.api.middleware.version_negotiation [None req-19ae367c-e638-40a0-92b6-c470d1212943 tempest-TaggedBootDevicesTest-2039461323 tempest-TaggedBootDevicesTest-2039461323-project-member] Matched version: v2 {{(pid=99705) process_request /opt/stack/glance/glance/api/middleware/version_negotiation.py:69}}
Jul 10 09:42:51.816204 np0000004985 devstack@g-api.service[99705]: DEBUG glance.api.middleware.version_negotiation [None req-19ae367c-e638-40a0-92b6-c470d1212943 tempest-TaggedBootDevicesTest-2039461323 tempest-TaggedBootDevicesTest-2039461323-project-member] new path /v2/images/3bcfdec1-86ec-41cb-8578-f3bac846e0d5/file {{(pid=99705) process_request /opt/stack/glance/glance/api/middleware/version_negotiation.py:70}}
Jul 10 09:42:51.878754 np0000004985 devstack@g-api.service[99703]: [pid: 99703|app: 0|req: 16/47] 127.0.0.1 () {40 vars in 848 bytes} [Fri Jul 10 09:42:50 2026] GET /v2/images/4d8a2e1c-9f54-4213-9817-48de5cdbacb9/file => generated 21692416 bytes in 1183 msecs (HTTP/1.1 200) 5 headers in 217 bytes (339 switches on core 0)
Jul 10 09:42:52.620124 np0000004985 devstack@g-api.service[99705]: INFO glance.api.v2.image_data [None req-7e2b3b41-9b86-4a55-afdc-47e328d6ba32 tempest-AttachSCSIVolumeTestJSON-1629159487 tempest-AttachSCSIVolumeTestJSON-1629159487-project-admin] Unable to create trust: no such option collect_timing in group [keystone_authtoken] Use the existing user token.
Jul 10 09:42:52.880510 np0000004985 devstack@g-api.service[99704]: DEBUG glance.api.middleware.version_negotiation [None req-dbc1a174-7692-478f-9882-f0c71457edcd tempest-AttachSCSIVolumeTestJSON-1629159487 tempest-AttachSCSIVolumeTestJSON-1629159487-project-admin] Determining version of request: GET /v2/images/4d8a2e1c-9f54-4213-9817-48de5cdbacb9 Accept: */* {{(pid=99704) process_request /opt/stack/glance/glance/api/middleware/version_negotiation.py:44}}
Jul 10 09:42:52.881358 np0000004985 devstack@g-api.service[99704]: DEBUG glance.api.middleware.version_negotiation [None req-dbc1a174-7692-478f-9882-f0c71457edcd tempest-AttachSCSIVolumeTestJSON-1629159487 tempest-AttachSCSIVolumeTestJSON-1629159487-project-admin] Using url versioning {{(pid=99704) process_request /opt/stack/glance/glance/api/middleware/version_negotiation.py:57}}
Jul 10 09:42:52.881358 np0000004985 devstack@g-api.service[99704]: DEBUG glance.api.middleware.version_negotiation [None req-dbc1a174-7692-478f-9882-f0c71457edcd tempest-AttachSCSIVolumeTestJSON-1629159487 tempest-AttachSCSIVolumeTestJSON-1629159487-project-admin] Matched version: v2 {{(pid=99704) process_request /opt/stack/glance/glance/api/middleware/version_negotiation.py:69}}
Jul 10 09:42:52.881358 np0000004985 devstack@g-api.service[99704]: DEBUG glance.api.middleware.version_negotiation [None req-dbc1a174-7692-478f-9882-f0c71457edcd tempest-AttachSCSIVolumeTestJSON-1629159487 tempest-AttachSCSIVolumeTestJSON-1629159487-project-admin] new path /v2/images/4d8a2e1c-9f54-4213-9817-48de5cdbacb9 {{(pid=99704) process_request /opt/stack/glance/glance/api/middleware/version_negotiation.py:70}}
Jul 10 09:42:52.894230 np0000004985 devstack@g-api.service[99704]: [pid: 99704|app: 0|req: 16/48] 127.0.0.1 () {44 vars in 1115 bytes} [Fri Jul 10 09:42:52 2026] GET /v2/images/4d8a2e1c-9f54-4213-9817-48de5cdbacb9 => generated 1044 bytes in 14 msecs (HTTP/1.1 200) 4 headers in 158 bytes (1 switches on core 0)
Jul 10 09:42:52.910465 np0000004985 devstack@g-api.service[99703]: DEBUG glance.api.middleware.version_negotiation [None req-b172ae3a-0c28-42ab-b19a-b6154be64dc0 tempest-AttachSCSIVolumeTestJSON-1629159487 tempest-AttachSCSIVolumeTestJSON-1629159487-project-admin] Determining version of request: GET /v2/schemas/image Accept: */* {{(pid=99703) process_request /opt/stack/glance/glance/api/middleware/version_negotiation.py:44}}
Jul 10 09:42:52.910955 np0000004985 devstack@g-api.service[99703]: DEBUG glance.api.middleware.version_negotiation [None req-b172ae3a-0c28-42ab-b19a-b6154be64dc0 tempest-AttachSCSIVolumeTestJSON-1629159487 tempest-AttachSCSIVolumeTestJSON-1629159487-project-admin] Using url versioning {{(pid=99703) process_request /opt/stack/glance/glance/api/middleware/version_negotiation.py:57}}
Jul 10 09:42:52.910955 np0000004985 devstack@g-api.service[99703]: DEBUG glance.api.middleware.version_negotiation [None req-b172ae3a-0c28-42ab-b19a-b6154be64dc0 tempest-AttachSCSIVolumeTestJSON-1629159487 tempest-AttachSCSIVolumeTestJSON-1629159487-project-admin] Matched version: v2 {{(pid=99703) process_request /opt/stack/glance/glance/api/middleware/version_negotiation.py:69}}
Jul 10 09:42:52.910955 np0000004985 devstack@g-api.service[99703]: DEBUG glance.api.middleware.version_negotiation [None req-b172ae3a-0c28-42ab-b19a-b6154be64dc0 tempest-AttachSCSIVolumeTestJSON-1629159487 tempest-AttachSCSIVolumeTestJSON-1629159487-project-admin] new path /v2/schemas/image {{(pid=99703) process_request /opt/stack/glance/glance/api/middleware/version_negotiation.py:70}}
Jul 10 09:42:52.913617 np0000004985 devstack@g-api.service[99703]: [pid: 99703|app: 0|req: 17/49] 127.0.0.1 () {44 vars in 1055 bytes} [Fri Jul 10 09:42:52 2026] GET /v2/schemas/image => generated 6083 bytes in 3 msecs (HTTP/1.1 200) 4 headers in 158 bytes (1 switches on core 0)
Jul 10 09:42:53.283431 np0000004985 devstack@g-api.service[99705]: DEBUG glance.location [None req-7e2b3b41-9b86-4a55-afdc-47e328d6ba32 tempest-AttachSCSIVolumeTestJSON-1629159487 tempest-AttachSCSIVolumeTestJSON-1629159487-project-admin] Enabling in-flight format inspection for qcow2 {{(pid=99705) set_data /opt/stack/glance/glance/location.py:596}}
Jul 10 09:42:53.283431 np0000004985 devstack@g-api.service[99705]: DEBUG glance_store.backend [None req-7e2b3b41-9b86-4a55-afdc-47e328d6ba32 tempest-AttachSCSIVolumeTestJSON-1629159487 tempest-AttachSCSIVolumeTestJSON-1629159487-project-admin] Attempting to import store swift {{(pid=99705) _load_store /opt/stack/data/venv/lib/python3.12/site-packages/glance_store/backend.py:215}}
Jul 10 09:42:53.283431 np0000004985 devstack@g-api.service[99705]: DEBUG glance_store.capabilities [None req-7e2b3b41-9b86-4a55-afdc-47e328d6ba32 tempest-AttachSCSIVolumeTestJSON-1629159487 tempest-AttachSCSIVolumeTestJSON-1629159487-project-admin] Store glance_store._drivers.swift.store.SingleTenantStore doesn't support updating dynamic storage capabilities. Please overwrite 'update_capabilities' method of the store to implement updating logics if needed. {{(pid=99705) update_capabilities /opt/stack/data/venv/lib/python3.12/site-packages/glance_store/capabilities.py:91}}
Jul 10 09:42:53.283431 np0000004985 devstack@g-api.service[99705]: DEBUG glance_store.driver [None req-7e2b3b41-9b86-4a55-afdc-47e328d6ba32 tempest-AttachSCSIVolumeTestJSON-1629159487 tempest-AttachSCSIVolumeTestJSON-1629159487-project-admin] Late loading location class glance_store._drivers.swift.store.StoreLocation {{(pid=99705) get_store_location_class /opt/stack/data/venv/lib/python3.12/site-packages/glance_store/driver.py:134}}
Jul 10 09:42:53.283975 np0000004985 devstack@g-api.service[99705]: DEBUG glance_store.location [None req-7e2b3b41-9b86-4a55-afdc-47e328d6ba32 tempest-AttachSCSIVolumeTestJSON-1629159487 tempest-AttachSCSIVolumeTestJSON-1629159487-project-admin] Registering scheme swift+https with {'store': , 'location_class': , 'store_entry': 'swift'} {{(pid=99705) register_scheme_map /opt/stack/data/venv/lib/python3.12/site-packages/glance_store/location.py:146}}
Jul 10 09:42:53.283975 np0000004985 devstack@g-api.service[99705]: DEBUG glance_store.location [None req-7e2b3b41-9b86-4a55-afdc-47e328d6ba32 tempest-AttachSCSIVolumeTestJSON-1629159487 tempest-AttachSCSIVolumeTestJSON-1629159487-project-admin] Registering scheme swift+https with {'store': , 'location_class': , 'store_entry': 'swift'} {{(pid=99705) register_scheme_map /opt/stack/data/venv/lib/python3.12/site-packages/glance_store/location.py:146}}
Jul 10 09:42:53.283975 np0000004985 devstack@g-api.service[99705]: DEBUG glance_store.location [None req-7e2b3b41-9b86-4a55-afdc-47e328d6ba32 tempest-AttachSCSIVolumeTestJSON-1629159487 tempest-AttachSCSIVolumeTestJSON-1629159487-project-admin] Registering scheme swift with {'store': , 'location_class': , 'store_entry': 'swift'} {{(pid=99705) register_scheme_map /opt/stack/data/venv/lib/python3.12/site-packages/glance_store/location.py:146}}
Jul 10 09:42:53.284183 np0000004985 devstack@g-api.service[99705]: DEBUG glance_store.location [None req-7e2b3b41-9b86-4a55-afdc-47e328d6ba32 tempest-AttachSCSIVolumeTestJSON-1629159487 tempest-AttachSCSIVolumeTestJSON-1629159487-project-admin] Registering scheme swift+https with {'store': , 'location_class': , 'store_entry': 'swift'} {{(pid=99705) register_scheme_map /opt/stack/data/venv/lib/python3.12/site-packages/glance_store/location.py:146}}
Jul 10 09:42:53.284183 np0000004985 devstack@g-api.service[99705]: DEBUG glance_store.location [None req-7e2b3b41-9b86-4a55-afdc-47e328d6ba32 tempest-AttachSCSIVolumeTestJSON-1629159487 tempest-AttachSCSIVolumeTestJSON-1629159487-project-admin] Registering scheme swift with {'store': , 'location_class': , 'store_entry': 'swift'} {{(pid=99705) register_scheme_map /opt/stack/data/venv/lib/python3.12/site-packages/glance_store/location.py:146}}
Jul 10 09:42:53.284183 np0000004985 devstack@g-api.service[99705]: DEBUG glance_store.location [None req-7e2b3b41-9b86-4a55-afdc-47e328d6ba32 tempest-AttachSCSIVolumeTestJSON-1629159487 tempest-AttachSCSIVolumeTestJSON-1629159487-project-admin] Registering scheme swift+http with {'store': , 'location_class': , 'store_entry': 'swift'} {{(pid=99705) register_scheme_map /opt/stack/data/venv/lib/python3.12/site-packages/glance_store/location.py:146}}
Jul 10 09:42:53.284338 np0000004985 devstack@g-api.service[99705]: DEBUG glance_store.location [None req-7e2b3b41-9b86-4a55-afdc-47e328d6ba32 tempest-AttachSCSIVolumeTestJSON-1629159487 tempest-AttachSCSIVolumeTestJSON-1629159487-project-admin] Registering scheme swift+https with {'store': , 'location_class': , 'store_entry': 'swift'} {{(pid=99705) register_scheme_map /opt/stack/data/venv/lib/python3.12/site-packages/glance_store/location.py:146}}
Jul 10 09:42:53.284338 np0000004985 devstack@g-api.service[99705]: DEBUG glance_store.location [None req-7e2b3b41-9b86-4a55-afdc-47e328d6ba32 tempest-AttachSCSIVolumeTestJSON-1629159487 tempest-AttachSCSIVolumeTestJSON-1629159487-project-admin] Registering scheme swift with {'store': , 'location_class': , 'store_entry': 'swift'} {{(pid=99705) register_scheme_map /opt/stack/data/venv/lib/python3.12/site-packages/glance_store/location.py:146}}
Jul 10 09:42:53.284338 np0000004985 devstack@g-api.service[99705]: DEBUG glance_store.location [None req-7e2b3b41-9b86-4a55-afdc-47e328d6ba32 tempest-AttachSCSIVolumeTestJSON-1629159487 tempest-AttachSCSIVolumeTestJSON-1629159487-project-admin] Registering scheme swift+http with {'store': , 'location_class': , 'store_entry': 'swift'} {{(pid=99705) register_scheme_map /opt/stack/data/venv/lib/python3.12/site-packages/glance_store/location.py:146}}
Jul 10 09:42:53.284457 np0000004985 devstack@g-api.service[99705]: DEBUG glance_store.location [None req-7e2b3b41-9b86-4a55-afdc-47e328d6ba32 tempest-AttachSCSIVolumeTestJSON-1629159487 tempest-AttachSCSIVolumeTestJSON-1629159487-project-admin] Registering scheme swift+config with {'store': , 'location_class': , 'store_entry': 'swift'} {{(pid=99705) register_scheme_map /opt/stack/data/venv/lib/python3.12/site-packages/glance_store/location.py:146}}
