Jul 10 09:40:29.977877 np0000004985 nova-conductor[95851]: DEBUG cotyledon.oslo_config_glue [-] oslo_messaging_rabbit.ssl_enforce_fips_mode = False {{(pid=95851) log_opt_values /opt/stack/data/venv/lib/python3.12/site-packages/oslo_config/cfg.py:3253}}
Jul 10 09:40:29.977877 np0000004985 nova-conductor[95851]: DEBUG cotyledon.oslo_config_glue [-] oslo_messaging_rabbit.ssl_enforce_hostname_verification = True {{(pid=95851) log_opt_values /opt/stack/data/venv/lib/python3.12/site-packages/oslo_config/cfg.py:3253}}
Jul 10 09:40:29.977877 np0000004985 nova-conductor[95851]: DEBUG cotyledon.oslo_config_glue [-] oslo_messaging_rabbit.ssl_key_file = {{(pid=95851) log_opt_values /opt/stack/data/venv/lib/python3.12/site-packages/oslo_config/cfg.py:3253}}
Jul 10 09:40:29.977877 np0000004985 nova-conductor[95851]: DEBUG cotyledon.oslo_config_glue [-] oslo_messaging_rabbit.ssl_version = {{(pid=95851) log_opt_values /opt/stack/data/venv/lib/python3.12/site-packages/oslo_config/cfg.py:3253}}
Jul 10 09:40:29.977877 np0000004985 nova-conductor[95851]: DEBUG cotyledon.oslo_config_glue [-] oslo_messaging_rabbit.use_queue_manager = False {{(pid=95851) log_opt_values /opt/stack/data/venv/lib/python3.12/site-packages/oslo_config/cfg.py:3253}}
Jul 10 09:40:29.977877 np0000004985 nova-conductor[95851]: DEBUG cotyledon.oslo_config_glue [-] oslo_messaging_notifications.driver = ['messagingv2'] {{(pid=95851) log_opt_values /opt/stack/data/venv/lib/python3.12/site-packages/oslo_config/cfg.py:3253}}
Jul 10 09:40:29.977877 np0000004985 nova-conductor[95851]: DEBUG cotyledon.oslo_config_glue [-] oslo_messaging_notifications.retry = -1 {{(pid=95851) log_opt_values /opt/stack/data/venv/lib/python3.12/site-packages/oslo_config/cfg.py:3253}}
Jul 10 09:40:29.977877 np0000004985 nova-conductor[95851]: DEBUG cotyledon.oslo_config_glue [-] oslo_messaging_notifications.topics = ['notifications'] {{(pid=95851) log_opt_values /opt/stack/data/venv/lib/python3.12/site-packages/oslo_config/cfg.py:3253}}
Jul 10 09:40:29.977877 np0000004985 nova-conductor[95851]: DEBUG cotyledon.oslo_config_glue [-] oslo_messaging_notifications.transport_url = **** {{(pid=95851) log_opt_values /opt/stack/data/venv/lib/python3.12/site-packages/oslo_config/cfg.py:3253}}
Jul 10 09:40:29.978142 np0000004985 nova-conductor[95851]: DEBUG cotyledon.oslo_config_glue [-] oslo_limit.auth_section = None {{(pid=95851) log_opt_values /opt/stack/data/venv/lib/python3.12/site-packages/oslo_config/cfg.py:3253}}
Jul 10 09:40:29.978142 np0000004985 nova-conductor[95851]: DEBUG cotyledon.oslo_config_glue [-] oslo_limit.auth_type = None {{(pid=95851) log_opt_values /opt/stack/data/venv/lib/python3.12/site-packages/oslo_config/cfg.py:3253}}
Jul 10 09:40:29.978142 np0000004985 nova-conductor[95851]: DEBUG cotyledon.oslo_config_glue [-] oslo_limit.cafile = None {{(pid=95851) log_opt_values /opt/stack/data/venv/lib/python3.12/site-packages/oslo_config/cfg.py:3253}}
Jul 10 09:40:29.978142 np0000004985 nova-conductor[95851]: DEBUG cotyledon.oslo_config_glue [-] oslo_limit.certfile = None {{(pid=95851) log_opt_values /opt/stack/data/venv/lib/python3.12/site-packages/oslo_config/cfg.py:3253}}
Jul 10 09:40:29.978142 np0000004985 nova-conductor[95851]: DEBUG cotyledon.oslo_config_glue [-] oslo_limit.collect_timing = False {{(pid=95851) log_opt_values /opt/stack/data/venv/lib/python3.12/site-packages/oslo_config/cfg.py:3253}}
Jul 10 09:40:29.978142 np0000004985 nova-conductor[95851]: DEBUG cotyledon.oslo_config_glue [-] oslo_limit.connect_retries = None {{(pid=95851) log_opt_values /opt/stack/data/venv/lib/python3.12/site-packages/oslo_config/cfg.py:3253}}
Jul 10 09:40:29.978142 np0000004985 nova-conductor[95851]: DEBUG cotyledon.oslo_config_glue [-] oslo_limit.connect_retry_delay = None {{(pid=95851) log_opt_values /opt/stack/data/venv/lib/python3.12/site-packages/oslo_config/cfg.py:3253}}
Jul 10 09:40:29.978142 np0000004985 nova-conductor[95851]: DEBUG cotyledon.oslo_config_glue [-] oslo_limit.endpoint_id = None {{(pid=95851) log_opt_values /opt/stack/data/venv/lib/python3.12/site-packages/oslo_config/cfg.py:3253}}
Jul 10 09:40:29.978142 np0000004985 nova-conductor[95851]: DEBUG cotyledon.oslo_config_glue [-] oslo_limit.endpoint_interface = public {{(pid=95851) log_opt_values /opt/stack/data/venv/lib/python3.12/site-packages/oslo_config/cfg.py:3253}}
Jul 10 09:40:29.978313 np0000004985 nova-conductor[95851]: DEBUG cotyledon.oslo_config_glue [-] oslo_limit.endpoint_override = None {{(pid=95851) log_opt_values /opt/stack/data/venv/lib/python3.12/site-packages/oslo_config/cfg.py:3253}}
Jul 10 09:40:29.978313 np0000004985 nova-conductor[95851]: DEBUG cotyledon.oslo_config_glue [-] oslo_limit.endpoint_region_name = None {{(pid=95851) log_opt_values /opt/stack/data/venv/lib/python3.12/site-packages/oslo_config/cfg.py:3253}}
Jul 10 09:40:29.978313 np0000004985 nova-conductor[95851]: DEBUG cotyledon.oslo_config_glue [-] oslo_limit.endpoint_service_name = None {{(pid=95851) log_opt_values /opt/stack/data/venv/lib/python3.12/site-packages/oslo_config/cfg.py:3253}}
Jul 10 09:40:29.978313 np0000004985 nova-conductor[95851]: DEBUG cotyledon.oslo_config_glue [-] oslo_limit.endpoint_service_type = None {{(pid=95851) log_opt_values /opt/stack/data/venv/lib/python3.12/site-packages/oslo_config/cfg.py:3253}}
Jul 10 09:40:29.978313 np0000004985 nova-conductor[95851]: DEBUG cotyledon.oslo_config_glue [-] oslo_limit.insecure = False {{(pid=95851) log_opt_values /opt/stack/data/venv/lib/python3.12/site-packages/oslo_config/cfg.py:3253}}
Jul 10 09:40:29.978313 np0000004985 nova-conductor[95851]: DEBUG cotyledon.oslo_config_glue [-] oslo_limit.keyfile = None {{(pid=95851) log_opt_values /opt/stack/data/venv/lib/python3.12/site-packages/oslo_config/cfg.py:3253}}
Jul 10 09:40:29.978313 np0000004985 nova-conductor[95851]: DEBUG cotyledon.oslo_config_glue [-] oslo_limit.max_version = None {{(pid=95851) log_opt_values /opt/stack/data/venv/lib/python3.12/site-packages/oslo_config/cfg.py:3253}}
Jul 10 09:40:29.978313 np0000004985 nova-conductor[95851]: DEBUG cotyledon.oslo_config_glue [-] oslo_limit.min_version = None {{(pid=95851) log_opt_values /opt/stack/data/venv/lib/python3.12/site-packages/oslo_config/cfg.py:3253}}
Jul 10 09:40:29.978313 np0000004985 nova-conductor[95851]: DEBUG cotyledon.oslo_config_glue [-] oslo_limit.region_name = None {{(pid=95851) log_opt_values /opt/stack/data/venv/lib/python3.12/site-packages/oslo_config/cfg.py:3253}}
Jul 10 09:40:29.978647 np0000004985 nova-conductor[95851]: DEBUG cotyledon.oslo_config_glue [-] oslo_limit.retriable_status_codes = None {{(pid=95851) log_opt_values /opt/stack/data/venv/lib/python3.12/site-packages/oslo_config/cfg.py:3253}}
Jul 10 09:40:29.978647 np0000004985 nova-conductor[95851]: DEBUG cotyledon.oslo_config_glue [-] oslo_limit.service_name = None {{(pid=95851) log_opt_values /opt/stack/data/venv/lib/python3.12/site-packages/oslo_config/cfg.py:3253}}
Jul 10 09:40:29.978647 np0000004985 nova-conductor[95851]: DEBUG cotyledon.oslo_config_glue [-] oslo_limit.service_type = None {{(pid=95851) log_opt_values /opt/stack/data/venv/lib/python3.12/site-packages/oslo_config/cfg.py:3253}}
Jul 10 09:40:29.978647 np0000004985 nova-conductor[95851]: DEBUG cotyledon.oslo_config_glue [-] oslo_limit.split_loggers = False {{(pid=95851) log_opt_values /opt/stack/data/venv/lib/python3.12/site-packages/oslo_config/cfg.py:3253}}
Jul 10 09:40:29.978647 np0000004985 nova-conductor[95851]: DEBUG cotyledon.oslo_config_glue [-] oslo_limit.status_code_retries = None {{(pid=95851) log_opt_values /opt/stack/data/venv/lib/python3.12/site-packages/oslo_config/cfg.py:3253}}
Jul 10 09:40:29.978647 np0000004985 nova-conductor[95851]: DEBUG cotyledon.oslo_config_glue [-] oslo_limit.status_code_retry_delay = None {{(pid=95851) log_opt_values /opt/stack/data/venv/lib/python3.12/site-packages/oslo_config/cfg.py:3253}}
Jul 10 09:40:29.978647 np0000004985 nova-conductor[95851]: DEBUG cotyledon.oslo_config_glue [-] oslo_limit.timeout = None {{(pid=95851) log_opt_values /opt/stack/data/venv/lib/python3.12/site-packages/oslo_config/cfg.py:3253}}
Jul 10 09:40:29.978647 np0000004985 nova-conductor[95851]: DEBUG cotyledon.oslo_config_glue [-] oslo_limit.valid_interfaces = None {{(pid=95851) log_opt_values /opt/stack/data/venv/lib/python3.12/site-packages/oslo_config/cfg.py:3253}}
Jul 10 09:40:29.978647 np0000004985 nova-conductor[95851]: DEBUG cotyledon.oslo_config_glue [-] oslo_limit.version = None {{(pid=95851) log_opt_values /opt/stack/data/venv/lib/python3.12/site-packages/oslo_config/cfg.py:3253}}
Jul 10 09:40:29.979863 np0000004985 nova-conductor[95851]: DEBUG cotyledon.oslo_config_glue [-] oslo_reports.file_event_handler = None {{(pid=95851) log_opt_values /opt/stack/data/venv/lib/python3.12/site-packages/oslo_config/cfg.py:3253}}
Jul 10 09:40:29.979863 np0000004985 nova-conductor[95851]: DEBUG cotyledon.oslo_config_glue [-] oslo_reports.file_event_handler_interval = 1 {{(pid=95851) log_opt_values /opt/stack/data/venv/lib/python3.12/site-packages/oslo_config/cfg.py:3253}}
Jul 10 09:40:29.979863 np0000004985 nova-conductor[95851]: DEBUG cotyledon.oslo_config_glue [-] oslo_reports.log_dir = None {{(pid=95851) log_opt_values /opt/stack/data/venv/lib/python3.12/site-packages/oslo_config/cfg.py:3253}}
Jul 10 09:40:29.979863 np0000004985 nova-conductor[95851]: DEBUG cotyledon.oslo_config_glue [-] ******************************************************************************** {{(pid=95851) log_opt_values /opt/stack/data/venv/lib/python3.12/site-packages/oslo_config/cfg.py:3260}}
Jul 10 09:40:29.979863 np0000004985 nova-conductor[95851]: DEBUG cotyledon._service_worker [-] Run service ServiceWrapper(2) [95851] {{(pid=95851) wait_forever /opt/stack/data/venv/lib/python3.12/site-packages/cotyledon/_service_worker.py:218}}
Jul 10 09:40:29.979863 np0000004985 nova-conductor[95851]: INFO nova.service [-] Starting conductor node (version 33.1.0)
Jul 10 09:40:29.979863 np0000004985 nova-conductor[95851]: INFO dbcounter [None req-62ecf67c-171d-49a9-9da9-7d848b1d71f2 None None] Registered counter for database nova_cell0
Jul 10 09:40:29.980435 np0000004985 nova-conductor[95840]: DEBUG oslo_db.sqlalchemy.engines [None req-8cc2c11b-97e2-4ed4-bff5-024f8611918c None None] MySQL server mode set to STRICT_TRANS_TABLES,STRICT_ALL_TABLES,NO_ZERO_IN_DATE,NO_ZERO_DATE,ERROR_FOR_DIVISION_BY_ZERO,TRADITIONAL,NO_ENGINE_SUBSTITUTION {{(pid=95840) _check_effective_sql_mode /opt/stack/data/venv/lib/python3.12/site-packages/oslo_db/sqlalchemy/engines.py:325}}
Jul 10 09:40:29.988294 np0000004985 nova-conductor[95840]: DEBUG dbcounter [-] [95840] Writer thread running {{(pid=95840) stat_writer /opt/stack/data/venv/lib/python3.12/site-packages/dbcounter.py:102}}
Jul 10 09:40:30.000447 np0000004985 nova-conductor[95847]: DEBUG oslo_db.sqlalchemy.engines [None req-19542dc4-3357-49d9-8279-114bb7f0260e None None] MySQL server mode set to STRICT_TRANS_TABLES,STRICT_ALL_TABLES,NO_ZERO_IN_DATE,NO_ZERO_DATE,ERROR_FOR_DIVISION_BY_ZERO,TRADITIONAL,NO_ENGINE_SUBSTITUTION {{(pid=95847) _check_effective_sql_mode /opt/stack/data/venv/lib/python3.12/site-packages/oslo_db/sqlalchemy/engines.py:325}}
Jul 10 09:40:30.001867 np0000004985 nova-conductor[95840]: DEBUG nova.service [None req-8cc2c11b-97e2-4ed4-bff5-024f8611918c None None] Creating RPC server for service: nova-conductor on topic: conductor {{(pid=95840) start /opt/stack/nova/nova/service.py:196}}
Jul 10 09:40:30.011077 np0000004985 nova-conductor[95847]: DEBUG dbcounter [-] [95847] Writer thread running {{(pid=95847) stat_writer /opt/stack/data/venv/lib/python3.12/site-packages/dbcounter.py:102}}
Jul 10 09:40:30.011722 np0000004985 nova-conductor[95851]: DEBUG oslo_db.sqlalchemy.engines [None req-62ecf67c-171d-49a9-9da9-7d848b1d71f2 None None] MySQL server mode set to STRICT_TRANS_TABLES,STRICT_ALL_TABLES,NO_ZERO_IN_DATE,NO_ZERO_DATE,ERROR_FOR_DIVISION_BY_ZERO,TRADITIONAL,NO_ENGINE_SUBSTITUTION {{(pid=95851) _check_effective_sql_mode /opt/stack/data/venv/lib/python3.12/site-packages/oslo_db/sqlalchemy/engines.py:325}}
Jul 10 09:40:30.014395 np0000004985 nova-conductor[95847]: DEBUG nova.service [None req-19542dc4-3357-49d9-8279-114bb7f0260e None None] Creating RPC server for service: nova-conductor on topic: conductor {{(pid=95847) start /opt/stack/nova/nova/service.py:196}}
Jul 10 09:40:30.022333 np0000004985 nova-conductor[95840]: DEBUG nova.service [None req-8cc2c11b-97e2-4ed4-bff5-024f8611918c None None] Join ServiceGroup membership for this service conductor {{(pid=95840) start /opt/stack/nova/nova/service.py:222}}
Jul 10 09:40:30.022621 np0000004985 nova-conductor[95840]: DEBUG nova.servicegroup.drivers.db [None req-8cc2c11b-97e2-4ed4-bff5-024f8611918c None None] DB_Driver: join new ServiceGroup member np0000004985 to the conductor group, service = {{(pid=95840) join /opt/stack/nova/nova/servicegroup/drivers/db.py:44}}
Jul 10 09:40:30.022701 np0000004985 nova-conductor[95851]: DEBUG dbcounter [-] [95851] Writer thread running {{(pid=95851) stat_writer /opt/stack/data/venv/lib/python3.12/site-packages/dbcounter.py:102}}
Jul 10 09:40:30.025626 np0000004985 nova-conductor[95851]: DEBUG nova.service [None req-62ecf67c-171d-49a9-9da9-7d848b1d71f2 None None] Creating RPC server for service: nova-conductor on topic: conductor {{(pid=95851) start /opt/stack/nova/nova/service.py:196}}
Jul 10 09:40:30.033129 np0000004985 nova-conductor[95847]: DEBUG nova.service [None req-19542dc4-3357-49d9-8279-114bb7f0260e None None] Join ServiceGroup membership for this service conductor {{(pid=95847) start /opt/stack/nova/nova/service.py:222}}
Jul 10 09:40:30.033129 np0000004985 nova-conductor[95847]: DEBUG nova.servicegroup.drivers.db [None req-19542dc4-3357-49d9-8279-114bb7f0260e None None] DB_Driver: join new ServiceGroup member np0000004985 to the conductor group, service = {{(pid=95847) join /opt/stack/nova/nova/servicegroup/drivers/db.py:44}}
Jul 10 09:40:30.044244 np0000004985 nova-conductor[95851]: DEBUG nova.service [None req-62ecf67c-171d-49a9-9da9-7d848b1d71f2 None None] Join ServiceGroup membership for this service conductor {{(pid=95851) start /opt/stack/nova/nova/service.py:222}}
Jul 10 09:40:30.044452 np0000004985 nova-conductor[95851]: DEBUG nova.servicegroup.drivers.db [None req-62ecf67c-171d-49a9-9da9-7d848b1d71f2 None None] DB_Driver: join new ServiceGroup member np0000004985 to the conductor group, service = {{(pid=95851) join /opt/stack/nova/nova/servicegroup/drivers/db.py:44}}
Jul 10 09:40:35.024830 np0000004985 nova-conductor[95840]: DEBUG oslo.service.backend._threading.loopingcall [None req-876dee1a-2496-485e-884b-67103a859d41 None None] Dynamic interval looping call 'nova.service.Service.periodic_tasks' sleeping for 60.00 seconds {{(pid=95840) _run_loop /opt/stack/data/venv/lib/python3.12/site-packages/oslo_service/backend/_threading/loopingcall.py:125}}
Jul 10 09:40:35.040434 np0000004985 nova-conductor[95840]: DEBUG oslo.service.backend._threading.loopingcall [-] Fixed interval looping call 'nova.servicegroup.drivers.db.DbDriver._report_state' sleeping for 119.99 seconds {{(pid=95840) _run_loop /opt/stack/data/venv/lib/python3.12/site-packages/oslo_service/backend/_threading/loopingcall.py:125}}
Jul 10 09:40:35.044278 np0000004985 nova-conductor[95847]: DEBUG oslo.service.backend._threading.loopingcall [-] Fixed interval looping call 'nova.servicegroup.drivers.db.DbDriver._report_state' sleeping for 119.99 seconds {{(pid=95847) _run_loop /opt/stack/data/venv/lib/python3.12/site-packages/oslo_service/backend/_threading/loopingcall.py:125}}
Jul 10 09:40:35.054708 np0000004985 nova-conductor[95851]: DEBUG oslo.service.backend._threading.loopingcall [-] Fixed interval looping call 'nova.servicegroup.drivers.db.DbDriver._report_state' sleeping for 119.99 seconds {{(pid=95851) _run_loop /opt/stack/data/venv/lib/python3.12/site-packages/oslo_service/backend/_threading/loopingcall.py:125}}
Jul 10 09:40:38.624722 np0000004985 nova-conductor[94369]: DEBUG dbcounter [-] [94369] Writing DB stats nova_api:SELECT=1 {{(pid=94369) stat_writer /opt/stack/data/venv/lib/python3.12/site-packages/dbcounter.py:115}}
Jul 10 09:40:38.747368 np0000004985 nova-conductor[94369]: DEBUG dbcounter [-] [94369] Writing DB stats nova_cell0:SELECT=1 {{(pid=94369) stat_writer /opt/stack/data/venv/lib/python3.12/site-packages/dbcounter.py:115}}
Jul 10 09:40:38.750777 np0000004985 nova-conductor[94369]: DEBUG dbcounter [-] [94369] Writing DB stats nova_cell1:SELECT=1 {{(pid=94369) stat_writer /opt/stack/data/venv/lib/python3.12/site-packages/dbcounter.py:115}}
Jul 10 09:40:45.034949 np0000004985 nova-conductor[95840]: DEBUG dbcounter [-] [95840] Writing DB stats nova_cell0:SELECT=4,nova_cell0:INSERT=1,nova_cell0:UPDATE=1 {{(pid=95840) stat_writer /opt/stack/data/venv/lib/python3.12/site-packages/dbcounter.py:115}}
Jul 10 09:40:45.041523 np0000004985 nova-conductor[95847]: DEBUG dbcounter [-] [95847] Writing DB stats nova_cell0:SELECT=3 {{(pid=95847) stat_writer /opt/stack/data/venv/lib/python3.12/site-packages/dbcounter.py:115}}
Jul 10 09:40:45.052151 np0000004985 nova-conductor[95851]: DEBUG dbcounter [-] [95851] Writing DB stats nova_cell0:SELECT=3 {{(pid=95851) stat_writer /opt/stack/data/venv/lib/python3.12/site-packages/dbcounter.py:115}}
Jul 10 09:41:01.035628 np0000004985 nova-conductor[95847]: DEBUG oslo.service.backend._threading.loopingcall [None req-f8a5cfe7-8afc-4d96-aa06-6a69c56ddfe3 None None] Dynamic interval looping call 'nova.service.Service.periodic_tasks' sleeping for 60.00 seconds {{(pid=95847) _run_loop /opt/stack/data/venv/lib/python3.12/site-packages/oslo_service/backend/_threading/loopingcall.py:125}}
Jul 10 09:41:03.047056 np0000004985 nova-conductor[95851]: DEBUG oslo.service.backend._threading.loopingcall [None req-62ba1ec6-4eb9-45ab-8bf8-44252cac2540 None None] Dynamic interval looping call 'nova.service.Service.periodic_tasks' sleeping for 60.00 seconds {{(pid=95851) _run_loop /opt/stack/data/venv/lib/python3.12/site-packages/oslo_service/backend/_threading/loopingcall.py:125}}
Jul 10 09:41:35.025321 np0000004985 nova-conductor[95840]: DEBUG oslo.service.backend._threading.loopingcall [None req-876dee1a-2496-485e-884b-67103a859d41 None None] Dynamic interval looping call 'nova.service.Service.periodic_tasks' sleeping for 60.00 seconds {{(pid=95840) _run_loop /opt/stack/data/venv/lib/python3.12/site-packages/oslo_service/backend/_threading/loopingcall.py:125}}
Jul 10 09:42:01.036256 np0000004985 nova-conductor[95847]: DEBUG oslo.service.backend._threading.loopingcall [None req-f8a5cfe7-8afc-4d96-aa06-6a69c56ddfe3 None None] Dynamic interval looping call 'nova.service.Service.periodic_tasks' sleeping for 60.00 seconds {{(pid=95847) _run_loop /opt/stack/data/venv/lib/python3.12/site-packages/oslo_service/backend/_threading/loopingcall.py:125}}
Jul 10 09:42:03.047693 np0000004985 nova-conductor[95851]: DEBUG oslo.service.backend._threading.loopingcall [None req-62ba1ec6-4eb9-45ab-8bf8-44252cac2540 None None] Dynamic interval looping call 'nova.service.Service.periodic_tasks' sleeping for 60.00 seconds {{(pid=95851) _run_loop /opt/stack/data/venv/lib/python3.12/site-packages/oslo_service/backend/_threading/loopingcall.py:125}}
Jul 10 09:42:35.025810 np0000004985 nova-conductor[95840]: DEBUG oslo.service.backend._threading.loopingcall [None req-876dee1a-2496-485e-884b-67103a859d41 None None] Dynamic interval looping call 'nova.service.Service.periodic_tasks' sleeping for 60.00 seconds {{(pid=95840) _run_loop /opt/stack/data/venv/lib/python3.12/site-packages/oslo_service/backend/_threading/loopingcall.py:125}}
Jul 10 09:42:35.039166 np0000004985 nova-conductor[95840]: DEBUG oslo.service.backend._threading.loopingcall [-] Fixed interval looping call 'nova.servicegroup.drivers.db.DbDriver._report_state' sleeping for 119.99 seconds {{(pid=95840) _run_loop /opt/stack/data/venv/lib/python3.12/site-packages/oslo_service/backend/_threading/loopingcall.py:125}}
Jul 10 09:42:35.039947 np0000004985 nova-conductor[95847]: DEBUG oslo.service.backend._threading.loopingcall [-] Fixed interval looping call 'nova.servicegroup.drivers.db.DbDriver._report_state' sleeping for 119.99 seconds {{(pid=95847) _run_loop /opt/stack/data/venv/lib/python3.12/site-packages/oslo_service/backend/_threading/loopingcall.py:125}}
Jul 10 09:42:35.048396 np0000004985 nova-conductor[95851]: DEBUG oslo.service.backend._threading.loopingcall [-] Fixed interval looping call 'nova.servicegroup.drivers.db.DbDriver._report_state' sleeping for 120.00 seconds {{(pid=95851) _run_loop /opt/stack/data/venv/lib/python3.12/site-packages/oslo_service/backend/_threading/loopingcall.py:125}}
Jul 10 09:42:45.034427 np0000004985 nova-conductor[95840]: DEBUG dbcounter [-] [95840] Writing DB stats nova_cell0:SELECT=1,nova_cell0:UPDATE=1 {{(pid=95840) stat_writer /opt/stack/data/venv/lib/python3.12/site-packages/dbcounter.py:115}}
Jul 10 09:42:45.038839 np0000004985 nova-conductor[95847]: DEBUG dbcounter [-] [95847] Writing DB stats nova_cell0:SELECT=1,nova_cell0:UPDATE=1 {{(pid=95847) stat_writer /opt/stack/data/venv/lib/python3.12/site-packages/dbcounter.py:115}}
Jul 10 09:42:45.046673 np0000004985 nova-conductor[95851]: DEBUG dbcounter [-] [95851] Writing DB stats nova_cell0:SELECT=1 {{(pid=95851) stat_writer /opt/stack/data/venv/lib/python3.12/site-packages/dbcounter.py:115}}
Jul 10 09:42:52.185734 np0000004985 nova-conductor[95840]: DEBUG oslo_db.sqlalchemy.engines [None req-af7c2ee9-781d-4414-889a-83a7ecc37b17 tempest-ServerStableDeviceRescueTest-167131857 tempest-ServerStableDeviceRescueTest-167131857-project-member] Parent process 94369 forked (95840) with an open database connection, which is being discarded and recreated. {{(pid=95840) checkout /opt/stack/data/venv/lib/python3.12/site-packages/oslo_db/sqlalchemy/engines.py:402}}
Jul 10 09:42:52.218683 np0000004985 nova-conductor[95840]: DEBUG dbcounter [-] [95840] Writer thread running {{(pid=95840) stat_writer /opt/stack/data/venv/lib/python3.12/site-packages/dbcounter.py:102}}
Jul 10 09:42:52.666962 np0000004985 nova-conductor[95847]: DEBUG dbcounter [-] [95847] Writer thread running {{(pid=95847) stat_writer /opt/stack/data/venv/lib/python3.12/site-packages/dbcounter.py:102}}
Jul 10 09:42:53.249127 np0000004985 nova-conductor[95840]: DEBUG nova.conductor.manager [None req-af7c2ee9-781d-4414-889a-83a7ecc37b17 tempest-ServerStableDeviceRescueTest-167131857 tempest-ServerStableDeviceRescueTest-167131857-project-member] Took 1.03 seconds to select destinations for 1 instance(s). {{(pid=95840) _schedule_instances /opt/stack/nova/nova/conductor/manager.py:968}}
Jul 10 09:42:53.284905 np0000004985 nova-conductor[95840]: DEBUG oslo_concurrency.lockutils [None req-af7c2ee9-781d-4414-889a-83a7ecc37b17 tempest-ServerStableDeviceRescueTest-167131857 tempest-ServerStableDeviceRescueTest-167131857-project-member] Acquiring lock "352de84b-a9c4-482e-a37b-2b8934ad7288" by "nova.context.set_target_cell..get_or_set_cached_cell_and_set_connections" {{(pid=95840) inner /opt/stack/data/venv/lib/python3.12/site-packages/oslo_concurrency/lockutils.py:511}}
Jul 10 09:42:53.285572 np0000004985 nova-conductor[95840]: DEBUG oslo_concurrency.lockutils [None req-af7c2ee9-781d-4414-889a-83a7ecc37b17 tempest-ServerStableDeviceRescueTest-167131857 tempest-ServerStableDeviceRescueTest-167131857-project-member] Lock "352de84b-a9c4-482e-a37b-2b8934ad7288" acquired by "nova.context.set_target_cell..get_or_set_cached_cell_and_set_connections" :: waited 0.001s {{(pid=95840) inner /opt/stack/data/venv/lib/python3.12/site-packages/oslo_concurrency/lockutils.py:524}}
Jul 10 09:42:53.286846 np0000004985 nova-conductor[95840]: DEBUG oslo_concurrency.lockutils [None req-af7c2ee9-781d-4414-889a-83a7ecc37b17 tempest-ServerStableDeviceRescueTest-167131857 tempest-ServerStableDeviceRescueTest-167131857-project-member] Lock "352de84b-a9c4-482e-a37b-2b8934ad7288" "released" by "nova.context.set_target_cell..get_or_set_cached_cell_and_set_connections" :: held 0.001s {{(pid=95840) inner /opt/stack/data/venv/lib/python3.12/site-packages/oslo_concurrency/lockutils.py:543}}
Jul 10 09:42:53.288618 np0000004985 nova-conductor[95840]: INFO dbcounter [None req-af7c2ee9-781d-4414-889a-83a7ecc37b17 tempest-ServerStableDeviceRescueTest-167131857 tempest-ServerStableDeviceRescueTest-167131857-project-member] Registered counter for database nova_cell1
Jul 10 09:42:53.319287 np0000004985 nova-conductor[95840]: DEBUG oslo_db.sqlalchemy.engines [None req-af7c2ee9-781d-4414-889a-83a7ecc37b17 tempest-ServerStableDeviceRescueTest-167131857 tempest-ServerStableDeviceRescueTest-167131857-project-member] MySQL server mode set to STRICT_TRANS_TABLES,STRICT_ALL_TABLES,NO_ZERO_IN_DATE,NO_ZERO_DATE,ERROR_FOR_DIVISION_BY_ZERO,TRADITIONAL,NO_ENGINE_SUBSTITUTION {{(pid=95840) _check_effective_sql_mode /opt/stack/data/venv/lib/python3.12/site-packages/oslo_db/sqlalchemy/engines.py:325}}
Jul 10 09:42:53.327336 np0000004985 nova-conductor[95840]: DEBUG dbcounter [-] [95840] Writer thread running {{(pid=95840) stat_writer /opt/stack/data/venv/lib/python3.12/site-packages/dbcounter.py:102}}
Jul 10 09:42:53.403448 np0000004985 nova-conductor[95840]: INFO nova.utils [None req-af7c2ee9-781d-4414-889a-83a7ecc37b17 tempest-ServerStableDeviceRescueTest-167131857 tempest-ServerStableDeviceRescueTest-167131857-project-member] The cell worker thread pool ForkProcess-1.cell_worker is initialized
Jul 10 09:42:53.403957 np0000004985 nova-conductor[95840]: DEBUG oslo_concurrency.lockutils [None req-af7c2ee9-781d-4414-889a-83a7ecc37b17 tempest-ServerStableDeviceRescueTest-167131857 tempest-ServerStableDeviceRescueTest-167131857-project-member] Acquiring lock "00000000-0000-0000-0000-000000000000" by "nova.context.set_target_cell..get_or_set_cached_cell_and_set_connections" {{(pid=95840) inner /opt/stack/data/venv/lib/python3.12/site-packages/oslo_concurrency/lockutils.py:511}}
Jul 10 09:42:53.404073 np0000004985 nova-conductor[95840]: DEBUG oslo_concurrency.lockutils [None req-af7c2ee9-781d-4414-889a-83a7ecc37b17 tempest-ServerStableDeviceRescueTest-167131857 tempest-ServerStableDeviceRescueTest-167131857-project-member] Lock "00000000-0000-0000-0000-000000000000" acquired by "nova.context.set_target_cell..get_or_set_cached_cell_and_set_connections" :: waited 0.000s {{(pid=95840) inner /opt/stack/data/venv/lib/python3.12/site-packages/oslo_concurrency/lockutils.py:524}}
Jul 10 09:42:53.404634 np0000004985 nova-conductor[95840]: DEBUG oslo_concurrency.lockutils [None req-af7c2ee9-781d-4414-889a-83a7ecc37b17 tempest-ServerStableDeviceRescueTest-167131857 tempest-ServerStableDeviceRescueTest-167131857-project-member] Lock "00000000-0000-0000-0000-000000000000" "released" by "nova.context.set_target_cell..get_or_set_cached_cell_and_set_connections" :: held 0.001s {{(pid=95840) inner /opt/stack/data/venv/lib/python3.12/site-packages/oslo_concurrency/lockutils.py:543}}
Jul 10 09:42:53.405450 np0000004985 nova-conductor[95840]: DEBUG oslo_concurrency.lockutils [None req-af7c2ee9-781d-4414-889a-83a7ecc37b17 tempest-ServerStableDeviceRescueTest-167131857 tempest-ServerStableDeviceRescueTest-167131857-project-member] Acquiring lock "352de84b-a9c4-482e-a37b-2b8934ad7288" by "nova.context.set_target_cell..get_or_set_cached_cell_and_set_connections" {{(pid=95840) inner /opt/stack/data/venv/lib/python3.12/site-packages/oslo_concurrency/lockutils.py:511}}
Jul 10 09:42:53.405659 np0000004985 nova-conductor[95840]: DEBUG oslo_concurrency.lockutils [None req-af7c2ee9-781d-4414-889a-83a7ecc37b17 tempest-ServerStableDeviceRescueTest-167131857 tempest-ServerStableDeviceRescueTest-167131857-project-member] Lock "352de84b-a9c4-482e-a37b-2b8934ad7288" acquired by "nova.context.set_target_cell..get_or_set_cached_cell_and_set_connections" :: waited 0.000s {{(pid=95840) inner /opt/stack/data/venv/lib/python3.12/site-packages/oslo_concurrency/lockutils.py:524}}
Jul 10 09:42:53.405774 np0000004985 nova-conductor[95840]: DEBUG oslo_concurrency.lockutils [None req-af7c2ee9-781d-4414-889a-83a7ecc37b17 tempest-ServerStableDeviceRescueTest-167131857 tempest-ServerStableDeviceRescueTest-167131857-project-member] Lock "352de84b-a9c4-482e-a37b-2b8934ad7288" "released" by "nova.context.set_target_cell..get_or_set_cached_cell_and_set_connections" :: held 0.000s {{(pid=95840) inner /opt/stack/data/venv/lib/python3.12/site-packages/oslo_concurrency/lockutils.py:543}}
Jul 10 09:42:53.407865 np0000004985 nova-conductor[95840]: INFO dbcounter [None req-af7c2ee9-781d-4414-889a-83a7ecc37b17 tempest-ServerStableDeviceRescueTest-167131857 tempest-ServerStableDeviceRescueTest-167131857-project-member] Registered counter for database nova_cell0
Jul 10 09:42:53.452165 np0000004985 nova-conductor[95840]: DEBUG oslo_db.sqlalchemy.engines [None req-af7c2ee9-781d-4414-889a-83a7ecc37b17 tempest-ServerStableDeviceRescueTest-167131857 tempest-ServerStableDeviceRescueTest-167131857-project-member] MySQL server mode set to STRICT_TRANS_TABLES,STRICT_ALL_TABLES,NO_ZERO_IN_DATE,NO_ZERO_DATE,ERROR_FOR_DIVISION_BY_ZERO,TRADITIONAL,NO_ENGINE_SUBSTITUTION {{(pid=95840) _check_effective_sql_mode /opt/stack/data/venv/lib/python3.12/site-packages/oslo_db/sqlalchemy/engines.py:325}}
Jul 10 09:42:53.459679 np0000004985 nova-conductor[95840]: DEBUG dbcounter [-] [95840] Writer thread running {{(pid=95840) stat_writer /opt/stack/data/venv/lib/python3.12/site-packages/dbcounter.py:102}}
Jul 10 09:42:53.471164 np0000004985 nova-conductor[95840]: DEBUG nova.quota [None req-af7c2ee9-781d-4414-889a-83a7ecc37b17 tempest-ServerStableDeviceRescueTest-167131857 tempest-ServerStableDeviceRescueTest-167131857-project-member] Getting quotas for project 57d7982177ff4677b1001a9c57d6f07e. Resources: {'ram', 'cores', 'instances'} {{(pid=95840) _get_quotas /opt/stack/nova/nova/quota.py:389}}
Jul 10 09:42:53.475345 np0000004985 nova-conductor[95840]: DEBUG nova.quota [None req-af7c2ee9-781d-4414-889a-83a7ecc37b17 tempest-ServerStableDeviceRescueTest-167131857 tempest-ServerStableDeviceRescueTest-167131857-project-member] Getting quotas for user 6ede5a132b29408bb5df5de888e85e5d and project 57d7982177ff4677b1001a9c57d6f07e. Resources: {'ram', 'cores', 'instances'} {{(pid=95840) _get_quotas /opt/stack/nova/nova/quota.py:379}}
Jul 10 09:42:53.482331 np0000004985 nova-conductor[95840]: DEBUG nova.conductor.manager [None req-af7c2ee9-781d-4414-889a-83a7ecc37b17 tempest-ServerStableDeviceRescueTest-167131857 tempest-ServerStableDeviceRescueTest-167131857-project-member] [instance: 1eac8c02-e55c-42a4-9f04-18f8c87f28eb] Selected host: np0000004985; Selected node: np0000004985; Alternates: [] {{(pid=95840) schedule_and_build_instances /opt/stack/nova/nova/conductor/manager.py:1784}}
Jul 10 09:42:53.482886 np0000004985 nova-conductor[95840]: DEBUG oslo_concurrency.lockutils [None req-af7c2ee9-781d-4414-889a-83a7ecc37b17 tempest-ServerStableDeviceRescueTest-167131857 tempest-ServerStableDeviceRescueTest-167131857-project-member] Acquiring lock "352de84b-a9c4-482e-a37b-2b8934ad7288" by "nova.context.set_target_cell..get_or_set_cached_cell_and_set_connections" {{(pid=95840) inner /opt/stack/data/venv/lib/python3.12/site-packages/oslo_concurrency/lockutils.py:511}}
Jul 10 09:42:53.483030 np0000004985 nova-conductor[95840]: DEBUG oslo_concurrency.lockutils [None req-af7c2ee9-781d-4414-889a-83a7ecc37b17 tempest-ServerStableDeviceRescueTest-167131857 tempest-ServerStableDeviceRescueTest-167131857-project-member] Lock "352de84b-a9c4-482e-a37b-2b8934ad7288" acquired by "nova.context.set_target_cell..get_or_set_cached_cell_and_set_connections" :: waited 0.000s {{(pid=95840) inner /opt/stack/data/venv/lib/python3.12/site-packages/oslo_concurrency/lockutils.py:524}}
Jul 10 09:42:53.483149 np0000004985 nova-conductor[95840]: DEBUG oslo_concurrency.lockutils [None req-af7c2ee9-781d-4414-889a-83a7ecc37b17 tempest-ServerStableDeviceRescueTest-167131857 tempest-ServerStableDeviceRescueTest-167131857-project-member] Lock "352de84b-a9c4-482e-a37b-2b8934ad7288" "released" by "nova.context.set_target_cell..get_or_set_cached_cell_and_set_connections" :: held 0.000s {{(pid=95840) inner /opt/stack/data/venv/lib/python3.12/site-packages/oslo_concurrency/lockutils.py:543}}
Jul 10 09:42:53.489739 np0000004985 nova-conductor[95840]: DEBUG nova.conductor.manager [None req-af7c2ee9-781d-4414-889a-83a7ecc37b17 tempest-ServerStableDeviceRescueTest-167131857 tempest-ServerStableDeviceRescueTest-167131857-project-member] [instance: 1eac8c02-e55c-42a4-9f04-18f8c87f28eb] block_device_mapping [BlockDeviceMapping(attachment_id=,boot_index=0,connection_info=None,created_at=,delete_on_termination=True,deleted=,deleted_at=,destination_type='local',device_name=None,device_type='disk',disk_bus=None,encrypted=False,encryption_format=None,encryption_options=None,encryption_secret_uuid=None,guest_format=None,id=,image_id='4d8a2e1c-9f54-4213-9817-48de5cdbacb9',instance=,instance_uuid=,no_device=False,snapshot_id=None,source_type='image',tag=None,updated_at=,uuid=,volume_id=None,volume_size=None,volume_type=None)] {{(pid=95840) _create_block_device_mapping /opt/stack/nova/nova/conductor/manager.py:1529}}
Jul 10 09:42:53.490983 np0000004985 nova-conductor[95840]: DEBUG oslo_concurrency.lockutils [None req-af7c2ee9-781d-4414-889a-83a7ecc37b17 tempest-ServerStableDeviceRescueTest-167131857 tempest-ServerStableDeviceRescueTest-167131857-project-member] Acquiring lock "352de84b-a9c4-482e-a37b-2b8934ad7288" by "nova.context.set_target_cell..get_or_set_cached_cell_and_set_connections" {{(pid=95840) inner /opt/stack/data/venv/lib/python3.12/site-packages/oslo_concurrency/lockutils.py:511}}
Jul 10 09:42:53.491218 np0000004985 nova-conductor[95840]: DEBUG oslo_concurrency.lockutils [None req-af7c2ee9-781d-4414-889a-83a7ecc37b17 tempest-ServerStableDeviceRescueTest-167131857 tempest-ServerStableDeviceRescueTest-167131857-project-member] Lock "352de84b-a9c4-482e-a37b-2b8934ad7288" acquired by "nova.context.set_target_cell..get_or_set_cached_cell_and_set_connections" :: waited 0.000s {{(pid=95840) inner /opt/stack/data/venv/lib/python3.12/site-packages/oslo_concurrency/lockutils.py:524}}
Jul 10 09:42:53.491258 np0000004985 nova-conductor[95840]: DEBUG oslo_concurrency.lockutils [None req-af7c2ee9-781d-4414-889a-83a7ecc37b17 tempest-ServerStableDeviceRescueTest-167131857 tempest-ServerStableDeviceRescueTest-167131857-project-member] Lock "352de84b-a9c4-482e-a37b-2b8934ad7288" "released" by "nova.context.set_target_cell..get_or_set_cached_cell_and_set_connections" :: held 0.000s {{(pid=95840) inner /opt/stack/data/venv/lib/python3.12/site-packages/oslo_concurrency/lockutils.py:543}}
Jul 10 09:42:53.544533 np0000004985 nova-conductor[95840]: DEBUG oslo_concurrency.lockutils [None req-af7c2ee9-781d-4414-889a-83a7ecc37b17 tempest-ServerStableDeviceRescueTest-167131857 tempest-ServerStableDeviceRescueTest-167131857-project-member] Acquiring lock "352de84b-a9c4-482e-a37b-2b8934ad7288" by "nova.context.set_target_cell..get_or_set_cached_cell_and_set_connections" {{(pid=95840) inner /opt/stack/data/venv/lib/python3.12/site-packages/oslo_concurrency/lockutils.py:511}}
Jul 10 09:42:53.544752 np0000004985 nova-conductor[95840]: DEBUG oslo_concurrency.lockutils [None req-af7c2ee9-781d-4414-889a-83a7ecc37b17 tempest-ServerStableDeviceRescueTest-167131857 tempest-ServerStableDeviceRescueTest-167131857-project-member] Lock "352de84b-a9c4-482e-a37b-2b8934ad7288" acquired by "nova.context.set_target_cell..get_or_set_cached_cell_and_set_connections" :: waited 0.000s {{(pid=95840) inner /opt/stack/data/venv/lib/python3.12/site-packages/oslo_concurrency/lockutils.py:524}}
Jul 10 09:42:53.544904 np0000004985 nova-conductor[95840]: DEBUG oslo_concurrency.lockutils [None req-af7c2ee9-781d-4414-889a-83a7ecc37b17 tempest-ServerStableDeviceRescueTest-167131857 tempest-ServerStableDeviceRescueTest-167131857-project-member] Lock "352de84b-a9c4-482e-a37b-2b8934ad7288" "released" by "nova.context.set_target_cell..get_or_set_cached_cell_and_set_connections" :: held 0.000s {{(pid=95840) inner /opt/stack/data/venv/lib/python3.12/site-packages/oslo_concurrency/lockutils.py:543}}
Jul 10 09:42:53.545161 np0000004985 nova-conductor[95840]: DEBUG oslo_concurrency.lockutils [None req-af7c2ee9-781d-4414-889a-83a7ecc37b17 tempest-ServerStableDeviceRescueTest-167131857 tempest-ServerStableDeviceRescueTest-167131857-project-member] Acquiring lock "compute-rpcapi-router" {{(pid=95840) lock /opt/stack/data/venv/lib/python3.12/site-packages/oslo_concurrency/lockutils.py:395}}
Jul 10 09:42:53.545279 np0000004985 nova-conductor[95840]: DEBUG oslo_concurrency.lockutils [None req-af7c2ee9-781d-4414-889a-83a7ecc37b17 tempest-ServerStableDeviceRescueTest-167131857 tempest-ServerStableDeviceRescueTest-167131857-project-member] Acquired lock "compute-rpcapi-router" {{(pid=95840) lock /opt/stack/data/venv/lib/python3.12/site-packages/oslo_concurrency/lockutils.py:398}}
Jul 10 09:42:53.545717 np0000004985 nova-conductor[95840]: DEBUG oslo_concurrency.lockutils [None req-df9010da-0e1a-4a73-8f9a-cf418a9a5868 None None] Acquiring lock "00000000-0000-0000-0000-000000000000" by "nova.context.set_target_cell..get_or_set_cached_cell_and_set_connections" {{(pid=95840) inner /opt/stack/data/venv/lib/python3.12/site-packages/oslo_concurrency/lockutils.py:511}}
Jul 10 09:42:53.545917 np0000004985 nova-conductor[95840]: DEBUG oslo_concurrency.lockutils [None req-df9010da-0e1a-4a73-8f9a-cf418a9a5868 None None] Lock "00000000-0000-0000-0000-000000000000" acquired by "nova.context.set_target_cell..get_or_set_cached_cell_and_set_connections" :: waited 0.000s {{(pid=95840) inner /opt/stack/data/venv/lib/python3.12/site-packages/oslo_concurrency/lockutils.py:524}}
Jul 10 09:42:53.545972 np0000004985 nova-conductor[95840]: DEBUG oslo_concurrency.lockutils [None req-df9010da-0e1a-4a73-8f9a-cf418a9a5868 None None] Lock "00000000-0000-0000-0000-000000000000" "released" by "nova.context.set_target_cell..get_or_set_cached_cell_and_set_connections" :: held 0.000s {{(pid=95840) inner /opt/stack/data/venv/lib/python3.12/site-packages/oslo_concurrency/lockutils.py:543}}
Jul 10 09:42:53.546955 np0000004985 nova-conductor[95840]: DEBUG oslo_concurrency.lockutils [None req-df9010da-0e1a-4a73-8f9a-cf418a9a5868 None None] Acquiring lock "352de84b-a9c4-482e-a37b-2b8934ad7288" by "nova.context.set_target_cell..get_or_set_cached_cell_and_set_connections" {{(pid=95840) inner /opt/stack/data/venv/lib/python3.12/site-packages/oslo_concurrency/lockutils.py:511}}
Jul 10 09:42:53.547102 np0000004985 nova-conductor[95840]: DEBUG oslo_concurrency.lockutils [None req-df9010da-0e1a-4a73-8f9a-cf418a9a5868 None None] Lock "352de84b-a9c4-482e-a37b-2b8934ad7288" acquired by "nova.context.set_target_cell..get_or_set_cached_cell_and_set_connections" :: waited 0.000s {{(pid=95840) inner /opt/stack/data/venv/lib/python3.12/site-packages/oslo_concurrency/lockutils.py:524}}
Jul 10 09:42:53.547199 np0000004985 nova-conductor[95840]: DEBUG oslo_concurrency.lockutils [None req-df9010da-0e1a-4a73-8f9a-cf418a9a5868 None None] Lock "352de84b-a9c4-482e-a37b-2b8934ad7288" "released" by "nova.context.set_target_cell..get_or_set_cached_cell_and_set_connections" :: held 0.000s {{(pid=95840) inner /opt/stack/data/venv/lib/python3.12/site-packages/oslo_concurrency/lockutils.py:543}}
Jul 10 09:42:53.555882 np0000004985 nova-conductor[95840]: INFO nova.compute.rpcapi [None req-df9010da-0e1a-4a73-8f9a-cf418a9a5868 None None] Automatically selected compute RPC version 6.5 from minimum service version 72
Jul 10 09:42:53.556507 np0000004985 nova-conductor[95840]: DEBUG oslo_concurrency.lockutils [None req-df9010da-0e1a-4a73-8f9a-cf418a9a5868 None None] Releasing lock "compute-rpcapi-router" {{(pid=95840) lock /opt/stack/data/venv/lib/python3.12/site-packages/oslo_concurrency/lockutils.py:418}}
Jul 10 09:42:53.695751 np0000004985 nova-conductor[95847]: DEBUG nova.conductor.manager [None req-5565a23b-1eb4-441a-8c2f-46d38cb84587 tempest-ServerActionsTestOtherA-898207770 tempest-ServerActionsTestOtherA-898207770-project-member] Took 1.02 seconds to select destinations for 1 instance(s). {{(pid=95847) _schedule_instances /opt/stack/nova/nova/conductor/manager.py:968}}
Jul 10 09:42:53.727434 np0000004985 nova-conductor[95847]: DEBUG oslo_concurrency.lockutils [None req-5565a23b-1eb4-441a-8c2f-46d38cb84587 tempest-ServerActionsTestOtherA-898207770 tempest-ServerActionsTestOtherA-898207770-project-member] Acquiring lock "352de84b-a9c4-482e-a37b-2b8934ad7288" by "nova.context.set_target_cell..get_or_set_cached_cell_and_set_connections" {{(pid=95847) inner /opt/stack/data/venv/lib/python3.12/site-packages/oslo_concurrency/lockutils.py:511}}
Jul 10 09:42:53.727434 np0000004985 nova-conductor[95847]: DEBUG oslo_concurrency.lockutils [None req-5565a23b-1eb4-441a-8c2f-46d38cb84587 tempest-ServerActionsTestOtherA-898207770 tempest-ServerActionsTestOtherA-898207770-project-member] Lock "352de84b-a9c4-482e-a37b-2b8934ad7288" acquired by "nova.context.set_target_cell..get_or_set_cached_cell_and_set_connections" :: waited 0.000s {{(pid=95847) inner /opt/stack/data/venv/lib/python3.12/site-packages/oslo_concurrency/lockutils.py:524}}
Jul 10 09:42:53.728564 np0000004985 nova-conductor[95847]: DEBUG oslo_concurrency.lockutils [None req-5565a23b-1eb4-441a-8c2f-46d38cb84587 tempest-ServerActionsTestOtherA-898207770 tempest-ServerActionsTestOtherA-898207770-project-member] Lock "352de84b-a9c4-482e-a37b-2b8934ad7288" "released" by "nova.context.set_target_cell..get_or_set_cached_cell_and_set_connections" :: held 0.001s {{(pid=95847) inner /opt/stack/data/venv/lib/python3.12/site-packages/oslo_concurrency/lockutils.py:543}}
Jul 10 09:42:53.730412 np0000004985 nova-conductor[95847]: INFO dbcounter [None req-5565a23b-1eb4-441a-8c2f-46d38cb84587 tempest-ServerActionsTestOtherA-898207770 tempest-ServerActionsTestOtherA-898207770-project-member] Registered counter for database nova_cell1
Jul 10 09:42:53.767606 np0000004985 nova-conductor[95847]: DEBUG oslo_db.sqlalchemy.engines [None req-5565a23b-1eb4-441a-8c2f-46d38cb84587 tempest-ServerActionsTestOtherA-898207770 tempest-ServerActionsTestOtherA-898207770-project-member] MySQL server mode set to STRICT_TRANS_TABLES,STRICT_ALL_TABLES,NO_ZERO_IN_DATE,NO_ZERO_DATE,ERROR_FOR_DIVISION_BY_ZERO,TRADITIONAL,NO_ENGINE_SUBSTITUTION {{(pid=95847) _check_effective_sql_mode /opt/stack/data/venv/lib/python3.12/site-packages/oslo_db/sqlalchemy/engines.py:325}}
Jul 10 09:42:53.776113 np0000004985 nova-conductor[95847]: DEBUG dbcounter [-] [95847] Writer thread running {{(pid=95847) stat_writer /opt/stack/data/venv/lib/python3.12/site-packages/dbcounter.py:102}}
Jul 10 09:42:53.840438 np0000004985 nova-conductor[95847]: INFO nova.utils [None req-5565a23b-1eb4-441a-8c2f-46d38cb84587 tempest-ServerActionsTestOtherA-898207770 tempest-ServerActionsTestOtherA-898207770-project-member] The cell worker thread pool ForkProcess-2.cell_worker is initialized
Jul 10 09:42:53.840841 np0000004985 nova-conductor[95847]: DEBUG oslo_concurrency.lockutils [None req-5565a23b-1eb4-441a-8c2f-46d38cb84587 tempest-ServerActionsTestOtherA-898207770 tempest-ServerActionsTestOtherA-898207770-project-member] Acquiring lock "00000000-0000-0000-0000-000000000000" by "nova.context.set_target_cell..get_or_set_cached_cell_and_set_connections" {{(pid=95847) inner /opt/stack/data/venv/lib/python3.12/site-packages/oslo_concurrency/lockutils.py:511}}
Jul 10 09:42:53.841299 np0000004985 nova-conductor[95847]: DEBUG oslo_concurrency.lockutils [None req-5565a23b-1eb4-441a-8c2f-46d38cb84587 tempest-ServerActionsTestOtherA-898207770 tempest-ServerActionsTestOtherA-898207770-project-member] Lock "00000000-0000-0000-0000-000000000000" acquired by "nova.context.set_target_cell..get_or_set_cached_cell_and_set_connections" :: waited 0.000s {{(pid=95847) inner /opt/stack/data/venv/lib/python3.12/site-packages/oslo_concurrency/lockutils.py:524}}
Jul 10 09:42:53.841575 np0000004985 nova-conductor[95847]: DEBUG oslo_concurrency.lockutils [None req-5565a23b-1eb4-441a-8c2f-46d38cb84587 tempest-ServerActionsTestOtherA-898207770 tempest-ServerActionsTestOtherA-898207770-project-member] Lock "00000000-0000-0000-0000-000000000000" "released" by "nova.context.set_target_cell..get_or_set_cached_cell_and_set_connections" :: held 0.001s {{(pid=95847) inner /opt/stack/data/venv/lib/python3.12/site-packages/oslo_concurrency/lockutils.py:543}}
Jul 10 09:42:53.842548 np0000004985 nova-conductor[95847]: DEBUG oslo_concurrency.lockutils [None req-5565a23b-1eb4-441a-8c2f-46d38cb84587 tempest-ServerActionsTestOtherA-898207770 tempest-ServerActionsTestOtherA-898207770-project-member] Acquiring lock "352de84b-a9c4-482e-a37b-2b8934ad7288" by "nova.context.set_target_cell..get_or_set_cached_cell_and_set_connections" {{(pid=95847) inner /opt/stack/data/venv/lib/python3.12/site-packages/oslo_concurrency/lockutils.py:511}}
Jul 10 09:42:53.843354 np0000004985 nova-conductor[95847]: DEBUG oslo_concurrency.lockutils [None req-5565a23b-1eb4-441a-8c2f-46d38cb84587 tempest-ServerActionsTestOtherA-898207770 tempest-ServerActionsTestOtherA-898207770-project-member] Lock "352de84b-a9c4-482e-a37b-2b8934ad7288" acquired by "nova.context.set_target_cell..get_or_set_cached_cell_and_set_connections" :: waited 0.000s {{(pid=95847) inner /opt/stack/data/venv/lib/python3.12/site-packages/oslo_concurrency/lockutils.py:524}}
Jul 10 09:42:53.844975 np0000004985 nova-conductor[95847]: INFO dbcounter [None req-5565a23b-1eb4-441a-8c2f-46d38cb84587 tempest-ServerActionsTestOtherA-898207770 tempest-ServerActionsTestOtherA-898207770-project-member] Registered counter for database nova_cell0
Jul 10 09:42:53.846366 np0000004985 nova-conductor[95847]: DEBUG oslo_concurrency.lockutils [None req-5565a23b-1eb4-441a-8c2f-46d38cb84587 tempest-ServerActionsTestOtherA-898207770 tempest-ServerActionsTestOtherA-898207770-project-member] Lock "352de84b-a9c4-482e-a37b-2b8934ad7288" "released" by "nova.context.set_target_cell..get_or_set_cached_cell_and_set_connections" :: held 0.002s {{(pid=95847) inner /opt/stack/data/venv/lib/python3.12/site-packages/oslo_concurrency/lockutils.py:543}}
Jul 10 09:42:53.891372 np0000004985 nova-conductor[95847]: DEBUG oslo_db.sqlalchemy.engines [None req-5565a23b-1eb4-441a-8c2f-46d38cb84587 tempest-ServerActionsTestOtherA-898207770 tempest-ServerActionsTestOtherA-898207770-project-member] MySQL server mode set to STRICT_TRANS_TABLES,STRICT_ALL_TABLES,NO_ZERO_IN_DATE,NO_ZERO_DATE,ERROR_FOR_DIVISION_BY_ZERO,TRADITIONAL,NO_ENGINE_SUBSTITUTION {{(pid=95847) _check_effective_sql_mode /opt/stack/data/venv/lib/python3.12/site-packages/oslo_db/sqlalchemy/engines.py:325}}
Jul 10 09:42:53.897913 np0000004985 nova-conductor[95847]: DEBUG dbcounter [-] [95847] Writer thread running {{(pid=95847) stat_writer /opt/stack/data/venv/lib/python3.12/site-packages/dbcounter.py:102}}
Jul 10 09:42:53.913982 np0000004985 nova-conductor[95847]: DEBUG nova.quota [None req-5565a23b-1eb4-441a-8c2f-46d38cb84587 tempest-ServerActionsTestOtherA-898207770 tempest-ServerActionsTestOtherA-898207770-project-member] Getting quotas for project e9841031a20c4ab98225a0368d0a0047. Resources: {'ram', 'cores', 'instances'} {{(pid=95847) _get_quotas /opt/stack/nova/nova/quota.py:389}}
Jul 10 09:42:53.917909 np0000004985 nova-conductor[95847]: DEBUG nova.quota [None req-5565a23b-1eb4-441a-8c2f-46d38cb84587 tempest-ServerActionsTestOtherA-898207770 tempest-ServerActionsTestOtherA-898207770-project-member] Getting quotas for user 996818dbb0fc480496dbe7f3e51e70d7 and project e9841031a20c4ab98225a0368d0a0047. Resources: {'ram', 'cores', 'instances'} {{(pid=95847) _get_quotas /opt/stack/nova/nova/quota.py:379}}
Jul 10 09:42:53.927323 np0000004985 nova-conductor[95847]: DEBUG nova.conductor.manager [None req-5565a23b-1eb4-441a-8c2f-46d38cb84587 tempest-ServerActionsTestOtherA-898207770 tempest-ServerActionsTestOtherA-898207770-project-member] [instance: d1f20210-f502-45b0-97c8-8fae5c6cd2bd] Selected host: np0000004985; Selected node: np0000004985; Alternates: [] {{(pid=95847) schedule_and_build_instances /opt/stack/nova/nova/conductor/manager.py:1784}}
Jul 10 09:42:53.928068 np0000004985 nova-conductor[95847]: DEBUG oslo_concurrency.lockutils [None req-5565a23b-1eb4-441a-8c2f-46d38cb84587 tempest-ServerActionsTestOtherA-898207770 tempest-ServerActionsTestOtherA-898207770-project-member] Acquiring lock "352de84b-a9c4-482e-a37b-2b8934ad7288" by "nova.context.set_target_cell..get_or_set_cached_cell_and_set_connections" {{(pid=95847) inner /opt/stack/data/venv/lib/python3.12/site-packages/oslo_concurrency/lockutils.py:511}}
Jul 10 09:42:53.928240 np0000004985 nova-conductor[95847]: DEBUG oslo_concurrency.lockutils [None req-5565a23b-1eb4-441a-8c2f-46d38cb84587 tempest-ServerActionsTestOtherA-898207770 tempest-ServerActionsTestOtherA-898207770-project-member] Lock "352de84b-a9c4-482e-a37b-2b8934ad7288" acquired by "nova.context.set_target_cell..get_or_set_cached_cell_and_set_connections" :: waited 0.000s {{(pid=95847) inner /opt/stack/data/venv/lib/python3.12/site-packages/oslo_concurrency/lockutils.py:524}}
Jul 10 09:42:53.928408 np0000004985 nova-conductor[95847]: DEBUG oslo_concurrency.lockutils [None req-5565a23b-1eb4-441a-8c2f-46d38cb84587 tempest-ServerActionsTestOtherA-898207770 tempest-ServerActionsTestOtherA-898207770-project-member] Lock "352de84b-a9c4-482e-a37b-2b8934ad7288" "released" by "nova.context.set_target_cell..get_or_set_cached_cell_and_set_connections" :: held 0.000s {{(pid=95847) inner /opt/stack/data/venv/lib/python3.12/site-packages/oslo_concurrency/lockutils.py:543}}
