May 12 17:34:54.364902 np0000000621 systemd[1]: Starting devstack@n-api-meta.service - Devstack devstack@n-api-meta.service...
May 12 17:34:54.370387 np0000000621 devstack@n-api-meta.service[94720]: [uWSGI] getting INI configuration from /etc/nova/nova-metadata-uwsgi.ini
May 12 17:34:54.372719 np0000000621 devstack@n-api-meta.service[94720]: *** Starting uWSGI 2.0.24-debian (64bit) on [Tue May 12 17:34:54 2026] ***
May 12 17:34:54.372719 np0000000621 devstack@n-api-meta.service[94720]: compiled with version: 13.2.0 on 17 April 2024 16:23:48
May 12 17:34:54.372719 np0000000621 devstack@n-api-meta.service[94720]: os: Linux-6.8.0-100-generic #100-Ubuntu SMP PREEMPT_DYNAMIC Tue Jan 13 16:40:06 UTC 2026
May 12 17:34:54.372719 np0000000621 devstack@n-api-meta.service[94720]: nodename: np0000000621
May 12 17:34:54.372719 np0000000621 devstack@n-api-meta.service[94720]: machine: x86_64
May 12 17:34:54.372719 np0000000621 devstack@n-api-meta.service[94720]: clock source: unix
May 12 17:34:54.372719 np0000000621 devstack@n-api-meta.service[94720]: pcre jit disabled
May 12 17:34:54.372719 np0000000621 devstack@n-api-meta.service[94720]: detected number of CPU cores: 12
May 12 17:34:54.372719 np0000000621 devstack@n-api-meta.service[94720]: current working directory: /
May 12 17:34:54.372719 np0000000621 devstack@n-api-meta.service[94720]: detected binary path: /usr/bin/uwsgi-core
May 12 17:34:54.372719 np0000000621 devstack@n-api-meta.service[94720]: your processes number limit is 95969
May 12 17:34:54.372719 np0000000621 devstack@n-api-meta.service[94720]: your memory page size is 4096 bytes
May 12 17:34:54.373132 np0000000621 devstack@n-api-meta.service[94720]: detected max file descriptor number: 2048
May 12 17:34:54.373132 np0000000621 devstack@n-api-meta.service[94720]: lock engine: pthread robust mutexes
May 12 17:34:54.373132 np0000000621 devstack@n-api-meta.service[94720]: thunder lock: enabled
May 12 17:34:54.373288 np0000000621 devstack@n-api-meta.service[94720]: uWSGI http bound on 0.0.0.0:8775 fd 5
May 12 17:34:54.373288 np0000000621 devstack@n-api-meta.service[94720]: uwsgi socket 0 bound to TCP address 127.0.0.1:40675 (port auto-assigned) fd 4
May 12 17:34:54.373365 np0000000621 devstack@n-api-meta.service[94720]: Python version: 3.12.3 (main, Mar 23 2026, 19:04:32) [GCC 13.3.0]
May 12 17:34:54.373365 np0000000621 devstack@n-api-meta.service[94720]: PEP 405 virtualenv detected: /opt/stack/data/venv
May 12 17:34:54.373365 np0000000621 devstack@n-api-meta.service[94720]: Set PythonHome to /opt/stack/data/venv
May 12 17:34:54.407242 np0000000621 devstack@n-api-meta.service[94720]: Python main interpreter initialized at 0x78f500ea3668
May 12 17:34:54.407242 np0000000621 devstack@n-api-meta.service[94720]: python threads support enabled
May 12 17:34:54.407242 np0000000621 devstack@n-api-meta.service[94720]: your server socket listen backlog is limited to 100 connections
May 12 17:34:54.407242 np0000000621 devstack@n-api-meta.service[94720]: your mercy for graceful operations on workers is 80 seconds
May 12 17:34:54.407676 np0000000621 devstack@n-api-meta.service[94720]: mapped 537436 bytes (524 KB) for 3 cores
May 12 17:34:54.407797 np0000000621 devstack@n-api-meta.service[94720]: *** Operational MODE: preforking ***
May 12 17:34:54.408020 np0000000621 devstack@n-api-meta.service[94720]: *** uWSGI is running in multiple interpreter mode ***
May 12 17:34:54.408020 np0000000621 devstack@n-api-meta.service[94720]: spawned uWSGI master process (pid: 94720)
May 12 17:34:54.408203 np0000000621 systemd[1]: Started devstack@n-api-meta.service - Devstack devstack@n-api-meta.service.
May 12 17:34:54.408980 np0000000621 devstack@n-api-meta.service[94720]: spawned uWSGI worker 1 (pid: 94725, cores: 1)
May 12 17:34:54.409566 np0000000621 devstack@n-api-meta.service[94720]: spawned uWSGI worker 2 (pid: 94726, cores: 1)
May 12 17:34:54.410089 np0000000621 devstack@n-api-meta.service[94720]: spawned uWSGI worker 3 (pid: 94727, cores: 1)
May 12 17:34:54.410620 np0000000621 devstack@n-api-meta.service[94720]: spawned uWSGI http 1 (pid: 94728)
May 12 17:34:54.410620 np0000000621 devstack@n-api-meta.service[94720]: running "unix_signal:15 gracefully_kill_them_all" (master-start)...
May 12 17:34:54.793560 np0000000621 devstack@n-api-meta.service[94727]: /opt/stack/data/venv/lib/python3.12/site-packages/oslo_concurrency/lockutils.py:41: EventletDeprecationWarning:
May 12 17:34:54.793560 np0000000621 devstack@n-api-meta.service[94727]: Eventlet is deprecated. It is currently being maintained in bugfix mode, and
May 12 17:34:54.793560 np0000000621 devstack@n-api-meta.service[94727]: we strongly recommend against using it for new projects.
May 12 17:34:54.793560 np0000000621 devstack@n-api-meta.service[94727]: If you are already using Eventlet, we recommend migrating to a different
May 12 17:34:54.793560 np0000000621 devstack@n-api-meta.service[94727]: framework. For more detail see
May 12 17:34:54.793560 np0000000621 devstack@n-api-meta.service[94727]: https://eventlet.readthedocs.io/en/latest/asyncio/migration.html
May 12 17:34:54.793560 np0000000621 devstack@n-api-meta.service[94727]: import eventlet
May 12 17:34:54.808072 np0000000621 devstack@n-api-meta.service[94726]: /opt/stack/data/venv/lib/python3.12/site-packages/oslo_concurrency/lockutils.py:41: EventletDeprecationWarning:
May 12 17:34:54.808072 np0000000621 devstack@n-api-meta.service[94726]: Eventlet is deprecated. It is currently being maintained in bugfix mode, and
May 12 17:34:54.808072 np0000000621 devstack@n-api-meta.service[94726]: we strongly recommend against using it for new projects.
May 12 17:34:54.808072 np0000000621 devstack@n-api-meta.service[94726]: If you are already using Eventlet, we recommend migrating to a different
May 12 17:34:54.808072 np0000000621 devstack@n-api-meta.service[94726]: framework. For more detail see
May 12 17:34:54.808072 np0000000621 devstack@n-api-meta.service[94726]: https://eventlet.readthedocs.io/en/latest/asyncio/migration.html
May 12 17:34:54.808072 np0000000621 devstack@n-api-meta.service[94726]: import eventlet
May 12 17:34:54.808608 np0000000621 devstack@n-api-meta.service[94725]: /opt/stack/data/venv/lib/python3.12/site-packages/oslo_concurrency/lockutils.py:41: EventletDeprecationWarning:
May 12 17:34:54.808608 np0000000621 devstack@n-api-meta.service[94725]: Eventlet is deprecated. It is currently being maintained in bugfix mode, and
May 12 17:34:54.808608 np0000000621 devstack@n-api-meta.service[94725]: we strongly recommend against using it for new projects.
May 12 17:34:54.808608 np0000000621 devstack@n-api-meta.service[94725]: If you are already using Eventlet, we recommend migrating to a different
May 12 17:34:54.808608 np0000000621 devstack@n-api-meta.service[94725]: framework. For more detail see
May 12 17:34:54.808608 np0000000621 devstack@n-api-meta.service[94725]: https://eventlet.readthedocs.io/en/latest/asyncio/migration.html
May 12 17:34:54.808608 np0000000621 devstack@n-api-meta.service[94725]: import eventlet
May 12 17:34:56.476540 np0000000621 devstack@n-api-meta.service[94727]: INFO dbcounter [None req-0aa25717-0fbc-4573-8b01-dd543a279828 None None] Registered counter for database nova_api
May 12 17:34:56.491590 np0000000621 devstack@n-api-meta.service[94727]: DEBUG oslo_db.sqlalchemy.engines [None req-0aa25717-0fbc-4573-8b01-dd543a279828 None None] MySQL server mode set to STRICT_TRANS_TABLES,STRICT_ALL_TABLES,NO_ZERO_IN_DATE,NO_ZERO_DATE,ERROR_FOR_DIVISION_BY_ZERO,TRADITIONAL,NO_ENGINE_SUBSTITUTION {{(pid=94727) _check_effective_sql_mode /opt/stack/data/venv/lib/python3.12/site-packages/oslo_db/sqlalchemy/engines.py:325}}
May 12 17:34:56.524701 np0000000621 devstack@n-api-meta.service[94727]: DEBUG dbcounter [-] [94727] Writer thread running {{(pid=94727) stat_writer /opt/stack/data/venv/lib/python3.12/site-packages/dbcounter.py:102}}
May 12 17:34:56.528153 np0000000621 devstack@n-api-meta.service[94727]: DEBUG nova.context [None req-0aa25717-0fbc-4573-8b01-dd543a279828 None None] Found 2 cells: 00000000-0000-0000-0000-000000000000(cell0),95c4d56a-3c86-4043-a78f-a74962d1d8ad(cell1) {{(pid=94727) load_cells /opt/stack/nova/nova/context.py:509}}
May 12 17:34:56.528517 np0000000621 devstack@n-api-meta.service[94727]: INFO nova.utils [None req-0aa25717-0fbc-4573-8b01-dd543a279828 None None] The cell worker thread pool MainProcess.cell_worker is initialized
May 12 17:34:56.530648 np0000000621 devstack@n-api-meta.service[94727]: DEBUG oslo_concurrency.lockutils [None req-0aa25717-0fbc-4573-8b01-dd543a279828 None None] Acquiring lock "00000000-0000-0000-0000-000000000000" by "nova.context.set_target_cell..get_or_set_cached_cell_and_set_connections" {{(pid=94727) inner /opt/stack/data/venv/lib/python3.12/site-packages/oslo_concurrency/lockutils.py:506}}
May 12 17:34:56.531462 np0000000621 devstack@n-api-meta.service[94727]: DEBUG oslo_concurrency.lockutils [None req-0aa25717-0fbc-4573-8b01-dd543a279828 None None] Lock "00000000-0000-0000-0000-000000000000" acquired by "nova.context.set_target_cell..get_or_set_cached_cell_and_set_connections" :: waited 0.000s {{(pid=94727) inner /opt/stack/data/venv/lib/python3.12/site-packages/oslo_concurrency/lockutils.py:519}}
May 12 17:34:56.531462 np0000000621 devstack@n-api-meta.service[94727]: DEBUG oslo_concurrency.lockutils [None req-0aa25717-0fbc-4573-8b01-dd543a279828 None None] Lock "00000000-0000-0000-0000-000000000000" "released" by "nova.context.set_target_cell..get_or_set_cached_cell_and_set_connections" :: held 0.001s {{(pid=94727) inner /opt/stack/data/venv/lib/python3.12/site-packages/oslo_concurrency/lockutils.py:538}}
May 12 17:34:56.532079 np0000000621 devstack@n-api-meta.service[94727]: DEBUG oslo_concurrency.lockutils [None req-0aa25717-0fbc-4573-8b01-dd543a279828 None None] Acquiring lock "95c4d56a-3c86-4043-a78f-a74962d1d8ad" by "nova.context.set_target_cell..get_or_set_cached_cell_and_set_connections" {{(pid=94727) inner /opt/stack/data/venv/lib/python3.12/site-packages/oslo_concurrency/lockutils.py:506}}
May 12 17:34:56.533423 np0000000621 devstack@n-api-meta.service[94727]: INFO dbcounter [None req-0aa25717-0fbc-4573-8b01-dd543a279828 None None] Registered counter for database nova_cell0
May 12 17:34:56.534736 np0000000621 devstack@n-api-meta.service[94727]: DEBUG oslo_concurrency.lockutils [None req-0aa25717-0fbc-4573-8b01-dd543a279828 None None] Lock "95c4d56a-3c86-4043-a78f-a74962d1d8ad" acquired by "nova.context.set_target_cell..get_or_set_cached_cell_and_set_connections" :: waited 0.001s {{(pid=94727) inner /opt/stack/data/venv/lib/python3.12/site-packages/oslo_concurrency/lockutils.py:519}}
May 12 17:34:56.535942 np0000000621 devstack@n-api-meta.service[94727]: DEBUG oslo_concurrency.lockutils [None req-0aa25717-0fbc-4573-8b01-dd543a279828 None None] Lock "95c4d56a-3c86-4043-a78f-a74962d1d8ad" "released" by "nova.context.set_target_cell..get_or_set_cached_cell_and_set_connections" :: held 0.003s {{(pid=94727) inner /opt/stack/data/venv/lib/python3.12/site-packages/oslo_concurrency/lockutils.py:538}}
May 12 17:34:56.539354 np0000000621 devstack@n-api-meta.service[94727]: INFO dbcounter [None req-0aa25717-0fbc-4573-8b01-dd543a279828 None None] Registered counter for database nova_cell1
May 12 17:34:56.543671 np0000000621 devstack@n-api-meta.service[94727]: DEBUG oslo_db.sqlalchemy.engines [None req-0aa25717-0fbc-4573-8b01-dd543a279828 None None] MySQL server mode set to STRICT_TRANS_TABLES,STRICT_ALL_TABLES,NO_ZERO_IN_DATE,NO_ZERO_DATE,ERROR_FOR_DIVISION_BY_ZERO,TRADITIONAL,NO_ENGINE_SUBSTITUTION {{(pid=94727) _check_effective_sql_mode /opt/stack/data/venv/lib/python3.12/site-packages/oslo_db/sqlalchemy/engines.py:325}}
May 12 17:34:56.572212 np0000000621 devstack@n-api-meta.service[94727]: DEBUG oslo_db.sqlalchemy.engines [None req-0aa25717-0fbc-4573-8b01-dd543a279828 None None] MySQL server mode set to STRICT_TRANS_TABLES,STRICT_ALL_TABLES,NO_ZERO_IN_DATE,NO_ZERO_DATE,ERROR_FOR_DIVISION_BY_ZERO,TRADITIONAL,NO_ENGINE_SUBSTITUTION {{(pid=94727) _check_effective_sql_mode /opt/stack/data/venv/lib/python3.12/site-packages/oslo_db/sqlalchemy/engines.py:325}}
May 12 17:34:56.580558 np0000000621 devstack@n-api-meta.service[94725]: INFO dbcounter [None req-9df9064a-56ab-4ef1-a754-adcbea8b99f4 None None] Registered counter for database nova_api
May 12 17:34:56.595656 np0000000621 devstack@n-api-meta.service[94725]: DEBUG oslo_db.sqlalchemy.engines [None req-9df9064a-56ab-4ef1-a754-adcbea8b99f4 None None] MySQL server mode set to STRICT_TRANS_TABLES,STRICT_ALL_TABLES,NO_ZERO_IN_DATE,NO_ZERO_DATE,ERROR_FOR_DIVISION_BY_ZERO,TRADITIONAL,NO_ENGINE_SUBSTITUTION {{(pid=94725) _check_effective_sql_mode /opt/stack/data/venv/lib/python3.12/site-packages/oslo_db/sqlalchemy/engines.py:325}}
May 12 17:34:56.626147 np0000000621 devstack@n-api-meta.service[94725]: DEBUG dbcounter [-] [94725] Writer thread running {{(pid=94725) stat_writer /opt/stack/data/venv/lib/python3.12/site-packages/dbcounter.py:102}}
May 12 17:34:56.628706 np0000000621 devstack@n-api-meta.service[94725]: DEBUG nova.context [None req-9df9064a-56ab-4ef1-a754-adcbea8b99f4 None None] Found 2 cells: 00000000-0000-0000-0000-000000000000(cell0),95c4d56a-3c86-4043-a78f-a74962d1d8ad(cell1) {{(pid=94725) load_cells /opt/stack/nova/nova/context.py:509}}
May 12 17:34:56.628805 np0000000621 devstack@n-api-meta.service[94725]: INFO nova.utils [None req-9df9064a-56ab-4ef1-a754-adcbea8b99f4 None None] The cell worker thread pool MainProcess.cell_worker is initialized
May 12 17:34:56.630529 np0000000621 devstack@n-api-meta.service[94725]: DEBUG oslo_concurrency.lockutils [None req-9df9064a-56ab-4ef1-a754-adcbea8b99f4 None None] Acquiring lock "00000000-0000-0000-0000-000000000000" by "nova.context.set_target_cell..get_or_set_cached_cell_and_set_connections" {{(pid=94725) inner /opt/stack/data/venv/lib/python3.12/site-packages/oslo_concurrency/lockutils.py:506}}
May 12 17:34:56.630714 np0000000621 devstack@n-api-meta.service[94725]: DEBUG oslo_concurrency.lockutils [None req-9df9064a-56ab-4ef1-a754-adcbea8b99f4 None None] Lock "00000000-0000-0000-0000-000000000000" acquired by "nova.context.set_target_cell..get_or_set_cached_cell_and_set_connections" :: waited 0.000s {{(pid=94725) inner /opt/stack/data/venv/lib/python3.12/site-packages/oslo_concurrency/lockutils.py:519}}
May 12 17:34:56.631325 np0000000621 devstack@n-api-meta.service[94725]: DEBUG oslo_concurrency.lockutils [None req-9df9064a-56ab-4ef1-a754-adcbea8b99f4 None None] Lock "00000000-0000-0000-0000-000000000000" "released" by "nova.context.set_target_cell..get_or_set_cached_cell_and_set_connections" :: held 0.000s {{(pid=94725) inner /opt/stack/data/venv/lib/python3.12/site-packages/oslo_concurrency/lockutils.py:538}}
May 12 17:34:56.631999 np0000000621 devstack@n-api-meta.service[94725]: DEBUG oslo_concurrency.lockutils [None req-9df9064a-56ab-4ef1-a754-adcbea8b99f4 None None] Acquiring lock "95c4d56a-3c86-4043-a78f-a74962d1d8ad" by "nova.context.set_target_cell..get_or_set_cached_cell_and_set_connections" {{(pid=94725) inner /opt/stack/data/venv/lib/python3.12/site-packages/oslo_concurrency/lockutils.py:506}}
May 12 17:34:56.631999 np0000000621 devstack@n-api-meta.service[94725]: DEBUG oslo_concurrency.lockutils [None req-9df9064a-56ab-4ef1-a754-adcbea8b99f4 None None] Lock "95c4d56a-3c86-4043-a78f-a74962d1d8ad" acquired by "nova.context.set_target_cell..get_or_set_cached_cell_and_set_connections" :: waited 0.000s {{(pid=94725) inner /opt/stack/data/venv/lib/python3.12/site-packages/oslo_concurrency/lockutils.py:519}}
May 12 17:34:56.632691 np0000000621 devstack@n-api-meta.service[94725]: DEBUG oslo_concurrency.lockutils [None req-9df9064a-56ab-4ef1-a754-adcbea8b99f4 None None] Lock "95c4d56a-3c86-4043-a78f-a74962d1d8ad" "released" by "nova.context.set_target_cell..get_or_set_cached_cell_and_set_connections" :: held 0.001s {{(pid=94725) inner /opt/stack/data/venv/lib/python3.12/site-packages/oslo_concurrency/lockutils.py:538}}
May 12 17:34:56.634000 np0000000621 devstack@n-api-meta.service[94725]: INFO dbcounter [None req-9df9064a-56ab-4ef1-a754-adcbea8b99f4 None None] Registered counter for database nova_cell0
May 12 17:34:56.637475 np0000000621 devstack@n-api-meta.service[94725]: INFO dbcounter [None req-9df9064a-56ab-4ef1-a754-adcbea8b99f4 None None] Registered counter for database nova_cell1
May 12 17:34:56.643169 np0000000621 devstack@n-api-meta.service[94725]: DEBUG oslo_db.sqlalchemy.engines [None req-9df9064a-56ab-4ef1-a754-adcbea8b99f4 None None] MySQL server mode set to STRICT_TRANS_TABLES,STRICT_ALL_TABLES,NO_ZERO_IN_DATE,NO_ZERO_DATE,ERROR_FOR_DIVISION_BY_ZERO,TRADITIONAL,NO_ENGINE_SUBSTITUTION {{(pid=94725) _check_effective_sql_mode /opt/stack/data/venv/lib/python3.12/site-packages/oslo_db/sqlalchemy/engines.py:325}}
May 12 17:34:56.652127 np0000000621 devstack@n-api-meta.service[94725]: DEBUG oslo_db.sqlalchemy.engines [None req-9df9064a-56ab-4ef1-a754-adcbea8b99f4 None None] MySQL server mode set to STRICT_TRANS_TABLES,STRICT_ALL_TABLES,NO_ZERO_IN_DATE,NO_ZERO_DATE,ERROR_FOR_DIVISION_BY_ZERO,TRADITIONAL,NO_ENGINE_SUBSTITUTION {{(pid=94725) _check_effective_sql_mode /opt/stack/data/venv/lib/python3.12/site-packages/oslo_db/sqlalchemy/engines.py:325}}
May 12 17:34:56.654884 np0000000621 devstack@n-api-meta.service[94727]: DEBUG dbcounter [-] [94727] Writer thread running {{(pid=94727) stat_writer /opt/stack/data/venv/lib/python3.12/site-packages/dbcounter.py:102}}
May 12 17:34:56.658776 np0000000621 devstack@n-api-meta.service[94727]: DEBUG dbcounter [-] [94727] Writer thread running {{(pid=94727) stat_writer /opt/stack/data/venv/lib/python3.12/site-packages/dbcounter.py:102}}
May 12 17:34:56.658868 np0000000621 devstack@n-api-meta.service[94726]: INFO dbcounter [None req-7e0a36a7-48b3-4da7-b0d1-0659bba34bcc None None] Registered counter for database nova_api
May 12 17:34:56.663002 np0000000621 devstack@n-api-meta.service[94727]: INFO dbcounter [None req-0aa25717-0fbc-4573-8b01-dd543a279828 None None] Registered counter for database nova_cell0
May 12 17:34:56.670425 np0000000621 devstack@n-api-meta.service[94727]: DEBUG oslo_db.sqlalchemy.engines [None req-0aa25717-0fbc-4573-8b01-dd543a279828 None None] MySQL server mode set to STRICT_TRANS_TABLES,STRICT_ALL_TABLES,NO_ZERO_IN_DATE,NO_ZERO_DATE,ERROR_FOR_DIVISION_BY_ZERO,TRADITIONAL,NO_ENGINE_SUBSTITUTION {{(pid=94727) _check_effective_sql_mode /opt/stack/data/venv/lib/python3.12/site-packages/oslo_db/sqlalchemy/engines.py:325}}
May 12 17:34:56.675525 np0000000621 devstack@n-api-meta.service[94726]: DEBUG oslo_db.sqlalchemy.engines [None req-7e0a36a7-48b3-4da7-b0d1-0659bba34bcc None None] MySQL server mode set to STRICT_TRANS_TABLES,STRICT_ALL_TABLES,NO_ZERO_IN_DATE,NO_ZERO_DATE,ERROR_FOR_DIVISION_BY_ZERO,TRADITIONAL,NO_ENGINE_SUBSTITUTION {{(pid=94726) _check_effective_sql_mode /opt/stack/data/venv/lib/python3.12/site-packages/oslo_db/sqlalchemy/engines.py:325}}
May 12 17:34:56.675878 np0000000621 devstack@n-api-meta.service[94727]: DEBUG dbcounter [-] [94727] Writer thread running {{(pid=94727) stat_writer /opt/stack/data/venv/lib/python3.12/site-packages/dbcounter.py:102}}
May 12 17:34:56.721205 np0000000621 devstack@n-api-meta.service[94727]: WARNING nova.api.metadata.handler [None req-0aa25717-0fbc-4573-8b01-dd543a279828 None None] metadata_proxy_shared_secret is not configured, the metadata information returned by the proxy cannot be trusted
May 12 17:34:56.722022 np0000000621 devstack@n-api-meta.service[94726]: DEBUG dbcounter [-] [94726] Writer thread running {{(pid=94726) stat_writer /opt/stack/data/venv/lib/python3.12/site-packages/dbcounter.py:102}}
May 12 17:34:56.723533 np0000000621 devstack@n-api-meta.service[94727]: DEBUG nova.api.openstack.wsgi_app [None req-0aa25717-0fbc-4573-8b01-dd543a279828 None None] ******************************************************************************** {{(pid=94727) log_opt_values /opt/stack/data/venv/lib/python3.12/site-packages/oslo_config/cfg.py:2979}}
May 12 17:34:56.723692 np0000000621 devstack@n-api-meta.service[94727]: DEBUG nova.api.openstack.wsgi_app [None req-0aa25717-0fbc-4573-8b01-dd543a279828 None None] Configuration options gathered from: {{(pid=94727) log_opt_values /opt/stack/data/venv/lib/python3.12/site-packages/oslo_config/cfg.py:2980}}
May 12 17:34:56.723804 np0000000621 devstack@n-api-meta.service[94727]: DEBUG nova.api.openstack.wsgi_app [None req-0aa25717-0fbc-4573-8b01-dd543a279828 None None] command line args: [] {{(pid=94727) log_opt_values /opt/stack/data/venv/lib/python3.12/site-packages/oslo_config/cfg.py:2981}}
May 12 17:34:56.724010 np0000000621 devstack@n-api-meta.service[94727]: DEBUG nova.api.openstack.wsgi_app [None req-0aa25717-0fbc-4573-8b01-dd543a279828 None None] config files: ['/etc/nova/api-paste.ini', '/etc/nova/nova.conf'] {{(pid=94727) log_opt_values /opt/stack/data/venv/lib/python3.12/site-packages/oslo_config/cfg.py:2982}}
May 12 17:34:56.724184 np0000000621 devstack@n-api-meta.service[94727]: DEBUG nova.api.openstack.wsgi_app [None req-0aa25717-0fbc-4573-8b01-dd543a279828 None None] ================================================================================ {{(pid=94727) log_opt_values /opt/stack/data/venv/lib/python3.12/site-packages/oslo_config/cfg.py:2987}}
May 12 17:34:56.724253 np0000000621 devstack@n-api-meta.service[94726]: DEBUG nova.context [None req-7e0a36a7-48b3-4da7-b0d1-0659bba34bcc None None] Found 2 cells: 00000000-0000-0000-0000-000000000000(cell0),95c4d56a-3c86-4043-a78f-a74962d1d8ad(cell1) {{(pid=94726) load_cells /opt/stack/nova/nova/context.py:509}}
May 12 17:34:56.724408 np0000000621 devstack@n-api-meta.service[94727]: DEBUG nova.api.openstack.wsgi_app [None req-0aa25717-0fbc-4573-8b01-dd543a279828 None None] allow_resize_to_same_host = True {{(pid=94727) log_opt_values /opt/stack/data/venv/lib/python3.12/site-packages/oslo_config/cfg.py:2995}}
May 12 17:34:56.725433 np0000000621 devstack@n-api-meta.service[94727]: DEBUG nova.api.openstack.wsgi_app [None req-0aa25717-0fbc-4573-8b01-dd543a279828 None None] arq_binding_timeout = 300 {{(pid=94727) log_opt_values /opt/stack/data/venv/lib/python3.12/site-packages/oslo_config/cfg.py:2995}}
May 12 17:34:56.725689 np0000000621 devstack@n-api-meta.service[94726]: INFO nova.utils [None req-7e0a36a7-48b3-4da7-b0d1-0659bba34bcc None None] The cell worker thread pool MainProcess.cell_worker is initialized
May 12 17:34:56.725766 np0000000621 devstack@n-api-meta.service[94727]: DEBUG nova.api.openstack.wsgi_app [None req-0aa25717-0fbc-4573-8b01-dd543a279828 None None] block_device_allocate_retries = 60 {{(pid=94727) log_opt_values /opt/stack/data/venv/lib/python3.12/site-packages/oslo_config/cfg.py:2995}}
May 12 17:34:56.725766 np0000000621 devstack@n-api-meta.service[94727]: DEBUG nova.api.openstack.wsgi_app [None req-0aa25717-0fbc-4573-8b01-dd543a279828 None None] block_device_allocate_retries_interval = 3 {{(pid=94727) log_opt_values /opt/stack/data/venv/lib/python3.12/site-packages/oslo_config/cfg.py:2995}}
May 12 17:34:56.725766 np0000000621 devstack@n-api-meta.service[94727]: DEBUG nova.api.openstack.wsgi_app [None req-0aa25717-0fbc-4573-8b01-dd543a279828 None None] cell_worker_thread_pool_size = 5 {{(pid=94727) log_opt_values /opt/stack/data/venv/lib/python3.12/site-packages/oslo_config/cfg.py:2995}}
May 12 17:34:56.725766 np0000000621 devstack@n-api-meta.service[94727]: DEBUG nova.api.openstack.wsgi_app [None req-0aa25717-0fbc-4573-8b01-dd543a279828 None None] cert = self.pem {{(pid=94727) log_opt_values /opt/stack/data/venv/lib/python3.12/site-packages/oslo_config/cfg.py:2995}}
May 12 17:34:56.725766 np0000000621 devstack@n-api-meta.service[94727]: DEBUG nova.api.openstack.wsgi_app [None req-0aa25717-0fbc-4573-8b01-dd543a279828 None None] compute_driver = libvirt.LibvirtDriver {{(pid=94727) log_opt_values /opt/stack/data/venv/lib/python3.12/site-packages/oslo_config/cfg.py:2995}}
May 12 17:34:56.725766 np0000000621 devstack@n-api-meta.service[94727]: DEBUG nova.api.openstack.wsgi_app [None req-0aa25717-0fbc-4573-8b01-dd543a279828 None None] compute_monitors = [] {{(pid=94727) log_opt_values /opt/stack/data/venv/lib/python3.12/site-packages/oslo_config/cfg.py:2995}}
May 12 17:34:56.725766 np0000000621 devstack@n-api-meta.service[94727]: DEBUG nova.api.openstack.wsgi_app [None req-0aa25717-0fbc-4573-8b01-dd543a279828 None None] config_dir = [] {{(pid=94727) log_opt_values /opt/stack/data/venv/lib/python3.12/site-packages/oslo_config/cfg.py:2995}}
May 12 17:34:56.726007 np0000000621 devstack@n-api-meta.service[94727]: DEBUG nova.api.openstack.wsgi_app [None req-0aa25717-0fbc-4573-8b01-dd543a279828 None None] config_drive_format = iso9660 {{(pid=94727) log_opt_values /opt/stack/data/venv/lib/python3.12/site-packages/oslo_config/cfg.py:2995}}
May 12 17:34:56.726007 np0000000621 devstack@n-api-meta.service[94727]: DEBUG nova.api.openstack.wsgi_app [None req-0aa25717-0fbc-4573-8b01-dd543a279828 None None] config_file = ['/etc/nova/api-paste.ini', '/etc/nova/nova.conf'] {{(pid=94727) log_opt_values /opt/stack/data/venv/lib/python3.12/site-packages/oslo_config/cfg.py:2995}}
May 12 17:34:56.726084 np0000000621 devstack@n-api-meta.service[94727]: DEBUG nova.api.openstack.wsgi_app [None req-0aa25717-0fbc-4573-8b01-dd543a279828 None None] config_source = [] {{(pid=94727) log_opt_values /opt/stack/data/venv/lib/python3.12/site-packages/oslo_config/cfg.py:2995}}
May 12 17:34:56.726317 np0000000621 devstack@n-api-meta.service[94727]: DEBUG nova.api.openstack.wsgi_app [None req-0aa25717-0fbc-4573-8b01-dd543a279828 None None] console_host = np0000000621 {{(pid=94727) log_opt_values /opt/stack/data/venv/lib/python3.12/site-packages/oslo_config/cfg.py:2995}}
May 12 17:34:56.726420 np0000000621 devstack@n-api-meta.service[94727]: DEBUG nova.api.openstack.wsgi_app [None req-0aa25717-0fbc-4573-8b01-dd543a279828 None None] control_exchange = nova {{(pid=94727) log_opt_values /opt/stack/data/venv/lib/python3.12/site-packages/oslo_config/cfg.py:2995}}
May 12 17:34:56.726611 np0000000621 devstack@n-api-meta.service[94727]: DEBUG nova.api.openstack.wsgi_app [None req-0aa25717-0fbc-4573-8b01-dd543a279828 None None] cpu_allocation_ratio = None {{(pid=94727) log_opt_values /opt/stack/data/venv/lib/python3.12/site-packages/oslo_config/cfg.py:2995}}
May 12 17:34:56.726728 np0000000621 devstack@n-api-meta.service[94727]: DEBUG nova.api.openstack.wsgi_app [None req-0aa25717-0fbc-4573-8b01-dd543a279828 None None] daemon = False {{(pid=94727) log_opt_values /opt/stack/data/venv/lib/python3.12/site-packages/oslo_config/cfg.py:2995}}
May 12 17:34:56.726896 np0000000621 devstack@n-api-meta.service[94727]: DEBUG nova.api.openstack.wsgi_app [None req-0aa25717-0fbc-4573-8b01-dd543a279828 None None] debug = True {{(pid=94727) log_opt_values /opt/stack/data/venv/lib/python3.12/site-packages/oslo_config/cfg.py:2995}}
May 12 17:34:56.726997 np0000000621 devstack@n-api-meta.service[94726]: DEBUG oslo_concurrency.lockutils [None req-7e0a36a7-48b3-4da7-b0d1-0659bba34bcc None None] Acquiring lock "00000000-0000-0000-0000-000000000000" by "nova.context.set_target_cell..get_or_set_cached_cell_and_set_connections" {{(pid=94726) inner /opt/stack/data/venv/lib/python3.12/site-packages/oslo_concurrency/lockutils.py:506}}
May 12 17:34:56.727052 np0000000621 devstack@n-api-meta.service[94727]: DEBUG nova.api.openstack.wsgi_app [None req-0aa25717-0fbc-4573-8b01-dd543a279828 None None] default_access_ip_network_name = None {{(pid=94727) log_opt_values /opt/stack/data/venv/lib/python3.12/site-packages/oslo_config/cfg.py:2995}}
May 12 17:34:56.727145 np0000000621 devstack@n-api-meta.service[94727]: DEBUG nova.api.openstack.wsgi_app [None req-0aa25717-0fbc-4573-8b01-dd543a279828 None None] default_availability_zone = nova {{(pid=94727) log_opt_values /opt/stack/data/venv/lib/python3.12/site-packages/oslo_config/cfg.py:2995}}
May 12 17:34:56.727201 np0000000621 devstack@n-api-meta.service[94726]: DEBUG oslo_concurrency.lockutils [None req-7e0a36a7-48b3-4da7-b0d1-0659bba34bcc None None] Lock "00000000-0000-0000-0000-000000000000" acquired by "nova.context.set_target_cell..get_or_set_cached_cell_and_set_connections" :: waited 0.000s {{(pid=94726) inner /opt/stack/data/venv/lib/python3.12/site-packages/oslo_concurrency/lockutils.py:519}}
May 12 17:34:56.727250 np0000000621 devstack@n-api-meta.service[94727]: DEBUG nova.api.openstack.wsgi_app [None req-0aa25717-0fbc-4573-8b01-dd543a279828 None None] default_ephemeral_format = ext4 {{(pid=94727) log_opt_values /opt/stack/data/venv/lib/python3.12/site-packages/oslo_config/cfg.py:2995}}
May 12 17:34:56.727409 np0000000621 devstack@n-api-meta.service[94727]: DEBUG nova.api.openstack.wsgi_app [None req-0aa25717-0fbc-4573-8b01-dd543a279828 None None] default_green_pool_size = 1000 {{(pid=94727) log_opt_values /opt/stack/data/venv/lib/python3.12/site-packages/oslo_config/cfg.py:2995}}
May 12 17:34:56.727645 np0000000621 devstack@n-api-meta.service[94727]: DEBUG nova.api.openstack.wsgi_app [None req-0aa25717-0fbc-4573-8b01-dd543a279828 None None] default_log_levels = ['amqp=WARN', 'boto=WARN', 'sqlalchemy=WARN', 'suds=INFO', 'oslo.messaging=INFO', 'oslo_messaging=INFO', 'iso8601=WARN', 'requests.packages.urllib3.connectionpool=WARN', 'urllib3.connectionpool=WARN', 'websocket=WARN', 'requests.packages.urllib3.util.retry=WARN', 'urllib3.util.retry=WARN', 'keystonemiddleware=WARN', 'routes.middleware=WARN', 'stevedore=WARN', 'taskflow=WARN', 'keystoneauth=WARN', 'oslo.cache=INFO', 'oslo_policy=INFO', 'dogpile.core.dogpile=INFO', 'glanceclient=WARN', 'oslo.privsep.daemon=INFO'] {{(pid=94727) log_opt_values /opt/stack/data/venv/lib/python3.12/site-packages/oslo_config/cfg.py:2995}}
May 12 17:34:56.727808 np0000000621 devstack@n-api-meta.service[94726]: DEBUG oslo_concurrency.lockutils [None req-7e0a36a7-48b3-4da7-b0d1-0659bba34bcc None None] Lock "00000000-0000-0000-0000-000000000000" "released" by "nova.context.set_target_cell..get_or_set_cached_cell_and_set_connections" :: held 0.001s {{(pid=94726) inner /opt/stack/data/venv/lib/python3.12/site-packages/oslo_concurrency/lockutils.py:538}}
May 12 17:34:56.727886 np0000000621 devstack@n-api-meta.service[94727]: DEBUG nova.api.openstack.wsgi_app [None req-0aa25717-0fbc-4573-8b01-dd543a279828 None None] default_schedule_zone = None {{(pid=94727) log_opt_values /opt/stack/data/venv/lib/python3.12/site-packages/oslo_config/cfg.py:2995}}
May 12 17:34:56.727886 np0000000621 devstack@n-api-meta.service[94727]: DEBUG nova.api.openstack.wsgi_app [None req-0aa25717-0fbc-4573-8b01-dd543a279828 None None] default_thread_pool_size = 10 {{(pid=94727) log_opt_values /opt/stack/data/venv/lib/python3.12/site-packages/oslo_config/cfg.py:2995}}
May 12 17:34:56.728040 np0000000621 devstack@n-api-meta.service[94727]: DEBUG nova.api.openstack.wsgi_app [None req-0aa25717-0fbc-4573-8b01-dd543a279828 None None] disk_allocation_ratio = None {{(pid=94727) log_opt_values /opt/stack/data/venv/lib/python3.12/site-packages/oslo_config/cfg.py:2995}}
May 12 17:34:56.728179 np0000000621 devstack@n-api-meta.service[94727]: DEBUG nova.api.openstack.wsgi_app [None req-0aa25717-0fbc-4573-8b01-dd543a279828 None None] enable_new_services = True {{(pid=94727) log_opt_values /opt/stack/data/venv/lib/python3.12/site-packages/oslo_config/cfg.py:2995}}
May 12 17:34:56.728354 np0000000621 devstack@n-api-meta.service[94727]: DEBUG nova.api.openstack.wsgi_app [None req-0aa25717-0fbc-4573-8b01-dd543a279828 None None] flat_injected = False {{(pid=94727) log_opt_values /opt/stack/data/venv/lib/python3.12/site-packages/oslo_config/cfg.py:2995}}
May 12 17:34:56.728546 np0000000621 devstack@n-api-meta.service[94727]: DEBUG nova.api.openstack.wsgi_app [None req-0aa25717-0fbc-4573-8b01-dd543a279828 None None] force_config_drive = True {{(pid=94727) log_opt_values /opt/stack/data/venv/lib/python3.12/site-packages/oslo_config/cfg.py:2995}}
May 12 17:34:56.728653 np0000000621 devstack@n-api-meta.service[94726]: DEBUG oslo_concurrency.lockutils [None req-7e0a36a7-48b3-4da7-b0d1-0659bba34bcc None None] Acquiring lock "95c4d56a-3c86-4043-a78f-a74962d1d8ad" by "nova.context.set_target_cell..get_or_set_cached_cell_and_set_connections" {{(pid=94726) inner /opt/stack/data/venv/lib/python3.12/site-packages/oslo_concurrency/lockutils.py:506}}
May 12 17:34:56.728724 np0000000621 devstack@n-api-meta.service[94727]: DEBUG nova.api.openstack.wsgi_app [None req-0aa25717-0fbc-4573-8b01-dd543a279828 None None] force_raw_images = True {{(pid=94727) log_opt_values /opt/stack/data/venv/lib/python3.12/site-packages/oslo_config/cfg.py:2995}}
May 12 17:34:56.728840 np0000000621 devstack@n-api-meta.service[94726]: DEBUG oslo_concurrency.lockutils [None req-7e0a36a7-48b3-4da7-b0d1-0659bba34bcc None None] Lock "95c4d56a-3c86-4043-a78f-a74962d1d8ad" acquired by "nova.context.set_target_cell..get_or_set_cached_cell_and_set_connections" :: waited 0.000s {{(pid=94726) inner /opt/stack/data/venv/lib/python3.12/site-packages/oslo_concurrency/lockutils.py:519}}
May 12 17:34:56.728925 np0000000621 devstack@n-api-meta.service[94727]: DEBUG nova.api.openstack.wsgi_app [None req-0aa25717-0fbc-4573-8b01-dd543a279828 None None] graceful_shutdown_timeout = 5 {{(pid=94727) log_opt_values /opt/stack/data/venv/lib/python3.12/site-packages/oslo_config/cfg.py:2995}}
May 12 17:34:56.729548 np0000000621 devstack@n-api-meta.service[94727]: DEBUG nova.api.openstack.wsgi_app [None req-0aa25717-0fbc-4573-8b01-dd543a279828 None None] heal_instance_info_cache_interval = -1 {{(pid=94727) log_opt_values /opt/stack/data/venv/lib/python3.12/site-packages/oslo_config/cfg.py:2995}}
May 12 17:34:56.729548 np0000000621 devstack@n-api-meta.service[94727]: DEBUG nova.api.openstack.wsgi_app [None req-0aa25717-0fbc-4573-8b01-dd543a279828 None None] host = np0000000621 {{(pid=94727) log_opt_values /opt/stack/data/venv/lib/python3.12/site-packages/oslo_config/cfg.py:2995}}
May 12 17:34:56.729548 np0000000621 devstack@n-api-meta.service[94727]: DEBUG nova.api.openstack.wsgi_app [None req-0aa25717-0fbc-4573-8b01-dd543a279828 None None] initial_cpu_allocation_ratio = 4.0 {{(pid=94727) log_opt_values /opt/stack/data/venv/lib/python3.12/site-packages/oslo_config/cfg.py:2995}}
May 12 17:34:56.729716 np0000000621 devstack@n-api-meta.service[94727]: DEBUG nova.api.openstack.wsgi_app [None req-0aa25717-0fbc-4573-8b01-dd543a279828 None None] initial_disk_allocation_ratio = 1.0 {{(pid=94727) log_opt_values /opt/stack/data/venv/lib/python3.12/site-packages/oslo_config/cfg.py:2995}}
May 12 17:34:56.729892 np0000000621 devstack@n-api-meta.service[94727]: DEBUG nova.api.openstack.wsgi_app [None req-0aa25717-0fbc-4573-8b01-dd543a279828 None None] initial_ram_allocation_ratio = 1.0 {{(pid=94727) log_opt_values /opt/stack/data/venv/lib/python3.12/site-packages/oslo_config/cfg.py:2995}}
May 12 17:34:56.730263 np0000000621 devstack@n-api-meta.service[94726]: DEBUG oslo_concurrency.lockutils [None req-7e0a36a7-48b3-4da7-b0d1-0659bba34bcc None None] Lock "95c4d56a-3c86-4043-a78f-a74962d1d8ad" "released" by "nova.context.set_target_cell..get_or_set_cached_cell_and_set_connections" :: held 0.001s {{(pid=94726) inner /opt/stack/data/venv/lib/python3.12/site-packages/oslo_concurrency/lockutils.py:538}}
May 12 17:34:56.730319 np0000000621 devstack@n-api-meta.service[94727]: DEBUG nova.api.openstack.wsgi_app [None req-0aa25717-0fbc-4573-8b01-dd543a279828 None None] injected_network_template = /opt/stack/nova/nova/virt/interfaces.template {{(pid=94727) log_opt_values /opt/stack/data/venv/lib/python3.12/site-packages/oslo_config/cfg.py:2995}}
May 12 17:34:56.730426 np0000000621 devstack@n-api-meta.service[94727]: DEBUG nova.api.openstack.wsgi_app [None req-0aa25717-0fbc-4573-8b01-dd543a279828 None None] instance_build_timeout = 0 {{(pid=94727) log_opt_values /opt/stack/data/venv/lib/python3.12/site-packages/oslo_config/cfg.py:2995}}
May 12 17:34:56.730726 np0000000621 devstack@n-api-meta.service[94727]: DEBUG nova.api.openstack.wsgi_app [None req-0aa25717-0fbc-4573-8b01-dd543a279828 None None] instance_delete_interval = 300 {{(pid=94727) log_opt_values /opt/stack/data/venv/lib/python3.12/site-packages/oslo_config/cfg.py:2995}}
May 12 17:34:56.730952 np0000000621 devstack@n-api-meta.service[94727]: DEBUG nova.api.openstack.wsgi_app [None req-0aa25717-0fbc-4573-8b01-dd543a279828 None None] instance_format = [instance: %(uuid)s] {{(pid=94727) log_opt_values /opt/stack/data/venv/lib/python3.12/site-packages/oslo_config/cfg.py:2995}}
May 12 17:34:56.731152 np0000000621 devstack@n-api-meta.service[94727]: DEBUG nova.api.openstack.wsgi_app [None req-0aa25717-0fbc-4573-8b01-dd543a279828 None None] instance_name_template = instance-%08x {{(pid=94727) log_opt_values /opt/stack/data/venv/lib/python3.12/site-packages/oslo_config/cfg.py:2995}}
May 12 17:34:56.731283 np0000000621 devstack@n-api-meta.service[94727]: DEBUG nova.api.openstack.wsgi_app [None req-0aa25717-0fbc-4573-8b01-dd543a279828 None None] instance_usage_audit = False {{(pid=94727) log_opt_values /opt/stack/data/venv/lib/python3.12/site-packages/oslo_config/cfg.py:2995}}
May 12 17:34:56.731472 np0000000621 devstack@n-api-meta.service[94727]: DEBUG nova.api.openstack.wsgi_app [None req-0aa25717-0fbc-4573-8b01-dd543a279828 None None] instance_usage_audit_period = month {{(pid=94727) log_opt_values /opt/stack/data/venv/lib/python3.12/site-packages/oslo_config/cfg.py:2995}}
May 12 17:34:56.731705 np0000000621 devstack@n-api-meta.service[94727]: DEBUG nova.api.openstack.wsgi_app [None req-0aa25717-0fbc-4573-8b01-dd543a279828 None None] instance_uuid_format = [instance: %(uuid)s] {{(pid=94727) log_opt_values /opt/stack/data/venv/lib/python3.12/site-packages/oslo_config/cfg.py:2995}}
May 12 17:34:56.731936 np0000000621 devstack@n-api-meta.service[94727]: DEBUG nova.api.openstack.wsgi_app [None req-0aa25717-0fbc-4573-8b01-dd543a279828 None None] instances_path = /opt/stack/data/nova/instances {{(pid=94727) log_opt_values /opt/stack/data/venv/lib/python3.12/site-packages/oslo_config/cfg.py:2995}}
May 12 17:34:56.732155 np0000000621 devstack@n-api-meta.service[94727]: DEBUG nova.api.openstack.wsgi_app [None req-0aa25717-0fbc-4573-8b01-dd543a279828 None None] internal_service_availability_zone = internal {{(pid=94727) log_opt_values /opt/stack/data/venv/lib/python3.12/site-packages/oslo_config/cfg.py:2995}}
May 12 17:34:56.732209 np0000000621 devstack@n-api-meta.service[94726]: INFO dbcounter [None req-7e0a36a7-48b3-4da7-b0d1-0659bba34bcc None None] Registered counter for database nova_cell0
May 12 17:34:56.732363 np0000000621 devstack@n-api-meta.service[94727]: DEBUG nova.api.openstack.wsgi_app [None req-0aa25717-0fbc-4573-8b01-dd543a279828 None None] key = None {{(pid=94727) log_opt_values /opt/stack/data/venv/lib/python3.12/site-packages/oslo_config/cfg.py:2995}}
May 12 17:34:56.732591 np0000000621 devstack@n-api-meta.service[94727]: DEBUG nova.api.openstack.wsgi_app [None req-0aa25717-0fbc-4573-8b01-dd543a279828 None None] live_migration_retry_count = 30 {{(pid=94727) log_opt_values /opt/stack/data/venv/lib/python3.12/site-packages/oslo_config/cfg.py:2995}}
May 12 17:34:56.732984 np0000000621 devstack@n-api-meta.service[94727]: DEBUG nova.api.openstack.wsgi_app [None req-0aa25717-0fbc-4573-8b01-dd543a279828 None None] log_color = False {{(pid=94727) log_opt_values /opt/stack/data/venv/lib/python3.12/site-packages/oslo_config/cfg.py:2995}}
May 12 17:34:56.732984 np0000000621 devstack@n-api-meta.service[94727]: DEBUG nova.api.openstack.wsgi_app [None req-0aa25717-0fbc-4573-8b01-dd543a279828 None None] log_config_append = None {{(pid=94727) log_opt_values /opt/stack/data/venv/lib/python3.12/site-packages/oslo_config/cfg.py:2995}}
May 12 17:34:56.733206 np0000000621 devstack@n-api-meta.service[94727]: DEBUG nova.api.openstack.wsgi_app [None req-0aa25717-0fbc-4573-8b01-dd543a279828 None None] log_date_format = %Y-%m-%d %H:%M:%S {{(pid=94727) log_opt_values /opt/stack/data/venv/lib/python3.12/site-packages/oslo_config/cfg.py:2995}}
May 12 17:34:56.733315 np0000000621 devstack@n-api-meta.service[94727]: DEBUG nova.api.openstack.wsgi_app [None req-0aa25717-0fbc-4573-8b01-dd543a279828 None None] log_dir = None {{(pid=94727) log_opt_values /opt/stack/data/venv/lib/python3.12/site-packages/oslo_config/cfg.py:2995}}
May 12 17:34:56.733434 np0000000621 devstack@n-api-meta.service[94727]: DEBUG nova.api.openstack.wsgi_app [None req-0aa25717-0fbc-4573-8b01-dd543a279828 None None] log_file = None {{(pid=94727) log_opt_values /opt/stack/data/venv/lib/python3.12/site-packages/oslo_config/cfg.py:2995}}
May 12 17:34:56.733562 np0000000621 devstack@n-api-meta.service[94727]: DEBUG nova.api.openstack.wsgi_app [None req-0aa25717-0fbc-4573-8b01-dd543a279828 None None] log_options = True {{(pid=94727) log_opt_values /opt/stack/data/venv/lib/python3.12/site-packages/oslo_config/cfg.py:2995}}
May 12 17:34:56.733768 np0000000621 devstack@n-api-meta.service[94727]: DEBUG nova.api.openstack.wsgi_app [None req-0aa25717-0fbc-4573-8b01-dd543a279828 None None] log_rotate_interval = 1 {{(pid=94727) log_opt_values /opt/stack/data/venv/lib/python3.12/site-packages/oslo_config/cfg.py:2995}}
May 12 17:34:56.734345 np0000000621 devstack@n-api-meta.service[94727]: DEBUG nova.api.openstack.wsgi_app [None req-0aa25717-0fbc-4573-8b01-dd543a279828 None None] log_rotate_interval_type = days {{(pid=94727) log_opt_values /opt/stack/data/venv/lib/python3.12/site-packages/oslo_config/cfg.py:2995}}
May 12 17:34:56.734345 np0000000621 devstack@n-api-meta.service[94727]: DEBUG nova.api.openstack.wsgi_app [None req-0aa25717-0fbc-4573-8b01-dd543a279828 None None] log_rotation_type = none {{(pid=94727) log_opt_values /opt/stack/data/venv/lib/python3.12/site-packages/oslo_config/cfg.py:2995}}
May 12 17:34:56.734345 np0000000621 devstack@n-api-meta.service[94727]: DEBUG nova.api.openstack.wsgi_app [None req-0aa25717-0fbc-4573-8b01-dd543a279828 None None] logging_context_format_string = %(color)s%(levelname)s %(name)s [%(global_request_id)s %(request_id)s %(project_name)s %(user_name)s%(color)s] %(instance)s%(color)s%(message)s {{(pid=94727) log_opt_values /opt/stack/data/venv/lib/python3.12/site-packages/oslo_config/cfg.py:2995}}
May 12 17:34:56.734470 np0000000621 devstack@n-api-meta.service[94727]: DEBUG nova.api.openstack.wsgi_app [None req-0aa25717-0fbc-4573-8b01-dd543a279828 None None] logging_debug_format_suffix = {{(pid=%(process)d) %(funcName)s %(pathname)s:%(lineno)d}} {{(pid=94727) log_opt_values /opt/stack/data/venv/lib/python3.12/site-packages/oslo_config/cfg.py:2995}}
May 12 17:34:56.734693 np0000000621 devstack@n-api-meta.service[94727]: DEBUG nova.api.openstack.wsgi_app [None req-0aa25717-0fbc-4573-8b01-dd543a279828 None None] logging_default_format_string = %(color)s%(levelname)s %(name)s [-%(color)s] %(instance)s%(color)s%(message)s {{(pid=94727) log_opt_values /opt/stack/data/venv/lib/python3.12/site-packages/oslo_config/cfg.py:2995}}
May 12 17:34:56.734906 np0000000621 devstack@n-api-meta.service[94727]: DEBUG nova.api.openstack.wsgi_app [None req-0aa25717-0fbc-4573-8b01-dd543a279828 None None] logging_exception_prefix = ERROR %(name)s %(instance)s {{(pid=94727) log_opt_values /opt/stack/data/venv/lib/python3.12/site-packages/oslo_config/cfg.py:2995}}
May 12 17:34:56.735014 np0000000621 devstack@n-api-meta.service[94727]: DEBUG nova.api.openstack.wsgi_app [None req-0aa25717-0fbc-4573-8b01-dd543a279828 None None] logging_user_identity_format = %(user)s %(project)s %(domain)s %(system_scope)s %(user_domain)s %(project_domain)s {{(pid=94727) log_opt_values /opt/stack/data/venv/lib/python3.12/site-packages/oslo_config/cfg.py:2995}}
May 12 17:34:56.735139 np0000000621 devstack@n-api-meta.service[94727]: DEBUG nova.api.openstack.wsgi_app [None req-0aa25717-0fbc-4573-8b01-dd543a279828 None None] long_rpc_timeout = 1800 {{(pid=94727) log_opt_values /opt/stack/data/venv/lib/python3.12/site-packages/oslo_config/cfg.py:2995}}
May 12 17:34:56.735289 np0000000621 devstack@n-api-meta.service[94727]: DEBUG nova.api.openstack.wsgi_app [None req-0aa25717-0fbc-4573-8b01-dd543a279828 None None] manager_shutdown_timeout = 160 {{(pid=94727) log_opt_values /opt/stack/data/venv/lib/python3.12/site-packages/oslo_config/cfg.py:2995}}
May 12 17:34:56.735447 np0000000621 devstack@n-api-meta.service[94727]: DEBUG nova.api.openstack.wsgi_app [None req-0aa25717-0fbc-4573-8b01-dd543a279828 None None] max_concurrent_builds = 10 {{(pid=94727) log_opt_values /opt/stack/data/venv/lib/python3.12/site-packages/oslo_config/cfg.py:2995}}
May 12 17:34:56.735660 np0000000621 devstack@n-api-meta.service[94727]: DEBUG nova.api.openstack.wsgi_app [None req-0aa25717-0fbc-4573-8b01-dd543a279828 None None] max_concurrent_live_migrations = 1 {{(pid=94727) log_opt_values /opt/stack/data/venv/lib/python3.12/site-packages/oslo_config/cfg.py:2995}}
May 12 17:34:56.735800 np0000000621 devstack@n-api-meta.service[94727]: DEBUG nova.api.openstack.wsgi_app [None req-0aa25717-0fbc-4573-8b01-dd543a279828 None None] max_concurrent_snapshots = 5 {{(pid=94727) log_opt_values /opt/stack/data/venv/lib/python3.12/site-packages/oslo_config/cfg.py:2995}}
May 12 17:34:56.735955 np0000000621 devstack@n-api-meta.service[94727]: DEBUG nova.api.openstack.wsgi_app [None req-0aa25717-0fbc-4573-8b01-dd543a279828 None None] max_local_block_devices = 3 {{(pid=94727) log_opt_values /opt/stack/data/venv/lib/python3.12/site-packages/oslo_config/cfg.py:2995}}
May 12 17:34:56.736062 np0000000621 devstack@n-api-meta.service[94727]: DEBUG nova.api.openstack.wsgi_app [None req-0aa25717-0fbc-4573-8b01-dd543a279828 None None] max_logfile_count = 30 {{(pid=94727) log_opt_values /opt/stack/data/venv/lib/python3.12/site-packages/oslo_config/cfg.py:2995}}
May 12 17:34:56.736123 np0000000621 devstack@n-api-meta.service[94726]: INFO dbcounter [None req-7e0a36a7-48b3-4da7-b0d1-0659bba34bcc None None] Registered counter for database nova_cell1
May 12 17:34:56.736175 np0000000621 devstack@n-api-meta.service[94727]: DEBUG nova.api.openstack.wsgi_app [None req-0aa25717-0fbc-4573-8b01-dd543a279828 None None] max_logfile_size_mb = 200 {{(pid=94727) log_opt_values /opt/stack/data/venv/lib/python3.12/site-packages/oslo_config/cfg.py:2995}}
May 12 17:34:56.736286 np0000000621 devstack@n-api-meta.service[94727]: DEBUG nova.api.openstack.wsgi_app [None req-0aa25717-0fbc-4573-8b01-dd543a279828 None None] maximum_instance_delete_attempts = 5 {{(pid=94727) log_opt_values /opt/stack/data/venv/lib/python3.12/site-packages/oslo_config/cfg.py:2995}}
May 12 17:34:56.736430 np0000000621 devstack@n-api-meta.service[94727]: DEBUG nova.api.openstack.wsgi_app [None req-0aa25717-0fbc-4573-8b01-dd543a279828 None None] migrate_max_retries = -1 {{(pid=94727) log_opt_values /opt/stack/data/venv/lib/python3.12/site-packages/oslo_config/cfg.py:2995}}
May 12 17:34:56.736579 np0000000621 devstack@n-api-meta.service[94727]: DEBUG nova.api.openstack.wsgi_app [None req-0aa25717-0fbc-4573-8b01-dd543a279828 None None] mkisofs_cmd = genisoimage {{(pid=94727) log_opt_values /opt/stack/data/venv/lib/python3.12/site-packages/oslo_config/cfg.py:2995}}
May 12 17:34:56.736772 np0000000621 devstack@n-api-meta.service[94727]: DEBUG nova.api.openstack.wsgi_app [None req-0aa25717-0fbc-4573-8b01-dd543a279828 None None] my_block_storage_ip = 10.4.3.12 {{(pid=94727) log_opt_values /opt/stack/data/venv/lib/python3.12/site-packages/oslo_config/cfg.py:2995}}
May 12 17:34:56.736906 np0000000621 devstack@n-api-meta.service[94727]: DEBUG nova.api.openstack.wsgi_app [None req-0aa25717-0fbc-4573-8b01-dd543a279828 None None] my_ip = 10.4.3.12 {{(pid=94727) log_opt_values /opt/stack/data/venv/lib/python3.12/site-packages/oslo_config/cfg.py:2995}}
May 12 17:34:56.737724 np0000000621 devstack@n-api-meta.service[94727]: DEBUG nova.api.openstack.wsgi_app [None req-0aa25717-0fbc-4573-8b01-dd543a279828 None None] my_shared_fs_storage_ip = 10.4.3.12 {{(pid=94727) log_opt_values /opt/stack/data/venv/lib/python3.12/site-packages/oslo_config/cfg.py:2995}}
May 12 17:34:56.737724 np0000000621 devstack@n-api-meta.service[94727]: DEBUG nova.api.openstack.wsgi_app [None req-0aa25717-0fbc-4573-8b01-dd543a279828 None None] network_allocate_retries = 0 {{(pid=94727) log_opt_values /opt/stack/data/venv/lib/python3.12/site-packages/oslo_config/cfg.py:2995}}
May 12 17:34:56.737724 np0000000621 devstack@n-api-meta.service[94727]: DEBUG nova.api.openstack.wsgi_app [None req-0aa25717-0fbc-4573-8b01-dd543a279828 None None] non_inheritable_image_properties = ['cache_in_nova', 'bittorrent'] {{(pid=94727) log_opt_values /opt/stack/data/venv/lib/python3.12/site-packages/oslo_config/cfg.py:2995}}
May 12 17:34:56.737724 np0000000621 devstack@n-api-meta.service[94727]: DEBUG nova.api.openstack.wsgi_app [None req-0aa25717-0fbc-4573-8b01-dd543a279828 None None] osapi_compute_unique_server_name_scope = {{(pid=94727) log_opt_values /opt/stack/data/venv/lib/python3.12/site-packages/oslo_config/cfg.py:2995}}
May 12 17:34:56.737891 np0000000621 devstack@n-api-meta.service[94727]: DEBUG nova.api.openstack.wsgi_app [None req-0aa25717-0fbc-4573-8b01-dd543a279828 None None] password_length = 12 {{(pid=94727) log_opt_values /opt/stack/data/venv/lib/python3.12/site-packages/oslo_config/cfg.py:2995}}
May 12 17:34:56.738059 np0000000621 devstack@n-api-meta.service[94727]: DEBUG nova.api.openstack.wsgi_app [None req-0aa25717-0fbc-4573-8b01-dd543a279828 None None] periodic_enable = True {{(pid=94727) log_opt_values /opt/stack/data/venv/lib/python3.12/site-packages/oslo_config/cfg.py:2995}}
May 12 17:34:56.738154 np0000000621 devstack@n-api-meta.service[94727]: DEBUG nova.api.openstack.wsgi_app [None req-0aa25717-0fbc-4573-8b01-dd543a279828 None None] periodic_fuzzy_delay = 60 {{(pid=94727) log_opt_values /opt/stack/data/venv/lib/python3.12/site-packages/oslo_config/cfg.py:2995}}
