May 12 17:35:01.629772 np0000000621 nova-conductor[97731]: DEBUG cotyledon.oslo_config_glue [-] oslo_messaging_rabbit.ssl_enforce_fips_mode = False {{(pid=97731) log_opt_values /opt/stack/data/venv/lib/python3.12/site-packages/oslo_config/cfg.py:3006}}
May 12 17:35:01.629772 np0000000621 nova-conductor[97731]: DEBUG cotyledon.oslo_config_glue [-] oslo_messaging_rabbit.ssl_key_file = {{(pid=97731) log_opt_values /opt/stack/data/venv/lib/python3.12/site-packages/oslo_config/cfg.py:3006}}
May 12 17:35:01.630099 np0000000621 nova-conductor[97731]: DEBUG cotyledon.oslo_config_glue [-] oslo_messaging_rabbit.ssl_version = {{(pid=97731) log_opt_values /opt/stack/data/venv/lib/python3.12/site-packages/oslo_config/cfg.py:3006}}
May 12 17:35:01.630099 np0000000621 nova-conductor[97731]: DEBUG cotyledon.oslo_config_glue [-] oslo_messaging_rabbit.use_queue_manager = False {{(pid=97731) log_opt_values /opt/stack/data/venv/lib/python3.12/site-packages/oslo_config/cfg.py:3006}}
May 12 17:35:01.630099 np0000000621 nova-conductor[97731]: DEBUG cotyledon.oslo_config_glue [-] oslo_messaging_notifications.driver = ['messagingv2'] {{(pid=97731) log_opt_values /opt/stack/data/venv/lib/python3.12/site-packages/oslo_config/cfg.py:3006}}
May 12 17:35:01.630099 np0000000621 nova-conductor[97731]: DEBUG cotyledon.oslo_config_glue [-] oslo_messaging_notifications.retry = -1 {{(pid=97731) log_opt_values /opt/stack/data/venv/lib/python3.12/site-packages/oslo_config/cfg.py:3006}}
May 12 17:35:01.630099 np0000000621 nova-conductor[97731]: DEBUG cotyledon.oslo_config_glue [-] oslo_messaging_notifications.topics = ['notifications'] {{(pid=97731) log_opt_values /opt/stack/data/venv/lib/python3.12/site-packages/oslo_config/cfg.py:3006}}
May 12 17:35:01.630099 np0000000621 nova-conductor[97731]: DEBUG cotyledon.oslo_config_glue [-] oslo_messaging_notifications.transport_url = **** {{(pid=97731) log_opt_values /opt/stack/data/venv/lib/python3.12/site-packages/oslo_config/cfg.py:3006}}
May 12 17:35:01.630099 np0000000621 nova-conductor[97731]: DEBUG cotyledon.oslo_config_glue [-] oslo_limit.auth_section = None {{(pid=97731) log_opt_values /opt/stack/data/venv/lib/python3.12/site-packages/oslo_config/cfg.py:3006}}
May 12 17:35:01.630099 np0000000621 nova-conductor[97731]: DEBUG cotyledon.oslo_config_glue [-] oslo_limit.auth_type = None {{(pid=97731) log_opt_values /opt/stack/data/venv/lib/python3.12/site-packages/oslo_config/cfg.py:3006}}
May 12 17:35:01.630099 np0000000621 nova-conductor[97731]: DEBUG cotyledon.oslo_config_glue [-] oslo_limit.cafile = None {{(pid=97731) log_opt_values /opt/stack/data/venv/lib/python3.12/site-packages/oslo_config/cfg.py:3006}}
May 12 17:35:01.630400 np0000000621 nova-conductor[97731]: DEBUG cotyledon.oslo_config_glue [-] oslo_limit.certfile = None {{(pid=97731) log_opt_values /opt/stack/data/venv/lib/python3.12/site-packages/oslo_config/cfg.py:3006}}
May 12 17:35:01.630400 np0000000621 nova-conductor[97731]: DEBUG cotyledon.oslo_config_glue [-] oslo_limit.collect_timing = False {{(pid=97731) log_opt_values /opt/stack/data/venv/lib/python3.12/site-packages/oslo_config/cfg.py:3006}}
May 12 17:35:01.630400 np0000000621 nova-conductor[97731]: DEBUG cotyledon.oslo_config_glue [-] oslo_limit.connect_retries = None {{(pid=97731) log_opt_values /opt/stack/data/venv/lib/python3.12/site-packages/oslo_config/cfg.py:3006}}
May 12 17:35:01.630400 np0000000621 nova-conductor[97731]: DEBUG cotyledon.oslo_config_glue [-] oslo_limit.connect_retry_delay = None {{(pid=97731) log_opt_values /opt/stack/data/venv/lib/python3.12/site-packages/oslo_config/cfg.py:3006}}
May 12 17:35:01.630400 np0000000621 nova-conductor[97731]: DEBUG cotyledon.oslo_config_glue [-] oslo_limit.endpoint_id = None {{(pid=97731) log_opt_values /opt/stack/data/venv/lib/python3.12/site-packages/oslo_config/cfg.py:3006}}
May 12 17:35:01.630400 np0000000621 nova-conductor[97731]: DEBUG cotyledon.oslo_config_glue [-] oslo_limit.endpoint_interface = public {{(pid=97731) log_opt_values /opt/stack/data/venv/lib/python3.12/site-packages/oslo_config/cfg.py:3006}}
May 12 17:35:01.630400 np0000000621 nova-conductor[97731]: DEBUG cotyledon.oslo_config_glue [-] oslo_limit.endpoint_override = None {{(pid=97731) log_opt_values /opt/stack/data/venv/lib/python3.12/site-packages/oslo_config/cfg.py:3006}}
May 12 17:35:01.630400 np0000000621 nova-conductor[97731]: DEBUG cotyledon.oslo_config_glue [-] oslo_limit.endpoint_region_name = None {{(pid=97731) log_opt_values /opt/stack/data/venv/lib/python3.12/site-packages/oslo_config/cfg.py:3006}}
May 12 17:35:01.630400 np0000000621 nova-conductor[97731]: DEBUG cotyledon.oslo_config_glue [-] oslo_limit.endpoint_service_name = None {{(pid=97731) log_opt_values /opt/stack/data/venv/lib/python3.12/site-packages/oslo_config/cfg.py:3006}}
May 12 17:35:01.630727 np0000000621 nova-conductor[97731]: DEBUG cotyledon.oslo_config_glue [-] oslo_limit.endpoint_service_type = None {{(pid=97731) log_opt_values /opt/stack/data/venv/lib/python3.12/site-packages/oslo_config/cfg.py:3006}}
May 12 17:35:01.630727 np0000000621 nova-conductor[97731]: DEBUG cotyledon.oslo_config_glue [-] oslo_limit.insecure = False {{(pid=97731) log_opt_values /opt/stack/data/venv/lib/python3.12/site-packages/oslo_config/cfg.py:3006}}
May 12 17:35:01.630727 np0000000621 nova-conductor[97731]: DEBUG cotyledon.oslo_config_glue [-] oslo_limit.keyfile = None {{(pid=97731) log_opt_values /opt/stack/data/venv/lib/python3.12/site-packages/oslo_config/cfg.py:3006}}
May 12 17:35:01.630727 np0000000621 nova-conductor[97731]: DEBUG cotyledon.oslo_config_glue [-] oslo_limit.max_version = None {{(pid=97731) log_opt_values /opt/stack/data/venv/lib/python3.12/site-packages/oslo_config/cfg.py:3006}}
May 12 17:35:01.630727 np0000000621 nova-conductor[97731]: DEBUG cotyledon.oslo_config_glue [-] oslo_limit.min_version = None {{(pid=97731) log_opt_values /opt/stack/data/venv/lib/python3.12/site-packages/oslo_config/cfg.py:3006}}
May 12 17:35:01.630727 np0000000621 nova-conductor[97731]: DEBUG cotyledon.oslo_config_glue [-] oslo_limit.region_name = None {{(pid=97731) log_opt_values /opt/stack/data/venv/lib/python3.12/site-packages/oslo_config/cfg.py:3006}}
May 12 17:35:01.630727 np0000000621 nova-conductor[97731]: DEBUG cotyledon.oslo_config_glue [-] oslo_limit.retriable_status_codes = None {{(pid=97731) log_opt_values /opt/stack/data/venv/lib/python3.12/site-packages/oslo_config/cfg.py:3006}}
May 12 17:35:01.630727 np0000000621 nova-conductor[97731]: DEBUG cotyledon.oslo_config_glue [-] oslo_limit.service_name = None {{(pid=97731) log_opt_values /opt/stack/data/venv/lib/python3.12/site-packages/oslo_config/cfg.py:3006}}
May 12 17:35:01.630727 np0000000621 nova-conductor[97731]: DEBUG cotyledon.oslo_config_glue [-] oslo_limit.service_type = None {{(pid=97731) log_opt_values /opt/stack/data/venv/lib/python3.12/site-packages/oslo_config/cfg.py:3006}}
May 12 17:35:01.631044 np0000000621 nova-conductor[97731]: DEBUG cotyledon.oslo_config_glue [-] oslo_limit.split_loggers = False {{(pid=97731) log_opt_values /opt/stack/data/venv/lib/python3.12/site-packages/oslo_config/cfg.py:3006}}
May 12 17:35:01.631044 np0000000621 nova-conductor[97731]: DEBUG cotyledon.oslo_config_glue [-] oslo_limit.status_code_retries = None {{(pid=97731) log_opt_values /opt/stack/data/venv/lib/python3.12/site-packages/oslo_config/cfg.py:3006}}
May 12 17:35:01.631044 np0000000621 nova-conductor[97731]: DEBUG cotyledon.oslo_config_glue [-] oslo_limit.status_code_retry_delay = None {{(pid=97731) log_opt_values /opt/stack/data/venv/lib/python3.12/site-packages/oslo_config/cfg.py:3006}}
May 12 17:35:01.631044 np0000000621 nova-conductor[97731]: DEBUG cotyledon.oslo_config_glue [-] oslo_limit.timeout = None {{(pid=97731) log_opt_values /opt/stack/data/venv/lib/python3.12/site-packages/oslo_config/cfg.py:3006}}
May 12 17:35:01.631044 np0000000621 nova-conductor[97731]: DEBUG cotyledon.oslo_config_glue [-] oslo_limit.valid_interfaces = None {{(pid=97731) log_opt_values /opt/stack/data/venv/lib/python3.12/site-packages/oslo_config/cfg.py:3006}}
May 12 17:35:01.631044 np0000000621 nova-conductor[97731]: DEBUG cotyledon.oslo_config_glue [-] oslo_limit.version = None {{(pid=97731) log_opt_values /opt/stack/data/venv/lib/python3.12/site-packages/oslo_config/cfg.py:3006}}
May 12 17:35:01.631044 np0000000621 nova-conductor[97731]: DEBUG cotyledon.oslo_config_glue [-] oslo_reports.file_event_handler = None {{(pid=97731) log_opt_values /opt/stack/data/venv/lib/python3.12/site-packages/oslo_config/cfg.py:3006}}
May 12 17:35:01.631044 np0000000621 nova-conductor[97731]: DEBUG cotyledon.oslo_config_glue [-] oslo_reports.file_event_handler_interval = 1 {{(pid=97731) log_opt_values /opt/stack/data/venv/lib/python3.12/site-packages/oslo_config/cfg.py:3006}}
May 12 17:35:01.631044 np0000000621 nova-conductor[97731]: DEBUG cotyledon.oslo_config_glue [-] oslo_reports.log_dir = None {{(pid=97731) log_opt_values /opt/stack/data/venv/lib/python3.12/site-packages/oslo_config/cfg.py:3006}}
May 12 17:35:01.631332 np0000000621 nova-conductor[97731]: DEBUG cotyledon.oslo_config_glue [-] ******************************************************************************** {{(pid=97731) log_opt_values /opt/stack/data/venv/lib/python3.12/site-packages/oslo_config/cfg.py:3013}}
May 12 17:35:01.631332 np0000000621 nova-conductor[97731]: DEBUG cotyledon._service_worker [-] Run service ServiceWrapper(2) [97731] {{(pid=97731) wait_forever /opt/stack/data/venv/lib/python3.12/site-packages/cotyledon/_service_worker.py:218}}
May 12 17:35:01.631332 np0000000621 nova-conductor[97731]: INFO nova.service [-] Starting conductor node (version 33.1.0)
May 12 17:35:01.631332 np0000000621 nova-conductor[97731]: INFO dbcounter [None req-17ea9290-b716-442a-a761-8170d7fc8466 None None] Registered counter for database nova_cell0
May 12 17:35:01.631585 np0000000621 nova-conductor[97719]: DEBUG nova.service [None req-e98eaa5f-603d-403b-bb02-2b1ef74f2473 None None] Creating RPC server for service: nova-conductor on topic: conductor {{(pid=97719) start /opt/stack/nova/nova/service.py:195}}
May 12 17:35:01.636965 np0000000621 nova-conductor[97731]: DEBUG oslo_db.sqlalchemy.engines [None req-17ea9290-b716-442a-a761-8170d7fc8466 None None] MySQL server mode set to STRICT_TRANS_TABLES,STRICT_ALL_TABLES,NO_ZERO_IN_DATE,NO_ZERO_DATE,ERROR_FOR_DIVISION_BY_ZERO,TRADITIONAL,NO_ENGINE_SUBSTITUTION {{(pid=97731) _check_effective_sql_mode /opt/stack/data/venv/lib/python3.12/site-packages/oslo_db/sqlalchemy/engines.py:325}}
May 12 17:35:01.642424 np0000000621 nova-conductor[97726]: DEBUG nova.service [None req-6631c9ba-867b-48cd-bb5d-6979d3fb5cf4 None None] Creating RPC server for service: nova-conductor on topic: conductor {{(pid=97726) start /opt/stack/nova/nova/service.py:195}}
May 12 17:35:01.649390 np0000000621 nova-conductor[97731]: DEBUG dbcounter [-] [97731] Writer thread running {{(pid=97731) stat_writer /opt/stack/data/venv/lib/python3.12/site-packages/dbcounter.py:102}}
May 12 17:35:01.652772 np0000000621 nova-conductor[97731]: DEBUG nova.service [None req-17ea9290-b716-442a-a761-8170d7fc8466 None None] Creating RPC server for service: nova-conductor on topic: conductor {{(pid=97731) start /opt/stack/nova/nova/service.py:195}}
May 12 17:35:01.671416 np0000000621 nova-conductor[97719]: DEBUG nova.service [None req-e98eaa5f-603d-403b-bb02-2b1ef74f2473 None None] Join ServiceGroup membership for this service conductor {{(pid=97719) start /opt/stack/nova/nova/service.py:221}}
May 12 17:35:01.671747 np0000000621 nova-conductor[97719]: DEBUG nova.servicegroup.drivers.db [None req-e98eaa5f-603d-403b-bb02-2b1ef74f2473 None None] DB_Driver: join new ServiceGroup member np0000000621 to the conductor group, service = {{(pid=97719) join /opt/stack/nova/nova/servicegroup/drivers/db.py:44}}
May 12 17:35:01.672191 np0000000621 nova-conductor[97726]: DEBUG nova.service [None req-6631c9ba-867b-48cd-bb5d-6979d3fb5cf4 None None] Join ServiceGroup membership for this service conductor {{(pid=97726) start /opt/stack/nova/nova/service.py:221}}
May 12 17:35:01.672443 np0000000621 nova-conductor[97726]: DEBUG nova.servicegroup.drivers.db [None req-6631c9ba-867b-48cd-bb5d-6979d3fb5cf4 None None] DB_Driver: join new ServiceGroup member np0000000621 to the conductor group, service = {{(pid=97726) join /opt/stack/nova/nova/servicegroup/drivers/db.py:44}}
May 12 17:35:01.674034 np0000000621 nova-conductor[97731]: DEBUG nova.service [None req-17ea9290-b716-442a-a761-8170d7fc8466 None None] Join ServiceGroup membership for this service conductor {{(pid=97731) start /opt/stack/nova/nova/service.py:221}}
May 12 17:35:01.674240 np0000000621 nova-conductor[97731]: DEBUG nova.servicegroup.drivers.db [None req-17ea9290-b716-442a-a761-8170d7fc8466 None None] DB_Driver: join new ServiceGroup member np0000000621 to the conductor group, service = {{(pid=97731) join /opt/stack/nova/nova/servicegroup/drivers/db.py:44}}
May 12 17:35:06.686885 np0000000621 nova-conductor[97726]: DEBUG oslo.service.backend._threading.loopingcall [-] Fixed interval looping call 'nova.servicegroup.drivers.db.DbDriver._report_state' sleeping for 119.99 seconds {{(pid=97726) _run_loop /opt/stack/data/venv/lib/python3.12/site-packages/oslo_service/backend/_threading/loopingcall.py:125}}
May 12 17:35:06.690399 np0000000621 nova-conductor[97719]: DEBUG oslo.service.backend._threading.loopingcall [-] Fixed interval looping call 'nova.servicegroup.drivers.db.DbDriver._report_state' sleeping for 119.98 seconds {{(pid=97719) _run_loop /opt/stack/data/venv/lib/python3.12/site-packages/oslo_service/backend/_threading/loopingcall.py:125}}
May 12 17:35:06.691914 np0000000621 nova-conductor[97731]: DEBUG oslo.service.backend._threading.loopingcall [-] Fixed interval looping call 'nova.servicegroup.drivers.db.DbDriver._report_state' sleeping for 119.98 seconds {{(pid=97731) _run_loop /opt/stack/data/venv/lib/python3.12/site-packages/oslo_service/backend/_threading/loopingcall.py:125}}
May 12 17:35:10.265613 np0000000621 nova-conductor[96230]: DEBUG dbcounter [-] [96230] Writing DB stats nova_api:SELECT=1 {{(pid=96230) stat_writer /opt/stack/data/venv/lib/python3.12/site-packages/dbcounter.py:115}}
May 12 17:35:10.367019 np0000000621 nova-conductor[96230]: DEBUG dbcounter [-] [96230] Writing DB stats nova_cell0:SELECT=1 {{(pid=96230) stat_writer /opt/stack/data/venv/lib/python3.12/site-packages/dbcounter.py:115}}
May 12 17:35:10.367375 np0000000621 nova-conductor[96230]: DEBUG dbcounter [-] [96230] Writing DB stats nova_cell1:SELECT=1 {{(pid=96230) stat_writer /opt/stack/data/venv/lib/python3.12/site-packages/dbcounter.py:115}}
May 12 17:35:12.676352 np0000000621 nova-conductor[97731]: DEBUG oslo.service.backend._threading.loopingcall [None req-39d16096-1ffb-49aa-85b1-bc9484cdcd9a None None] Dynamic interval looping call 'nova.service.Service.periodic_tasks' sleeping for 60.00 seconds {{(pid=97731) _run_loop /opt/stack/data/venv/lib/python3.12/site-packages/oslo_service/backend/_threading/loopingcall.py:125}}
May 12 17:35:16.680709 np0000000621 nova-conductor[97726]: DEBUG dbcounter [-] [97726] Writing DB stats nova_cell0:SELECT=4,nova_cell0:INSERT=1,nova_cell0:UPDATE=1 {{(pid=97726) stat_writer /opt/stack/data/venv/lib/python3.12/site-packages/dbcounter.py:115}}
May 12 17:35:16.684779 np0000000621 nova-conductor[97719]: DEBUG dbcounter [-] [97719] Writing DB stats nova_cell0:SELECT=4,nova_cell0:INSERT=1,nova_cell0:UPDATE=1 {{(pid=97719) stat_writer /opt/stack/data/venv/lib/python3.12/site-packages/dbcounter.py:115}}
May 12 17:35:16.686456 np0000000621 nova-conductor[97731]: DEBUG dbcounter [-] [97731] Writing DB stats nova_cell0:SELECT=3 {{(pid=97731) stat_writer /opt/stack/data/venv/lib/python3.12/site-packages/dbcounter.py:115}}
May 12 17:35:27.675342 np0000000621 nova-conductor[97726]: DEBUG oslo.service.backend._threading.loopingcall [None req-715785b8-653e-4332-94c9-639c9ec8ed14 None None] Dynamic interval looping call 'nova.service.Service.periodic_tasks' sleeping for 60.00 seconds {{(pid=97726) _run_loop /opt/stack/data/venv/lib/python3.12/site-packages/oslo_service/backend/_threading/loopingcall.py:125}}
May 12 17:35:50.674328 np0000000621 nova-conductor[97719]: DEBUG oslo.service.backend._threading.loopingcall [None req-5f5882c1-5628-48ca-9ab3-36010b540241 None None] Dynamic interval looping call 'nova.service.Service.periodic_tasks' sleeping for 60.00 seconds {{(pid=97719) _run_loop /opt/stack/data/venv/lib/python3.12/site-packages/oslo_service/backend/_threading/loopingcall.py:125}}
May 12 17:36:12.677082 np0000000621 nova-conductor[97731]: DEBUG oslo.service.backend._threading.loopingcall [None req-39d16096-1ffb-49aa-85b1-bc9484cdcd9a None None] Dynamic interval looping call 'nova.service.Service.periodic_tasks' sleeping for 60.00 seconds {{(pid=97731) _run_loop /opt/stack/data/venv/lib/python3.12/site-packages/oslo_service/backend/_threading/loopingcall.py:125}}
May 12 17:36:27.675746 np0000000621 nova-conductor[97726]: DEBUG oslo.service.backend._threading.loopingcall [None req-715785b8-653e-4332-94c9-639c9ec8ed14 None None] Dynamic interval looping call 'nova.service.Service.periodic_tasks' sleeping for 60.00 seconds {{(pid=97726) _run_loop /opt/stack/data/venv/lib/python3.12/site-packages/oslo_service/backend/_threading/loopingcall.py:125}}
May 12 17:36:50.674905 np0000000621 nova-conductor[97719]: DEBUG oslo.service.backend._threading.loopingcall [None req-5f5882c1-5628-48ca-9ab3-36010b540241 None None] Dynamic interval looping call 'nova.service.Service.periodic_tasks' sleeping for 60.00 seconds {{(pid=97719) _run_loop /opt/stack/data/venv/lib/python3.12/site-packages/oslo_service/backend/_threading/loopingcall.py:125}}
May 12 17:37:06.677150 np0000000621 nova-conductor[97719]: DEBUG oslo.service.backend._threading.loopingcall [-] Fixed interval looping call 'nova.servicegroup.drivers.db.DbDriver._report_state' sleeping for 119.99 seconds {{(pid=97719) _run_loop /opt/stack/data/venv/lib/python3.12/site-packages/oslo_service/backend/_threading/loopingcall.py:125}}
May 12 17:37:06.679148 np0000000621 nova-conductor[97731]: DEBUG oslo.service.backend._threading.loopingcall [-] Fixed interval looping call 'nova.servicegroup.drivers.db.DbDriver._report_state' sleeping for 119.99 seconds {{(pid=97731) _run_loop /opt/stack/data/venv/lib/python3.12/site-packages/oslo_service/backend/_threading/loopingcall.py:125}}
May 12 17:37:06.680325 np0000000621 nova-conductor[97726]: DEBUG oslo.service.backend._threading.loopingcall [-] Fixed interval looping call 'nova.servicegroup.drivers.db.DbDriver._report_state' sleeping for 120.00 seconds {{(pid=97726) _run_loop /opt/stack/data/venv/lib/python3.12/site-packages/oslo_service/backend/_threading/loopingcall.py:125}}
May 12 17:37:12.677668 np0000000621 nova-conductor[97731]: DEBUG oslo.service.backend._threading.loopingcall [None req-39d16096-1ffb-49aa-85b1-bc9484cdcd9a None None] Dynamic interval looping call 'nova.service.Service.periodic_tasks' sleeping for 60.00 seconds {{(pid=97731) _run_loop /opt/stack/data/venv/lib/python3.12/site-packages/oslo_service/backend/_threading/loopingcall.py:125}}
May 12 17:37:16.672733 np0000000621 nova-conductor[97719]: DEBUG dbcounter [-] [97719] Writing DB stats nova_cell0:SELECT=1,nova_cell0:UPDATE=1 {{(pid=97719) stat_writer /opt/stack/data/venv/lib/python3.12/site-packages/dbcounter.py:115}}
May 12 17:37:16.677996 np0000000621 nova-conductor[97731]: DEBUG dbcounter [-] [97731] Writing DB stats nova_cell0:SELECT=1,nova_cell0:UPDATE=1 {{(pid=97731) stat_writer /opt/stack/data/venv/lib/python3.12/site-packages/dbcounter.py:115}}
May 12 17:37:16.678647 np0000000621 nova-conductor[97726]: DEBUG dbcounter [-] [97726] Writing DB stats nova_cell0:SELECT=1 {{(pid=97726) stat_writer /opt/stack/data/venv/lib/python3.12/site-packages/dbcounter.py:115}}
May 12 17:37:27.676264 np0000000621 nova-conductor[97726]: DEBUG oslo.service.backend._threading.loopingcall [None req-715785b8-653e-4332-94c9-639c9ec8ed14 None None] Dynamic interval looping call 'nova.service.Service.periodic_tasks' sleeping for 60.00 seconds {{(pid=97726) _run_loop /opt/stack/data/venv/lib/python3.12/site-packages/oslo_service/backend/_threading/loopingcall.py:125}}
May 12 17:37:50.675337 np0000000621 nova-conductor[97719]: DEBUG oslo.service.backend._threading.loopingcall [None req-5f5882c1-5628-48ca-9ab3-36010b540241 None None] Dynamic interval looping call 'nova.service.Service.periodic_tasks' sleeping for 60.00 seconds {{(pid=97719) _run_loop /opt/stack/data/venv/lib/python3.12/site-packages/oslo_service/backend/_threading/loopingcall.py:125}}
May 12 17:37:56.296403 np0000000621 nova-conductor[97719]: DEBUG oslo_db.sqlalchemy.engines [None req-0120be4e-a0de-46c9-98ad-0f2ec23d775c tempest-ServerRescueNegativeTestJSON-1765424079 tempest-ServerRescueNegativeTestJSON-1765424079-project-member] Parent process 96230 forked (97719) with an open database connection, which is being discarded and recreated. {{(pid=97719) checkout /opt/stack/data/venv/lib/python3.12/site-packages/oslo_db/sqlalchemy/engines.py:402}}
May 12 17:37:56.306179 np0000000621 nova-conductor[97719]: DEBUG dbcounter [-] [97719] Writer thread running {{(pid=97719) stat_writer /opt/stack/data/venv/lib/python3.12/site-packages/dbcounter.py:102}}
May 12 17:37:56.837097 np0000000621 nova-conductor[97726]: DEBUG dbcounter [-] [97726] Writer thread running {{(pid=97726) stat_writer /opt/stack/data/venv/lib/python3.12/site-packages/dbcounter.py:102}}
May 12 17:37:57.831322 np0000000621 nova-conductor[97731]: DEBUG dbcounter [-] [97731] Writer thread running {{(pid=97731) stat_writer /opt/stack/data/venv/lib/python3.12/site-packages/dbcounter.py:102}}
May 12 17:37:57.842954 np0000000621 nova-conductor[97719]: DEBUG nova.conductor.manager [None req-0120be4e-a0de-46c9-98ad-0f2ec23d775c tempest-ServerRescueNegativeTestJSON-1765424079 tempest-ServerRescueNegativeTestJSON-1765424079-project-member] Took 1.53 seconds to select destinations for 1 instance(s). {{(pid=97719) _schedule_instances /opt/stack/nova/nova/conductor/manager.py:968}}
May 12 17:37:57.883563 np0000000621 nova-conductor[97719]: DEBUG oslo_concurrency.lockutils [None req-0120be4e-a0de-46c9-98ad-0f2ec23d775c tempest-ServerRescueNegativeTestJSON-1765424079 tempest-ServerRescueNegativeTestJSON-1765424079-project-member] Acquiring lock "95c4d56a-3c86-4043-a78f-a74962d1d8ad" by "nova.context.set_target_cell..get_or_set_cached_cell_and_set_connections" {{(pid=97719) inner /opt/stack/data/venv/lib/python3.12/site-packages/oslo_concurrency/lockutils.py:506}}
May 12 17:37:57.883563 np0000000621 nova-conductor[97719]: DEBUG oslo_concurrency.lockutils [None req-0120be4e-a0de-46c9-98ad-0f2ec23d775c tempest-ServerRescueNegativeTestJSON-1765424079 tempest-ServerRescueNegativeTestJSON-1765424079-project-member] Lock "95c4d56a-3c86-4043-a78f-a74962d1d8ad" acquired by "nova.context.set_target_cell..get_or_set_cached_cell_and_set_connections" :: waited 0.000s {{(pid=97719) inner /opt/stack/data/venv/lib/python3.12/site-packages/oslo_concurrency/lockutils.py:519}}
May 12 17:37:57.884320 np0000000621 nova-conductor[97719]: DEBUG oslo_concurrency.lockutils [None req-0120be4e-a0de-46c9-98ad-0f2ec23d775c tempest-ServerRescueNegativeTestJSON-1765424079 tempest-ServerRescueNegativeTestJSON-1765424079-project-member] Lock "95c4d56a-3c86-4043-a78f-a74962d1d8ad" "released" by "nova.context.set_target_cell..get_or_set_cached_cell_and_set_connections" :: held 0.001s {{(pid=97719) inner /opt/stack/data/venv/lib/python3.12/site-packages/oslo_concurrency/lockutils.py:538}}
May 12 17:37:57.886663 np0000000621 nova-conductor[97726]: DEBUG nova.conductor.manager [None req-6e49c116-aab7-46c8-9f70-7383ec4a6a74 tempest-DeleteServersTestJSON-1397555053 tempest-DeleteServersTestJSON-1397555053-project-member] Took 1.05 seconds to select destinations for 1 instance(s). {{(pid=97726) _schedule_instances /opt/stack/nova/nova/conductor/manager.py:968}}
May 12 17:37:57.887236 np0000000621 nova-conductor[97719]: INFO dbcounter [None req-0120be4e-a0de-46c9-98ad-0f2ec23d775c tempest-ServerRescueNegativeTestJSON-1765424079 tempest-ServerRescueNegativeTestJSON-1765424079-project-member] Registered counter for database nova_cell1
May 12 17:37:57.895436 np0000000621 nova-conductor[97719]: DEBUG oslo_db.sqlalchemy.engines [None req-0120be4e-a0de-46c9-98ad-0f2ec23d775c tempest-ServerRescueNegativeTestJSON-1765424079 tempest-ServerRescueNegativeTestJSON-1765424079-project-member] MySQL server mode set to STRICT_TRANS_TABLES,STRICT_ALL_TABLES,NO_ZERO_IN_DATE,NO_ZERO_DATE,ERROR_FOR_DIVISION_BY_ZERO,TRADITIONAL,NO_ENGINE_SUBSTITUTION {{(pid=97719) _check_effective_sql_mode /opt/stack/data/venv/lib/python3.12/site-packages/oslo_db/sqlalchemy/engines.py:325}}
May 12 17:37:57.902461 np0000000621 nova-conductor[97719]: DEBUG dbcounter [-] [97719] Writer thread running {{(pid=97719) stat_writer /opt/stack/data/venv/lib/python3.12/site-packages/dbcounter.py:102}}
May 12 17:37:57.924086 np0000000621 nova-conductor[97726]: DEBUG oslo_concurrency.lockutils [None req-6e49c116-aab7-46c8-9f70-7383ec4a6a74 tempest-DeleteServersTestJSON-1397555053 tempest-DeleteServersTestJSON-1397555053-project-member] Acquiring lock "95c4d56a-3c86-4043-a78f-a74962d1d8ad" by "nova.context.set_target_cell..get_or_set_cached_cell_and_set_connections" {{(pid=97726) inner /opt/stack/data/venv/lib/python3.12/site-packages/oslo_concurrency/lockutils.py:506}}
May 12 17:37:57.924254 np0000000621 nova-conductor[97726]: DEBUG oslo_concurrency.lockutils [None req-6e49c116-aab7-46c8-9f70-7383ec4a6a74 tempest-DeleteServersTestJSON-1397555053 tempest-DeleteServersTestJSON-1397555053-project-member] Lock "95c4d56a-3c86-4043-a78f-a74962d1d8ad" acquired by "nova.context.set_target_cell..get_or_set_cached_cell_and_set_connections" :: waited 0.000s {{(pid=97726) inner /opt/stack/data/venv/lib/python3.12/site-packages/oslo_concurrency/lockutils.py:519}}
May 12 17:37:57.926556 np0000000621 nova-conductor[97726]: DEBUG oslo_concurrency.lockutils [None req-6e49c116-aab7-46c8-9f70-7383ec4a6a74 tempest-DeleteServersTestJSON-1397555053 tempest-DeleteServersTestJSON-1397555053-project-member] Lock "95c4d56a-3c86-4043-a78f-a74962d1d8ad" "released" by "nova.context.set_target_cell..get_or_set_cached_cell_and_set_connections" :: held 0.002s {{(pid=97726) inner /opt/stack/data/venv/lib/python3.12/site-packages/oslo_concurrency/lockutils.py:538}}
May 12 17:37:57.928246 np0000000621 nova-conductor[97726]: INFO dbcounter [None req-6e49c116-aab7-46c8-9f70-7383ec4a6a74 tempest-DeleteServersTestJSON-1397555053 tempest-DeleteServersTestJSON-1397555053-project-member] Registered counter for database nova_cell1
May 12 17:37:57.937637 np0000000621 nova-conductor[97726]: DEBUG oslo_db.sqlalchemy.engines [None req-6e49c116-aab7-46c8-9f70-7383ec4a6a74 tempest-DeleteServersTestJSON-1397555053 tempest-DeleteServersTestJSON-1397555053-project-member] MySQL server mode set to STRICT_TRANS_TABLES,STRICT_ALL_TABLES,NO_ZERO_IN_DATE,NO_ZERO_DATE,ERROR_FOR_DIVISION_BY_ZERO,TRADITIONAL,NO_ENGINE_SUBSTITUTION {{(pid=97726) _check_effective_sql_mode /opt/stack/data/venv/lib/python3.12/site-packages/oslo_db/sqlalchemy/engines.py:325}}
May 12 17:37:57.944172 np0000000621 nova-conductor[97726]: DEBUG dbcounter [-] [97726] Writer thread running {{(pid=97726) stat_writer /opt/stack/data/venv/lib/python3.12/site-packages/dbcounter.py:102}}
May 12 17:37:58.002455 np0000000621 nova-conductor[97719]: INFO nova.utils [None req-0120be4e-a0de-46c9-98ad-0f2ec23d775c tempest-ServerRescueNegativeTestJSON-1765424079 tempest-ServerRescueNegativeTestJSON-1765424079-project-member] The cell worker thread pool ForkProcess-1.cell_worker is initialized
May 12 17:37:58.004983 np0000000621 nova-conductor[97719]: DEBUG oslo_concurrency.lockutils [None req-0120be4e-a0de-46c9-98ad-0f2ec23d775c tempest-ServerRescueNegativeTestJSON-1765424079 tempest-ServerRescueNegativeTestJSON-1765424079-project-member] Acquiring lock "00000000-0000-0000-0000-000000000000" by "nova.context.set_target_cell..get_or_set_cached_cell_and_set_connections" {{(pid=97719) inner /opt/stack/data/venv/lib/python3.12/site-packages/oslo_concurrency/lockutils.py:506}}
May 12 17:37:58.004983 np0000000621 nova-conductor[97719]: DEBUG oslo_concurrency.lockutils [None req-0120be4e-a0de-46c9-98ad-0f2ec23d775c tempest-ServerRescueNegativeTestJSON-1765424079 tempest-ServerRescueNegativeTestJSON-1765424079-project-member] Lock "00000000-0000-0000-0000-000000000000" acquired by "nova.context.set_target_cell..get_or_set_cached_cell_and_set_connections" :: waited 0.000s {{(pid=97719) inner /opt/stack/data/venv/lib/python3.12/site-packages/oslo_concurrency/lockutils.py:519}}
May 12 17:37:58.004983 np0000000621 nova-conductor[97719]: DEBUG oslo_concurrency.lockutils [None req-0120be4e-a0de-46c9-98ad-0f2ec23d775c tempest-ServerRescueNegativeTestJSON-1765424079 tempest-ServerRescueNegativeTestJSON-1765424079-project-member] Lock "00000000-0000-0000-0000-000000000000" "released" by "nova.context.set_target_cell..get_or_set_cached_cell_and_set_connections" :: held 0.000s {{(pid=97719) inner /opt/stack/data/venv/lib/python3.12/site-packages/oslo_concurrency/lockutils.py:538}}
May 12 17:37:58.004983 np0000000621 nova-conductor[97719]: DEBUG oslo_concurrency.lockutils [None req-0120be4e-a0de-46c9-98ad-0f2ec23d775c tempest-ServerRescueNegativeTestJSON-1765424079 tempest-ServerRescueNegativeTestJSON-1765424079-project-member] Acquiring lock "95c4d56a-3c86-4043-a78f-a74962d1d8ad" by "nova.context.set_target_cell..get_or_set_cached_cell_and_set_connections" {{(pid=97719) inner /opt/stack/data/venv/lib/python3.12/site-packages/oslo_concurrency/lockutils.py:506}}
May 12 17:37:58.005252 np0000000621 nova-conductor[97719]: DEBUG oslo_concurrency.lockutils [None req-0120be4e-a0de-46c9-98ad-0f2ec23d775c tempest-ServerRescueNegativeTestJSON-1765424079 tempest-ServerRescueNegativeTestJSON-1765424079-project-member] Lock "95c4d56a-3c86-4043-a78f-a74962d1d8ad" acquired by "nova.context.set_target_cell..get_or_set_cached_cell_and_set_connections" :: waited 0.000s {{(pid=97719) inner /opt/stack/data/venv/lib/python3.12/site-packages/oslo_concurrency/lockutils.py:519}}
May 12 17:37:58.005252 np0000000621 nova-conductor[97719]: DEBUG oslo_concurrency.lockutils [None req-0120be4e-a0de-46c9-98ad-0f2ec23d775c tempest-ServerRescueNegativeTestJSON-1765424079 tempest-ServerRescueNegativeTestJSON-1765424079-project-member] Lock "95c4d56a-3c86-4043-a78f-a74962d1d8ad" "released" by "nova.context.set_target_cell..get_or_set_cached_cell_and_set_connections" :: held 0.000s {{(pid=97719) inner /opt/stack/data/venv/lib/python3.12/site-packages/oslo_concurrency/lockutils.py:538}}
May 12 17:37:58.010078 np0000000621 nova-conductor[97719]: INFO dbcounter [None req-0120be4e-a0de-46c9-98ad-0f2ec23d775c tempest-ServerRescueNegativeTestJSON-1765424079 tempest-ServerRescueNegativeTestJSON-1765424079-project-member] Registered counter for database nova_cell0
May 12 17:37:58.018940 np0000000621 nova-conductor[97726]: INFO nova.utils [None req-6e49c116-aab7-46c8-9f70-7383ec4a6a74 tempest-DeleteServersTestJSON-1397555053 tempest-DeleteServersTestJSON-1397555053-project-member] The cell worker thread pool ForkProcess-2.cell_worker is initialized
May 12 17:37:58.019437 np0000000621 nova-conductor[97726]: DEBUG oslo_concurrency.lockutils [None req-6e49c116-aab7-46c8-9f70-7383ec4a6a74 tempest-DeleteServersTestJSON-1397555053 tempest-DeleteServersTestJSON-1397555053-project-member] Acquiring lock "00000000-0000-0000-0000-000000000000" by "nova.context.set_target_cell..get_or_set_cached_cell_and_set_connections" {{(pid=97726) inner /opt/stack/data/venv/lib/python3.12/site-packages/oslo_concurrency/lockutils.py:506}}
May 12 17:37:58.019913 np0000000621 nova-conductor[97726]: DEBUG oslo_concurrency.lockutils [None req-6e49c116-aab7-46c8-9f70-7383ec4a6a74 tempest-DeleteServersTestJSON-1397555053 tempest-DeleteServersTestJSON-1397555053-project-member] Lock "00000000-0000-0000-0000-000000000000" acquired by "nova.context.set_target_cell..get_or_set_cached_cell_and_set_connections" :: waited 0.000s {{(pid=97726) inner /opt/stack/data/venv/lib/python3.12/site-packages/oslo_concurrency/lockutils.py:519}}
May 12 17:37:58.020308 np0000000621 nova-conductor[97726]: DEBUG oslo_concurrency.lockutils [None req-6e49c116-aab7-46c8-9f70-7383ec4a6a74 tempest-DeleteServersTestJSON-1397555053 tempest-DeleteServersTestJSON-1397555053-project-member] Lock "00000000-0000-0000-0000-000000000000" "released" by "nova.context.set_target_cell..get_or_set_cached_cell_and_set_connections" :: held 0.000s {{(pid=97726) inner /opt/stack/data/venv/lib/python3.12/site-packages/oslo_concurrency/lockutils.py:538}}
May 12 17:37:58.022078 np0000000621 nova-conductor[97726]: DEBUG oslo_concurrency.lockutils [None req-6e49c116-aab7-46c8-9f70-7383ec4a6a74 tempest-DeleteServersTestJSON-1397555053 tempest-DeleteServersTestJSON-1397555053-project-member] Acquiring lock "95c4d56a-3c86-4043-a78f-a74962d1d8ad" by "nova.context.set_target_cell..get_or_set_cached_cell_and_set_connections" {{(pid=97726) inner /opt/stack/data/venv/lib/python3.12/site-packages/oslo_concurrency/lockutils.py:506}}
May 12 17:37:58.022966 np0000000621 nova-conductor[97726]: DEBUG oslo_concurrency.lockutils [None req-6e49c116-aab7-46c8-9f70-7383ec4a6a74 tempest-DeleteServersTestJSON-1397555053 tempest-DeleteServersTestJSON-1397555053-project-member] Lock "95c4d56a-3c86-4043-a78f-a74962d1d8ad" acquired by "nova.context.set_target_cell..get_or_set_cached_cell_and_set_connections" :: waited 0.000s {{(pid=97726) inner /opt/stack/data/venv/lib/python3.12/site-packages/oslo_concurrency/lockutils.py:519}}
May 12 17:37:58.022966 np0000000621 nova-conductor[97726]: DEBUG oslo_concurrency.lockutils [None req-6e49c116-aab7-46c8-9f70-7383ec4a6a74 tempest-DeleteServersTestJSON-1397555053 tempest-DeleteServersTestJSON-1397555053-project-member] Lock "95c4d56a-3c86-4043-a78f-a74962d1d8ad" "released" by "nova.context.set_target_cell..get_or_set_cached_cell_and_set_connections" :: held 0.000s {{(pid=97726) inner /opt/stack/data/venv/lib/python3.12/site-packages/oslo_concurrency/lockutils.py:538}}
May 12 17:37:58.023779 np0000000621 nova-conductor[97719]: DEBUG oslo_db.sqlalchemy.engines [None req-0120be4e-a0de-46c9-98ad-0f2ec23d775c tempest-ServerRescueNegativeTestJSON-1765424079 tempest-ServerRescueNegativeTestJSON-1765424079-project-member] MySQL server mode set to STRICT_TRANS_TABLES,STRICT_ALL_TABLES,NO_ZERO_IN_DATE,NO_ZERO_DATE,ERROR_FOR_DIVISION_BY_ZERO,TRADITIONAL,NO_ENGINE_SUBSTITUTION {{(pid=97719) _check_effective_sql_mode /opt/stack/data/venv/lib/python3.12/site-packages/oslo_db/sqlalchemy/engines.py:325}}
May 12 17:37:58.024022 np0000000621 nova-conductor[97726]: INFO dbcounter [None req-6e49c116-aab7-46c8-9f70-7383ec4a6a74 tempest-DeleteServersTestJSON-1397555053 tempest-DeleteServersTestJSON-1397555053-project-member] Registered counter for database nova_cell0
May 12 17:37:58.034318 np0000000621 nova-conductor[97719]: DEBUG dbcounter [-] [97719] Writer thread running {{(pid=97719) stat_writer /opt/stack/data/venv/lib/python3.12/site-packages/dbcounter.py:102}}
May 12 17:37:58.036869 np0000000621 nova-conductor[97726]: DEBUG oslo_db.sqlalchemy.engines [None req-6e49c116-aab7-46c8-9f70-7383ec4a6a74 tempest-DeleteServersTestJSON-1397555053 tempest-DeleteServersTestJSON-1397555053-project-member] MySQL server mode set to STRICT_TRANS_TABLES,STRICT_ALL_TABLES,NO_ZERO_IN_DATE,NO_ZERO_DATE,ERROR_FOR_DIVISION_BY_ZERO,TRADITIONAL,NO_ENGINE_SUBSTITUTION {{(pid=97726) _check_effective_sql_mode /opt/stack/data/venv/lib/python3.12/site-packages/oslo_db/sqlalchemy/engines.py:325}}
May 12 17:37:58.043242 np0000000621 nova-conductor[97726]: DEBUG dbcounter [-] [97726] Writer thread running {{(pid=97726) stat_writer /opt/stack/data/venv/lib/python3.12/site-packages/dbcounter.py:102}}
May 12 17:37:58.052570 np0000000621 nova-conductor[97726]: DEBUG nova.quota [None req-6e49c116-aab7-46c8-9f70-7383ec4a6a74 tempest-DeleteServersTestJSON-1397555053 tempest-DeleteServersTestJSON-1397555053-project-member] Getting quotas for project 3e115fe3ded34517a24b75187085fe57. Resources: {'instances', 'cores', 'ram'} {{(pid=97726) _get_quotas /opt/stack/nova/nova/quota.py:392}}
May 12 17:37:58.053163 np0000000621 nova-conductor[97719]: DEBUG nova.quota [None req-0120be4e-a0de-46c9-98ad-0f2ec23d775c tempest-ServerRescueNegativeTestJSON-1765424079 tempest-ServerRescueNegativeTestJSON-1765424079-project-member] Getting quotas for project 08f82ce6d2d241d7984ee8bf04e7d96c. Resources: {'instances', 'cores', 'ram'} {{(pid=97719) _get_quotas /opt/stack/nova/nova/quota.py:392}}
May 12 17:37:58.056018 np0000000621 nova-conductor[97726]: DEBUG nova.quota [None req-6e49c116-aab7-46c8-9f70-7383ec4a6a74 tempest-DeleteServersTestJSON-1397555053 tempest-DeleteServersTestJSON-1397555053-project-member] Getting quotas for user 1560226c07924606927e1ba1c1a3b3ea and project 3e115fe3ded34517a24b75187085fe57. Resources: {'instances', 'cores', 'ram'} {{(pid=97726) _get_quotas /opt/stack/nova/nova/quota.py:382}}
May 12 17:37:58.056237 np0000000621 nova-conductor[97719]: DEBUG nova.quota [None req-0120be4e-a0de-46c9-98ad-0f2ec23d775c tempest-ServerRescueNegativeTestJSON-1765424079 tempest-ServerRescueNegativeTestJSON-1765424079-project-member] Getting quotas for user d045dd902427408090fd16c178adc9e7 and project 08f82ce6d2d241d7984ee8bf04e7d96c. Resources: {'instances', 'cores', 'ram'} {{(pid=97719) _get_quotas /opt/stack/nova/nova/quota.py:382}}
May 12 17:37:58.061955 np0000000621 nova-conductor[97719]: DEBUG nova.conductor.manager [None req-0120be4e-a0de-46c9-98ad-0f2ec23d775c tempest-ServerRescueNegativeTestJSON-1765424079 tempest-ServerRescueNegativeTestJSON-1765424079-project-member] [instance: 470f5d0b-270d-4f82-bfd7-7b787515e2c5] Selected host: np0000000621; Selected node: np0000000621; Alternates: [] {{(pid=97719) schedule_and_build_instances /opt/stack/nova/nova/conductor/manager.py:1784}}
May 12 17:37:58.062258 np0000000621 nova-conductor[97719]: DEBUG oslo_concurrency.lockutils [None req-0120be4e-a0de-46c9-98ad-0f2ec23d775c tempest-ServerRescueNegativeTestJSON-1765424079 tempest-ServerRescueNegativeTestJSON-1765424079-project-member] Acquiring lock "95c4d56a-3c86-4043-a78f-a74962d1d8ad" by "nova.context.set_target_cell..get_or_set_cached_cell_and_set_connections" {{(pid=97719) inner /opt/stack/data/venv/lib/python3.12/site-packages/oslo_concurrency/lockutils.py:506}}
May 12 17:37:58.062386 np0000000621 nova-conductor[97719]: DEBUG oslo_concurrency.lockutils [None req-0120be4e-a0de-46c9-98ad-0f2ec23d775c tempest-ServerRescueNegativeTestJSON-1765424079 tempest-ServerRescueNegativeTestJSON-1765424079-project-member] Lock "95c4d56a-3c86-4043-a78f-a74962d1d8ad" acquired by "nova.context.set_target_cell..get_or_set_cached_cell_and_set_connections" :: waited 0.000s {{(pid=97719) inner /opt/stack/data/venv/lib/python3.12/site-packages/oslo_concurrency/lockutils.py:519}}
May 12 17:37:58.062518 np0000000621 nova-conductor[97719]: DEBUG oslo_concurrency.lockutils [None req-0120be4e-a0de-46c9-98ad-0f2ec23d775c tempest-ServerRescueNegativeTestJSON-1765424079 tempest-ServerRescueNegativeTestJSON-1765424079-project-member] Lock "95c4d56a-3c86-4043-a78f-a74962d1d8ad" "released" by "nova.context.set_target_cell..get_or_set_cached_cell_and_set_connections" :: held 0.000s {{(pid=97719) inner /opt/stack/data/venv/lib/python3.12/site-packages/oslo_concurrency/lockutils.py:538}}
May 12 17:37:58.062707 np0000000621 nova-conductor[97726]: DEBUG nova.conductor.manager [None req-6e49c116-aab7-46c8-9f70-7383ec4a6a74 tempest-DeleteServersTestJSON-1397555053 tempest-DeleteServersTestJSON-1397555053-project-member] [instance: 8d8c39c5-f09a-4bbb-8d5c-0d0878a894b0] Selected host: np0000000621; Selected node: np0000000621; Alternates: [] {{(pid=97726) schedule_and_build_instances /opt/stack/nova/nova/conductor/manager.py:1784}}
May 12 17:37:58.063275 np0000000621 nova-conductor[97726]: DEBUG oslo_concurrency.lockutils [None req-6e49c116-aab7-46c8-9f70-7383ec4a6a74 tempest-DeleteServersTestJSON-1397555053 tempest-DeleteServersTestJSON-1397555053-project-member] Acquiring lock "95c4d56a-3c86-4043-a78f-a74962d1d8ad" by "nova.context.set_target_cell..get_or_set_cached_cell_and_set_connections" {{(pid=97726) inner /opt/stack/data/venv/lib/python3.12/site-packages/oslo_concurrency/lockutils.py:506}}
May 12 17:37:58.063469 np0000000621 nova-conductor[97726]: DEBUG oslo_concurrency.lockutils [None req-6e49c116-aab7-46c8-9f70-7383ec4a6a74 tempest-DeleteServersTestJSON-1397555053 tempest-DeleteServersTestJSON-1397555053-project-member] Lock "95c4d56a-3c86-4043-a78f-a74962d1d8ad" acquired by "nova.context.set_target_cell..get_or_set_cached_cell_and_set_connections" :: waited 0.000s {{(pid=97726) inner /opt/stack/data/venv/lib/python3.12/site-packages/oslo_concurrency/lockutils.py:519}}
May 12 17:37:58.063679 np0000000621 nova-conductor[97726]: DEBUG oslo_concurrency.lockutils [None req-6e49c116-aab7-46c8-9f70-7383ec4a6a74 tempest-DeleteServersTestJSON-1397555053 tempest-DeleteServersTestJSON-1397555053-project-member] Lock "95c4d56a-3c86-4043-a78f-a74962d1d8ad" "released" by "nova.context.set_target_cell..get_or_set_cached_cell_and_set_connections" :: held 0.000s {{(pid=97726) inner /opt/stack/data/venv/lib/python3.12/site-packages/oslo_concurrency/lockutils.py:538}}
May 12 17:37:58.076483 np0000000621 nova-conductor[97719]: DEBUG nova.conductor.manager [None req-0120be4e-a0de-46c9-98ad-0f2ec23d775c tempest-ServerRescueNegativeTestJSON-1765424079 tempest-ServerRescueNegativeTestJSON-1765424079-project-member] [instance: 470f5d0b-270d-4f82-bfd7-7b787515e2c5] block_device_mapping [BlockDeviceMapping(attachment_id=,boot_index=0,connection_info=None,created_at=,delete_on_termination=True,deleted=,deleted_at=,destination_type='local',device_name=None,device_type='disk',disk_bus=None,encrypted=False,encryption_format=None,encryption_options=None,encryption_secret_uuid=None,guest_format=None,id=,image_id='59cf2b71-e7ba-46a4-bb96-8ab5c454dd25',instance=,instance_uuid=,no_device=False,snapshot_id=None,source_type='image',tag=None,updated_at=,uuid=,volume_id=None,volume_size=None,volume_type=None)] {{(pid=97719) _create_block_device_mapping /opt/stack/nova/nova/conductor/manager.py:1529}}
May 12 17:37:58.076707 np0000000621 nova-conductor[97726]: DEBUG nova.conductor.manager [None req-6e49c116-aab7-46c8-9f70-7383ec4a6a74 tempest-DeleteServersTestJSON-1397555053 tempest-DeleteServersTestJSON-1397555053-project-member] [instance: 8d8c39c5-f09a-4bbb-8d5c-0d0878a894b0] block_device_mapping [BlockDeviceMapping(attachment_id=,boot_index=0,connection_info=None,created_at=,delete_on_termination=True,deleted=,deleted_at=,destination_type='local',device_name=None,device_type='disk',disk_bus=None,encrypted=False,encryption_format=None,encryption_options=None,encryption_secret_uuid=None,guest_format=None,id=,image_id='59cf2b71-e7ba-46a4-bb96-8ab5c454dd25',instance=,instance_uuid=,no_device=False,snapshot_id=None,source_type='image',tag=None,updated_at=,uuid=,volume_id=None,volume_size=None,volume_type=None)] {{(pid=97726) _create_block_device_mapping /opt/stack/nova/nova/conductor/manager.py:1529}}
May 12 17:37:58.077419 np0000000621 nova-conductor[97726]: DEBUG oslo_concurrency.lockutils [None req-6e49c116-aab7-46c8-9f70-7383ec4a6a74 tempest-DeleteServersTestJSON-1397555053 tempest-DeleteServersTestJSON-1397555053-project-member] Acquiring lock "95c4d56a-3c86-4043-a78f-a74962d1d8ad" by "nova.context.set_target_cell..get_or_set_cached_cell_and_set_connections" {{(pid=97726) inner /opt/stack/data/venv/lib/python3.12/site-packages/oslo_concurrency/lockutils.py:506}}
May 12 17:37:58.077571 np0000000621 nova-conductor[97726]: DEBUG oslo_concurrency.lockutils [None req-6e49c116-aab7-46c8-9f70-7383ec4a6a74 tempest-DeleteServersTestJSON-1397555053 tempest-DeleteServersTestJSON-1397555053-project-member] Lock "95c4d56a-3c86-4043-a78f-a74962d1d8ad" acquired by "nova.context.set_target_cell..get_or_set_cached_cell_and_set_connections" :: waited 0.000s {{(pid=97726) inner /opt/stack/data/venv/lib/python3.12/site-packages/oslo_concurrency/lockutils.py:519}}
May 12 17:37:58.078566 np0000000621 nova-conductor[97726]: DEBUG oslo_concurrency.lockutils [None req-6e49c116-aab7-46c8-9f70-7383ec4a6a74 tempest-DeleteServersTestJSON-1397555053 tempest-DeleteServersTestJSON-1397555053-project-member] Lock "95c4d56a-3c86-4043-a78f-a74962d1d8ad" "released" by "nova.context.set_target_cell..get_or_set_cached_cell_and_set_connections" :: held 0.000s {{(pid=97726) inner /opt/stack/data/venv/lib/python3.12/site-packages/oslo_concurrency/lockutils.py:538}}
May 12 17:37:58.078691 np0000000621 nova-conductor[97719]: DEBUG oslo_concurrency.lockutils [None req-0120be4e-a0de-46c9-98ad-0f2ec23d775c tempest-ServerRescueNegativeTestJSON-1765424079 tempest-ServerRescueNegativeTestJSON-1765424079-project-member] Acquiring lock "95c4d56a-3c86-4043-a78f-a74962d1d8ad" by "nova.context.set_target_cell..get_or_set_cached_cell_and_set_connections" {{(pid=97719) inner /opt/stack/data/venv/lib/python3.12/site-packages/oslo_concurrency/lockutils.py:506}}
May 12 17:37:58.078691 np0000000621 nova-conductor[97719]: DEBUG oslo_concurrency.lockutils [None req-0120be4e-a0de-46c9-98ad-0f2ec23d775c tempest-ServerRescueNegativeTestJSON-1765424079 tempest-ServerRescueNegativeTestJSON-1765424079-project-member] Lock "95c4d56a-3c86-4043-a78f-a74962d1d8ad" acquired by "nova.context.set_target_cell..get_or_set_cached_cell_and_set_connections" :: waited 0.000s {{(pid=97719) inner /opt/stack/data/venv/lib/python3.12/site-packages/oslo_concurrency/lockutils.py:519}}
May 12 17:37:58.078691 np0000000621 nova-conductor[97719]: DEBUG oslo_concurrency.lockutils [None req-0120be4e-a0de-46c9-98ad-0f2ec23d775c tempest-ServerRescueNegativeTestJSON-1765424079 tempest-ServerRescueNegativeTestJSON-1765424079-project-member] Lock "95c4d56a-3c86-4043-a78f-a74962d1d8ad" "released" by "nova.context.set_target_cell..get_or_set_cached_cell_and_set_connections" :: held 0.000s {{(pid=97719) inner /opt/stack/data/venv/lib/python3.12/site-packages/oslo_concurrency/lockutils.py:538}}
May 12 17:37:58.123699 np0000000621 nova-conductor[97719]: DEBUG oslo_concurrency.lockutils [None req-0120be4e-a0de-46c9-98ad-0f2ec23d775c tempest-ServerRescueNegativeTestJSON-1765424079 tempest-ServerRescueNegativeTestJSON-1765424079-project-member] Acquiring lock "95c4d56a-3c86-4043-a78f-a74962d1d8ad" by "nova.context.set_target_cell..get_or_set_cached_cell_and_set_connections" {{(pid=97719) inner /opt/stack/data/venv/lib/python3.12/site-packages/oslo_concurrency/lockutils.py:506}}
May 12 17:37:58.124022 np0000000621 nova-conductor[97719]: DEBUG oslo_concurrency.lockutils [None req-0120be4e-a0de-46c9-98ad-0f2ec23d775c tempest-ServerRescueNegativeTestJSON-1765424079 tempest-ServerRescueNegativeTestJSON-1765424079-project-member] Lock "95c4d56a-3c86-4043-a78f-a74962d1d8ad" acquired by "nova.context.set_target_cell..get_or_set_cached_cell_and_set_connections" :: waited 0.000s {{(pid=97719) inner /opt/stack/data/venv/lib/python3.12/site-packages/oslo_concurrency/lockutils.py:519}}
May 12 17:37:58.124397 np0000000621 nova-conductor[97719]: DEBUG oslo_concurrency.lockutils [None req-0120be4e-a0de-46c9-98ad-0f2ec23d775c tempest-ServerRescueNegativeTestJSON-1765424079 tempest-ServerRescueNegativeTestJSON-1765424079-project-member] Lock "95c4d56a-3c86-4043-a78f-a74962d1d8ad" "released" by "nova.context.set_target_cell..get_or_set_cached_cell_and_set_connections" :: held 0.000s {{(pid=97719) inner /opt/stack/data/venv/lib/python3.12/site-packages/oslo_concurrency/lockutils.py:538}}
May 12 17:37:58.124436 np0000000621 nova-conductor[97719]: DEBUG oslo_concurrency.lockutils [None req-0120be4e-a0de-46c9-98ad-0f2ec23d775c tempest-ServerRescueNegativeTestJSON-1765424079 tempest-ServerRescueNegativeTestJSON-1765424079-project-member] Acquiring lock "compute-rpcapi-router" {{(pid=97719) lock /opt/stack/data/venv/lib/python3.12/site-packages/oslo_concurrency/lockutils.py:390}}
May 12 17:37:58.124588 np0000000621 nova-conductor[97719]: DEBUG oslo_concurrency.lockutils [None req-0120be4e-a0de-46c9-98ad-0f2ec23d775c tempest-ServerRescueNegativeTestJSON-1765424079 tempest-ServerRescueNegativeTestJSON-1765424079-project-member] Acquired lock "compute-rpcapi-router" {{(pid=97719) lock /opt/stack/data/venv/lib/python3.12/site-packages/oslo_concurrency/lockutils.py:393}}
May 12 17:37:58.125075 np0000000621 nova-conductor[97719]: DEBUG oslo_concurrency.lockutils [None req-f226b26a-97f4-4d09-8828-a01620092f02 None None] Acquiring lock "00000000-0000-0000-0000-000000000000" by "nova.context.set_target_cell..get_or_set_cached_cell_and_set_connections" {{(pid=97719) inner /opt/stack/data/venv/lib/python3.12/site-packages/oslo_concurrency/lockutils.py:506}}
May 12 17:37:58.125228 np0000000621 nova-conductor[97719]: DEBUG oslo_concurrency.lockutils [None req-f226b26a-97f4-4d09-8828-a01620092f02 None None] Lock "00000000-0000-0000-0000-000000000000" acquired by "nova.context.set_target_cell..get_or_set_cached_cell_and_set_connections" :: waited 0.000s {{(pid=97719) inner /opt/stack/data/venv/lib/python3.12/site-packages/oslo_concurrency/lockutils.py:519}}
May 12 17:37:58.125389 np0000000621 nova-conductor[97719]: DEBUG oslo_concurrency.lockutils [None req-f226b26a-97f4-4d09-8828-a01620092f02 None None] Lock "00000000-0000-0000-0000-000000000000" "released" by "nova.context.set_target_cell..get_or_set_cached_cell_and_set_connections" :: held 0.000s {{(pid=97719) inner /opt/stack/data/venv/lib/python3.12/site-packages/oslo_concurrency/lockutils.py:538}}
