May 12 17:34:36.838136 np0000000621 devstack@neutron-api.service[89616]: DEBUG neutron.plugins.ml2.drivers.ovn.mech_driver.ovsdb.ovsdb_monitor [-] Hash Ring: Node f36f0695ff0d5498a29c1782defe5cdd (host: np0000000621) handling event "create" for row 5b25e4f9-3982-45a2-bc8d-89687fe7601d (table: ACL) {{(pid=89616) notify /opt/stack/neutron/neutron/plugins/ml2/drivers/ovn/mech_driver/ovsdb/ovsdb_monitor.py:942}}
May 12 17:34:36.838234 np0000000621 devstack@neutron-api.service[89617]: DEBUG neutron.plugins.ml2.drivers.ovn.mech_driver.ovsdb.ovsdb_monitor [-] Hash Ring: Node 1f2eee3e6f8f5a1288b85580b050db16 (host: np0000000621) handling event "create" for row bd27f297-97dc-49c8-9412-39c7947407dd (table: ACL) {{(pid=89617) notify /opt/stack/neutron/neutron/plugins/ml2/drivers/ovn/mech_driver/ovsdb/ovsdb_monitor.py:942}}
May 12 17:34:36.838291 np0000000621 devstack@neutron-api.service[89616]: DEBUG neutron.plugins.ml2.drivers.ovn.mech_driver.ovsdb.ovsdb_monitor [-] Hash Ring: Node f36f0695ff0d5498a29c1782defe5cdd (host: np0000000621) handling event "create" for row 615618b4-971c-499b-b72e-c7a834c99e86 (table: ACL) {{(pid=89616) notify /opt/stack/neutron/neutron/plugins/ml2/drivers/ovn/mech_driver/ovsdb/ovsdb_monitor.py:942}}
May 12 17:34:36.838378 np0000000621 devstack@neutron-api.service[89616]: DEBUG neutron.plugins.ml2.drivers.ovn.mech_driver.ovsdb.ovsdb_monitor [-] Hash Ring: Node f36f0695ff0d5498a29c1782defe5cdd (host: np0000000621) handling event "create" for row bd27f297-97dc-49c8-9412-39c7947407dd (table: ACL) {{(pid=89616) notify /opt/stack/neutron/neutron/plugins/ml2/drivers/ovn/mech_driver/ovsdb/ovsdb_monitor.py:942}}
May 12 17:34:36.838588 np0000000621 devstack@neutron-api.service[89616]: DEBUG neutron.plugins.ml2.drivers.ovn.mech_driver.ovsdb.ovsdb_monitor [-] Hash Ring: Node f36f0695ff0d5498a29c1782defe5cdd (host: np0000000621) handling event "create" for row fc918184-9400-4e40-abc9-6c433eb2c002 (table: ACL) {{(pid=89616) notify /opt/stack/neutron/neutron/plugins/ml2/drivers/ovn/mech_driver/ovsdb/ovsdb_monitor.py:942}}
May 12 17:34:36.838771 np0000000621 devstack@neutron-api.service[89616]: DEBUG neutron.plugins.ml2.drivers.ovn.mech_driver.ovsdb.ovsdb_monitor [-] Hash Ring: Node f36f0695ff0d5498a29c1782defe5cdd (host: np0000000621) handling event "create" for row 17040320-4483-41f7-9547-f5779b4eb23f (table: Port_Group) {{(pid=89616) notify /opt/stack/neutron/neutron/plugins/ml2/drivers/ovn/mech_driver/ovsdb/ovsdb_monitor.py:942}}
May 12 17:34:36.872613 np0000000621 devstack@neutron-api.service[89616]: INFO neutron.db.ovn_revision_numbers_db [None req-b984e013-86de-494c-89b6-a7b691ef9283 admin admin] Successfully bumped revision number for resource 42ceb81f-a097-4fd9-9456-8d764008e623 (type: security_groups) to 1
May 12 17:34:36.887188 np0000000621 devstack@neutron-api.service[89616]: INFO neutron.db.ovn_revision_numbers_db [None req-b984e013-86de-494c-89b6-a7b691ef9283 admin admin] Successfully bumped revision number for resource 2f089c4e-c451-452e-8619-b37ddb3eecd7 (type: security_group_rules) to 0
May 12 17:34:36.898093 np0000000621 devstack@neutron-api.service[89616]: INFO neutron.db.ovn_revision_numbers_db [None req-b984e013-86de-494c-89b6-a7b691ef9283 admin admin] Successfully bumped revision number for resource 39c64631-c516-41c2-86d7-69ffaed6e788 (type: security_group_rules) to 0
May 12 17:34:36.911787 np0000000621 devstack@neutron-api.service[89616]: INFO neutron.db.ovn_revision_numbers_db [None req-b984e013-86de-494c-89b6-a7b691ef9283 admin admin] Successfully bumped revision number for resource b6206bf9-068b-4be1-a482-d834c9fe2341 (type: security_group_rules) to 0
May 12 17:34:36.921759 np0000000621 devstack@neutron-api.service[89616]: INFO neutron.db.ovn_revision_numbers_db [None req-b984e013-86de-494c-89b6-a7b691ef9283 admin admin] Successfully bumped revision number for resource c10bb560-e7e9-4764-9abb-1563c3dedc55 (type: security_group_rules) to 0
May 12 17:34:36.941642 np0000000621 devstack@neutron-api.service[89616]: DEBUG neutron.api.rpc.handlers.resources_rpc [None req-b984e013-86de-494c-89b6-a7b691ef9283 admin admin] Pushing event updated for resources: {'SecurityGroup': ['ID=42ceb81f-a097-4fd9-9456-8d764008e623,revision_number=1']} {{(pid=89616) push /opt/stack/neutron/neutron/api/rpc/handlers/resources_rpc.py:237}}
May 12 17:34:36.947492 np0000000621 devstack@neutron-api.service[89616]: DEBUG ovsdbapp.backend.ovs_idl.transaction [-] Running txn n=1 command(idx=0): CheckLivenessCommand(_result=None) {{(pid=89616) do_commit /opt/stack/data/venv/lib/python3.12/site-packages/ovsdbapp/backend/ovs_idl/transaction.py:89}}
May 12 17:34:36.968632 np0000000621 devstack@neutron-api.service[89616]: DEBUG neutron.plugins.ml2.drivers.ovn.mech_driver.ovsdb.ovsdb_monitor [-] Hash Ring: Node f36f0695ff0d5498a29c1782defe5cdd (host: np0000000621) handling event "update" for row 70273a4d-dbac-4b1b-ab7f-963346b0bb6d (table: NB_Global) {{(pid=89616) notify /opt/stack/neutron/neutron/plugins/ml2/drivers/ovn/mech_driver/ovsdb/ovsdb_monitor.py:942}}
May 12 17:34:36.969124 np0000000621 devstack@neutron-api.service[89616]: DEBUG neutron.plugins.ml2.drivers.ovn.mech_driver.ovsdb.ovsdb_monitor [-] Hash Ring: Node f36f0695ff0d5498a29c1782defe5cdd (host: np0000000621) handling event "update" for row 70273a4d-dbac-4b1b-ab7f-963346b0bb6d (table: NB_Global) {{(pid=89616) notify /opt/stack/neutron/neutron/plugins/ml2/drivers/ovn/mech_driver/ovsdb/ovsdb_monitor.py:942}}
May 12 17:34:36.969255 np0000000621 devstack@neutron-api.service[89615]: DEBUG neutron.plugins.ml2.drivers.ovn.mech_driver.ovsdb.ovsdb_monitor [-] Hash Ring: Node 0f0a2f6b135b5802a3fb8ef215ded294 (host: np0000000621) handling event "update" for row 70273a4d-dbac-4b1b-ab7f-963346b0bb6d (table: NB_Global) {{(pid=89615) notify /opt/stack/neutron/neutron/plugins/ml2/drivers/ovn/mech_driver/ovsdb/ovsdb_monitor.py:942}}
May 12 17:34:36.970163 np0000000621 devstack@neutron-api.service[89616]: DEBUG neutron.plugins.ml2.drivers.ovn.mech_driver.ovsdb.ovsdb_monitor [-] Hash Ring: Node f36f0695ff0d5498a29c1782defe5cdd (host: np0000000621) handling event "update" for row 70273a4d-dbac-4b1b-ab7f-963346b0bb6d (table: NB_Global) {{(pid=89616) notify /opt/stack/neutron/neutron/plugins/ml2/drivers/ovn/mech_driver/ovsdb/ovsdb_monitor.py:942}}
May 12 17:34:36.970915 np0000000621 devstack@neutron-api.service[89617]: DEBUG neutron.plugins.ml2.drivers.ovn.mech_driver.ovsdb.ovsdb_monitor [-] ChassisAgentWriteEvent : Matched Chassis_Private, update, None None {{(pid=89617) matches /opt/stack/neutron/neutron/plugins/ml2/drivers/ovn/mech_driver/ovsdb/ovsdb_monitor.py:64}}
May 12 17:34:36.970977 np0000000621 devstack@neutron-api.service[89615]: DEBUG neutron.plugins.ml2.drivers.ovn.mech_driver.ovsdb.ovsdb_monitor [-] ChassisAgentWriteEvent : Matched Chassis_Private, update, None None {{(pid=89615) matches /opt/stack/neutron/neutron/plugins/ml2/drivers/ovn/mech_driver/ovsdb/ovsdb_monitor.py:64}}
May 12 17:34:36.972019 np0000000621 devstack@neutron-api.service[89615]: DEBUG neutron.plugins.ml2.drivers.ovn.mech_driver.ovsdb.ovsdb_monitor [-] Hash Ring: Node 0f0a2f6b135b5802a3fb8ef215ded294 (host: np0000000621) handling event "update" for row 70273a4d-dbac-4b1b-ab7f-963346b0bb6d (table: NB_Global) {{(pid=89615) notify /opt/stack/neutron/neutron/plugins/ml2/drivers/ovn/mech_driver/ovsdb/ovsdb_monitor.py:942}}
May 12 17:34:36.972905 np0000000621 devstack@neutron-api.service[89616]: DEBUG neutron.api.rpc.callbacks.version_manager [None req-b984e013-86de-494c-89b6-a7b691ef9283 admin admin] Tracked resource versions report:
May 12 17:34:36.972905 np0000000621 devstack@neutron-api.service[89616]: pushed versions:
May 12 17:34:36.972905 np0000000621 devstack@neutron-api.service[89616]: { 'AddressGroup': {'1.2'},
May 12 17:34:36.972905 np0000000621 devstack@neutron-api.service[89616]: 'Agent': {'1.1'},
May 12 17:34:36.972905 np0000000621 devstack@neutron-api.service[89616]: 'ConntrackHelper': {'1.0'},
May 12 17:34:36.972905 np0000000621 devstack@neutron-api.service[89616]: 'LocalIPAssociation': {'1.0'},
May 12 17:34:36.972905 np0000000621 devstack@neutron-api.service[89616]: 'Log': {'1.0'},
May 12 17:34:36.972905 np0000000621 devstack@neutron-api.service[89616]: 'NDPProxy': {'1.0'},
May 12 17:34:36.972905 np0000000621 devstack@neutron-api.service[89616]: 'Network': {'1.2'},
May 12 17:34:36.972905 np0000000621 devstack@neutron-api.service[89616]: 'Port': {'1.10'},
May 12 17:34:36.972905 np0000000621 devstack@neutron-api.service[89616]: 'PortForwarding': {'1.3'},
May 12 17:34:36.972905 np0000000621 devstack@neutron-api.service[89616]: 'QosPolicy': {'1.10'},
May 12 17:34:36.972905 np0000000621 devstack@neutron-api.service[89616]: 'SecurityGroup': {'1.6'},
May 12 17:34:36.972905 np0000000621 devstack@neutron-api.service[89616]: 'SecurityGroupRule': {'1.3'},
May 12 17:34:36.972905 np0000000621 devstack@neutron-api.service[89616]: 'SubPort': {'1.0'},
May 12 17:34:36.972905 np0000000621 devstack@neutron-api.service[89616]: 'Subnet': {'1.2'},
May 12 17:34:36.972905 np0000000621 devstack@neutron-api.service[89616]: 'Trunk': {'1.1'}}
May 12 17:34:36.972905 np0000000621 devstack@neutron-api.service[89616]: consumer versions:
May 12 17:34:36.972905 np0000000621 devstack@neutron-api.service[89616]: {}
May 12 17:34:36.972905 np0000000621 devstack@neutron-api.service[89616]: {{(pid=89616) report /opt/stack/neutron/neutron/api/rpc/callbacks/version_manager.py:183}}
May 12 17:34:36.973733 np0000000621 devstack@neutron-api.service[89615]: DEBUG neutron.plugins.ml2.drivers.ovn.mech_driver.ovsdb.ovsdb_monitor [-] Hash Ring: Node 0f0a2f6b135b5802a3fb8ef215ded294 (host: np0000000621) handling event "update" for row 70273a4d-dbac-4b1b-ab7f-963346b0bb6d (table: NB_Global) {{(pid=89615) notify /opt/stack/neutron/neutron/plugins/ml2/drivers/ovn/mech_driver/ovsdb/ovsdb_monitor.py:942}}
May 12 17:34:36.974414 np0000000621 devstack@neutron-api.service[89615]: DEBUG neutron.plugins.ml2.drivers.ovn.mech_driver.ovsdb.ovsdb_monitor [-] Hash Ring: Node 0f0a2f6b135b5802a3fb8ef215ded294 (host: np0000000621) handling event "update" for row 70273a4d-dbac-4b1b-ab7f-963346b0bb6d (table: NB_Global) {{(pid=89615) notify /opt/stack/neutron/neutron/plugins/ml2/drivers/ovn/mech_driver/ovsdb/ovsdb_monitor.py:942}}
May 12 17:34:36.975318 np0000000621 devstack@neutron-api.service[89617]: DEBUG neutron.plugins.ml2.drivers.ovn.mech_driver.ovsdb.ovsdb_monitor [-] ChassisOVNAgentWriteEvent : Matched Chassis_Private, update, None None {{(pid=89617) matches /opt/stack/neutron/neutron/plugins/ml2/drivers/ovn/mech_driver/ovsdb/ovsdb_monitor.py:64}}
May 12 17:34:36.976083 np0000000621 devstack@neutron-api.service[89615]: DEBUG neutron.plugins.ml2.drivers.ovn.mech_driver.ovsdb.ovsdb_monitor [-] ChassisOVNAgentWriteEvent : Matched Chassis_Private, update, None None {{(pid=89615) matches /opt/stack/neutron/neutron/plugins/ml2/drivers/ovn/mech_driver/ovsdb/ovsdb_monitor.py:64}}
May 12 17:34:36.976575 np0000000621 devstack@neutron-api.service[89616]: DEBUG neutron.plugins.ml2.drivers.ovn.mech_driver.ovsdb.ovsdb_monitor [-] ChassisAgentWriteEvent : Matched Chassis_Private, update, None None {{(pid=89616) matches /opt/stack/neutron/neutron/plugins/ml2/drivers/ovn/mech_driver/ovsdb/ovsdb_monitor.py:64}}
May 12 17:34:36.980088 np0000000621 devstack@neutron-api.service[89616]: DEBUG neutron.plugins.ml2.drivers.ovn.mech_driver.ovsdb.ovsdb_monitor [-] Hash Ring: Node f36f0695ff0d5498a29c1782defe5cdd (host: np0000000621) handling event "update" for row 70273a4d-dbac-4b1b-ab7f-963346b0bb6d (table: NB_Global) {{(pid=89616) notify /opt/stack/neutron/neutron/plugins/ml2/drivers/ovn/mech_driver/ovsdb/ovsdb_monitor.py:942}}
May 12 17:34:36.980909 np0000000621 devstack@neutron-api.service[89616]: DEBUG neutron.common.ovn.hash_ring_manager [-] Allow caching, nodes 3>=3 {{(pid=89616) _wait_startup_before_caching /opt/stack/neutron/neutron/common/ovn/hash_ring_manager.py:65}}
May 12 17:34:36.981025 np0000000621 devstack@neutron-api.service[89616]: DEBUG neutron.plugins.ml2.drivers.ovn.mech_driver.ovsdb.ovsdb_monitor [-] Hash Ring: Node f36f0695ff0d5498a29c1782defe5cdd (host: np0000000621) handling event "update" for row 15b9dbf8-2fbf-4fa8-bfd4-804e470c1551 (table: Chassis_Private) {{(pid=89616) notify /opt/stack/neutron/neutron/plugins/ml2/drivers/ovn/mech_driver/ovsdb/ovsdb_monitor.py:942}}
May 12 17:34:36.982230 np0000000621 devstack@neutron-api.service[89616]: DEBUG neutron.plugins.ml2.drivers.ovn.mech_driver.ovsdb.ovsdb_monitor [-] ChassisOVNAgentWriteEvent : Matched Chassis_Private, update, None None {{(pid=89616) matches /opt/stack/neutron/neutron/plugins/ml2/drivers/ovn/mech_driver/ovsdb/ovsdb_monitor.py:64}}
May 12 17:34:36.982456 np0000000621 devstack@neutron-api.service[89616]: DEBUG neutron.plugins.ml2.drivers.ovn.mech_driver.ovsdb.ovsdb_monitor [-] Hash Ring: Node f36f0695ff0d5498a29c1782defe5cdd (host: np0000000621) handling event "update" for row 15b9dbf8-2fbf-4fa8-bfd4-804e470c1551 (table: Chassis_Private) {{(pid=89616) notify /opt/stack/neutron/neutron/plugins/ml2/drivers/ovn/mech_driver/ovsdb/ovsdb_monitor.py:942}}
May 12 17:34:37.023791 np0000000621 devstack@neutron-api.service[89616]: DEBUG neutron.plugins.ml2.drivers.helpers [None req-b984e013-86de-494c-89b6-a7b691ef9283 admin admin] geneve segment allocate from pool success with {'geneve_vni': 48395} {{(pid=89616) allocate_partially_specified_segment /opt/stack/neutron/neutron/plugins/ml2/drivers/helpers.py:142}}
May 12 17:34:37.034898 np0000000621 devstack@neutron-api.service[89616]: DEBUG neutron_lib.callbacks.manager [None req-b984e013-86de-494c-89b6-a7b691ef9283 admin admin] Publish callbacks ['neutron.services.segments.db._add_segment_host_mapping_for_segment-7998463467230', 'neutron.plugins.ml2.plugin.Ml2Plugin._handle_segment_change-2024052'] for segment (efd656b7-9661-419a-9cee-6d8de57e825b), precommit_create {{(pid=89616) _notify_loop /opt/stack/data/venv/lib/python3.12/site-packages/neutron_lib/callbacks/manager.py:184}}
May 12 17:34:37.035097 np0000000621 devstack@neutron-api.service[89616]: INFO neutron.db.segments_db [None req-b984e013-86de-494c-89b6-a7b691ef9283 admin admin] Added segment efd656b7-9661-419a-9cee-6d8de57e825b of type geneve for network 2551d778-000d-42e0-abee-1d6f95a71a7f
May 12 17:34:37.085256 np0000000621 devstack@neutron-api.service[89616]: DEBUG neutron_lib.callbacks.manager [None req-b984e013-86de-494c-89b6-a7b691ef9283 admin admin] Publish callbacks ['neutron.services.auto_allocate.db._ensure_external_network_default_value_callback-7998461746700'] for network (2551d778-000d-42e0-abee-1d6f95a71a7f), precommit_create {{(pid=89616) _notify_loop /opt/stack/data/venv/lib/python3.12/site-packages/neutron_lib/callbacks/manager.py:184}}
May 12 17:34:37.103749 np0000000621 devstack@neutron-api.service[89616]: DEBUG neutron.plugins.ml2.drivers.ovn.mech_driver.mech_driver [None req-b984e013-86de-494c-89b6-a7b691ef9283 admin admin] Validating network segment with type geneve, segmentation ID 48395, physical network None {{(pid=89616) _validate_network_segments /opt/stack/neutron/neutron/plugins/ml2/drivers/ovn/mech_driver/mech_driver.py:641}}
May 12 17:34:37.103903 np0000000621 devstack@neutron-api.service[89616]: DEBUG neutron.db.ovn_revision_numbers_db [None req-b984e013-86de-494c-89b6-a7b691ef9283 admin admin] create_initial_revision uuid=2551d778-000d-42e0-abee-1d6f95a71a7f, type=networks, rev=-1 {{(pid=89616) create_initial_revision /opt/stack/neutron/neutron/db/ovn_revision_numbers_db.py:98}}
May 12 17:34:37.117269 np0000000621 devstack@neutron-api.service[89616]: DEBUG neutron_lib.callbacks.manager [None req-b984e013-86de-494c-89b6-a7b691ef9283 admin admin] Publish callbacks ['neutron.plugins.ml2.ovo_rpc._ObjectChangeHandler.handle_event-15238583'] for network (2551d778-000d-42e0-abee-1d6f95a71a7f), after_create {{(pid=89616) _notify_loop /opt/stack/data/venv/lib/python3.12/site-packages/neutron_lib/callbacks/manager.py:184}}
May 12 17:34:37.167452 np0000000621 devstack@neutron-api.service[89616]: DEBUG neutron.api.rpc.handlers.resources_rpc [None req-b984e013-86de-494c-89b6-a7b691ef9283 admin admin] Pushing event updated for resources: {'Network': ['ID=2551d778-000d-42e0-abee-1d6f95a71a7f,revision_number=1']} {{(pid=89616) push /opt/stack/neutron/neutron/api/rpc/handlers/resources_rpc.py:237}}
May 12 17:34:37.173940 np0000000621 devstack@neutron-api.service[89616]: DEBUG ovsdbapp.backend.ovs_idl.transaction [-] Running txn n=1 command(idx=0): AddNetworkCommand(_result=None, network_uuid=2551d778-000d-42e0-abee-1d6f95a71a7f, may_exist=True, columns={'external_ids': {'neutron:network_name': 'private', 'neutron:mtu': '1372', 'neutron:revision_number': '1', 'neutron:availability_zone_hints': '', 'neutron:provnet-network-type': 'geneve'}, 'other_config': {'mcast_snoop': 'false', 'mcast_flood_unregistered': 'false', 'vlan-passthru': 'false'}}) {{(pid=89616) do_commit /opt/stack/data/venv/lib/python3.12/site-packages/ovsdbapp/backend/ovs_idl/transaction.py:89}}
May 12 17:34:37.174108 np0000000621 devstack@neutron-api.service[89616]: DEBUG neutron.common.ovn.utils [-] OVS persist_uuid supported=True {{(pid=89616) ovs_persist_uuid_supported /opt/stack/neutron/neutron/common/ovn/utils.py:1537}}
May 12 17:34:37.176084 np0000000621 devstack@neutron-api.service[89616]: DEBUG neutron.plugins.ml2.drivers.ovn.mech_driver.ovsdb.ovsdb_monitor [-] Hash Ring: Node f36f0695ff0d5498a29c1782defe5cdd (host: np0000000621) handling event "create" for row 2551d778-000d-42e0-abee-1d6f95a71a7f (table: Logical_Switch) {{(pid=89616) notify /opt/stack/neutron/neutron/plugins/ml2/drivers/ovn/mech_driver/ovsdb/ovsdb_monitor.py:942}}
May 12 17:34:37.181762 np0000000621 devstack@neutron-api.service[89615]: DEBUG neutron.plugins.ml2.drivers.ovn.mech_driver.ovsdb.ovsdb_monitor [-] Hash Ring: Node 0f0a2f6b135b5802a3fb8ef215ded294 (host: np0000000621) handling event "create" for row 03ad1431-0cfb-42b5-8acf-75661c8e2e75 (table: Datapath_Binding) {{(pid=89615) notify /opt/stack/neutron/neutron/plugins/ml2/drivers/ovn/mech_driver/ovsdb/ovsdb_monitor.py:942}}
May 12 17:34:37.185818 np0000000621 devstack@neutron-api.service[89616]: DEBUG neutron.plugins.ml2.drivers.ovn.mech_driver.ovsdb.ovsdb_monitor [-] Hash Ring: Node f36f0695ff0d5498a29c1782defe5cdd (host: np0000000621) handling event "create" for row 03ad1431-0cfb-42b5-8acf-75661c8e2e75 (table: Datapath_Binding) {{(pid=89616) notify /opt/stack/neutron/neutron/plugins/ml2/drivers/ovn/mech_driver/ovsdb/ovsdb_monitor.py:942}}
May 12 17:34:37.201143 np0000000621 devstack@neutron-api.service[89616]: INFO neutron.db.ovn_revision_numbers_db [None req-b984e013-86de-494c-89b6-a7b691ef9283 admin admin] Successfully bumped revision number for resource 2551d778-000d-42e0-abee-1d6f95a71a7f (type: networks) to 1
May 12 17:34:37.248413 np0000000621 devstack@neutron-api.service[89616]: DEBUG neutron_lib.callbacks.manager [None req-b984e013-86de-494c-89b6-a7b691ef9283 admin admin] Publish callbacks ['neutron.plugins.ml2.plugin.SecurityGroupDbMixin._ensure_default_security_group_handler-330582'] for port (None), before_create {{(pid=89616) _notify_loop /opt/stack/data/venv/lib/python3.12/site-packages/neutron_lib/callbacks/manager.py:184}}
May 12 17:34:37.336819 np0000000621 devstack@neutron-api.service[89616]: DEBUG neutron_lib.callbacks.manager [None req-b984e013-86de-494c-89b6-a7b691ef9283 admin admin] Publish callbacks ['neutron.plugins.ml2.drivers.ovn.mech_driver.mech_driver.OVNMechanismDriver._validate_allowed_address_pairs-1892568'] for allowed_address_pair (76c2ca0d-9bc5-4463-b1fe-8cc8817b5ba4), before_create {{(pid=89616) _notify_loop /opt/stack/data/venv/lib/python3.12/site-packages/neutron_lib/callbacks/manager.py:184}}
May 12 17:34:37.337322 np0000000621 devstack@neutron-api.service[89616]: DEBUG neutron_lib.callbacks.manager [None req-b984e013-86de-494c-89b6-a7b691ef9283 admin admin] Publish callbacks [] for port (76c2ca0d-9bc5-4463-b1fe-8cc8817b5ba4), precommit_create {{(pid=89616) _notify_loop /opt/stack/data/venv/lib/python3.12/site-packages/neutron_lib/callbacks/manager.py:184}}
May 12 17:34:37.337519 np0000000621 devstack@neutron-api.service[89616]: DEBUG neutron.plugins.ml2.drivers.ovn.mech_driver.mech_driver [None req-b984e013-86de-494c-89b6-a7b691ef9283 admin admin] No provisioning block for port 76c2ca0d-9bc5-4463-b1fe-8cc8817b5ba4 since it does not have a host {{(pid=89616) _is_port_provisioning_required /opt/stack/neutron/neutron/plugins/ml2/drivers/ovn/mech_driver/mech_driver.py:894}}
May 12 17:34:37.337667 np0000000621 devstack@neutron-api.service[89616]: DEBUG neutron.db.ovn_revision_numbers_db [None req-b984e013-86de-494c-89b6-a7b691ef9283 admin admin] create_initial_revision uuid=76c2ca0d-9bc5-4463-b1fe-8cc8817b5ba4, type=ports, rev=-1 {{(pid=89616) create_initial_revision /opt/stack/neutron/neutron/db/ovn_revision_numbers_db.py:98}}
May 12 17:34:37.388459 np0000000621 devstack@neutron-api.service[89616]: DEBUG neutron_lib.callbacks.manager [None req-b984e013-86de-494c-89b6-a7b691ef9283 admin admin] Publish callbacks ['neutron.plugins.ml2.ovo_rpc._ObjectChangeHandler.handle_event-15238562'] for port (76c2ca0d-9bc5-4463-b1fe-8cc8817b5ba4), after_create {{(pid=89616) _notify_loop /opt/stack/data/venv/lib/python3.12/site-packages/neutron_lib/callbacks/manager.py:184}}
May 12 17:34:37.452344 np0000000621 devstack@neutron-api.service[89616]: DEBUG neutron.api.rpc.handlers.resources_rpc [None req-b984e013-86de-494c-89b6-a7b691ef9283 admin admin] Pushing event updated for resources: {'Port': ['ID=76c2ca0d-9bc5-4463-b1fe-8cc8817b5ba4,revision_number=1']} {{(pid=89616) push /opt/stack/neutron/neutron/api/rpc/handlers/resources_rpc.py:237}}
May 12 17:34:37.485810 np0000000621 devstack@neutron-api.service[89616]: DEBUG ovsdbapp.backend.ovs_idl.transaction [-] Running txn n=1 command(idx=0): AddLSwitchPortCommand(_result=None, lport=76c2ca0d-9bc5-4463-b1fe-8cc8817b5ba4, lswitch=neutron-2551d778-000d-42e0-abee-1d6f95a71a7f, may_exist=True, network_uuid=2551d778-000d-42e0-abee-1d6f95a71a7f, columns={'addresses': ['fa:16:3e:84:d1:12'], 'external_ids': {'neutron:port_name': '', 'neutron:device_id': 'ovnmeta-2551d778-000d-42e0-abee-1d6f95a71a7f', 'neutron:project_id': '321d817f521e4e888ff30e25e0d233f2', 'neutron:cidrs': '', 'neutron:device_owner': 'network:distributed', 'neutron:subnet_pool_addr_scope4': '', 'neutron:subnet_pool_addr_scope6': '', 'neutron:network_name': 'neutron-2551d778-000d-42e0-abee-1d6f95a71a7f', 'neutron:security_group_ids': '', 'neutron:revision_number': '1', 'neutron:vnic_type': 'normal', 'neutron:port_capabilities': '', 'neutron:mtu': ''}, 'parent_name': [], 'tag': [], 'enabled': True, 'options': {}, 'type': 'localport', 'port_security': [], 'dhcpv4_options': [], 'dhcpv6_options': []}) {{(pid=89616) do_commit /opt/stack/data/venv/lib/python3.12/site-packages/ovsdbapp/backend/ovs_idl/transaction.py:89}}
May 12 17:34:37.486341 np0000000621 devstack@neutron-api.service[89616]: DEBUG ovsdbapp.backend.ovs_idl.transaction [-] Running txn n=1 command(idx=1): QoSDelCommand(_result=None, switch=neutron-2551d778-000d-42e0-abee-1d6f95a71a7f, conditions=[('direction', '=', 'to-lport'), ('priority', '=', 2002), ('match', '=', 'outport == "76c2ca0d-9bc5-4463-b1fe-8cc8817b5ba4"')], if_exists=True) {{(pid=89616) do_commit /opt/stack/data/venv/lib/python3.12/site-packages/ovsdbapp/backend/ovs_idl/transaction.py:89}}
May 12 17:34:37.486595 np0000000621 devstack@neutron-api.service[89616]: DEBUG ovsdbapp.backend.ovs_idl.transaction [-] Running txn n=1 command(idx=2): QoSDelCommand(_result=None, switch=neutron-2551d778-000d-42e0-abee-1d6f95a71a7f, conditions=[('direction', '=', 'from-lport'), ('priority', '=', 2002), ('match', '=', 'inport == "76c2ca0d-9bc5-4463-b1fe-8cc8817b5ba4"')], if_exists=True) {{(pid=89616) do_commit /opt/stack/data/venv/lib/python3.12/site-packages/ovsdbapp/backend/ovs_idl/transaction.py:89}}
May 12 17:34:37.489259 np0000000621 devstack@neutron-api.service[89616]: DEBUG neutron.plugins.ml2.drivers.ovn.mech_driver.ovsdb.ovsdb_monitor [-] Hash Ring: Node f36f0695ff0d5498a29c1782defe5cdd (host: np0000000621) handling event "update" for row 2551d778-000d-42e0-abee-1d6f95a71a7f (table: Logical_Switch) {{(pid=89616) notify /opt/stack/neutron/neutron/plugins/ml2/drivers/ovn/mech_driver/ovsdb/ovsdb_monitor.py:942}}
May 12 17:34:37.489441 np0000000621 devstack@neutron-api.service[89616]: DEBUG neutron.plugins.ml2.drivers.ovn.mech_driver.ovsdb.ovsdb_monitor [-] Hash Ring: Node f36f0695ff0d5498a29c1782defe5cdd (host: np0000000621) handling event "create" for row 6d684e60-2397-4a6e-8d0c-5bbf4f82a69f (table: Logical_Switch_Port) {{(pid=89616) notify /opt/stack/neutron/neutron/plugins/ml2/drivers/ovn/mech_driver/ovsdb/ovsdb_monitor.py:942}}
May 12 17:34:37.489858 np0000000621 devstack@neutron-api.service[89615]: DEBUG neutron.plugins.ml2.drivers.ovn.mech_driver.ovsdb.ovsdb_monitor [-] Hash Ring: Node 0f0a2f6b135b5802a3fb8ef215ded294 (host: np0000000621) handling event "create" for row 6d684e60-2397-4a6e-8d0c-5bbf4f82a69f (table: Logical_Switch_Port) {{(pid=89615) notify /opt/stack/neutron/neutron/plugins/ml2/drivers/ovn/mech_driver/ovsdb/ovsdb_monitor.py:942}}
May 12 17:34:37.490747 np0000000621 devstack@neutron-api.service[89615]: DEBUG ovsdbapp.backend.ovs_idl.event [-] Matched CREATE: LogicalSwitchPortCreateEvent(events=('create',), table='Logical_Switch_Port', conditions=[], old_conditions=None), priority=20 to row=Logical_Switch_Port(uuid=6d684e60-2397-4a6e-8d0c-5bbf4f82a69f, addresses=['fa:16:3e:84:d1:12'], dhcpv4_options=[], dhcpv6_options=[], dynamic_addresses=[], enabled=True, external_ids={'neutron:cidrs': '', 'neutron:device_id': 'ovnmeta-2551d778-000d-42e0-abee-1d6f95a71a7f', 'neutron:device_owner': 'network:distributed', 'neutron:mtu': '', 'neutron:network_name': 'neutron-2551d778-000d-42e0-abee-1d6f95a71a7f', 'neutron:port_capabilities': '', 'neutron:port_name': '', 'neutron:project_id': '321d817f521e4e888ff30e25e0d233f2', 'neutron:revision_number': '1', 'neutron:security_group_ids': '', 'neutron:subnet_pool_addr_scope4': '', 'neutron:subnet_pool_addr_scope6': '', 'neutron:vnic_type': 'normal'}, ha_chassis_group=[], mirror_rules=[], name='76c2ca0d-9bc5-4463-b1fe-8cc8817b5ba4', options={}, parent_name=[], port_security=[], tag=[], tag_request=[], type='localport', up=[]) old= {{(pid=89615) matches /opt/stack/data/venv/lib/python3.12/site-packages/ovsdbapp/backend/ovs_idl/event.py:55}}
May 12 17:34:37.491028 np0000000621 devstack@neutron-api.service[89616]: DEBUG ovsdbapp.backend.ovs_idl.event [-] Matched CREATE: LogicalSwitchPortCreateEvent(events=('create',), table='Logical_Switch_Port', conditions=[], old_conditions=None), priority=20 to row=Logical_Switch_Port(uuid=6d684e60-2397-4a6e-8d0c-5bbf4f82a69f, addresses=['fa:16:3e:84:d1:12'], dhcpv4_options=[], dhcpv6_options=[], dynamic_addresses=[], enabled=True, external_ids={'neutron:cidrs': '', 'neutron:device_id': 'ovnmeta-2551d778-000d-42e0-abee-1d6f95a71a7f', 'neutron:device_owner': 'network:distributed', 'neutron:mtu': '', 'neutron:network_name': 'neutron-2551d778-000d-42e0-abee-1d6f95a71a7f', 'neutron:port_capabilities': '', 'neutron:port_name': '', 'neutron:project_id': '321d817f521e4e888ff30e25e0d233f2', 'neutron:revision_number': '1', 'neutron:security_group_ids': '', 'neutron:subnet_pool_addr_scope4': '', 'neutron:subnet_pool_addr_scope6': '', 'neutron:vnic_type': 'normal'}, ha_chassis_group=[], mirror_rules=[], name='76c2ca0d-9bc5-4463-b1fe-8cc8817b5ba4', options={}, parent_name=[], port_security=[], tag=[], tag_request=[], type='localport', up=[]) old= {{(pid=89616) matches /opt/stack/data/venv/lib/python3.12/site-packages/ovsdbapp/backend/ovs_idl/event.py:55}}
May 12 17:34:37.491540 np0000000621 devstack@neutron-api.service[89615]: INFO neutron.plugins.ml2.drivers.ovn.mech_driver.mech_driver [-] OVN reports status down for port: 76c2ca0d-9bc5-4463-b1fe-8cc8817b5ba4
May 12 17:34:37.491763 np0000000621 devstack@neutron-api.service[89616]: INFO neutron.plugins.ml2.drivers.ovn.mech_driver.mech_driver [-] OVN reports status down for port: 76c2ca0d-9bc5-4463-b1fe-8cc8817b5ba4
May 12 17:34:37.492709 np0000000621 devstack@neutron-api.service[89615]: DEBUG neutron.plugins.ml2.drivers.ovn.mech_driver.ovsdb.ovsdb_monitor [-] Hash Ring: Node 0f0a2f6b135b5802a3fb8ef215ded294 (host: np0000000621) handling event "update" for row 6d684e60-2397-4a6e-8d0c-5bbf4f82a69f (table: Logical_Switch_Port) {{(pid=89615) notify /opt/stack/neutron/neutron/plugins/ml2/drivers/ovn/mech_driver/ovsdb/ovsdb_monitor.py:942}}
May 12 17:34:37.493521 np0000000621 devstack@neutron-api.service[89616]: DEBUG neutron.plugins.ml2.drivers.ovn.mech_driver.ovsdb.ovsdb_monitor [-] Hash Ring: Node f36f0695ff0d5498a29c1782defe5cdd (host: np0000000621) handling event "create" for row 05525d50-6040-4229-b81d-8ef3c9a9648e (table: Port_Binding) {{(pid=89616) notify /opt/stack/neutron/neutron/plugins/ml2/drivers/ovn/mech_driver/ovsdb/ovsdb_monitor.py:942}}
May 12 17:34:37.493936 np0000000621 devstack@neutron-api.service[89616]: DEBUG neutron.plugins.ml2.drivers.ovn.mech_driver.ovsdb.ovsdb_monitor [-] Hash Ring: Node f36f0695ff0d5498a29c1782defe5cdd (host: np0000000621) handling event "update" for row 6d684e60-2397-4a6e-8d0c-5bbf4f82a69f (table: Logical_Switch_Port) {{(pid=89616) notify /opt/stack/neutron/neutron/plugins/ml2/drivers/ovn/mech_driver/ovsdb/ovsdb_monitor.py:942}}
May 12 17:34:37.552136 np0000000621 devstack@neutron-api.service[89615]: DEBUG neutron.db.provisioning_blocks [None req-8b2a3287-f79c-4517-a39a-5f1615b2b63e None None] Transition to ACTIVE for port object 76c2ca0d-9bc5-4463-b1fe-8cc8817b5ba4 will not be triggered until provisioned by entity L2. {{(pid=89615) add_provisioning_component /opt/stack/neutron/neutron/db/provisioning_blocks.py:74}}
May 12 17:34:37.568831 np0000000621 devstack@neutron-api.service[89616]: INFO neutron.db.ovn_revision_numbers_db [None req-b984e013-86de-494c-89b6-a7b691ef9283 admin admin] Successfully bumped revision number for resource 76c2ca0d-9bc5-4463-b1fe-8cc8817b5ba4 (type: ports) to 1
May 12 17:34:37.569911 np0000000621 devstack@neutron-api.service[89616]: DEBUG neutron.db.provisioning_blocks [None req-a0070c8b-6405-4c78-bbe8-72912facd25f None None] Ignored duplicate provisioning block setup for port 76c2ca0d-9bc5-4463-b1fe-8cc8817b5ba4 by entity L2. {{(pid=89616) add_provisioning_component /opt/stack/neutron/neutron/db/provisioning_blocks.py:69}}
May 12 17:34:37.589858 np0000000621 devstack@neutron-api.service[89615]: DEBUG neutron.plugins.ml2.plugin [None req-8b2a3287-f79c-4517-a39a-5f1615b2b63e None None] Current status of the port 76c2ca0d-9bc5-4463-b1fe-8cc8817b5ba4 is: DOWN; New status is: DOWN {{(pid=89615) _update_individual_port_db_status /opt/stack/neutron/neutron/plugins/ml2/plugin.py:2466}}
May 12 17:34:37.590510 np0000000621 devstack@neutron-api.service[89615]: INFO neutron.plugins.ml2.drivers.ovn.mech_driver.ovsdb.extensions.qos [None req-8b2a3287-f79c-4517-a39a-5f1615b2b63e None None] Starting OVNClientQosExtension
May 12 17:34:37.590664 np0000000621 devstack@neutron-api.service[89615]: INFO neutron.plugins.ml2.drivers.ovn.mech_driver.ovsdb.extensions.placement [None req-8b2a3287-f79c-4517-a39a-5f1615b2b63e None None] Starting OVNClientPlacementExtension
May 12 17:34:37.591980 np0000000621 devstack@neutron-api.service[89615]: DEBUG ovsdbapp.backend.ovs_idl.transaction [-] Running txn n=1 command(idx=0): DbRemoveCommand(_result=None, table=Logical_Switch_Port, record=76c2ca0d-9bc5-4463-b1fe-8cc8817b5ba4, column=external_ids, values=('neutron:host_id',), keyvalues={}, if_exists=True) {{(pid=89615) do_commit /opt/stack/data/venv/lib/python3.12/site-packages/ovsdbapp/backend/ovs_idl/transaction.py:89}}
May 12 17:34:37.592037 np0000000621 devstack@neutron-api.service[89616]: DEBUG neutron.pecan_wsgi.hooks.policy_enforcement [None req-b984e013-86de-494c-89b6-a7b691ef9283 admin admin] Attributes excluded by policy engine: ['standard_attr_id'] {{(pid=89616) _exclude_attributes_by_policy /opt/stack/neutron/neutron/pecan_wsgi/hooks/policy_enforcement.py:256}}
May 12 17:34:37.592261 np0000000621 devstack@neutron-api.service[89616]: DEBUG neutron_lib.callbacks.manager [None req-b984e013-86de-494c-89b6-a7b691ef9283 admin admin] Publish callbacks [] for network (None), before_response {{(pid=89616) _notify_loop /opt/stack/data/venv/lib/python3.12/site-packages/neutron_lib/callbacks/manager.py:184}}
May 12 17:34:37.616405 np0000000621 devstack@neutron-api.service[89616]: [pid: 89616|app: 0|req: 3/5] 10.4.3.12 () {68 vars in 1319 bytes} [Tue May 12 17:34:36 2026] POST /networking/v2.0/networks => generated 681 bytes in 1374 msecs (HTTP/1.1 201) 4 headers in 162 bytes (1 switches on core 0)
May 12 17:34:37.618540 np0000000621 devstack@neutron-api.service[89616]: DEBUG neutron.plugins.ml2.plugin [None req-a0070c8b-6405-4c78-bbe8-72912facd25f None None] Current status of the port 76c2ca0d-9bc5-4463-b1fe-8cc8817b5ba4 is: DOWN; New status is: DOWN {{(pid=89616) _update_individual_port_db_status /opt/stack/neutron/neutron/plugins/ml2/plugin.py:2466}}
May 12 17:34:37.619861 np0000000621 devstack@neutron-api.service[89616]: DEBUG ovsdbapp.backend.ovs_idl.transaction [-] Running txn n=1 command(idx=0): DbRemoveCommand(_result=None, table=Logical_Switch_Port, record=76c2ca0d-9bc5-4463-b1fe-8cc8817b5ba4, column=external_ids, values=('neutron:host_id',), keyvalues={}, if_exists=True) {{(pid=89616) do_commit /opt/stack/data/venv/lib/python3.12/site-packages/ovsdbapp/backend/ovs_idl/transaction.py:89}}
May 12 17:34:37.936205 np0000000621 devstack@neutron-api.service[89617]: DEBUG neutron.pecan_wsgi.hooks.policy_enforcement [None req-200eb41d-4d6e-4e53-b229-8b1d216afe28 admin admin] Attributes excluded by policy engine: ['standard_attr_id'] {{(pid=89617) _exclude_attributes_by_policy /opt/stack/neutron/neutron/pecan_wsgi/hooks/policy_enforcement.py:256}}
May 12 17:34:37.936919 np0000000621 devstack@neutron-api.service[89617]: [pid: 89617|app: 0|req: 2/6] 10.4.3.12 () {64 vars in 1377 bytes} [Tue May 12 17:34:37 2026] GET /networking/v2.0/networks/2551d778-000d-42e0-abee-1d6f95a71a7f => generated 662 bytes in 59 msecs (HTTP/1.1 200) 4 headers in 157 bytes (1 switches on core 0)
May 12 17:34:37.947428 np0000000621 devstack@neutron-api.service[89615]: DEBUG neutron.api.wsgi [None req-47e9839b-15e6-48d8-ad1c-d8a0e35a9a0e admin admin] Missing Content-Type {{(pid=89615) get_content_type /opt/stack/neutron/neutron/api/wsgi.py:80}}
May 12 17:34:37.955798 np0000000621 devstack@neutron-api.service[89615]: [pid: 89615|app: 0|req: 2/7] 10.4.3.12 () {64 vars in 1386 bytes} [Tue May 12 17:34:37 2026] GET /networking/v2.0/subnetpools/6774e47b-8dcb-4233-8e59-ec477a63338a => generated 533 bytes in 11 msecs (HTTP/1.1 200) 4 headers in 157 bytes (1 switches on core 0)
May 12 17:34:37.967600 np0000000621 devstack@neutron-api.service[89616]: DEBUG neutron.api.v2.base [None req-b316ba9f-10be-4c90-b6a3-0e0053176044 admin admin] Request body: {'subnet': {'subnetpool_id': '6774e47b-8dcb-4233-8e59-ec477a63338a', 'ip_version': 4, 'network_id': '2551d778-000d-42e0-abee-1d6f95a71a7f', 'gateway_ip': '10.1.0.1', 'name': 'private-subnet'}} {{(pid=89616) prepare_request_body /opt/stack/neutron/neutron/api/v2/base.py:727}}
May 12 17:34:37.982265 np0000000621 devstack@neutron-api.service[89616]: DEBUG neutron.pecan_wsgi.hooks.quota_enforcement [None req-b316ba9f-10be-4c90-b6a3-0e0053176044 admin admin] Made reservation on behalf of 321d817f521e4e888ff30e25e0d233f2 for: {'subnet': 1} {{(pid=89616) before /opt/stack/neutron/neutron/pecan_wsgi/hooks/quota_enforcement.py:66}}
May 12 17:34:37.985593 np0000000621 devstack@neutron-api.service[89616]: DEBUG neutron_lib.callbacks.manager [None req-b316ba9f-10be-4c90-b6a3-0e0053176044 admin admin] Publish callbacks [] for subnet (None), before_create {{(pid=89616) _notify_loop /opt/stack/data/venv/lib/python3.12/site-packages/neutron_lib/callbacks/manager.py:184}}
May 12 17:34:38.113827 np0000000621 devstack@neutron-api.service[89616]: DEBUG neutron.db.ovn_revision_numbers_db [None req-b316ba9f-10be-4c90-b6a3-0e0053176044 admin admin] create_initial_revision uuid=ee3d695d-158a-4e61-872a-be7c96d71fad, type=subnets, rev=-1 {{(pid=89616) create_initial_revision /opt/stack/neutron/neutron/db/ovn_revision_numbers_db.py:98}}
May 12 17:34:38.118669 np0000000621 devstack@neutron-api.service[89616]: DEBUG neutron_lib.callbacks.manager [None req-b316ba9f-10be-4c90-b6a3-0e0053176044 admin admin] Publish callbacks ['neutron.plugins.ml2.ovo_rpc._ObjectChangeHandler.handle_event-15238577'] for subnet (ee3d695d-158a-4e61-872a-be7c96d71fad), after_create {{(pid=89616) _notify_loop /opt/stack/data/venv/lib/python3.12/site-packages/neutron_lib/callbacks/manager.py:184}}
May 12 17:34:38.135443 np0000000621 devstack@neutron-api.service[89616]: DEBUG neutron.api.rpc.handlers.resources_rpc [None req-b316ba9f-10be-4c90-b6a3-0e0053176044 admin admin] Pushing event updated for resources: {'Subnet': ['ID=ee3d695d-158a-4e61-872a-be7c96d71fad,revision_number=0']} {{(pid=89616) push /opt/stack/neutron/neutron/api/rpc/handlers/resources_rpc.py:237}}
May 12 17:34:38.437032 np0000000621 devstack@neutron-api.service[89616]: DEBUG neutron_lib.callbacks.manager [None req-b316ba9f-10be-4c90-b6a3-0e0053176044 admin admin] Publish callbacks ['neutron.plugins.ml2.plugin.SecurityGroupDbMixin._ensure_default_security_group_handler-330582', 'neutron.services.ovn_l3.plugin.OVNL3RouterPlugin._port_update-7998461751256', 'neutron.db.l3_db.L3_NAT_dbonly_mixin._prevent_internal_ip_change_for_fip-7998463340658'] for port (76c2ca0d-9bc5-4463-b1fe-8cc8817b5ba4), before_update {{(pid=89616) _notify_loop /opt/stack/data/venv/lib/python3.12/site-packages/neutron_lib/callbacks/manager.py:184}}
May 12 17:34:38.526127 np0000000621 devstack@neutron-api.service[89616]: DEBUG neutron.db.db_base_plugin_common [None req-b316ba9f-10be-4c90-b6a3-0e0053176044 admin admin] Allocated IP 10.1.0.2 (2551d778-000d-42e0-abee-1d6f95a71a7f/ee3d695d-158a-4e61-872a-be7c96d71fad/76c2ca0d-9bc5-4463-b1fe-8cc8817b5ba4) {{(pid=89616) _store_ip_allocation /opt/stack/neutron/neutron/db/db_base_plugin_common.py:131}}
May 12 17:34:38.612274 np0000000621 devstack@neutron-api.service[89616]: DEBUG neutron_lib.callbacks.manager [None req-b316ba9f-10be-4c90-b6a3-0e0053176044 admin admin] Publish callbacks [] for port (76c2ca0d-9bc5-4463-b1fe-8cc8817b5ba4), precommit_update {{(pid=89616) _notify_loop /opt/stack/data/venv/lib/python3.12/site-packages/neutron_lib/callbacks/manager.py:184}}
May 12 17:34:38.612425 np0000000621 devstack@neutron-api.service[89616]: DEBUG neutron.plugins.ml2.drivers.ovn.mech_driver.mech_driver [None req-b316ba9f-10be-4c90-b6a3-0e0053176044 admin admin] No provisioning block for port 76c2ca0d-9bc5-4463-b1fe-8cc8817b5ba4 since it does not have a host {{(pid=89616) _is_port_provisioning_required /opt/stack/neutron/neutron/plugins/ml2/drivers/ovn/mech_driver/mech_driver.py:894}}
May 12 17:34:38.621156 np0000000621 devstack@neutron-api.service[89616]: DEBUG neutron_lib.callbacks.manager [None req-b316ba9f-10be-4c90-b6a3-0e0053176044 admin admin] Publish callbacks ['neutron.plugins.ml2.ovo_rpc._ObjectChangeHandler.handle_event-15238562', 'neutron.db.l3_db.L3RpcNotifierMixin._notify_gateway_port_ip_changed-7998463345604', 'neutron.services.ovn_l3.plugin.OVNL3RouterPlugin._port_update-7998461751256'] for port (76c2ca0d-9bc5-4463-b1fe-8cc8817b5ba4), after_update {{(pid=89616) _notify_loop /opt/stack/data/venv/lib/python3.12/site-packages/neutron_lib/callbacks/manager.py:184}}
May 12 17:34:38.644157 np0000000621 devstack@neutron-api.service[89616]: DEBUG neutron.api.rpc.handlers.resources_rpc [None req-b316ba9f-10be-4c90-b6a3-0e0053176044 admin admin] Pushing event updated for resources: {'Port': ['ID=76c2ca0d-9bc5-4463-b1fe-8cc8817b5ba4,revision_number=2']} {{(pid=89616) push /opt/stack/neutron/neutron/api/rpc/handlers/resources_rpc.py:237}}
May 12 17:34:38.755051 np0000000621 devstack@neutron-api.service[89616]: DEBUG ovsdbapp.backend.ovs_idl.transaction [-] Running txn n=1 command(idx=0): CheckRevisionNumberCommand(_result=None, name=76c2ca0d-9bc5-4463-b1fe-8cc8817b5ba4, resource={'id': '76c2ca0d-9bc5-4463-b1fe-8cc8817b5ba4', 'name': '', 'network_id': '2551d778-000d-42e0-abee-1d6f95a71a7f', 'project_id': '321d817f521e4e888ff30e25e0d233f2', 'mac_address': 'fa:16:3e:84:d1:12', 'admin_state_up': True, 'status': 'DOWN', 'device_id': 'ovnmeta-2551d778-000d-42e0-abee-1d6f95a71a7f', 'device_owner': 'network:distributed', 'standard_attr_id': 14, 'fixed_ips': [{'subnet_id': 'ee3d695d-158a-4e61-872a-be7c96d71fad', 'ip_address': '10.1.0.2'}], 'allowed_address_pairs': [], 'extra_dhcp_opts': [], 'security_groups': [], 'description': '', 'binding:vnic_type': 'normal', 'binding:profile': {}, 'binding:host_id': '', 'binding:vif_type': 'unbound', 'binding:vif_details': {}, 'port_security_enabled': False, 'tags': [], 'created_at': '2026-05-12T17:34:37Z', 'updated_at': '2026-05-12T17:34:38Z', 'revision_number': 2, 'tenant_id': '321d817f521e4e888ff30e25e0d233f2', 'network': {'id': '2551d778-000d-42e0-abee-1d6f95a71a7f', 'name': 'private', 'tenant_id': '321d817f521e4e888ff30e25e0d233f2', 'project_id': '321d817f521e4e888ff30e25e0d233f2', 'admin_state_up': True, 'mtu': 1372, 'status': 'ACTIVE', 'subnets': ['ee3d695d-158a-4e61-872a-be7c96d71fad'], 'standard_attr_id': 12, 'shared': False, 'availability_zone_hints': [], 'availability_zones': [], 'ipv4_address_scope': None, 'ipv6_address_scope': None, 'router:external': False, 'qinq': False, 'vlan_transparent': False, 'description': '', 'port_security_enabled': True, 'tags': [], 'created_at': '2026-05-12T17:34:36Z', 'updated_at': '2026-05-12T17:34:38Z', 'revision_number': 2, 'provider:network_type': 'geneve', 'provider:physical_network': None, 'provider:segmentation_id': 48395}}, resource_type=ports, if_exists=True) {{(pid=89616) do_commit /opt/stack/data/venv/lib/python3.12/site-packages/ovsdbapp/backend/ovs_idl/transaction.py:89}}
May 12 17:34:38.755364 np0000000621 devstack@neutron-api.service[89616]: DEBUG ovsdbapp.backend.ovs_idl.transaction [-] Running txn n=1 command(idx=1): AddDHCPOptionsCommand(_result=None, columns={'cidr': '10.1.0.0/26', 'options': {'server_id': '10.1.0.1', 'lease_time': '43200', 'mtu': '1372', 'router': '10.1.0.1', 'server_mac': 'fa:16:3e:55:f0:81', 'dns_server': '{127.0.0.53}', 'classless_static_route': '{169.254.169.254/32,10.1.0.2, 0.0.0.0/0,10.1.0.1}'}, 'external_ids': {'subnet_id': 'ee3d695d-158a-4e61-872a-be7c96d71fad', 'neutron:network_id': '2551d778-000d-42e0-abee-1d6f95a71a7f', 'neutron:revision_number': '0'}}, may_exist=True, subnet_id=ee3d695d-158a-4e61-872a-be7c96d71fad, port_id=None, new_insert=False) {{(pid=89616) do_commit /opt/stack/data/venv/lib/python3.12/site-packages/ovsdbapp/backend/ovs_idl/transaction.py:89}}
May 12 17:34:38.755681 np0000000621 devstack@neutron-api.service[89616]: DEBUG ovsdbapp.backend.ovs_idl.transaction [-] Running txn n=1 command(idx=2): SetLSwitchPortCommand(_result=None, lport=76c2ca0d-9bc5-4463-b1fe-8cc8817b5ba4, external_ids_update=None, columns={'external_ids': {'neutron:port_name': '', 'neutron:device_id': 'ovnmeta-2551d778-000d-42e0-abee-1d6f95a71a7f', 'neutron:project_id': '321d817f521e4e888ff30e25e0d233f2', 'neutron:cidrs': '10.1.0.2/26', 'neutron:device_owner': 'network:distributed', 'neutron:subnet_pool_addr_scope4': '', 'neutron:subnet_pool_addr_scope6': '', 'neutron:network_name': 'neutron-2551d778-000d-42e0-abee-1d6f95a71a7f', 'neutron:security_group_ids': '', 'neutron:revision_number': '2', 'neutron:vnic_type': 'normal', 'neutron:port_capabilities': '', 'neutron:mtu': ''}, 'parent_name': [], 'tag': [], 'options': {}, 'enabled': True, 'port_security': [], 'dhcpv4_options': [], 'dhcpv6_options': [], 'type': 'localport', 'addresses': ['fa:16:3e:84:d1:12 10.1.0.2'], 'ha_chassis_group': []}, if_exists=False) {{(pid=89616) do_commit /opt/stack/data/venv/lib/python3.12/site-packages/ovsdbapp/backend/ovs_idl/transaction.py:89}}
May 12 17:34:38.756510 np0000000621 devstack@neutron-api.service[89616]: DEBUG ovsdbapp.backend.ovs_idl.transaction [-] Running txn n=1 command(idx=3): PgDelPortCommand(_result=None, port_group=neutron_pg_drop, lsp=['76c2ca0d-9bc5-4463-b1fe-8cc8817b5ba4'], if_exists=False) {{(pid=89616) do_commit /opt/stack/data/venv/lib/python3.12/site-packages/ovsdbapp/backend/ovs_idl/transaction.py:89}}
May 12 17:34:38.760045 np0000000621 devstack@neutron-api.service[89616]: DEBUG neutron.plugins.ml2.drivers.ovn.mech_driver.ovsdb.ovsdb_monitor [-] Hash Ring: Node f36f0695ff0d5498a29c1782defe5cdd (host: np0000000621) handling event "create" for row fdae4dfa-b6e0-4e02-a829-41a18aaa60ff (table: DHCP_Options) {{(pid=89616) notify /opt/stack/neutron/neutron/plugins/ml2/drivers/ovn/mech_driver/ovsdb/ovsdb_monitor.py:942}}
May 12 17:34:38.760200 np0000000621 devstack@neutron-api.service[89617]: DEBUG neutron.plugins.ml2.drivers.ovn.mech_driver.ovsdb.ovsdb_monitor [-] Hash Ring: Node 1f2eee3e6f8f5a1288b85580b050db16 (host: np0000000621) handling event "create" for row fdae4dfa-b6e0-4e02-a829-41a18aaa60ff (table: DHCP_Options) {{(pid=89617) notify /opt/stack/neutron/neutron/plugins/ml2/drivers/ovn/mech_driver/ovsdb/ovsdb_monitor.py:942}}
May 12 17:34:38.760313 np0000000621 devstack@neutron-api.service[89616]: DEBUG neutron.plugins.ml2.drivers.ovn.mech_driver.ovsdb.ovsdb_monitor [-] Hash Ring: Node f36f0695ff0d5498a29c1782defe5cdd (host: np0000000621) handling event "update" for row 6d684e60-2397-4a6e-8d0c-5bbf4f82a69f (table: Logical_Switch_Port) {{(pid=89616) notify /opt/stack/neutron/neutron/plugins/ml2/drivers/ovn/mech_driver/ovsdb/ovsdb_monitor.py:942}}
May 12 17:34:38.760401 np0000000621 devstack@neutron-api.service[89615]: DEBUG neutron.plugins.ml2.drivers.ovn.mech_driver.ovsdb.ovsdb_monitor [-] Hash Ring: Node 0f0a2f6b135b5802a3fb8ef215ded294 (host: np0000000621) handling event "update" for row 6d684e60-2397-4a6e-8d0c-5bbf4f82a69f (table: Logical_Switch_Port) {{(pid=89615) notify /opt/stack/neutron/neutron/plugins/ml2/drivers/ovn/mech_driver/ovsdb/ovsdb_monitor.py:942}}
May 12 17:34:38.761921 np0000000621 devstack@neutron-api.service[89616]: DEBUG neutron.plugins.ml2.drivers.ovn.mech_driver.ovsdb.ovsdb_monitor [-] Hash Ring: Node f36f0695ff0d5498a29c1782defe5cdd (host: np0000000621) handling event "update" for row 05525d50-6040-4229-b81d-8ef3c9a9648e (table: Port_Binding) {{(pid=89616) notify /opt/stack/neutron/neutron/plugins/ml2/drivers/ovn/mech_driver/ovsdb/ovsdb_monitor.py:942}}
May 12 17:34:38.789562 np0000000621 devstack@neutron-api.service[89616]: INFO neutron.db.ovn_revision_numbers_db [None req-b316ba9f-10be-4c90-b6a3-0e0053176044 admin admin] Successfully bumped revision number for resource 76c2ca0d-9bc5-4463-b1fe-8cc8817b5ba4 (type: ports) to 2
May 12 17:34:38.800155 np0000000621 devstack@neutron-api.service[89616]: DEBUG neutron.plugins.ml2.plugin [None req-b316ba9f-10be-4c90-b6a3-0e0053176044 admin admin] In _notify_port_updated(), no bound segment for port 76c2ca0d-9bc5-4463-b1fe-8cc8817b5ba4 on network 2551d778-000d-42e0-abee-1d6f95a71a7f {{(pid=89616) _notify_port_updated /opt/stack/neutron/neutron/plugins/ml2/plugin.py:1034}}
May 12 17:34:38.836344 np0000000621 devstack@neutron-api.service[89616]: INFO neutron.db.ovn_revision_numbers_db [None req-b316ba9f-10be-4c90-b6a3-0e0053176044 admin admin] Successfully bumped revision number for resource ee3d695d-158a-4e61-872a-be7c96d71fad (type: subnets) to 0
May 12 17:34:38.837810 np0000000621 devstack@neutron-api.service[89616]: DEBUG neutron.pecan_wsgi.hooks.policy_enforcement [None req-b316ba9f-10be-4c90-b6a3-0e0053176044 admin admin] Attributes excluded by policy engine: ['standard_attr_id', 'shared', 'network'] {{(pid=89616) _exclude_attributes_by_policy /opt/stack/neutron/neutron/pecan_wsgi/hooks/policy_enforcement.py:256}}
May 12 17:34:38.838165 np0000000621 devstack@neutron-api.service[89616]: DEBUG neutron_lib.callbacks.manager [None req-b316ba9f-10be-4c90-b6a3-0e0053176044 admin admin] Publish callbacks [] for subnet (None), before_response {{(pid=89616) _notify_loop /opt/stack/data/venv/lib/python3.12/site-packages/neutron_lib/callbacks/manager.py:184}}
May 12 17:34:38.852076 np0000000621 devstack@neutron-api.service[89616]: [pid: 89616|app: 0|req: 4/8] 10.4.3.12 () {68 vars in 1317 bytes} [Tue May 12 17:34:37 2026] POST /networking/v2.0/subnets => generated 666 bytes in 888 msecs (HTTP/1.1 201) 4 headers in 162 bytes (1 switches on core 0)
May 12 17:34:39.196687 np0000000621 devstack@neutron-api.service[89617]: DEBUG neutron.pecan_wsgi.hooks.policy_enforcement [None req-4dbf76f3-fd46-422f-86b5-493f6731c152 admin admin] Attributes excluded by policy engine: ['standard_attr_id'] {{(pid=89617) _exclude_attributes_by_policy /opt/stack/neutron/neutron/pecan_wsgi/hooks/policy_enforcement.py:256}}
May 12 17:34:39.197640 np0000000621 devstack@neutron-api.service[89617]: [pid: 89617|app: 0|req: 3/9] 10.4.3.12 () {64 vars in 1377 bytes} [Tue May 12 17:34:39 2026] GET /networking/v2.0/networks/2551d778-000d-42e0-abee-1d6f95a71a7f => generated 700 bytes in 40 msecs (HTTP/1.1 200) 4 headers in 157 bytes (1 switches on core 0)
May 12 17:34:39.208092 np0000000621 devstack@neutron-api.service[89615]: DEBUG neutron.api.wsgi [None req-34045b60-f9b4-4cd2-b93d-0e08316ff895 admin admin] Missing Content-Type {{(pid=89615) get_content_type /opt/stack/neutron/neutron/api/wsgi.py:80}}
May 12 17:34:39.216673 np0000000621 devstack@neutron-api.service[89615]: [pid: 89615|app: 0|req: 3/10] 10.4.3.12 () {64 vars in 1386 bytes} [Tue May 12 17:34:39 2026] GET /networking/v2.0/subnetpools/6b76bb66-4f7a-4b7c-a7f2-e8a5f4b26bcb => generated 543 bytes in 11 msecs (HTTP/1.1 200) 4 headers in 157 bytes (1 switches on core 0)
