May 12 17:34:30.597145 np0000000621 neutron-periodic-workers[91611]: DEBUG cotyledon.oslo_config_glue [-] database.pool_timeout = None {{(pid=91611) log_opt_values /opt/stack/data/venv/lib/python3.12/site-packages/oslo_config/cfg.py:3006}}
May 12 17:34:30.597145 np0000000621 neutron-periodic-workers[91611]: DEBUG cotyledon.oslo_config_glue [-] database.retry_interval = 10 {{(pid=91611) log_opt_values /opt/stack/data/venv/lib/python3.12/site-packages/oslo_config/cfg.py:3006}}
May 12 17:34:30.597145 np0000000621 neutron-periodic-workers[91611]: DEBUG cotyledon.oslo_config_glue [-] database.slave_connection = **** {{(pid=91611) log_opt_values /opt/stack/data/venv/lib/python3.12/site-packages/oslo_config/cfg.py:3006}}
May 12 17:34:30.597145 np0000000621 neutron-periodic-workers[91611]: DEBUG cotyledon.oslo_config_glue [-] database.sqlite_synchronous = True {{(pid=91611) log_opt_values /opt/stack/data/venv/lib/python3.12/site-packages/oslo_config/cfg.py:3006}}
May 12 17:34:30.597145 np0000000621 neutron-periodic-workers[91611]: DEBUG cotyledon.oslo_config_glue [-] database.synchronous_reader = True {{(pid=91611) log_opt_values /opt/stack/data/venv/lib/python3.12/site-packages/oslo_config/cfg.py:3006}}
May 12 17:34:30.597145 np0000000621 neutron-periodic-workers[91611]: DEBUG cotyledon.oslo_config_glue [-] database.use_db_reconnect = False {{(pid=91611) log_opt_values /opt/stack/data/venv/lib/python3.12/site-packages/oslo_config/cfg.py:3006}}
May 12 17:34:30.597145 np0000000621 neutron-periodic-workers[91611]: DEBUG cotyledon.oslo_config_glue [-] ovn.bfd_min_rx = 1000 {{(pid=91611) log_opt_values /opt/stack/data/venv/lib/python3.12/site-packages/oslo_config/cfg.py:3006}}
May 12 17:34:30.597145 np0000000621 neutron-periodic-workers[91611]: DEBUG cotyledon.oslo_config_glue [-] ovn.bfd_min_tx = 100 {{(pid=91611) log_opt_values /opt/stack/data/venv/lib/python3.12/site-packages/oslo_config/cfg.py:3006}}
May 12 17:34:30.597145 np0000000621 neutron-periodic-workers[91611]: DEBUG cotyledon.oslo_config_glue [-] ovn.bfd_mult = 3 {{(pid=91611) log_opt_values /opt/stack/data/venv/lib/python3.12/site-packages/oslo_config/cfg.py:3006}}
May 12 17:34:30.597549 np0000000621 neutron-periodic-workers[91611]: DEBUG cotyledon.oslo_config_glue [-] ovn.broadcast_arps_to_all_routers = True {{(pid=91611) log_opt_values /opt/stack/data/venv/lib/python3.12/site-packages/oslo_config/cfg.py:3006}}
May 12 17:34:30.597549 np0000000621 neutron-periodic-workers[91611]: DEBUG cotyledon.oslo_config_glue [-] ovn.dhcp_default_lease_time = 43200 {{(pid=91611) log_opt_values /opt/stack/data/venv/lib/python3.12/site-packages/oslo_config/cfg.py:3006}}
May 12 17:34:30.597549 np0000000621 neutron-periodic-workers[91611]: DEBUG cotyledon.oslo_config_glue [-] ovn.disable_ovn_dhcp_for_baremetal_ports = False {{(pid=91611) log_opt_values /opt/stack/data/venv/lib/python3.12/site-packages/oslo_config/cfg.py:3006}}
May 12 17:34:30.597549 np0000000621 neutron-periodic-workers[91611]: DEBUG cotyledon.oslo_config_glue [-] ovn.dns_records_ovn_owned = False {{(pid=91611) log_opt_values /opt/stack/data/venv/lib/python3.12/site-packages/oslo_config/cfg.py:3006}}
May 12 17:34:30.597549 np0000000621 neutron-periodic-workers[91611]: DEBUG cotyledon.oslo_config_glue [-] ovn.dns_servers = [] {{(pid=91611) log_opt_values /opt/stack/data/venv/lib/python3.12/site-packages/oslo_config/cfg.py:3006}}
May 12 17:34:30.597549 np0000000621 neutron-periodic-workers[91611]: DEBUG cotyledon.oslo_config_glue [-] ovn.enable_distributed_floating_ip = False {{(pid=91611) log_opt_values /opt/stack/data/venv/lib/python3.12/site-packages/oslo_config/cfg.py:3006}}
May 12 17:34:30.597549 np0000000621 neutron-periodic-workers[91611]: DEBUG cotyledon.oslo_config_glue [-] ovn.fdb_age_threshold = 300 {{(pid=91611) log_opt_values /opt/stack/data/venv/lib/python3.12/site-packages/oslo_config/cfg.py:3006}}
May 12 17:34:30.597549 np0000000621 neutron-periodic-workers[91611]: DEBUG cotyledon.oslo_config_glue [-] ovn.ha_failover_strategy = normal {{(pid=91611) log_opt_values /opt/stack/data/venv/lib/python3.12/site-packages/oslo_config/cfg.py:3006}}
May 12 17:34:30.597549 np0000000621 neutron-periodic-workers[91611]: DEBUG cotyledon.oslo_config_glue [-] ovn.live_migration_activation_strategy = rarp {{(pid=91611) log_opt_values /opt/stack/data/venv/lib/python3.12/site-packages/oslo_config/cfg.py:3006}}
May 12 17:34:30.597954 np0000000621 neutron-periodic-workers[91611]: DEBUG cotyledon.oslo_config_glue [-] ovn.localnet_learn_fdb = False {{(pid=91611) log_opt_values /opt/stack/data/venv/lib/python3.12/site-packages/oslo_config/cfg.py:3006}}
May 12 17:34:30.597954 np0000000621 neutron-periodic-workers[91611]: DEBUG cotyledon.oslo_config_glue [-] ovn.mac_binding_age_threshold = 300 {{(pid=91611) log_opt_values /opt/stack/data/venv/lib/python3.12/site-packages/oslo_config/cfg.py:3006}}
May 12 17:34:30.597954 np0000000621 neutron-periodic-workers[91611]: DEBUG cotyledon.oslo_config_glue [-] ovn.neutron_sync_mode = log {{(pid=91611) log_opt_values /opt/stack/data/venv/lib/python3.12/site-packages/oslo_config/cfg.py:3006}}
May 12 17:34:30.597954 np0000000621 neutron-periodic-workers[91611]: DEBUG cotyledon.oslo_config_glue [-] ovn.ovn_dhcp4_global_options = {} {{(pid=91611) log_opt_values /opt/stack/data/venv/lib/python3.12/site-packages/oslo_config/cfg.py:3006}}
May 12 17:34:30.597954 np0000000621 neutron-periodic-workers[91611]: DEBUG cotyledon.oslo_config_glue [-] ovn.ovn_dhcp6_global_options = {} {{(pid=91611) log_opt_values /opt/stack/data/venv/lib/python3.12/site-packages/oslo_config/cfg.py:3006}}
May 12 17:34:30.597954 np0000000621 neutron-periodic-workers[91611]: DEBUG cotyledon.oslo_config_glue [-] ovn.ovn_l3_scheduler = leastloaded {{(pid=91611) log_opt_values /opt/stack/data/venv/lib/python3.12/site-packages/oslo_config/cfg.py:3006}}
May 12 17:34:30.597954 np0000000621 neutron-periodic-workers[91611]: DEBUG cotyledon.oslo_config_glue [-] ovn.ovn_metadata_enabled = True {{(pid=91611) log_opt_values /opt/stack/data/venv/lib/python3.12/site-packages/oslo_config/cfg.py:3006}}
May 12 17:34:30.597954 np0000000621 neutron-periodic-workers[91611]: DEBUG cotyledon.oslo_config_glue [-] ovn.ovn_nb_ca_cert = /opt/stack/data/CA/int-ca/ca-chain.pem {{(pid=91611) log_opt_values /opt/stack/data/venv/lib/python3.12/site-packages/oslo_config/cfg.py:3006}}
May 12 17:34:30.597954 np0000000621 neutron-periodic-workers[91611]: DEBUG cotyledon.oslo_config_glue [-] ovn.ovn_nb_certificate = /opt/stack/data/CA/int-ca/devstack-cert.crt {{(pid=91611) log_opt_values /opt/stack/data/venv/lib/python3.12/site-packages/oslo_config/cfg.py:3006}}
May 12 17:34:30.598517 np0000000621 neutron-periodic-workers[91611]: DEBUG cotyledon.oslo_config_glue [-] ovn.ovn_nb_connection = ['ssl:10.4.3.12:6641'] {{(pid=91611) log_opt_values /opt/stack/data/venv/lib/python3.12/site-packages/oslo_config/cfg.py:3006}}
May 12 17:34:30.598517 np0000000621 neutron-periodic-workers[91611]: DEBUG cotyledon.oslo_config_glue [-] ovn.ovn_nb_private_key = /opt/stack/data/CA/int-ca/private/devstack-cert.key {{(pid=91611) log_opt_values /opt/stack/data/venv/lib/python3.12/site-packages/oslo_config/cfg.py:3006}}
May 12 17:34:30.598517 np0000000621 neutron-periodic-workers[91611]: DEBUG cotyledon.oslo_config_glue [-] ovn.ovn_router_indirect_snat = False {{(pid=91611) log_opt_values /opt/stack/data/venv/lib/python3.12/site-packages/oslo_config/cfg.py:3006}}
May 12 17:34:30.598517 np0000000621 neutron-periodic-workers[91611]: DEBUG cotyledon.oslo_config_glue [-] ovn.ovn_sb_ca_cert = /opt/stack/data/CA/int-ca/ca-chain.pem {{(pid=91611) log_opt_values /opt/stack/data/venv/lib/python3.12/site-packages/oslo_config/cfg.py:3006}}
May 12 17:34:30.598517 np0000000621 neutron-periodic-workers[91611]: DEBUG cotyledon.oslo_config_glue [-] ovn.ovn_sb_certificate = /opt/stack/data/CA/int-ca/devstack-cert.crt {{(pid=91611) log_opt_values /opt/stack/data/venv/lib/python3.12/site-packages/oslo_config/cfg.py:3006}}
May 12 17:34:30.598517 np0000000621 neutron-periodic-workers[91611]: DEBUG cotyledon.oslo_config_glue [-] ovn.ovn_sb_connection = ['ssl:10.4.3.12:6642'] {{(pid=91611) log_opt_values /opt/stack/data/venv/lib/python3.12/site-packages/oslo_config/cfg.py:3006}}
May 12 17:34:30.598517 np0000000621 neutron-periodic-workers[91611]: DEBUG cotyledon.oslo_config_glue [-] ovn.ovn_sb_private_key = /opt/stack/data/CA/int-ca/private/devstack-cert.key {{(pid=91611) log_opt_values /opt/stack/data/venv/lib/python3.12/site-packages/oslo_config/cfg.py:3006}}
May 12 17:34:30.598517 np0000000621 neutron-periodic-workers[91611]: DEBUG cotyledon.oslo_config_glue [-] ovn.ovs_create_tap = False {{(pid=91611) log_opt_values /opt/stack/data/venv/lib/python3.12/site-packages/oslo_config/cfg.py:3006}}
May 12 17:34:30.598905 np0000000621 neutron-periodic-workers[91611]: DEBUG cotyledon.oslo_config_glue [-] ovn.ovsdb_connection_timeout = 180 {{(pid=91611) log_opt_values /opt/stack/data/venv/lib/python3.12/site-packages/oslo_config/cfg.py:3006}}
May 12 17:34:30.598905 np0000000621 neutron-periodic-workers[91611]: DEBUG cotyledon.oslo_config_glue [-] ovn.ovsdb_log_level = INFO {{(pid=91611) log_opt_values /opt/stack/data/venv/lib/python3.12/site-packages/oslo_config/cfg.py:3006}}
May 12 17:34:30.598905 np0000000621 neutron-periodic-workers[91611]: DEBUG cotyledon.oslo_config_glue [-] ovn.ovsdb_probe_interval = 60000 {{(pid=91611) log_opt_values /opt/stack/data/venv/lib/python3.12/site-packages/oslo_config/cfg.py:3006}}
May 12 17:34:30.598905 np0000000621 neutron-periodic-workers[91611]: DEBUG cotyledon.oslo_config_glue [-] ovn.ovsdb_retry_max_interval = 180 {{(pid=91611) log_opt_values /opt/stack/data/venv/lib/python3.12/site-packages/oslo_config/cfg.py:3006}}
May 12 17:34:30.598905 np0000000621 neutron-periodic-workers[91611]: DEBUG cotyledon.oslo_config_glue [-] ovn.stateless_nat_enabled = False {{(pid=91611) log_opt_values /opt/stack/data/venv/lib/python3.12/site-packages/oslo_config/cfg.py:3006}}
May 12 17:34:30.598905 np0000000621 neutron-periodic-workers[91611]: DEBUG cotyledon.oslo_config_glue [-] ovn.vhost_sock_dir = /var/run/openvswitch {{(pid=91611) log_opt_values /opt/stack/data/venv/lib/python3.12/site-packages/oslo_config/cfg.py:3006}}
May 12 17:34:30.598905 np0000000621 neutron-periodic-workers[91611]: DEBUG cotyledon.oslo_config_glue [-] OVS.bridge_mac_table_size = 50000 {{(pid=91611) log_opt_values /opt/stack/data/venv/lib/python3.12/site-packages/oslo_config/cfg.py:3006}}
May 12 17:34:30.598905 np0000000621 neutron-periodic-workers[91611]: DEBUG cotyledon.oslo_config_glue [-] OVS.igmp_flood = False {{(pid=91611) log_opt_values /opt/stack/data/venv/lib/python3.12/site-packages/oslo_config/cfg.py:3006}}
May 12 17:34:30.598905 np0000000621 neutron-periodic-workers[91611]: DEBUG cotyledon.oslo_config_glue [-] OVS.igmp_flood_reports = True {{(pid=91611) log_opt_values /opt/stack/data/venv/lib/python3.12/site-packages/oslo_config/cfg.py:3006}}
May 12 17:34:30.599293 np0000000621 neutron-periodic-workers[91611]: DEBUG cotyledon.oslo_config_glue [-] OVS.igmp_flood_unregistered = False {{(pid=91611) log_opt_values /opt/stack/data/venv/lib/python3.12/site-packages/oslo_config/cfg.py:3006}}
May 12 17:34:30.599293 np0000000621 neutron-periodic-workers[91611]: DEBUG cotyledon.oslo_config_glue [-] OVS.igmp_snooping_enable = False {{(pid=91611) log_opt_values /opt/stack/data/venv/lib/python3.12/site-packages/oslo_config/cfg.py:3006}}
May 12 17:34:30.599293 np0000000621 neutron-periodic-workers[91611]: DEBUG cotyledon.oslo_config_glue [-] OVS.ovsdb_timeout = 10 {{(pid=91611) log_opt_values /opt/stack/data/venv/lib/python3.12/site-packages/oslo_config/cfg.py:3006}}
May 12 17:34:30.599293 np0000000621 neutron-periodic-workers[91611]: DEBUG cotyledon.oslo_config_glue [-] ovn_nb_global.fdb_removal_limit = 0 {{(pid=91611) log_opt_values /opt/stack/data/venv/lib/python3.12/site-packages/oslo_config/cfg.py:3006}}
May 12 17:34:30.599293 np0000000621 neutron-periodic-workers[91611]: DEBUG cotyledon.oslo_config_glue [-] ovn_nb_global.ignore_lsp_down = False {{(pid=91611) log_opt_values /opt/stack/data/venv/lib/python3.12/site-packages/oslo_config/cfg.py:3006}}
May 12 17:34:30.599293 np0000000621 neutron-periodic-workers[91611]: DEBUG cotyledon.oslo_config_glue [-] ovn_nb_global.mac_binding_removal_limit = 0 {{(pid=91611) log_opt_values /opt/stack/data/venv/lib/python3.12/site-packages/oslo_config/cfg.py:3006}}
May 12 17:34:30.599293 np0000000621 neutron-periodic-workers[91611]: DEBUG cotyledon.oslo_config_glue [-] ******************************************************************************** {{(pid=91611) log_opt_values /opt/stack/data/venv/lib/python3.12/site-packages/oslo_config/cfg.py:3013}}
May 12 17:34:30.599293 np0000000621 neutron-periodic-workers[91611]: DEBUG cotyledon._service_worker [-] Run service ServiceWrapper(0) [91611] {{(pid=91611) wait_forever /opt/stack/data/venv/lib/python3.12/site-packages/cotyledon/_service_worker.py:218}}
May 12 17:34:40.236168 np0000000621 neutron-periodic-workers[90629]: DEBUG dbcounter [-] [90629] Writing DB stats neutron:SELECT=4 {{(pid=90629) stat_writer /opt/stack/data/venv/lib/python3.12/site-packages/dbcounter.py:115}}
May 12 17:35:11.574322 np0000000621 neutron-periodic-workers[91596]: DEBUG oslo_db.sqlalchemy.engines [None req-ffa54539-454a-4f07-9f91-66a9613cc431 None None] Parent process 90629 forked (91596) with an open database connection, which is being discarded and recreated. {{(pid=91596) checkout /opt/stack/data/venv/lib/python3.12/site-packages/oslo_db/sqlalchemy/engines.py:402}}
May 12 17:35:11.582583 np0000000621 neutron-periodic-workers[91596]: DEBUG dbcounter [-] [91596] Writer thread running {{(pid=91596) stat_writer /opt/stack/data/venv/lib/python3.12/site-packages/dbcounter.py:102}}
May 12 17:35:11.586205 np0000000621 neutron-periodic-workers[91596]: DEBUG neutron.db.agents_db [None req-ffa54539-454a-4f07-9f91-66a9613cc431 None None] Agent healthcheck: found 0 active agents {{(pid=91596) agent_health_check /opt/stack/neutron/neutron/db/agents_db.py:322}}
May 12 17:35:11.586470 np0000000621 neutron-periodic-workers[91596]: DEBUG oslo.service.backend._threading.loopingcall [None req-ffa54539-454a-4f07-9f91-66a9613cc431 None None] Fixed interval looping call 'neutron.plugins.ml2.plugin.AgentDbMixin.agent_health_check' sleeping for 36.98 seconds {{(pid=91596) _run_loop /opt/stack/data/venv/lib/python3.12/site-packages/oslo_service/backend/_threading/loopingcall.py:125}}
May 12 17:35:19.556036 np0000000621 neutron-periodic-workers[91584]: DEBUG dbcounter [-] [91584] Writer thread running {{(pid=91584) stat_writer /opt/stack/data/venv/lib/python3.12/site-packages/dbcounter.py:102}}
May 12 17:35:19.565183 np0000000621 neutron-periodic-workers[91584]: DEBUG oslo.service.backend._threading.loopingcall [None req-c2300b92-9566-477b-8f22-919217b4ed91 None None] Fixed interval looping call 'neutron.plugins.ml2.plugin.DhcpAgentSchedulerDbMixin.remove_networks_from_down_agents' sleeping for 36.98 seconds {{(pid=91584) _run_loop /opt/stack/data/venv/lib/python3.12/site-packages/oslo_service/backend/_threading/loopingcall.py:125}}
May 12 17:35:21.583284 np0000000621 neutron-periodic-workers[91596]: DEBUG dbcounter [-] [91596] Writing DB stats neutron:SELECT=1 {{(pid=91596) stat_writer /opt/stack/data/venv/lib/python3.12/site-packages/dbcounter.py:115}}
May 12 17:35:29.564541 np0000000621 neutron-periodic-workers[91584]: DEBUG dbcounter [-] [91584] Writing DB stats neutron:SELECT=3 {{(pid=91584) stat_writer /opt/stack/data/venv/lib/python3.12/site-packages/dbcounter.py:115}}
May 12 17:35:48.570389 np0000000621 neutron-periodic-workers[91596]: DEBUG neutron.db.agents_db [None req-ffa54539-454a-4f07-9f91-66a9613cc431 None None] Agent healthcheck: found 0 active agents {{(pid=91596) agent_health_check /opt/stack/neutron/neutron/db/agents_db.py:322}}
May 12 17:35:48.570829 np0000000621 neutron-periodic-workers[91596]: DEBUG oslo.service.backend._threading.loopingcall [None req-ffa54539-454a-4f07-9f91-66a9613cc431 None None] Fixed interval looping call 'neutron.plugins.ml2.plugin.AgentDbMixin.agent_health_check' sleeping for 37.00 seconds {{(pid=91596) _run_loop /opt/stack/data/venv/lib/python3.12/site-packages/oslo_service/backend/_threading/loopingcall.py:125}}
May 12 17:35:56.552335 np0000000621 neutron-periodic-workers[91584]: DEBUG oslo.service.backend._threading.loopingcall [None req-c2300b92-9566-477b-8f22-919217b4ed91 None None] Fixed interval looping call 'neutron.plugins.ml2.plugin.DhcpAgentSchedulerDbMixin.remove_networks_from_down_agents' sleeping for 36.99 seconds {{(pid=91584) _run_loop /opt/stack/data/venv/lib/python3.12/site-packages/oslo_service/backend/_threading/loopingcall.py:125}}
May 12 17:35:58.569300 np0000000621 neutron-periodic-workers[91596]: DEBUG dbcounter [-] [91596] Writing DB stats neutron:SELECT=1 {{(pid=91596) stat_writer /opt/stack/data/venv/lib/python3.12/site-packages/dbcounter.py:115}}
May 12 17:36:06.551189 np0000000621 neutron-periodic-workers[91584]: DEBUG dbcounter [-] [91584] Writing DB stats neutron:SELECT=3 {{(pid=91584) stat_writer /opt/stack/data/venv/lib/python3.12/site-packages/dbcounter.py:115}}
May 12 17:36:25.573918 np0000000621 neutron-periodic-workers[91596]: DEBUG neutron.db.agents_db [None req-ffa54539-454a-4f07-9f91-66a9613cc431 None None] Agent healthcheck: found 0 active agents {{(pid=91596) agent_health_check /opt/stack/neutron/neutron/db/agents_db.py:322}}
May 12 17:36:25.574377 np0000000621 neutron-periodic-workers[91596]: DEBUG oslo.service.backend._threading.loopingcall [None req-ffa54539-454a-4f07-9f91-66a9613cc431 None None] Fixed interval looping call 'neutron.plugins.ml2.plugin.AgentDbMixin.agent_health_check' sleeping for 37.00 seconds {{(pid=91596) _run_loop /opt/stack/data/venv/lib/python3.12/site-packages/oslo_service/backend/_threading/loopingcall.py:125}}
May 12 17:36:30.590424 np0000000621 neutron-periodic-workers[91606]: DEBUG dbcounter [-] [91606] Writer thread running {{(pid=91606) stat_writer /opt/stack/data/venv/lib/python3.12/site-packages/dbcounter.py:102}}
May 12 17:36:30.592162 np0000000621 neutron-periodic-workers[91606]: DEBUG oslo.service.backend._threading.loopingcall [None req-ca501808-7174-4604-bc47-05a142653997 None None] Fixed interval looping call 'neutron.db.quota.driver_nolock.DbQuotaNoLockDriver._remove_expired_reservations' sleeping for 119.99 seconds {{(pid=91606) _run_loop /opt/stack/data/venv/lib/python3.12/site-packages/oslo_service/backend/_threading/loopingcall.py:125}}
May 12 17:36:33.548312 np0000000621 neutron-periodic-workers[91584]: DEBUG oslo.service.backend._threading.loopingcall [None req-c2300b92-9566-477b-8f22-919217b4ed91 None None] Fixed interval looping call 'neutron.plugins.ml2.plugin.DhcpAgentSchedulerDbMixin.remove_networks_from_down_agents' sleeping for 36.99 seconds {{(pid=91584) _run_loop /opt/stack/data/venv/lib/python3.12/site-packages/oslo_service/backend/_threading/loopingcall.py:125}}
May 12 17:36:35.573395 np0000000621 neutron-periodic-workers[91596]: DEBUG dbcounter [-] [91596] Writing DB stats neutron:SELECT=1 {{(pid=91596) stat_writer /opt/stack/data/venv/lib/python3.12/site-packages/dbcounter.py:115}}
May 12 17:36:40.590889 np0000000621 neutron-periodic-workers[91606]: DEBUG dbcounter [-] [91606] Writing DB stats neutron:DELETE=1 {{(pid=91606) stat_writer /opt/stack/data/venv/lib/python3.12/site-packages/dbcounter.py:115}}
May 12 17:36:43.547584 np0000000621 neutron-periodic-workers[91584]: DEBUG dbcounter [-] [91584] Writing DB stats neutron:SELECT=3 {{(pid=91584) stat_writer /opt/stack/data/venv/lib/python3.12/site-packages/dbcounter.py:115}}
May 12 17:37:02.578082 np0000000621 neutron-periodic-workers[91596]: DEBUG neutron.db.agents_db [None req-ffa54539-454a-4f07-9f91-66a9613cc431 None None] Agent healthcheck: found 0 active agents {{(pid=91596) agent_health_check /opt/stack/neutron/neutron/db/agents_db.py:322}}
May 12 17:37:02.578545 np0000000621 neutron-periodic-workers[91596]: DEBUG oslo.service.backend._threading.loopingcall [None req-ffa54539-454a-4f07-9f91-66a9613cc431 None None] Fixed interval looping call 'neutron.plugins.ml2.plugin.AgentDbMixin.agent_health_check' sleeping for 37.00 seconds {{(pid=91596) _run_loop /opt/stack/data/venv/lib/python3.12/site-packages/oslo_service/backend/_threading/loopingcall.py:125}}
May 12 17:37:10.543548 np0000000621 neutron-periodic-workers[91584]: DEBUG oslo.service.backend._threading.loopingcall [None req-c2300b92-9566-477b-8f22-919217b4ed91 None None] Fixed interval looping call 'neutron.plugins.ml2.plugin.DhcpAgentSchedulerDbMixin.remove_networks_from_down_agents' sleeping for 37.00 seconds {{(pid=91584) _run_loop /opt/stack/data/venv/lib/python3.12/site-packages/oslo_service/backend/_threading/loopingcall.py:125}}
May 12 17:37:12.576734 np0000000621 neutron-periodic-workers[91596]: DEBUG dbcounter [-] [91596] Writing DB stats neutron:SELECT=1 {{(pid=91596) stat_writer /opt/stack/data/venv/lib/python3.12/site-packages/dbcounter.py:115}}
May 12 17:37:20.542856 np0000000621 neutron-periodic-workers[91584]: DEBUG dbcounter [-] [91584] Writing DB stats neutron:SELECT=3 {{(pid=91584) stat_writer /opt/stack/data/venv/lib/python3.12/site-packages/dbcounter.py:115}}
May 12 17:37:39.581831 np0000000621 neutron-periodic-workers[91596]: DEBUG neutron.db.agents_db [None req-ffa54539-454a-4f07-9f91-66a9613cc431 None None] Agent healthcheck: found 0 active agents {{(pid=91596) agent_health_check /opt/stack/neutron/neutron/db/agents_db.py:322}}
May 12 17:37:39.582398 np0000000621 neutron-periodic-workers[91596]: DEBUG oslo.service.backend._threading.loopingcall [None req-ffa54539-454a-4f07-9f91-66a9613cc431 None None] Fixed interval looping call 'neutron.plugins.ml2.plugin.AgentDbMixin.agent_health_check' sleeping for 37.00 seconds {{(pid=91596) _run_loop /opt/stack/data/venv/lib/python3.12/site-packages/oslo_service/backend/_threading/loopingcall.py:125}}
May 12 17:37:47.552242 np0000000621 neutron-periodic-workers[91584]: DEBUG oslo.service.backend._threading.loopingcall [None req-c2300b92-9566-477b-8f22-919217b4ed91 None None] Fixed interval looping call 'neutron.plugins.ml2.plugin.DhcpAgentSchedulerDbMixin.remove_networks_from_down_agents' sleeping for 36.99 seconds {{(pid=91584) _run_loop /opt/stack/data/venv/lib/python3.12/site-packages/oslo_service/backend/_threading/loopingcall.py:125}}
May 12 17:37:49.581958 np0000000621 neutron-periodic-workers[91596]: DEBUG dbcounter [-] [91596] Writing DB stats neutron:SELECT=1 {{(pid=91596) stat_writer /opt/stack/data/venv/lib/python3.12/site-packages/dbcounter.py:115}}
May 12 17:37:57.551083 np0000000621 neutron-periodic-workers[91584]: DEBUG dbcounter [-] [91584] Writing DB stats neutron:SELECT=3 {{(pid=91584) stat_writer /opt/stack/data/venv/lib/python3.12/site-packages/dbcounter.py:115}}
May 12 17:38:05.646057 np0000000621 neutron-periodic-workers[91611]: DEBUG dbcounter [-] [91611] Writer thread running {{(pid=91611) stat_writer /opt/stack/data/venv/lib/python3.12/site-packages/dbcounter.py:102}}
May 12 17:38:05.667140 np0000000621 neutron-periodic-workers[91611]: DEBUG oslo.service.backend._threading.loopingcall [None req-a918fbcb-2d3c-4a86-bcd6-b2cbb9192973 None None] Fixed interval looping call 'neutron.services.ovn_l3.plugin.L3_NAT_dbonly_mixin._clean_garbage' sleeping for 299.92 seconds {{(pid=91611) _run_loop /opt/stack/data/venv/lib/python3.12/site-packages/oslo_service/backend/_threading/loopingcall.py:125}}
May 12 17:38:15.647270 np0000000621 neutron-periodic-workers[91611]: DEBUG dbcounter [-] [91611] Writing DB stats neutron:SELECT=1 {{(pid=91611) stat_writer /opt/stack/data/venv/lib/python3.12/site-packages/dbcounter.py:115}}
May 12 17:38:16.587143 np0000000621 neutron-periodic-workers[91596]: DEBUG neutron.db.agents_db [None req-ffa54539-454a-4f07-9f91-66a9613cc431 None None] Agent healthcheck: found 0 active agents {{(pid=91596) agent_health_check /opt/stack/neutron/neutron/db/agents_db.py:322}}
May 12 17:38:16.587143 np0000000621 neutron-periodic-workers[91596]: DEBUG oslo.service.backend._threading.loopingcall [None req-ffa54539-454a-4f07-9f91-66a9613cc431 None None] Fixed interval looping call 'neutron.plugins.ml2.plugin.AgentDbMixin.agent_health_check' sleeping for 37.00 seconds {{(pid=91596) _run_loop /opt/stack/data/venv/lib/python3.12/site-packages/oslo_service/backend/_threading/loopingcall.py:125}}
May 12 17:38:24.552383 np0000000621 neutron-periodic-workers[91584]: DEBUG oslo.service.backend._threading.loopingcall [None req-c2300b92-9566-477b-8f22-919217b4ed91 None None] Fixed interval looping call 'neutron.plugins.ml2.plugin.DhcpAgentSchedulerDbMixin.remove_networks_from_down_agents' sleeping for 36.99 seconds {{(pid=91584) _run_loop /opt/stack/data/venv/lib/python3.12/site-packages/oslo_service/backend/_threading/loopingcall.py:125}}
May 12 17:38:26.585825 np0000000621 neutron-periodic-workers[91596]: DEBUG dbcounter [-] [91596] Writing DB stats neutron:SELECT=1 {{(pid=91596) stat_writer /opt/stack/data/venv/lib/python3.12/site-packages/dbcounter.py:115}}
May 12 17:38:30.587293 np0000000621 neutron-periodic-workers[91606]: DEBUG oslo.service.backend._threading.loopingcall [None req-ca501808-7174-4604-bc47-05a142653997 None None] Fixed interval looping call 'neutron.db.quota.driver_nolock.DbQuotaNoLockDriver._remove_expired_reservations' sleeping for 120.00 seconds {{(pid=91606) _run_loop /opt/stack/data/venv/lib/python3.12/site-packages/oslo_service/backend/_threading/loopingcall.py:125}}
May 12 17:38:34.551637 np0000000621 neutron-periodic-workers[91584]: DEBUG dbcounter [-] [91584] Writing DB stats neutron:SELECT=3 {{(pid=91584) stat_writer /opt/stack/data/venv/lib/python3.12/site-packages/dbcounter.py:115}}
May 12 17:38:40.586862 np0000000621 neutron-periodic-workers[91606]: DEBUG dbcounter [-] [91606] Writing DB stats neutron:DELETE=1 {{(pid=91606) stat_writer /opt/stack/data/venv/lib/python3.12/site-packages/dbcounter.py:115}}
May 12 17:38:53.592117 np0000000621 neutron-periodic-workers[91596]: DEBUG neutron.db.agents_db [None req-ffa54539-454a-4f07-9f91-66a9613cc431 None None] Agent healthcheck: found 0 active agents {{(pid=91596) agent_health_check /opt/stack/neutron/neutron/db/agents_db.py:322}}
May 12 17:38:53.592575 np0000000621 neutron-periodic-workers[91596]: DEBUG oslo.service.backend._threading.loopingcall [None req-ffa54539-454a-4f07-9f91-66a9613cc431 None None] Fixed interval looping call 'neutron.plugins.ml2.plugin.AgentDbMixin.agent_health_check' sleeping for 37.00 seconds {{(pid=91596) _run_loop /opt/stack/data/venv/lib/python3.12/site-packages/oslo_service/backend/_threading/loopingcall.py:125}}
May 12 17:39:01.551653 np0000000621 neutron-periodic-workers[91584]: DEBUG oslo.service.backend._threading.loopingcall [None req-c2300b92-9566-477b-8f22-919217b4ed91 None None] Fixed interval looping call 'neutron.plugins.ml2.plugin.DhcpAgentSchedulerDbMixin.remove_networks_from_down_agents' sleeping for 36.99 seconds {{(pid=91584) _run_loop /opt/stack/data/venv/lib/python3.12/site-packages/oslo_service/backend/_threading/loopingcall.py:125}}
May 12 17:39:03.590590 np0000000621 neutron-periodic-workers[91596]: DEBUG dbcounter [-] [91596] Writing DB stats neutron:SELECT=1 {{(pid=91596) stat_writer /opt/stack/data/venv/lib/python3.12/site-packages/dbcounter.py:115}}
May 12 17:39:11.550922 np0000000621 neutron-periodic-workers[91584]: DEBUG dbcounter [-] [91584] Writing DB stats neutron:SELECT=3 {{(pid=91584) stat_writer /opt/stack/data/venv/lib/python3.12/site-packages/dbcounter.py:115}}
May 12 17:39:30.596218 np0000000621 neutron-periodic-workers[91596]: DEBUG neutron.db.agents_db [None req-ffa54539-454a-4f07-9f91-66a9613cc431 None None] Agent healthcheck: found 0 active agents {{(pid=91596) agent_health_check /opt/stack/neutron/neutron/db/agents_db.py:322}}
May 12 17:39:30.596721 np0000000621 neutron-periodic-workers[91596]: DEBUG oslo.service.backend._threading.loopingcall [None req-ffa54539-454a-4f07-9f91-66a9613cc431 None None] Fixed interval looping call 'neutron.plugins.ml2.plugin.AgentDbMixin.agent_health_check' sleeping for 37.00 seconds {{(pid=91596) _run_loop /opt/stack/data/venv/lib/python3.12/site-packages/oslo_service/backend/_threading/loopingcall.py:125}}
May 12 17:39:38.551753 np0000000621 neutron-periodic-workers[91584]: DEBUG oslo.service.backend._threading.loopingcall [None req-c2300b92-9566-477b-8f22-919217b4ed91 None None] Fixed interval looping call 'neutron.plugins.ml2.plugin.DhcpAgentSchedulerDbMixin.remove_networks_from_down_agents' sleeping for 36.99 seconds {{(pid=91584) _run_loop /opt/stack/data/venv/lib/python3.12/site-packages/oslo_service/backend/_threading/loopingcall.py:125}}
May 12 17:39:40.595368 np0000000621 neutron-periodic-workers[91596]: DEBUG dbcounter [-] [91596] Writing DB stats neutron:SELECT=1 {{(pid=91596) stat_writer /opt/stack/data/venv/lib/python3.12/site-packages/dbcounter.py:115}}
May 12 17:39:48.552194 np0000000621 neutron-periodic-workers[91584]: DEBUG dbcounter [-] [91584] Writing DB stats neutron:SELECT=3 {{(pid=91584) stat_writer /opt/stack/data/venv/lib/python3.12/site-packages/dbcounter.py:115}}
May 12 17:40:07.599448 np0000000621 neutron-periodic-workers[91596]: DEBUG neutron.db.agents_db [None req-ffa54539-454a-4f07-9f91-66a9613cc431 None None] Agent healthcheck: found 0 active agents {{(pid=91596) agent_health_check /opt/stack/neutron/neutron/db/agents_db.py:322}}
May 12 17:40:07.599448 np0000000621 neutron-periodic-workers[91596]: DEBUG oslo.service.backend._threading.loopingcall [None req-ffa54539-454a-4f07-9f91-66a9613cc431 None None] Fixed interval looping call 'neutron.plugins.ml2.plugin.AgentDbMixin.agent_health_check' sleeping for 37.00 seconds {{(pid=91596) _run_loop /opt/stack/data/venv/lib/python3.12/site-packages/oslo_service/backend/_threading/loopingcall.py:125}}
May 12 17:40:15.549519 np0000000621 neutron-periodic-workers[91584]: DEBUG oslo.service.backend._threading.loopingcall [None req-c2300b92-9566-477b-8f22-919217b4ed91 None None] Fixed interval looping call 'neutron.plugins.ml2.plugin.DhcpAgentSchedulerDbMixin.remove_networks_from_down_agents' sleeping for 36.99 seconds {{(pid=91584) _run_loop /opt/stack/data/venv/lib/python3.12/site-packages/oslo_service/backend/_threading/loopingcall.py:125}}
May 12 17:40:17.598589 np0000000621 neutron-periodic-workers[91596]: DEBUG dbcounter [-] [91596] Writing DB stats neutron:SELECT=1 {{(pid=91596) stat_writer /opt/stack/data/venv/lib/python3.12/site-packages/dbcounter.py:115}}
May 12 17:40:25.549910 np0000000621 neutron-periodic-workers[91584]: DEBUG dbcounter [-] [91584] Writing DB stats neutron:SELECT=3 {{(pid=91584) stat_writer /opt/stack/data/venv/lib/python3.12/site-packages/dbcounter.py:115}}
May 12 17:40:30.591612 np0000000621 neutron-periodic-workers[91606]: DEBUG oslo.service.backend._threading.loopingcall [None req-ca501808-7174-4604-bc47-05a142653997 None None] Fixed interval looping call 'neutron.db.quota.driver_nolock.DbQuotaNoLockDriver._remove_expired_reservations' sleeping for 120.00 seconds {{(pid=91606) _run_loop /opt/stack/data/venv/lib/python3.12/site-packages/oslo_service/backend/_threading/loopingcall.py:125}}
May 12 17:40:40.590918 np0000000621 neutron-periodic-workers[91606]: DEBUG dbcounter [-] [91606] Writing DB stats neutron:DELETE=1 {{(pid=91606) stat_writer /opt/stack/data/venv/lib/python3.12/site-packages/dbcounter.py:115}}
May 12 17:40:44.605804 np0000000621 neutron-periodic-workers[91596]: DEBUG neutron.db.agents_db [None req-ffa54539-454a-4f07-9f91-66a9613cc431 None None] Agent healthcheck: found 0 active agents {{(pid=91596) agent_health_check /opt/stack/neutron/neutron/db/agents_db.py:322}}
May 12 17:40:44.606598 np0000000621 neutron-periodic-workers[91596]: DEBUG oslo.service.backend._threading.loopingcall [None req-ffa54539-454a-4f07-9f91-66a9613cc431 None None] Fixed interval looping call 'neutron.plugins.ml2.plugin.AgentDbMixin.agent_health_check' sleeping for 36.99 seconds {{(pid=91596) _run_loop /opt/stack/data/venv/lib/python3.12/site-packages/oslo_service/backend/_threading/loopingcall.py:125}}
May 12 17:40:52.551646 np0000000621 neutron-periodic-workers[91584]: DEBUG oslo.service.backend._threading.loopingcall [None req-c2300b92-9566-477b-8f22-919217b4ed91 None None] Fixed interval looping call 'neutron.plugins.ml2.plugin.DhcpAgentSchedulerDbMixin.remove_networks_from_down_agents' sleeping for 36.99 seconds {{(pid=91584) _run_loop /opt/stack/data/venv/lib/python3.12/site-packages/oslo_service/backend/_threading/loopingcall.py:125}}
May 12 17:40:54.604524 np0000000621 neutron-periodic-workers[91596]: DEBUG dbcounter [-] [91596] Writing DB stats neutron:SELECT=1 {{(pid=91596) stat_writer /opt/stack/data/venv/lib/python3.12/site-packages/dbcounter.py:115}}
May 12 17:41:02.550602 np0000000621 neutron-periodic-workers[91584]: DEBUG dbcounter [-] [91584] Writing DB stats neutron:SELECT=3 {{(pid=91584) stat_writer /opt/stack/data/venv/lib/python3.12/site-packages/dbcounter.py:115}}
May 12 17:41:21.603649 np0000000621 neutron-periodic-workers[91596]: DEBUG neutron.db.agents_db [None req-ffa54539-454a-4f07-9f91-66a9613cc431 None None] Agent healthcheck: found 0 active agents {{(pid=91596) agent_health_check /opt/stack/neutron/neutron/db/agents_db.py:322}}
May 12 17:41:21.604081 np0000000621 neutron-periodic-workers[91596]: DEBUG oslo.service.backend._threading.loopingcall [None req-ffa54539-454a-4f07-9f91-66a9613cc431 None None] Fixed interval looping call 'neutron.plugins.ml2.plugin.AgentDbMixin.agent_health_check' sleeping for 36.99 seconds {{(pid=91596) _run_loop /opt/stack/data/venv/lib/python3.12/site-packages/oslo_service/backend/_threading/loopingcall.py:125}}
May 12 17:41:29.549977 np0000000621 neutron-periodic-workers[91584]: DEBUG oslo.service.backend._threading.loopingcall [None req-c2300b92-9566-477b-8f22-919217b4ed91 None None] Fixed interval looping call 'neutron.plugins.ml2.plugin.DhcpAgentSchedulerDbMixin.remove_networks_from_down_agents' sleeping for 36.99 seconds {{(pid=91584) _run_loop /opt/stack/data/venv/lib/python3.12/site-packages/oslo_service/backend/_threading/loopingcall.py:125}}
May 12 17:41:31.600821 np0000000621 neutron-periodic-workers[91596]: DEBUG dbcounter [-] [91596] Writing DB stats neutron:SELECT=1 {{(pid=91596) stat_writer /opt/stack/data/venv/lib/python3.12/site-packages/dbcounter.py:115}}
May 12 17:41:39.548907 np0000000621 neutron-periodic-workers[91584]: DEBUG dbcounter [-] [91584] Writing DB stats neutron:SELECT=3 {{(pid=91584) stat_writer /opt/stack/data/venv/lib/python3.12/site-packages/dbcounter.py:115}}
May 12 17:41:58.602368 np0000000621 neutron-periodic-workers[91596]: DEBUG neutron.db.agents_db [None req-ffa54539-454a-4f07-9f91-66a9613cc431 None None] Agent healthcheck: found 0 active agents {{(pid=91596) agent_health_check /opt/stack/neutron/neutron/db/agents_db.py:322}}
May 12 17:41:58.602874 np0000000621 neutron-periodic-workers[91596]: DEBUG oslo.service.backend._threading.loopingcall [None req-ffa54539-454a-4f07-9f91-66a9613cc431 None None] Fixed interval looping call 'neutron.plugins.ml2.plugin.AgentDbMixin.agent_health_check' sleeping for 36.99 seconds {{(pid=91596) _run_loop /opt/stack/data/venv/lib/python3.12/site-packages/oslo_service/backend/_threading/loopingcall.py:125}}
May 12 17:42:06.550171 np0000000621 neutron-periodic-workers[91584]: DEBUG oslo.service.backend._threading.loopingcall [None req-c2300b92-9566-477b-8f22-919217b4ed91 None None] Fixed interval looping call 'neutron.plugins.ml2.plugin.DhcpAgentSchedulerDbMixin.remove_networks_from_down_agents' sleeping for 36.99 seconds {{(pid=91584) _run_loop /opt/stack/data/venv/lib/python3.12/site-packages/oslo_service/backend/_threading/loopingcall.py:125}}
May 12 17:42:08.597700 np0000000621 neutron-periodic-workers[91596]: DEBUG dbcounter [-] [91596] Writing DB stats neutron:SELECT=1 {{(pid=91596) stat_writer /opt/stack/data/venv/lib/python3.12/site-packages/dbcounter.py:115}}
May 12 17:42:16.548646 np0000000621 neutron-periodic-workers[91584]: DEBUG dbcounter [-] [91584] Writing DB stats neutron:SELECT=3 {{(pid=91584) stat_writer /opt/stack/data/venv/lib/python3.12/site-packages/dbcounter.py:115}}
May 12 17:42:30.599614 np0000000621 neutron-periodic-workers[91606]: DEBUG oslo.service.backend._threading.loopingcall [None req-ca501808-7174-4604-bc47-05a142653997 None None] Fixed interval looping call 'neutron.db.quota.driver_nolock.DbQuotaNoLockDriver._remove_expired_reservations' sleeping for 119.99 seconds {{(pid=91606) _run_loop /opt/stack/data/venv/lib/python3.12/site-packages/oslo_service/backend/_threading/loopingcall.py:125}}
May 12 17:42:35.597094 np0000000621 neutron-periodic-workers[91596]: DEBUG neutron.db.agents_db [None req-ffa54539-454a-4f07-9f91-66a9613cc431 None None] Agent healthcheck: found 0 active agents {{(pid=91596) agent_health_check /opt/stack/neutron/neutron/db/agents_db.py:322}}
May 12 17:42:35.597594 np0000000621 neutron-periodic-workers[91596]: DEBUG oslo.service.backend._threading.loopingcall [None req-ffa54539-454a-4f07-9f91-66a9613cc431 None None] Fixed interval looping call 'neutron.plugins.ml2.plugin.AgentDbMixin.agent_health_check' sleeping for 37.00 seconds {{(pid=91596) _run_loop /opt/stack/data/venv/lib/python3.12/site-packages/oslo_service/backend/_threading/loopingcall.py:125}}
May 12 17:42:40.598457 np0000000621 neutron-periodic-workers[91606]: DEBUG dbcounter [-] [91606] Writing DB stats neutron:DELETE=1 {{(pid=91606) stat_writer /opt/stack/data/venv/lib/python3.12/site-packages/dbcounter.py:115}}
May 12 17:42:43.546642 np0000000621 neutron-periodic-workers[91584]: DEBUG oslo.service.backend._threading.loopingcall [None req-c2300b92-9566-477b-8f22-919217b4ed91 None None] Fixed interval looping call 'neutron.plugins.ml2.plugin.DhcpAgentSchedulerDbMixin.remove_networks_from_down_agents' sleeping for 36.99 seconds {{(pid=91584) _run_loop /opt/stack/data/venv/lib/python3.12/site-packages/oslo_service/backend/_threading/loopingcall.py:125}}
May 12 17:42:45.595229 np0000000621 neutron-periodic-workers[91596]: DEBUG dbcounter [-] [91596] Writing DB stats neutron:SELECT=1 {{(pid=91596) stat_writer /opt/stack/data/venv/lib/python3.12/site-packages/dbcounter.py:115}}
May 12 17:42:53.545738 np0000000621 neutron-periodic-workers[91584]: DEBUG dbcounter [-] [91584] Writing DB stats neutron:SELECT=3 {{(pid=91584) stat_writer /opt/stack/data/venv/lib/python3.12/site-packages/dbcounter.py:115}}
May 12 17:43:05.604430 np0000000621 neutron-periodic-workers[91611]: DEBUG oslo.service.backend._threading.loopingcall [None req-a918fbcb-2d3c-4a86-bcd6-b2cbb9192973 None None] Fixed interval looping call 'neutron.services.ovn_l3.plugin.L3_NAT_dbonly_mixin._clean_garbage' sleeping for 299.99 seconds {{(pid=91611) _run_loop /opt/stack/data/venv/lib/python3.12/site-packages/oslo_service/backend/_threading/loopingcall.py:125}}
May 12 17:43:12.601266 np0000000621 neutron-periodic-workers[91596]: DEBUG neutron.db.agents_db [None req-ffa54539-454a-4f07-9f91-66a9613cc431 None None] Agent healthcheck: found 0 active agents {{(pid=91596) agent_health_check /opt/stack/neutron/neutron/db/agents_db.py:322}}
May 12 17:43:12.602979 np0000000621 neutron-periodic-workers[91596]: DEBUG oslo.service.backend._threading.loopingcall [None req-ffa54539-454a-4f07-9f91-66a9613cc431 None None] Fixed interval looping call 'neutron.plugins.ml2.plugin.AgentDbMixin.agent_health_check' sleeping for 37.00 seconds {{(pid=91596) _run_loop /opt/stack/data/venv/lib/python3.12/site-packages/oslo_service/backend/_threading/loopingcall.py:125}}
May 12 17:43:15.591581 np0000000621 neutron-periodic-workers[91611]: DEBUG dbcounter [-] [91611] Writing DB stats neutron:SELECT=1 {{(pid=91611) stat_writer /opt/stack/data/venv/lib/python3.12/site-packages/dbcounter.py:115}}
May 12 17:43:20.546685 np0000000621 neutron-periodic-workers[91584]: DEBUG oslo.service.backend._threading.loopingcall [None req-c2300b92-9566-477b-8f22-919217b4ed91 None None] Fixed interval looping call 'neutron.plugins.ml2.plugin.DhcpAgentSchedulerDbMixin.remove_networks_from_down_agents' sleeping for 36.99 seconds {{(pid=91584) _run_loop /opt/stack/data/venv/lib/python3.12/site-packages/oslo_service/backend/_threading/loopingcall.py:125}}
May 12 17:43:22.600234 np0000000621 neutron-periodic-workers[91596]: DEBUG dbcounter [-] [91596] Writing DB stats neutron:SELECT=1 {{(pid=91596) stat_writer /opt/stack/data/venv/lib/python3.12/site-packages/dbcounter.py:115}}
May 12 17:43:30.545545 np0000000621 neutron-periodic-workers[91584]: DEBUG dbcounter [-] [91584] Writing DB stats neutron:SELECT=3 {{(pid=91584) stat_writer /opt/stack/data/venv/lib/python3.12/site-packages/dbcounter.py:115}}
May 12 17:43:49.607045 np0000000621 neutron-periodic-workers[91596]: DEBUG neutron.db.agents_db [None req-ffa54539-454a-4f07-9f91-66a9613cc431 None None] Agent healthcheck: found 0 active agents {{(pid=91596) agent_health_check /opt/stack/neutron/neutron/db/agents_db.py:322}}
May 12 17:43:49.607783 np0000000621 neutron-periodic-workers[91596]: DEBUG oslo.service.backend._threading.loopingcall [None req-ffa54539-454a-4f07-9f91-66a9613cc431 None None] Fixed interval looping call 'neutron.plugins.ml2.plugin.AgentDbMixin.agent_health_check' sleeping for 37.00 seconds {{(pid=91596) _run_loop /opt/stack/data/venv/lib/python3.12/site-packages/oslo_service/backend/_threading/loopingcall.py:125}}
May 12 17:43:57.549853 np0000000621 neutron-periodic-workers[91584]: DEBUG oslo.service.backend._threading.loopingcall [None req-c2300b92-9566-477b-8f22-919217b4ed91 None None] Fixed interval looping call 'neutron.plugins.ml2.plugin.DhcpAgentSchedulerDbMixin.remove_networks_from_down_agents' sleeping for 36.99 seconds {{(pid=91584) _run_loop /opt/stack/data/venv/lib/python3.12/site-packages/oslo_service/backend/_threading/loopingcall.py:125}}
May 12 17:43:59.606012 np0000000621 neutron-periodic-workers[91596]: DEBUG dbcounter [-] [91596] Writing DB stats neutron:SELECT=1 {{(pid=91596) stat_writer /opt/stack/data/venv/lib/python3.12/site-packages/dbcounter.py:115}}
May 12 17:44:07.547271 np0000000621 neutron-periodic-workers[91584]: DEBUG dbcounter [-] [91584] Writing DB stats neutron:SELECT=3 {{(pid=91584) stat_writer /opt/stack/data/venv/lib/python3.12/site-packages/dbcounter.py:115}}
May 12 17:44:26.612331 np0000000621 neutron-periodic-workers[91596]: DEBUG neutron.db.agents_db [None req-ffa54539-454a-4f07-9f91-66a9613cc431 None None] Agent healthcheck: found 0 active agents {{(pid=91596) agent_health_check /opt/stack/neutron/neutron/db/agents_db.py:322}}
May 12 17:44:26.612721 np0000000621 neutron-periodic-workers[91596]: DEBUG oslo.service.backend._threading.loopingcall [None req-ffa54539-454a-4f07-9f91-66a9613cc431 None None] Fixed interval looping call 'neutron.plugins.ml2.plugin.AgentDbMixin.agent_health_check' sleeping for 37.00 seconds {{(pid=91596) _run_loop /opt/stack/data/venv/lib/python3.12/site-packages/oslo_service/backend/_threading/loopingcall.py:125}}
May 12 17:44:30.592102 np0000000621 neutron-periodic-workers[91606]: DEBUG oslo.service.backend._threading.loopingcall [None req-ca501808-7174-4604-bc47-05a142653997 None None] Fixed interval looping call 'neutron.db.quota.driver_nolock.DbQuotaNoLockDriver._remove_expired_reservations' sleeping for 120.00 seconds {{(pid=91606) _run_loop /opt/stack/data/venv/lib/python3.12/site-packages/oslo_service/backend/_threading/loopingcall.py:125}}
May 12 17:44:34.545595 np0000000621 neutron-periodic-workers[91584]: DEBUG oslo.service.backend._threading.loopingcall [None req-c2300b92-9566-477b-8f22-919217b4ed91 None None] Fixed interval looping call 'neutron.plugins.ml2.plugin.DhcpAgentSchedulerDbMixin.remove_networks_from_down_agents' sleeping for 36.99 seconds {{(pid=91584) _run_loop /opt/stack/data/venv/lib/python3.12/site-packages/oslo_service/backend/_threading/loopingcall.py:125}}
May 12 17:44:36.610615 np0000000621 neutron-periodic-workers[91596]: DEBUG dbcounter [-] [91596] Writing DB stats neutron:SELECT=1 {{(pid=91596) stat_writer /opt/stack/data/venv/lib/python3.12/site-packages/dbcounter.py:115}}
May 12 17:44:40.592040 np0000000621 neutron-periodic-workers[91606]: DEBUG dbcounter [-] [91606] Writing DB stats neutron:DELETE=1 {{(pid=91606) stat_writer /opt/stack/data/venv/lib/python3.12/site-packages/dbcounter.py:115}}
May 12 17:44:44.544487 np0000000621 neutron-periodic-workers[91584]: DEBUG dbcounter [-] [91584] Writing DB stats neutron:SELECT=3 {{(pid=91584) stat_writer /opt/stack/data/venv/lib/python3.12/site-packages/dbcounter.py:115}}
May 12 17:45:03.619245 np0000000621 neutron-periodic-workers[91596]: DEBUG neutron.db.agents_db [None req-ffa54539-454a-4f07-9f91-66a9613cc431 None None] Agent healthcheck: found 0 active agents {{(pid=91596) agent_health_check /opt/stack/neutron/neutron/db/agents_db.py:322}}
May 12 17:45:03.619622 np0000000621 neutron-periodic-workers[91596]: DEBUG oslo.service.backend._threading.loopingcall [None req-ffa54539-454a-4f07-9f91-66a9613cc431 None None] Fixed interval looping call 'neutron.plugins.ml2.plugin.AgentDbMixin.agent_health_check' sleeping for 36.99 seconds {{(pid=91596) _run_loop /opt/stack/data/venv/lib/python3.12/site-packages/oslo_service/backend/_threading/loopingcall.py:125}}
May 12 17:45:11.545392 np0000000621 neutron-periodic-workers[91584]: DEBUG oslo.service.backend._threading.loopingcall [None req-c2300b92-9566-477b-8f22-919217b4ed91 None None] Fixed interval looping call 'neutron.plugins.ml2.plugin.DhcpAgentSchedulerDbMixin.remove_networks_from_down_agents' sleeping for 36.99 seconds {{(pid=91584) _run_loop /opt/stack/data/venv/lib/python3.12/site-packages/oslo_service/backend/_threading/loopingcall.py:125}}
May 12 17:45:13.618081 np0000000621 neutron-periodic-workers[91596]: DEBUG dbcounter [-] [91596] Writing DB stats neutron:SELECT=1 {{(pid=91596) stat_writer /opt/stack/data/venv/lib/python3.12/site-packages/dbcounter.py:115}}
May 12 17:45:21.544855 np0000000621 neutron-periodic-workers[91584]: DEBUG dbcounter [-] [91584] Writing DB stats neutron:SELECT=3 {{(pid=91584) stat_writer /opt/stack/data/venv/lib/python3.12/site-packages/dbcounter.py:115}}
May 12 17:45:40.612372 np0000000621 neutron-periodic-workers[91596]: DEBUG neutron.db.agents_db [None req-ffa54539-454a-4f07-9f91-66a9613cc431 None None] Agent healthcheck: found 0 active agents {{(pid=91596) agent_health_check /opt/stack/neutron/neutron/db/agents_db.py:322}}
May 12 17:45:40.612719 np0000000621 neutron-periodic-workers[91596]: DEBUG oslo.service.backend._threading.loopingcall [None req-ffa54539-454a-4f07-9f91-66a9613cc431 None None] Fixed interval looping call 'neutron.plugins.ml2.plugin.AgentDbMixin.agent_health_check' sleeping for 37.00 seconds {{(pid=91596) _run_loop /opt/stack/data/venv/lib/python3.12/site-packages/oslo_service/backend/_threading/loopingcall.py:125}}
May 12 17:45:48.543574 np0000000621 neutron-periodic-workers[91584]: DEBUG oslo.service.backend._threading.loopingcall [None req-c2300b92-9566-477b-8f22-919217b4ed91 None None] Fixed interval looping call 'neutron.plugins.ml2.plugin.DhcpAgentSchedulerDbMixin.remove_networks_from_down_agents' sleeping for 36.99 seconds {{(pid=91584) _run_loop /opt/stack/data/venv/lib/python3.12/site-packages/oslo_service/backend/_threading/loopingcall.py:125}}
May 12 17:45:50.612195 np0000000621 neutron-periodic-workers[91596]: DEBUG dbcounter [-] [91596] Writing DB stats neutron:SELECT=1 {{(pid=91596) stat_writer /opt/stack/data/venv/lib/python3.12/site-packages/dbcounter.py:115}}
May 12 17:45:58.542844 np0000000621 neutron-periodic-workers[91584]: DEBUG dbcounter [-] [91584] Writing DB stats neutron:SELECT=3 {{(pid=91584) stat_writer /opt/stack/data/venv/lib/python3.12/site-packages/dbcounter.py:115}}
May 12 17:46:17.622331 np0000000621 neutron-periodic-workers[91596]: DEBUG neutron.db.agents_db [None req-ffa54539-454a-4f07-9f91-66a9613cc431 None None] Agent healthcheck: found 0 active agents {{(pid=91596) agent_health_check /opt/stack/neutron/neutron/db/agents_db.py:322}}
May 12 17:46:17.622331 np0000000621 neutron-periodic-workers[91596]: DEBUG oslo.service.backend._threading.loopingcall [None req-ffa54539-454a-4f07-9f91-66a9613cc431 None None] Fixed interval looping call 'neutron.plugins.ml2.plugin.AgentDbMixin.agent_health_check' sleeping for 36.99 seconds {{(pid=91596) _run_loop /opt/stack/data/venv/lib/python3.12/site-packages/oslo_service/backend/_threading/loopingcall.py:125}}
May 12 17:46:25.538657 np0000000621 neutron-periodic-workers[91584]: DEBUG oslo.service.backend._threading.loopingcall [None req-c2300b92-9566-477b-8f22-919217b4ed91 None None] Fixed interval looping call 'neutron.plugins.ml2.plugin.DhcpAgentSchedulerDbMixin.remove_networks_from_down_agents' sleeping for 37.00 seconds {{(pid=91584) _run_loop /opt/stack/data/venv/lib/python3.12/site-packages/oslo_service/backend/_threading/loopingcall.py:125}}
May 12 17:46:27.617960 np0000000621 neutron-periodic-workers[91596]: DEBUG dbcounter [-] [91596] Writing DB stats neutron:SELECT=1 {{(pid=91596) stat_writer /opt/stack/data/venv/lib/python3.12/site-packages/dbcounter.py:115}}
May 12 17:46:30.594596 np0000000621 neutron-periodic-workers[91606]: DEBUG oslo.service.backend._threading.loopingcall [None req-ca501808-7174-4604-bc47-05a142653997 None None] Fixed interval looping call 'neutron.db.quota.driver_nolock.DbQuotaNoLockDriver._remove_expired_reservations' sleeping for 120.00 seconds {{(pid=91606) _run_loop /opt/stack/data/venv/lib/python3.12/site-packages/oslo_service/backend/_threading/loopingcall.py:125}}
May 12 17:46:35.538036 np0000000621 neutron-periodic-workers[91584]: DEBUG dbcounter [-] [91584] Writing DB stats neutron:SELECT=3 {{(pid=91584) stat_writer /opt/stack/data/venv/lib/python3.12/site-packages/dbcounter.py:115}}
