Aug 20 07:40:45.625463 np0000007853 nova-scheduler[93514]: DEBUG cotyledon.oslo_config_glue [-] oslo_messaging_rabbit.rabbit_quorum_delivery_limit = 0 {{(pid=93514) log_opt_values /opt/stack/data/venv/lib/python3.12/site-packages/oslo_config/cfg.py:3560}}
Aug 20 07:40:45.625463 np0000007853 nova-scheduler[93514]: DEBUG cotyledon.oslo_config_glue [-] oslo_messaging_rabbit.rabbit_quorum_max_memory_bytes = 0 {{(pid=93514) log_opt_values /opt/stack/data/venv/lib/python3.12/site-packages/oslo_config/cfg.py:3560}}
Aug 20 07:40:45.625628 np0000007853 nova-scheduler[93514]: DEBUG cotyledon.oslo_config_glue [-] oslo_messaging_rabbit.rabbit_quorum_max_memory_length = 0 {{(pid=93514) log_opt_values /opt/stack/data/venv/lib/python3.12/site-packages/oslo_config/cfg.py:3560}}
Aug 20 07:40:45.625628 np0000007853 nova-scheduler[93514]: DEBUG cotyledon.oslo_config_glue [-] oslo_messaging_rabbit.rabbit_quorum_queue = False {{(pid=93514) log_opt_values /opt/stack/data/venv/lib/python3.12/site-packages/oslo_config/cfg.py:3560}}
Aug 20 07:40:45.625628 np0000007853 nova-scheduler[93514]: DEBUG cotyledon.oslo_config_glue [-] oslo_messaging_rabbit.rabbit_retry_backoff = 2 {{(pid=93514) log_opt_values /opt/stack/data/venv/lib/python3.12/site-packages/oslo_config/cfg.py:3560}}
Aug 20 07:40:45.625628 np0000007853 nova-scheduler[93514]: DEBUG cotyledon.oslo_config_glue [-] oslo_messaging_rabbit.rabbit_retry_interval = 1 {{(pid=93514) log_opt_values /opt/stack/data/venv/lib/python3.12/site-packages/oslo_config/cfg.py:3560}}
Aug 20 07:40:45.625628 np0000007853 nova-scheduler[93514]: DEBUG cotyledon.oslo_config_glue [-] oslo_messaging_rabbit.rabbit_stream_fanout = False {{(pid=93514) log_opt_values /opt/stack/data/venv/lib/python3.12/site-packages/oslo_config/cfg.py:3560}}
Aug 20 07:40:45.625628 np0000007853 nova-scheduler[93514]: DEBUG cotyledon.oslo_config_glue [-] oslo_messaging_rabbit.rabbit_transient_queues_ttl = 1800 {{(pid=93514) log_opt_values /opt/stack/data/venv/lib/python3.12/site-packages/oslo_config/cfg.py:3560}}
Aug 20 07:40:45.625628 np0000007853 nova-scheduler[93514]: DEBUG cotyledon.oslo_config_glue [-] oslo_messaging_rabbit.rabbit_transient_quorum_queue = False {{(pid=93514) log_opt_values /opt/stack/data/venv/lib/python3.12/site-packages/oslo_config/cfg.py:3560}}
Aug 20 07:40:45.625628 np0000007853 nova-scheduler[93514]: DEBUG cotyledon.oslo_config_glue [-] oslo_messaging_rabbit.rpc_conn_pool_size = 30 {{(pid=93514) log_opt_values /opt/stack/data/venv/lib/python3.12/site-packages/oslo_config/cfg.py:3560}}
Aug 20 07:40:45.625628 np0000007853 nova-scheduler[93514]: DEBUG cotyledon.oslo_config_glue [-] oslo_messaging_rabbit.ssl = False {{(pid=93514) log_opt_values /opt/stack/data/venv/lib/python3.12/site-packages/oslo_config/cfg.py:3560}}
Aug 20 07:40:45.625839 np0000007853 nova-scheduler[93514]: DEBUG cotyledon.oslo_config_glue [-] oslo_messaging_rabbit.ssl_ca_file = {{(pid=93514) log_opt_values /opt/stack/data/venv/lib/python3.12/site-packages/oslo_config/cfg.py:3560}}
Aug 20 07:40:45.625839 np0000007853 nova-scheduler[93514]: DEBUG cotyledon.oslo_config_glue [-] oslo_messaging_rabbit.ssl_cert_file = {{(pid=93514) log_opt_values /opt/stack/data/venv/lib/python3.12/site-packages/oslo_config/cfg.py:3560}}
Aug 20 07:40:45.625839 np0000007853 nova-scheduler[93514]: DEBUG cotyledon.oslo_config_glue [-] oslo_messaging_rabbit.ssl_enforce_fips_mode = False {{(pid=93514) log_opt_values /opt/stack/data/venv/lib/python3.12/site-packages/oslo_config/cfg.py:3560}}
Aug 20 07:40:45.625839 np0000007853 nova-scheduler[93514]: DEBUG cotyledon.oslo_config_glue [-] oslo_messaging_rabbit.ssl_enforce_hostname_verification = True {{(pid=93514) log_opt_values /opt/stack/data/venv/lib/python3.12/site-packages/oslo_config/cfg.py:3560}}
Aug 20 07:40:45.625839 np0000007853 nova-scheduler[93514]: DEBUG cotyledon.oslo_config_glue [-] oslo_messaging_rabbit.ssl_key_file = {{(pid=93514) log_opt_values /opt/stack/data/venv/lib/python3.12/site-packages/oslo_config/cfg.py:3560}}
Aug 20 07:40:45.625839 np0000007853 nova-scheduler[93514]: DEBUG cotyledon.oslo_config_glue [-] oslo_messaging_rabbit.ssl_version = {{(pid=93514) log_opt_values /opt/stack/data/venv/lib/python3.12/site-packages/oslo_config/cfg.py:3560}}
Aug 20 07:40:45.625839 np0000007853 nova-scheduler[93514]: DEBUG cotyledon.oslo_config_glue [-] oslo_messaging_rabbit.use_queue_manager = False {{(pid=93514) log_opt_values /opt/stack/data/venv/lib/python3.12/site-packages/oslo_config/cfg.py:3560}}
Aug 20 07:40:45.625839 np0000007853 nova-scheduler[93514]: DEBUG cotyledon.oslo_config_glue [-] oslo_messaging_notifications.driver = ['messagingv2'] {{(pid=93514) log_opt_values /opt/stack/data/venv/lib/python3.12/site-packages/oslo_config/cfg.py:3560}}
Aug 20 07:40:45.625839 np0000007853 nova-scheduler[93514]: DEBUG cotyledon.oslo_config_glue [-] oslo_messaging_notifications.retry = -1 {{(pid=93514) log_opt_values /opt/stack/data/venv/lib/python3.12/site-packages/oslo_config/cfg.py:3560}}
Aug 20 07:40:45.625998 np0000007853 nova-scheduler[93514]: DEBUG cotyledon.oslo_config_glue [-] oslo_messaging_notifications.topics = ['notifications'] {{(pid=93514) log_opt_values /opt/stack/data/venv/lib/python3.12/site-packages/oslo_config/cfg.py:3560}}
Aug 20 07:40:45.625998 np0000007853 nova-scheduler[93514]: DEBUG cotyledon.oslo_config_glue [-] oslo_messaging_notifications.transport_url = **** {{(pid=93514) log_opt_values /opt/stack/data/venv/lib/python3.12/site-packages/oslo_config/cfg.py:3560}}
Aug 20 07:40:45.625998 np0000007853 nova-scheduler[93514]: DEBUG cotyledon.oslo_config_glue [-] oslo_limit.auth_section = None {{(pid=93514) log_opt_values /opt/stack/data/venv/lib/python3.12/site-packages/oslo_config/cfg.py:3560}}
Aug 20 07:40:45.625998 np0000007853 nova-scheduler[93514]: DEBUG cotyledon.oslo_config_glue [-] oslo_limit.auth_type = None {{(pid=93514) log_opt_values /opt/stack/data/venv/lib/python3.12/site-packages/oslo_config/cfg.py:3560}}
Aug 20 07:40:45.625998 np0000007853 nova-scheduler[93514]: DEBUG cotyledon.oslo_config_glue [-] oslo_limit.cafile = None {{(pid=93514) log_opt_values /opt/stack/data/venv/lib/python3.12/site-packages/oslo_config/cfg.py:3560}}
Aug 20 07:40:45.625998 np0000007853 nova-scheduler[93514]: DEBUG cotyledon.oslo_config_glue [-] oslo_limit.certfile = None {{(pid=93514) log_opt_values /opt/stack/data/venv/lib/python3.12/site-packages/oslo_config/cfg.py:3560}}
Aug 20 07:40:45.625998 np0000007853 nova-scheduler[93514]: DEBUG cotyledon.oslo_config_glue [-] oslo_limit.collect_timing = False {{(pid=93514) log_opt_values /opt/stack/data/venv/lib/python3.12/site-packages/oslo_config/cfg.py:3560}}
Aug 20 07:40:45.625998 np0000007853 nova-scheduler[93514]: DEBUG cotyledon.oslo_config_glue [-] oslo_limit.connect_retries = None {{(pid=93514) log_opt_values /opt/stack/data/venv/lib/python3.12/site-packages/oslo_config/cfg.py:3560}}
Aug 20 07:40:45.625998 np0000007853 nova-scheduler[93514]: DEBUG cotyledon.oslo_config_glue [-] oslo_limit.connect_retry_delay = None {{(pid=93514) log_opt_values /opt/stack/data/venv/lib/python3.12/site-packages/oslo_config/cfg.py:3560}}
Aug 20 07:40:45.626156 np0000007853 nova-scheduler[93514]: DEBUG cotyledon.oslo_config_glue [-] oslo_limit.endpoint_id = None {{(pid=93514) log_opt_values /opt/stack/data/venv/lib/python3.12/site-packages/oslo_config/cfg.py:3560}}
Aug 20 07:40:45.626156 np0000007853 nova-scheduler[93514]: DEBUG cotyledon.oslo_config_glue [-] oslo_limit.endpoint_interface = public {{(pid=93514) log_opt_values /opt/stack/data/venv/lib/python3.12/site-packages/oslo_config/cfg.py:3560}}
Aug 20 07:40:45.626156 np0000007853 nova-scheduler[93514]: DEBUG cotyledon.oslo_config_glue [-] oslo_limit.endpoint_override = None {{(pid=93514) log_opt_values /opt/stack/data/venv/lib/python3.12/site-packages/oslo_config/cfg.py:3560}}
Aug 20 07:40:45.626156 np0000007853 nova-scheduler[93514]: DEBUG cotyledon.oslo_config_glue [-] oslo_limit.endpoint_region_name = None {{(pid=93514) log_opt_values /opt/stack/data/venv/lib/python3.12/site-packages/oslo_config/cfg.py:3560}}
Aug 20 07:40:45.626156 np0000007853 nova-scheduler[93514]: DEBUG cotyledon.oslo_config_glue [-] oslo_limit.endpoint_service_name = None {{(pid=93514) log_opt_values /opt/stack/data/venv/lib/python3.12/site-packages/oslo_config/cfg.py:3560}}
Aug 20 07:40:45.626156 np0000007853 nova-scheduler[93514]: DEBUG cotyledon.oslo_config_glue [-] oslo_limit.endpoint_service_type = None {{(pid=93514) log_opt_values /opt/stack/data/venv/lib/python3.12/site-packages/oslo_config/cfg.py:3560}}
Aug 20 07:40:45.626156 np0000007853 nova-scheduler[93514]: DEBUG cotyledon.oslo_config_glue [-] oslo_limit.insecure = False {{(pid=93514) log_opt_values /opt/stack/data/venv/lib/python3.12/site-packages/oslo_config/cfg.py:3560}}
Aug 20 07:40:45.626156 np0000007853 nova-scheduler[93514]: DEBUG cotyledon.oslo_config_glue [-] oslo_limit.keyfile = None {{(pid=93514) log_opt_values /opt/stack/data/venv/lib/python3.12/site-packages/oslo_config/cfg.py:3560}}
Aug 20 07:40:45.626156 np0000007853 nova-scheduler[93514]: DEBUG cotyledon.oslo_config_glue [-] oslo_limit.max_version = None {{(pid=93514) log_opt_values /opt/stack/data/venv/lib/python3.12/site-packages/oslo_config/cfg.py:3560}}
Aug 20 07:40:45.626359 np0000007853 nova-scheduler[93514]: DEBUG cotyledon.oslo_config_glue [-] oslo_limit.min_version = None {{(pid=93514) log_opt_values /opt/stack/data/venv/lib/python3.12/site-packages/oslo_config/cfg.py:3560}}
Aug 20 07:40:45.626359 np0000007853 nova-scheduler[93514]: DEBUG cotyledon.oslo_config_glue [-] oslo_limit.region_name = None {{(pid=93514) log_opt_values /opt/stack/data/venv/lib/python3.12/site-packages/oslo_config/cfg.py:3560}}
Aug 20 07:40:45.626359 np0000007853 nova-scheduler[93514]: DEBUG cotyledon.oslo_config_glue [-] oslo_limit.retriable_status_codes = None {{(pid=93514) log_opt_values /opt/stack/data/venv/lib/python3.12/site-packages/oslo_config/cfg.py:3560}}
Aug 20 07:40:45.626359 np0000007853 nova-scheduler[93514]: DEBUG cotyledon.oslo_config_glue [-] oslo_limit.service_name = None {{(pid=93514) log_opt_values /opt/stack/data/venv/lib/python3.12/site-packages/oslo_config/cfg.py:3560}}
Aug 20 07:40:45.626359 np0000007853 nova-scheduler[93514]: DEBUG cotyledon.oslo_config_glue [-] oslo_limit.service_type = None {{(pid=93514) log_opt_values /opt/stack/data/venv/lib/python3.12/site-packages/oslo_config/cfg.py:3560}}
Aug 20 07:40:45.626359 np0000007853 nova-scheduler[93514]: DEBUG cotyledon.oslo_config_glue [-] oslo_limit.split_loggers = False {{(pid=93514) log_opt_values /opt/stack/data/venv/lib/python3.12/site-packages/oslo_config/cfg.py:3560}}
Aug 20 07:40:45.626359 np0000007853 nova-scheduler[93514]: DEBUG cotyledon.oslo_config_glue [-] oslo_limit.status_code_retries = None {{(pid=93514) log_opt_values /opt/stack/data/venv/lib/python3.12/site-packages/oslo_config/cfg.py:3560}}
Aug 20 07:40:45.626359 np0000007853 nova-scheduler[93514]: DEBUG cotyledon.oslo_config_glue [-] oslo_limit.status_code_retry_delay = None {{(pid=93514) log_opt_values /opt/stack/data/venv/lib/python3.12/site-packages/oslo_config/cfg.py:3560}}
Aug 20 07:40:45.626359 np0000007853 nova-scheduler[93514]: DEBUG cotyledon.oslo_config_glue [-] oslo_limit.timeout = None {{(pid=93514) log_opt_values /opt/stack/data/venv/lib/python3.12/site-packages/oslo_config/cfg.py:3560}}
Aug 20 07:40:45.626522 np0000007853 nova-scheduler[93514]: DEBUG cotyledon.oslo_config_glue [-] oslo_limit.valid_interfaces = None {{(pid=93514) log_opt_values /opt/stack/data/venv/lib/python3.12/site-packages/oslo_config/cfg.py:3560}}
Aug 20 07:40:45.626522 np0000007853 nova-scheduler[93514]: DEBUG cotyledon.oslo_config_glue [-] oslo_limit.version = None {{(pid=93514) log_opt_values /opt/stack/data/venv/lib/python3.12/site-packages/oslo_config/cfg.py:3560}}
Aug 20 07:40:45.626522 np0000007853 nova-scheduler[93514]: DEBUG cotyledon.oslo_config_glue [-] oslo_reports.file_event_handler = None {{(pid=93514) log_opt_values /opt/stack/data/venv/lib/python3.12/site-packages/oslo_config/cfg.py:3560}}
Aug 20 07:40:45.626522 np0000007853 nova-scheduler[93514]: DEBUG cotyledon.oslo_config_glue [-] oslo_reports.file_event_handler_interval = 1 {{(pid=93514) log_opt_values /opt/stack/data/venv/lib/python3.12/site-packages/oslo_config/cfg.py:3560}}
Aug 20 07:40:45.626522 np0000007853 nova-scheduler[93514]: DEBUG cotyledon.oslo_config_glue [-] oslo_reports.log_dir = None {{(pid=93514) log_opt_values /opt/stack/data/venv/lib/python3.12/site-packages/oslo_config/cfg.py:3560}}
Aug 20 07:40:45.626522 np0000007853 nova-scheduler[93514]: DEBUG cotyledon.oslo_config_glue [-] ******************************************************************************** {{(pid=93514) log_opt_values /opt/stack/data/venv/lib/python3.12/site-packages/oslo_config/cfg.py:3567}}
Aug 20 07:40:45.626522 np0000007853 nova-scheduler[93514]: DEBUG cotyledon._service_worker [-] Run service ServiceWrapper(2) [93514] {{(pid=93514) wait_forever /opt/stack/data/venv/lib/python3.12/site-packages/cotyledon/_service_worker.py:218}}
Aug 20 07:40:45.626522 np0000007853 nova-scheduler[93514]: INFO nova.service [-] Starting scheduler node (version 33.1.0)
Aug 20 07:40:45.626522 np0000007853 nova-scheduler[93514]: INFO dbcounter [None req-3cff2549-7b82-47a1-989f-c1a83fcee643 None None] Registered counter for database nova_cell0
Aug 20 07:40:45.631352 np0000007853 nova-scheduler[93485]: DEBUG oslo_db.sqlalchemy.engines [None req-85c60f24-fc87-4a77-856f-f16c5c45847f None None] MySQL server mode set to STRICT_TRANS_TABLES,STRICT_ALL_TABLES,NO_ZERO_IN_DATE,NO_ZERO_DATE,ERROR_FOR_DIVISION_BY_ZERO,TRADITIONAL,NO_ENGINE_SUBSTITUTION {{(pid=93485) _check_effective_sql_mode /opt/stack/data/venv/lib/python3.12/site-packages/oslo_db/sqlalchemy/engines.py:325}}
Aug 20 07:40:45.640227 np0000007853 nova-scheduler[93485]: DEBUG dbcounter [-] [93485] Writer thread running {{(pid=93485) stat_writer /opt/stack/data/venv/lib/python3.12/site-packages/dbcounter.py:102}}
Aug 20 07:40:45.652674 np0000007853 nova-scheduler[93509]: DEBUG oslo_db.sqlalchemy.engines [None req-a455974b-1be2-42f1-a1fb-c619ac2a7454 None None] MySQL server mode set to STRICT_TRANS_TABLES,STRICT_ALL_TABLES,NO_ZERO_IN_DATE,NO_ZERO_DATE,ERROR_FOR_DIVISION_BY_ZERO,TRADITIONAL,NO_ENGINE_SUBSTITUTION {{(pid=93509) _check_effective_sql_mode /opt/stack/data/venv/lib/python3.12/site-packages/oslo_db/sqlalchemy/engines.py:325}}
Aug 20 07:40:45.653114 np0000007853 nova-scheduler[93485]: DEBUG nova.service [None req-85c60f24-fc87-4a77-856f-f16c5c45847f None None] Creating RPC server for service: nova-scheduler on topic: scheduler {{(pid=93485) start /opt/stack/nova/nova/service.py:262}}
Aug 20 07:40:45.661354 np0000007853 nova-scheduler[93514]: DEBUG oslo_db.sqlalchemy.engines [None req-3cff2549-7b82-47a1-989f-c1a83fcee643 None None] MySQL server mode set to STRICT_TRANS_TABLES,STRICT_ALL_TABLES,NO_ZERO_IN_DATE,NO_ZERO_DATE,ERROR_FOR_DIVISION_BY_ZERO,TRADITIONAL,NO_ENGINE_SUBSTITUTION {{(pid=93514) _check_effective_sql_mode /opt/stack/data/venv/lib/python3.12/site-packages/oslo_db/sqlalchemy/engines.py:325}}
Aug 20 07:40:45.664412 np0000007853 nova-scheduler[93509]: DEBUG dbcounter [-] [93509] Writer thread running {{(pid=93509) stat_writer /opt/stack/data/venv/lib/python3.12/site-packages/dbcounter.py:102}}
Aug 20 07:40:45.667729 np0000007853 nova-scheduler[93509]: DEBUG nova.service [None req-a455974b-1be2-42f1-a1fb-c619ac2a7454 None None] Creating RPC server for service: nova-scheduler on topic: scheduler {{(pid=93509) start /opt/stack/nova/nova/service.py:262}}
Aug 20 07:40:45.671248 np0000007853 nova-scheduler[93514]: DEBUG dbcounter [-] [93514] Writer thread running {{(pid=93514) stat_writer /opt/stack/data/venv/lib/python3.12/site-packages/dbcounter.py:102}}
Aug 20 07:40:45.674183 np0000007853 nova-scheduler[93514]: DEBUG nova.service [None req-3cff2549-7b82-47a1-989f-c1a83fcee643 None None] Creating RPC server for service: nova-scheduler on topic: scheduler {{(pid=93514) start /opt/stack/nova/nova/service.py:262}}
Aug 20 07:40:45.674280 np0000007853 nova-scheduler[93485]: DEBUG nova.service [None req-85c60f24-fc87-4a77-856f-f16c5c45847f None None] Join ServiceGroup membership for this service scheduler {{(pid=93485) start /opt/stack/nova/nova/service.py:288}}
Aug 20 07:40:45.674498 np0000007853 nova-scheduler[93485]: DEBUG nova.servicegroup.drivers.db [None req-85c60f24-fc87-4a77-856f-f16c5c45847f None None] DB_Driver: join new ServiceGroup member np0000007853 to the scheduler group, service = {{(pid=93485) join /opt/stack/nova/nova/servicegroup/drivers/db.py:44}}
Aug 20 07:40:45.686562 np0000007853 nova-scheduler[93509]: DEBUG nova.service [None req-a455974b-1be2-42f1-a1fb-c619ac2a7454 None None] Join ServiceGroup membership for this service scheduler {{(pid=93509) start /opt/stack/nova/nova/service.py:288}}
Aug 20 07:40:45.686754 np0000007853 nova-scheduler[93509]: DEBUG nova.servicegroup.drivers.db [None req-a455974b-1be2-42f1-a1fb-c619ac2a7454 None None] DB_Driver: join new ServiceGroup member np0000007853 to the scheduler group, service = {{(pid=93509) join /opt/stack/nova/nova/servicegroup/drivers/db.py:44}}
Aug 20 07:40:45.690379 np0000007853 nova-scheduler[93514]: DEBUG nova.service [None req-3cff2549-7b82-47a1-989f-c1a83fcee643 None None] Join ServiceGroup membership for this service scheduler {{(pid=93514) start /opt/stack/nova/nova/service.py:288}}
Aug 20 07:40:45.690549 np0000007853 nova-scheduler[93514]: DEBUG nova.servicegroup.drivers.db [None req-3cff2549-7b82-47a1-989f-c1a83fcee643 None None] DB_Driver: join new ServiceGroup member np0000007853 to the scheduler group, service = {{(pid=93514) join /opt/stack/nova/nova/servicegroup/drivers/db.py:44}}
Aug 20 07:40:50.696536 np0000007853 nova-scheduler[93485]: DEBUG oslo.service.backend._threading.loopingcall [-] Fixed interval looping call 'nova.servicegroup.drivers.db.DbDriver._report_state' sleeping for 119.98 seconds {{(pid=93485) _run_loop /opt/stack/data/venv/lib/python3.12/site-packages/oslo_service/backend/_threading/loopingcall.py:125}}
Aug 20 07:40:50.699966 np0000007853 nova-scheduler[93509]: DEBUG oslo.service.backend._threading.loopingcall [-] Fixed interval looping call 'nova.servicegroup.drivers.db.DbDriver._report_state' sleeping for 119.99 seconds {{(pid=93509) _run_loop /opt/stack/data/venv/lib/python3.12/site-packages/oslo_service/backend/_threading/loopingcall.py:125}}
Aug 20 07:40:50.701601 np0000007853 nova-scheduler[93514]: DEBUG oslo.service.backend._threading.loopingcall [-] Fixed interval looping call 'nova.servicegroup.drivers.db.DbDriver._report_state' sleeping for 119.99 seconds {{(pid=93514) _run_loop /opt/stack/data/venv/lib/python3.12/site-packages/oslo_service/backend/_threading/loopingcall.py:125}}
Aug 20 07:40:54.285355 np0000007853 nova-scheduler[92231]: DEBUG dbcounter [-] [92231] Writing DB stats nova_api:SELECT=3 {{(pid=92231) stat_writer /opt/stack/data/venv/lib/python3.12/site-packages/dbcounter.py:115}}
Aug 20 07:40:54.416731 np0000007853 nova-scheduler[92231]: DEBUG dbcounter [-] [92231] Writing DB stats nova_cell0:SELECT=1 {{(pid=92231) stat_writer /opt/stack/data/venv/lib/python3.12/site-packages/dbcounter.py:115}}
Aug 20 07:40:54.421208 np0000007853 nova-scheduler[92231]: DEBUG dbcounter [-] [92231] Writing DB stats nova_cell1:SELECT=1 {{(pid=92231) stat_writer /opt/stack/data/venv/lib/python3.12/site-packages/dbcounter.py:115}}
Aug 20 07:41:00.691114 np0000007853 nova-scheduler[93485]: DEBUG dbcounter [-] [93485] Writing DB stats nova_cell0:SELECT=4,nova_cell0:INSERT=1,nova_cell0:UPDATE=1 {{(pid=93485) stat_writer /opt/stack/data/venv/lib/python3.12/site-packages/dbcounter.py:115}}
Aug 20 07:41:00.696720 np0000007853 nova-scheduler[93509]: DEBUG dbcounter [-] [93509] Writing DB stats nova_cell0:SELECT=3 {{(pid=93509) stat_writer /opt/stack/data/venv/lib/python3.12/site-packages/dbcounter.py:115}}
Aug 20 07:41:00.698911 np0000007853 nova-scheduler[93514]: DEBUG dbcounter [-] [93514] Writing DB stats nova_cell0:SELECT=3 {{(pid=93514) stat_writer /opt/stack/data/venv/lib/python3.12/site-packages/dbcounter.py:115}}
Aug 20 07:41:03.692321 np0000007853 nova-scheduler[93514]: DEBUG oslo.service.backend._threading.loopingcall [None req-3782a306-39b2-45e1-9efb-dc2d09853fbd None None] Dynamic interval looping call 'nova.service.Service.periodic_tasks' sleeping for 60.00 seconds {{(pid=93514) _run_loop /opt/stack/data/venv/lib/python3.12/site-packages/oslo_service/backend/_threading/loopingcall.py:125}}
Aug 20 07:41:18.677085 np0000007853 nova-scheduler[93485]: DEBUG oslo.service.backend._threading.loopingcall [None req-03199f54-a4cb-43dd-8561-2fbf5b76de83 None None] Dynamic interval looping call 'nova.service.Service.periodic_tasks' sleeping for 60.00 seconds {{(pid=93485) _run_loop /opt/stack/data/venv/lib/python3.12/site-packages/oslo_service/backend/_threading/loopingcall.py:125}}
Aug 20 07:41:33.689055 np0000007853 nova-scheduler[93509]: DEBUG oslo.service.backend._threading.loopingcall [None req-9a755f91-bed4-4d04-b860-86dc6206a570 None None] Dynamic interval looping call 'nova.service.Service.periodic_tasks' sleeping for 60.00 seconds {{(pid=93509) _run_loop /opt/stack/data/venv/lib/python3.12/site-packages/oslo_service/backend/_threading/loopingcall.py:125}}
Aug 20 07:42:03.692936 np0000007853 nova-scheduler[93514]: DEBUG oslo.service.backend._threading.loopingcall [None req-3782a306-39b2-45e1-9efb-dc2d09853fbd None None] Dynamic interval looping call 'nova.service.Service.periodic_tasks' sleeping for 60.00 seconds {{(pid=93514) _run_loop /opt/stack/data/venv/lib/python3.12/site-packages/oslo_service/backend/_threading/loopingcall.py:125}}
Aug 20 07:42:18.677523 np0000007853 nova-scheduler[93485]: DEBUG oslo.service.backend._threading.loopingcall [None req-03199f54-a4cb-43dd-8561-2fbf5b76de83 None None] Dynamic interval looping call 'nova.service.Service.periodic_tasks' sleeping for 60.00 seconds {{(pid=93485) _run_loop /opt/stack/data/venv/lib/python3.12/site-packages/oslo_service/backend/_threading/loopingcall.py:125}}
Aug 20 07:42:33.690030 np0000007853 nova-scheduler[93509]: DEBUG oslo.service.backend._threading.loopingcall [None req-9a755f91-bed4-4d04-b860-86dc6206a570 None None] Dynamic interval looping call 'nova.service.Service.periodic_tasks' sleeping for 60.00 seconds {{(pid=93509) _run_loop /opt/stack/data/venv/lib/python3.12/site-packages/oslo_service/backend/_threading/loopingcall.py:125}}
Aug 20 07:42:50.683409 np0000007853 nova-scheduler[93485]: DEBUG oslo.service.backend._threading.loopingcall [-] Fixed interval looping call 'nova.servicegroup.drivers.db.DbDriver._report_state' sleeping for 119.99 seconds {{(pid=93485) _run_loop /opt/stack/data/venv/lib/python3.12/site-packages/oslo_service/backend/_threading/loopingcall.py:125}}
Aug 20 07:42:50.693690 np0000007853 nova-scheduler[93509]: DEBUG oslo.service.backend._threading.loopingcall [-] Fixed interval looping call 'nova.servicegroup.drivers.db.DbDriver._report_state' sleeping for 120.00 seconds {{(pid=93509) _run_loop /opt/stack/data/venv/lib/python3.12/site-packages/oslo_service/backend/_threading/loopingcall.py:125}}
Aug 20 07:42:50.695860 np0000007853 nova-scheduler[93514]: DEBUG oslo.service.backend._threading.loopingcall [-] Fixed interval looping call 'nova.servicegroup.drivers.db.DbDriver._report_state' sleeping for 120.00 seconds {{(pid=93514) _run_loop /opt/stack/data/venv/lib/python3.12/site-packages/oslo_service/backend/_threading/loopingcall.py:125}}
Aug 20 07:43:00.680538 np0000007853 nova-scheduler[93485]: DEBUG dbcounter [-] [93485] Writing DB stats nova_cell0:SELECT=1,nova_cell0:UPDATE=1 {{(pid=93485) stat_writer /opt/stack/data/venv/lib/python3.12/site-packages/dbcounter.py:115}}
Aug 20 07:43:00.692189 np0000007853 nova-scheduler[93509]: DEBUG dbcounter [-] [93509] Writing DB stats nova_cell0:SELECT=1 {{(pid=93509) stat_writer /opt/stack/data/venv/lib/python3.12/site-packages/dbcounter.py:115}}
Aug 20 07:43:00.693969 np0000007853 nova-scheduler[93514]: DEBUG dbcounter [-] [93514] Writing DB stats nova_cell0:SELECT=1 {{(pid=93514) stat_writer /opt/stack/data/venv/lib/python3.12/site-packages/dbcounter.py:115}}
Aug 20 07:43:03.693630 np0000007853 nova-scheduler[93514]: DEBUG oslo.service.backend._threading.loopingcall [None req-3782a306-39b2-45e1-9efb-dc2d09853fbd None None] Dynamic interval looping call 'nova.service.Service.periodic_tasks' sleeping for 60.00 seconds {{(pid=93514) _run_loop /opt/stack/data/venv/lib/python3.12/site-packages/oslo_service/backend/_threading/loopingcall.py:125}}
Aug 20 07:43:17.872853 np0000007853 nova-scheduler[93485]: DEBUG nova.scheduler.manager [None req-e7880558-179d-41c0-8257-83f4508bc9cb tempest-DeleteServersTestJSON-722549161 tempest-DeleteServersTestJSON-722549161-project-member] Starting to schedule for instances: ['df9706b7-e881-42e0-8cb3-1aacdb31910b'] {{(pid=93485) select_destinations /opt/stack/nova/nova/scheduler/manager.py:197}}
Aug 20 07:43:17.877448 np0000007853 nova-scheduler[93485]: DEBUG nova.scheduler.request_filter [None req-e7880558-179d-41c0-8257-83f4508bc9cb tempest-DeleteServersTestJSON-722549161 tempest-DeleteServersTestJSON-722549161-project-member] compute_status_filter request filter added forbidden trait COMPUTE_STATUS_DISABLED {{(pid=93485) compute_status_filter /opt/stack/nova/nova/scheduler/request_filter.py:253}}
Aug 20 07:43:17.877448 np0000007853 nova-scheduler[93485]: DEBUG nova.scheduler.request_filter [None req-e7880558-179d-41c0-8257-83f4508bc9cb tempest-DeleteServersTestJSON-722549161 tempest-DeleteServersTestJSON-722549161-project-member] Request filter 'compute_status_filter' took 0.0 seconds {{(pid=93485) wrapper /opt/stack/nova/nova/scheduler/request_filter.py:46}}
Aug 20 07:43:17.877448 np0000007853 nova-scheduler[93485]: DEBUG nova.scheduler.request_filter [None req-e7880558-179d-41c0-8257-83f4508bc9cb tempest-DeleteServersTestJSON-722549161 tempest-DeleteServersTestJSON-722549161-project-member] Request filter 'accelerators_filter' took 0.0 seconds {{(pid=93485) wrapper /opt/stack/nova/nova/scheduler/request_filter.py:46}}
Aug 20 07:43:17.877448 np0000007853 nova-scheduler[93485]: DEBUG nova.scheduler.request_filter [None req-e7880558-179d-41c0-8257-83f4508bc9cb tempest-DeleteServersTestJSON-722549161 tempest-DeleteServersTestJSON-722549161-project-member] Request filter 'packed_virtqueue_filter' took 0.0 seconds {{(pid=93485) wrapper /opt/stack/nova/nova/scheduler/request_filter.py:46}}
Aug 20 07:43:17.877448 np0000007853 nova-scheduler[93485]: DEBUG nova.scheduler.request_filter [None req-e7880558-179d-41c0-8257-83f4508bc9cb tempest-DeleteServersTestJSON-722549161 tempest-DeleteServersTestJSON-722549161-project-member] Request filter 'remote_managed_ports_filter' took 0.0 seconds {{(pid=93485) wrapper /opt/stack/nova/nova/scheduler/request_filter.py:46}}
Aug 20 07:43:17.877844 np0000007853 nova-scheduler[93485]: DEBUG nova.scheduler.request_filter [None req-e7880558-179d-41c0-8257-83f4508bc9cb tempest-DeleteServersTestJSON-722549161 tempest-DeleteServersTestJSON-722549161-project-member] ephemeral_encryption_filter skipped {{(pid=93485) ephemeral_encryption_filter /opt/stack/nova/nova/scheduler/request_filter.py:426}}
Aug 20 07:43:17.877844 np0000007853 nova-scheduler[93485]: DEBUG nova.scheduler.request_filter [None req-e7880558-179d-41c0-8257-83f4508bc9cb tempest-DeleteServersTestJSON-722549161 tempest-DeleteServersTestJSON-722549161-project-member] virtio_sound_filter skipped {{(pid=93485) virtio_sound_filter /opt/stack/nova/nova/scheduler/request_filter.py:460}}
Aug 20 07:43:17.877844 np0000007853 nova-scheduler[93485]: DEBUG nova.scheduler.request_filter [None req-e7880558-179d-41c0-8257-83f4508bc9cb tempest-DeleteServersTestJSON-722549161 tempest-DeleteServersTestJSON-722549161-project-member] tpm_secret_security_filter skipped {{(pid=93485) tpm_secret_security_filter /opt/stack/nova/nova/scheduler/request_filter.py:477}}
Aug 20 07:43:18.518781 np0000007853 nova-scheduler[93485]: INFO nova.utils [None req-e7880558-179d-41c0-8257-83f4508bc9cb tempest-DeleteServersTestJSON-722549161 tempest-DeleteServersTestJSON-722549161-project-member] The cell worker thread pool ForkProcess-1.cell_worker is initialized
Aug 20 07:43:18.519939 np0000007853 nova-scheduler[93485]: DEBUG oslo_concurrency.lockutils [None req-e7880558-179d-41c0-8257-83f4508bc9cb tempest-DeleteServersTestJSON-722549161 tempest-DeleteServersTestJSON-722549161-project-member] Acquiring lock "9a6a3c81-cecb-4641-8304-cf2488ea0b29" by "nova.context.set_target_cell..get_or_set_cached_cell_and_set_connections" {{(pid=93485) inner /opt/stack/data/venv/lib/python3.12/site-packages/oslo_concurrency/lockutils.py:512}}
Aug 20 07:43:18.521232 np0000007853 nova-scheduler[93485]: DEBUG oslo_concurrency.lockutils [None req-e7880558-179d-41c0-8257-83f4508bc9cb tempest-DeleteServersTestJSON-722549161 tempest-DeleteServersTestJSON-722549161-project-member] Lock "9a6a3c81-cecb-4641-8304-cf2488ea0b29" acquired by "nova.context.set_target_cell..get_or_set_cached_cell_and_set_connections" :: waited 0.001s {{(pid=93485) inner /opt/stack/data/venv/lib/python3.12/site-packages/oslo_concurrency/lockutils.py:525}}
Aug 20 07:43:18.524056 np0000007853 nova-scheduler[93485]: DEBUG oslo_concurrency.lockutils [None req-e7880558-179d-41c0-8257-83f4508bc9cb tempest-DeleteServersTestJSON-722549161 tempest-DeleteServersTestJSON-722549161-project-member] Lock "9a6a3c81-cecb-4641-8304-cf2488ea0b29" "released" by "nova.context.set_target_cell..get_or_set_cached_cell_and_set_connections" :: held 0.003s {{(pid=93485) inner /opt/stack/data/venv/lib/python3.12/site-packages/oslo_concurrency/lockutils.py:544}}
Aug 20 07:43:18.525668 np0000007853 nova-scheduler[93485]: INFO dbcounter [None req-e7880558-179d-41c0-8257-83f4508bc9cb tempest-DeleteServersTestJSON-722549161 tempest-DeleteServersTestJSON-722549161-project-member] Registered counter for database nova_cell1
Aug 20 07:43:18.562460 np0000007853 nova-scheduler[93485]: DEBUG oslo_db.sqlalchemy.engines [None req-e7880558-179d-41c0-8257-83f4508bc9cb tempest-DeleteServersTestJSON-722549161 tempest-DeleteServersTestJSON-722549161-project-member] MySQL server mode set to STRICT_TRANS_TABLES,STRICT_ALL_TABLES,NO_ZERO_IN_DATE,NO_ZERO_DATE,ERROR_FOR_DIVISION_BY_ZERO,TRADITIONAL,NO_ENGINE_SUBSTITUTION {{(pid=93485) _check_effective_sql_mode /opt/stack/data/venv/lib/python3.12/site-packages/oslo_db/sqlalchemy/engines.py:325}}
Aug 20 07:43:18.568700 np0000007853 nova-scheduler[93485]: DEBUG dbcounter [-] [93485] Writer thread running {{(pid=93485) stat_writer /opt/stack/data/venv/lib/python3.12/site-packages/dbcounter.py:102}}
Aug 20 07:43:18.585208 np0000007853 nova-scheduler[93485]: DEBUG oslo_db.sqlalchemy.engines [None req-e7880558-179d-41c0-8257-83f4508bc9cb tempest-DeleteServersTestJSON-722549161 tempest-DeleteServersTestJSON-722549161-project-member] Parent process 92231 forked (93485) with an open database connection, which is being discarded and recreated. {{(pid=93485) checkout /opt/stack/data/venv/lib/python3.12/site-packages/oslo_db/sqlalchemy/engines.py:402}}
Aug 20 07:43:18.634844 np0000007853 nova-scheduler[93485]: DEBUG dbcounter [-] [93485] Writer thread running {{(pid=93485) stat_writer /opt/stack/data/venv/lib/python3.12/site-packages/dbcounter.py:102}}
Aug 20 07:43:18.639631 np0000007853 nova-scheduler[93485]: DEBUG oslo_concurrency.lockutils [None req-e7880558-179d-41c0-8257-83f4508bc9cb tempest-DeleteServersTestJSON-722549161 tempest-DeleteServersTestJSON-722549161-project-member] Acquiring lock "9a6a3c81-cecb-4641-8304-cf2488ea0b29" by "nova.context.set_target_cell..get_or_set_cached_cell_and_set_connections" {{(pid=93485) inner /opt/stack/data/venv/lib/python3.12/site-packages/oslo_concurrency/lockutils.py:512}}
Aug 20 07:43:18.639631 np0000007853 nova-scheduler[93485]: DEBUG oslo_concurrency.lockutils [None req-e7880558-179d-41c0-8257-83f4508bc9cb tempest-DeleteServersTestJSON-722549161 tempest-DeleteServersTestJSON-722549161-project-member] Lock "9a6a3c81-cecb-4641-8304-cf2488ea0b29" acquired by "nova.context.set_target_cell..get_or_set_cached_cell_and_set_connections" :: waited 0.000s {{(pid=93485) inner /opt/stack/data/venv/lib/python3.12/site-packages/oslo_concurrency/lockutils.py:525}}
Aug 20 07:43:18.639631 np0000007853 nova-scheduler[93485]: DEBUG oslo_concurrency.lockutils [None req-e7880558-179d-41c0-8257-83f4508bc9cb tempest-DeleteServersTestJSON-722549161 tempest-DeleteServersTestJSON-722549161-project-member] Lock "9a6a3c81-cecb-4641-8304-cf2488ea0b29" "released" by "nova.context.set_target_cell..get_or_set_cached_cell_and_set_connections" :: held 0.000s {{(pid=93485) inner /opt/stack/data/venv/lib/python3.12/site-packages/oslo_concurrency/lockutils.py:544}}
Aug 20 07:43:18.646297 np0000007853 nova-scheduler[93485]: DEBUG oslo_concurrency.lockutils [None req-e7880558-179d-41c0-8257-83f4508bc9cb tempest-DeleteServersTestJSON-722549161 tempest-DeleteServersTestJSON-722549161-project-member] Acquiring lock "np0000007853-np0000007853" by "nova.scheduler.host_manager.HostState.update.._locked_update" {{(pid=93485) inner /opt/stack/data/venv/lib/python3.12/site-packages/oslo_concurrency/lockutils.py:512}}
Aug 20 07:43:18.646612 np0000007853 nova-scheduler[93485]: DEBUG oslo_concurrency.lockutils [None req-e7880558-179d-41c0-8257-83f4508bc9cb tempest-DeleteServersTestJSON-722549161 tempest-DeleteServersTestJSON-722549161-project-member] Lock "np0000007853-np0000007853" acquired by "nova.scheduler.host_manager.HostState.update.._locked_update" :: waited 0.000s {{(pid=93485) inner /opt/stack/data/venv/lib/python3.12/site-packages/oslo_concurrency/lockutils.py:525}}
Aug 20 07:43:18.647989 np0000007853 nova-scheduler[93485]: DEBUG nova.scheduler.host_manager [None req-e7880558-179d-41c0-8257-83f4508bc9cb tempest-DeleteServersTestJSON-722549161 tempest-DeleteServersTestJSON-722549161-project-member] Update host state from compute node: ComputeNode(cpu_allocation_ratio=4.0,cpu_info='{"arch": "x86_64", "model": "EPYC-Milan", "vendor": "AMD", "topology": {"cells": 1, "sockets": 16, "cores": 1, "threads": 1}, "maxphysaddr": {"mode": "emulate", "bits": 40}, "features": ["fma", "nrip-save", "lahf_lm", "mmxext", "arat", "rdctl-no", "smap", "pdpe1gb", "erms", "arch-capabilities", "lm", "no-nested-data-bp", "v-vmsave-vmload", "svme-addr-chk", "stibp", "xsaveopt", "cmov", "popcnt", "de", "clflushopt", "svm", "null-sel-clr-base", "pat", "wbnoinvd", "avx", "cx16", "sse4.2", "xgetbv1", "rdtscp", "nx", "amd-psfd", "ssbd", "aes", "rdrand", "fsrm", "bmi2", "mtrr", "vmcb-clean", "fpu", "pae", "amd-ssbd", "avx2", "gds-no", "xsavec", "vpclmulqdq", "rdpid", "topoext", "fxsr", "mmx", "cr8legacy", "apic", "fsgsbase", "umip", "xsaves", "ibrs", "pause-filter", "sha-ni", "clzero", "perfctr_core", "osvw", "tsc-deadline", "invpcid", "xsaveerptr", "sep", "stibp-always-on", "movbe", "pse36", "mca", "pfthreshold", "sse", "f16c", "pclmuldq", "mce", "abm", "cmp_legacy", "cx8", "hypervisor", "pse", "lbrv", "3dnowprefetch", "virt-ssbd", "syscall", "pku", "pge", "vgif", "msr", "tsc", "sse2", "sse4a", "ssse3", "clwb", "pcid", "fxsr_opt", "adx", "npt", "amd-stibp", "mds-no", "lfence-always-serializing", "pschange-mc-no", "smep", "vaes", "sse4.1", "tsc_adjust", "tsc-scale", "clflush", "skip-l1dfl-vmentry", "x2apic", "ibpb", "misalignsse", "flushbyasid", "vme", "pni", "bmi1", "xsave", "rdseed", "spec-ctrl"]}',created_at=2026-08-20T07:41:07Z,current_workload=0,deleted=False,deleted_at=None,disk_allocation_ratio=1.0,disk_available_least=73,free_disk_gb=95,free_ram_mb=62765,host='np0000007853',host_ip=10.4.3.74,hypervisor_hostname='np0000007853',hypervisor_type='QEMU',hypervisor_version=8002002,id=1,local_gb=95,local_gb_used=0,mapped=1,memory_mb=63277,memory_mb_used=512,metrics='[]',numa_topology='{"nova_object.name": "NUMATopology", "nova_object.namespace": "nova", "nova_object.version": "1.2", "nova_object.data": {"cells": [{"nova_object.name": "NUMACell", "nova_object.namespace": "nova", "nova_object.version": "1.5", "nova_object.data": {"id": 0, "cpuset": [0, 1, 2, 3, 4, 5, 6, 7, 8, 9, 10, 11, 12, 13, 14, 15], "pcpuset": [0, 1, 2, 3, 4, 5, 6, 7, 8, 9, 10, 11, 12, 13, 14, 15], "memory": 63277, "cpu_usage": 0, "memory_usage": 0, "pinned_cpus": [], "siblings": [[6], [12], [2], [15], [5], [11], [8], [14], [4], [1], [7], [10], [0], [13], [3], [9]], "mempages": [{"nova_object.name": "NUMAPagesTopology", "nova_object.namespace": "nova", "nova_object.version": "1.1", "nova_object.data": {"size_kb": 4, "total": 16177928, "used": 0, "reserved": 0}, "nova_object.changes": ["reserved", "size_kb", "total", "used"]}, {"nova_object.name": "NUMAPagesTopology", "nova_object.namespace": "nova", "nova_object.version": "1.1", "nova_object.data": {"size_kb": 2048, "total": 41, "used": 0, "reserved": 0}, "nova_object.changes": ["reserved", "size_kb", "total", "used"]}, {"nova_object.name": "NUMAPagesTopology", "nova_object.namespace": "nova", "nova_object.version": "1.1", "nova_object.data": {"size_kb": 1048576, "total": 0, "used": 0, "reserved": 0}, "nova_object.changes": ["reserved", "size_kb", "total", "used"]}], "network_metadata": {"nova_object.name": "NetworkMetadata", "nova_object.namespace": "nova", "nova_object.version": "1.0", "nova_object.data": {"physnets": [], "tunneled": false}, "nova_object.changes": ["tunneled", "physnets"]}, "socket": null}, "nova_object.changes": ["mempages", "socket", "memory", "cpu_usage", "cpuset", "memory_usage", "siblings", "id", "pcpuset", "pinned_cpus", "network_metadata"]}]}, "nova_object.changes": ["cells"]}',pci_device_pools=PciDevicePoolList,ram_allocation_ratio=1.0,running_vms=0,service_id=2,stats={failed_builds='0',uptime=' 07:42:53 up 13 min, 2 users, load average: 1.44, 1.49, 0.84
Aug 20 07:43:18.647989 np0000007853 nova-scheduler[93485]: '},supported_hv_specs=[HVSpec,HVSpec,HVSpec,HVSpec,HVSpec,HVSpec,HVSpec,HVSpec,HVSpec,HVSpec,HVSpec,HVSpec,HVSpec,HVSpec,HVSpec,HVSpec,HVSpec,HVSpec,HVSpec,HVSpec,HVSpec,HVSpec,HVSpec,HVSpec,HVSpec],updated_at=2026-08-20T07:42:54Z,uuid=182ec30d-93ff-435c-929c-f3238fc51913,vcpus=16,vcpus_used=0) {{(pid=93485) _locked_update /opt/stack/nova/nova/scheduler/host_manager.py:168}}
Aug 20 07:43:18.651224 np0000007853 nova-scheduler[93485]: DEBUG nova.scheduler.host_manager [None req-e7880558-179d-41c0-8257-83f4508bc9cb tempest-DeleteServersTestJSON-722549161 tempest-DeleteServersTestJSON-722549161-project-member] Update host state with aggregates: [] {{(pid=93485) _locked_update /opt/stack/nova/nova/scheduler/host_manager.py:171}}
Aug 20 07:43:18.651224 np0000007853 nova-scheduler[93485]: DEBUG nova.scheduler.host_manager [None req-e7880558-179d-41c0-8257-83f4508bc9cb tempest-DeleteServersTestJSON-722549161 tempest-DeleteServersTestJSON-722549161-project-member] Update host state with service dict: {'id': 2, 'uuid': '368044dd-eff4-40e5-98c0-57344d67b322', 'host': 'np0000007853', 'binary': 'nova-compute', 'topic': 'compute', 'report_count': 2, 'disabled': False, 'disabled_reason': None, 'last_seen_up': datetime.datetime(2026, 8, 20, 7, 43, 13, tzinfo=datetime.timezone.utc), 'forced_down': False, 'version': 72, 'created_at': datetime.datetime(2026, 8, 20, 7, 41, 7, tzinfo=datetime.timezone.utc), 'updated_at': datetime.datetime(2026, 8, 20, 7, 43, 13, tzinfo=datetime.timezone.utc), 'deleted_at': None, 'deleted': False} {{(pid=93485) _locked_update /opt/stack/nova/nova/scheduler/host_manager.py:174}}
Aug 20 07:43:18.651224 np0000007853 nova-scheduler[93485]: DEBUG nova.scheduler.host_manager [None req-e7880558-179d-41c0-8257-83f4508bc9cb tempest-DeleteServersTestJSON-722549161 tempest-DeleteServersTestJSON-722549161-project-member] Update host state with instances: [] {{(pid=93485) _locked_update /opt/stack/nova/nova/scheduler/host_manager.py:177}}
Aug 20 07:43:18.652428 np0000007853 nova-scheduler[93485]: DEBUG oslo_concurrency.lockutils [None req-e7880558-179d-41c0-8257-83f4508bc9cb tempest-DeleteServersTestJSON-722549161 tempest-DeleteServersTestJSON-722549161-project-member] Lock "np0000007853-np0000007853" "released" by "nova.scheduler.host_manager.HostState.update.._locked_update" :: held 0.005s {{(pid=93485) inner /opt/stack/data/venv/lib/python3.12/site-packages/oslo_concurrency/lockutils.py:544}}
Aug 20 07:43:18.652910 np0000007853 nova-scheduler[93485]: DEBUG nova.filters [None req-e7880558-179d-41c0-8257-83f4508bc9cb tempest-DeleteServersTestJSON-722549161 tempest-DeleteServersTestJSON-722549161-project-member] Starting with 1 host(s) {{(pid=93485) get_filtered_objects /opt/stack/nova/nova/filters.py:70}}
Aug 20 07:43:18.654057 np0000007853 nova-scheduler[93485]: DEBUG nova.filters [None req-e7880558-179d-41c0-8257-83f4508bc9cb tempest-DeleteServersTestJSON-722549161 tempest-DeleteServersTestJSON-722549161-project-member] Filter ComputeFilter returned 1 host(s) {{(pid=93485) get_filtered_objects /opt/stack/nova/nova/filters.py:102}}
Aug 20 07:43:18.654216 np0000007853 nova-scheduler[93485]: DEBUG nova.filters [None req-e7880558-179d-41c0-8257-83f4508bc9cb tempest-DeleteServersTestJSON-722549161 tempest-DeleteServersTestJSON-722549161-project-member] Filter ComputeCapabilitiesFilter returned 1 host(s) {{(pid=93485) get_filtered_objects /opt/stack/nova/nova/filters.py:102}}
Aug 20 07:43:18.654468 np0000007853 nova-scheduler[93485]: DEBUG nova.filters [None req-e7880558-179d-41c0-8257-83f4508bc9cb tempest-DeleteServersTestJSON-722549161 tempest-DeleteServersTestJSON-722549161-project-member] Filter ImagePropertiesFilter returned 1 host(s) {{(pid=93485) get_filtered_objects /opt/stack/nova/nova/filters.py:102}}
Aug 20 07:43:18.654726 np0000007853 nova-scheduler[93485]: DEBUG nova.filters [None req-e7880558-179d-41c0-8257-83f4508bc9cb tempest-DeleteServersTestJSON-722549161 tempest-DeleteServersTestJSON-722549161-project-member] Filter ServerGroupAntiAffinityFilter returned 1 host(s) {{(pid=93485) get_filtered_objects /opt/stack/nova/nova/filters.py:102}}
Aug 20 07:43:18.654726 np0000007853 nova-scheduler[93485]: DEBUG nova.filters [None req-e7880558-179d-41c0-8257-83f4508bc9cb tempest-DeleteServersTestJSON-722549161 tempest-DeleteServersTestJSON-722549161-project-member] Filter ServerGroupAffinityFilter returned 1 host(s) {{(pid=93485) get_filtered_objects /opt/stack/nova/nova/filters.py:102}}
Aug 20 07:43:18.655091 np0000007853 nova-scheduler[93485]: DEBUG nova.filters [None req-e7880558-179d-41c0-8257-83f4508bc9cb tempest-DeleteServersTestJSON-722549161 tempest-DeleteServersTestJSON-722549161-project-member] Filter SameHostFilter returned 1 host(s) {{(pid=93485) get_filtered_objects /opt/stack/nova/nova/filters.py:102}}
Aug 20 07:43:18.656715 np0000007853 nova-scheduler[93485]: DEBUG nova.filters [None req-e7880558-179d-41c0-8257-83f4508bc9cb tempest-DeleteServersTestJSON-722549161 tempest-DeleteServersTestJSON-722549161-project-member] Filter DifferentHostFilter returned 1 host(s) {{(pid=93485) get_filtered_objects /opt/stack/nova/nova/filters.py:102}}
Aug 20 07:43:18.656715 np0000007853 nova-scheduler[93485]: DEBUG nova.scheduler.manager [None req-e7880558-179d-41c0-8257-83f4508bc9cb tempest-DeleteServersTestJSON-722549161 tempest-DeleteServersTestJSON-722549161-project-member] Filtered [(np0000007853, np0000007853) ram: 62765MB disk: 74752MB io_ops: 0 instances: 0, allocation_candidates: 1] {{(pid=93485) _get_sorted_hosts /opt/stack/nova/nova/scheduler/manager.py:730}}
Aug 20 07:43:18.656715 np0000007853 nova-scheduler[93485]: DEBUG nova.scheduler.manager [None req-e7880558-179d-41c0-8257-83f4508bc9cb tempest-DeleteServersTestJSON-722549161 tempest-DeleteServersTestJSON-722549161-project-member] Weighed [WeighedHost [host: (np0000007853, np0000007853) ram: 62765MB disk: 74752MB io_ops: 0 instances: 0, allocation_candidates: 1, weight: 0.0]] {{(pid=93485) _get_sorted_hosts /opt/stack/nova/nova/scheduler/manager.py:752}}
Aug 20 07:43:18.656715 np0000007853 nova-scheduler[93485]: DEBUG nova.scheduler.utils [None req-e7880558-179d-41c0-8257-83f4508bc9cb tempest-DeleteServersTestJSON-722549161 tempest-DeleteServersTestJSON-722549161-project-member] Attempting to claim resources in the placement API for instance df9706b7-e881-42e0-8cb3-1aacdb31910b {{(pid=93485) claim_resources /opt/stack/nova/nova/scheduler/utils.py:1345}}
Aug 20 07:43:18.682590 np0000007853 nova-scheduler[93485]: DEBUG oslo.service.backend._threading.loopingcall [None req-03199f54-a4cb-43dd-8561-2fbf5b76de83 None None] Dynamic interval looping call 'nova.service.Service.periodic_tasks' sleeping for 60.00 seconds {{(pid=93485) _run_loop /opt/stack/data/venv/lib/python3.12/site-packages/oslo_service/backend/_threading/loopingcall.py:125}}
Aug 20 07:43:18.828586 np0000007853 nova-scheduler[93485]: DEBUG nova.scheduler.manager [None req-e7880558-179d-41c0-8257-83f4508bc9cb tempest-DeleteServersTestJSON-722549161 tempest-DeleteServersTestJSON-722549161-project-member] [instance: df9706b7-e881-42e0-8cb3-1aacdb31910b] Selected host: (np0000007853, np0000007853) ram: 62765MB disk: 74752MB io_ops: 0 instances: 0, allocation_candidates: 1 {{(pid=93485) _consume_selected_host /opt/stack/nova/nova/scheduler/manager.py:612}}
Aug 20 07:43:18.828586 np0000007853 nova-scheduler[93485]: DEBUG oslo_concurrency.lockutils [None req-e7880558-179d-41c0-8257-83f4508bc9cb tempest-DeleteServersTestJSON-722549161 tempest-DeleteServersTestJSON-722549161-project-member] Acquiring lock "np0000007853-np0000007853" by "nova.scheduler.host_manager.HostState.consume_from_request.._locked" {{(pid=93485) inner /opt/stack/data/venv/lib/python3.12/site-packages/oslo_concurrency/lockutils.py:512}}
Aug 20 07:43:18.828586 np0000007853 nova-scheduler[93485]: DEBUG oslo_concurrency.lockutils [None req-e7880558-179d-41c0-8257-83f4508bc9cb tempest-DeleteServersTestJSON-722549161 tempest-DeleteServersTestJSON-722549161-project-member] Lock "np0000007853-np0000007853" acquired by "nova.scheduler.host_manager.HostState.consume_from_request.._locked" :: waited 0.000s {{(pid=93485) inner /opt/stack/data/venv/lib/python3.12/site-packages/oslo_concurrency/lockutils.py:525}}
Aug 20 07:43:18.828586 np0000007853 nova-scheduler[93485]: DEBUG oslo_concurrency.lockutils [None req-e7880558-179d-41c0-8257-83f4508bc9cb tempest-DeleteServersTestJSON-722549161 tempest-DeleteServersTestJSON-722549161-project-member] Lock "np0000007853-np0000007853" "released" by "nova.scheduler.host_manager.HostState.consume_from_request.._locked" :: held 0.000s {{(pid=93485) inner /opt/stack/data/venv/lib/python3.12/site-packages/oslo_concurrency/lockutils.py:544}}
Aug 20 07:43:23.065015 np0000007853 nova-scheduler[93509]: DEBUG nova.scheduler.manager [None req-03f3b647-07a5-4fa9-bfdc-9cc949a5e268 tempest-ServerActionsTestOtherA-1196285736 tempest-ServerActionsTestOtherA-1196285736-project-member] Starting to schedule for instances: ['2cbc9b88-dcd7-4a14-b928-dc2944b78096'] {{(pid=93509) select_destinations /opt/stack/nova/nova/scheduler/manager.py:197}}
Aug 20 07:43:23.065752 np0000007853 nova-scheduler[93509]: DEBUG nova.scheduler.request_filter [None req-03f3b647-07a5-4fa9-bfdc-9cc949a5e268 tempest-ServerActionsTestOtherA-1196285736 tempest-ServerActionsTestOtherA-1196285736-project-member] compute_status_filter request filter added forbidden trait COMPUTE_STATUS_DISABLED {{(pid=93509) compute_status_filter /opt/stack/nova/nova/scheduler/request_filter.py:253}}
Aug 20 07:43:23.065824 np0000007853 nova-scheduler[93509]: DEBUG nova.scheduler.request_filter [None req-03f3b647-07a5-4fa9-bfdc-9cc949a5e268 tempest-ServerActionsTestOtherA-1196285736 tempest-ServerActionsTestOtherA-1196285736-project-member] Request filter 'compute_status_filter' took 0.0 seconds {{(pid=93509) wrapper /opt/stack/nova/nova/scheduler/request_filter.py:46}}
Aug 20 07:43:23.066055 np0000007853 nova-scheduler[93509]: DEBUG nova.scheduler.request_filter [None req-03f3b647-07a5-4fa9-bfdc-9cc949a5e268 tempest-ServerActionsTestOtherA-1196285736 tempest-ServerActionsTestOtherA-1196285736-project-member] Request filter 'accelerators_filter' took 0.0 seconds {{(pid=93509) wrapper /opt/stack/nova/nova/scheduler/request_filter.py:46}}
Aug 20 07:43:23.066287 np0000007853 nova-scheduler[93509]: DEBUG nova.scheduler.request_filter [None req-03f3b647-07a5-4fa9-bfdc-9cc949a5e268 tempest-ServerActionsTestOtherA-1196285736 tempest-ServerActionsTestOtherA-1196285736-project-member] Request filter 'packed_virtqueue_filter' took 0.0 seconds {{(pid=93509) wrapper /opt/stack/nova/nova/scheduler/request_filter.py:46}}
Aug 20 07:43:23.066606 np0000007853 nova-scheduler[93509]: DEBUG nova.scheduler.request_filter [None req-03f3b647-07a5-4fa9-bfdc-9cc949a5e268 tempest-ServerActionsTestOtherA-1196285736 tempest-ServerActionsTestOtherA-1196285736-project-member] Request filter 'remote_managed_ports_filter' took 0.0 seconds {{(pid=93509) wrapper /opt/stack/nova/nova/scheduler/request_filter.py:46}}
Aug 20 07:43:23.066792 np0000007853 nova-scheduler[93509]: DEBUG nova.scheduler.request_filter [None req-03f3b647-07a5-4fa9-bfdc-9cc949a5e268 tempest-ServerActionsTestOtherA-1196285736 tempest-ServerActionsTestOtherA-1196285736-project-member] ephemeral_encryption_filter skipped {{(pid=93509) ephemeral_encryption_filter /opt/stack/nova/nova/scheduler/request_filter.py:426}}
Aug 20 07:43:23.066937 np0000007853 nova-scheduler[93509]: DEBUG nova.scheduler.request_filter [None req-03f3b647-07a5-4fa9-bfdc-9cc949a5e268 tempest-ServerActionsTestOtherA-1196285736 tempest-ServerActionsTestOtherA-1196285736-project-member] virtio_sound_filter skipped {{(pid=93509) virtio_sound_filter /opt/stack/nova/nova/scheduler/request_filter.py:460}}
Aug 20 07:43:23.067060 np0000007853 nova-scheduler[93509]: DEBUG nova.scheduler.request_filter [None req-03f3b647-07a5-4fa9-bfdc-9cc949a5e268 tempest-ServerActionsTestOtherA-1196285736 tempest-ServerActionsTestOtherA-1196285736-project-member] tpm_secret_security_filter skipped {{(pid=93509) tpm_secret_security_filter /opt/stack/nova/nova/scheduler/request_filter.py:477}}
