Jul 22 16:48:46.833828 np0000005639 devstack@c-api.service[97301]: DEBUG cinder.api.v3.backups [None req-4cda3c53-3cb0-415f-a409-b828a27848d8 tempest-VolumesBackupsAdminTest-55663684 tempest-VolumesBackupsAdminTest-55663684-project-member] Show backup with id f2a5ec3e-9c27-4864-8774-0d887e389928. {{(pid=97301) show /opt/stack/cinder/cinder/api/v3/backups.py:75}}
Jul 22 16:48:46.846575 np0000005639 devstack@c-api.service[97301]: /opt/stack/data/venv/lib/python3.12/site-packages/oslo_context/context.py:102: DeprecationWarning: Policy enforcement is depending on the value of is_admin. This key is deprecated. Please update your policy file to use the standard policy values.
Jul 22 16:48:46.846575 np0000005639 devstack@c-api.service[97301]: warnings.warn(
Jul 22 16:48:46.849008 np0000005639 devstack@c-api.service[97301]: INFO cinder.api.openstack.wsgi [None req-4cda3c53-3cb0-415f-a409-b828a27848d8 tempest-VolumesBackupsAdminTest-55663684 tempest-VolumesBackupsAdminTest-55663684-project-member] https://10.4.3.228/volume/v3/backups/f2a5ec3e-9c27-4864-8774-0d887e389928 returned with HTTP 200
Jul 22 16:48:46.852142 np0000005639 devstack@c-api.service[97301]: [pid: 97301|app: 0|req: 94/272] 10.4.3.228 () {66 vars in 1348 bytes} [Wed Jul 22 16:48:46 2026] GET /volume/v3/backups/f2a5ec3e-9c27-4864-8774-0d887e389928 => generated 801 bytes in 23 msecs (HTTP/1.1 200) 7 headers in 285 bytes (1 switches on core 0)
Jul 22 16:48:47.039060 np0000005639 devstack@c-api.service[97300]: DEBUG cinder.api.middleware.request_id [req-3982f045-c246-4af0-97fb-ca244072e36f req-0a19d644-a019-4a07-b521-6984a2395eda None None] RequestId filter calling following filter/app {{(pid=97300) _context_setter /opt/stack/cinder/cinder/api/middleware/request_id.py:62}}
Jul 22 16:48:47.045240 np0000005639 devstack@c-api.service[97300]: INFO cinder.api.openstack.wsgi [req-3982f045-c246-4af0-97fb-ca244072e36f req-0a19d644-a019-4a07-b521-6984a2395eda tempest-AttachSCSIVolumeTestJSON-186183964 tempest-AttachSCSIVolumeTestJSON-186183964-project-member] DELETE https://10.4.3.228/volume/v3/attachments/2c8cf7de-1173-455f-a53a-0f3bb2966dff
Jul 22 16:48:47.046500 np0000005639 devstack@c-api.service[97300]: DEBUG cinder.api.openstack.wsgi [req-3982f045-c246-4af0-97fb-ca244072e36f req-0a19d644-a019-4a07-b521-6984a2395eda tempest-AttachSCSIVolumeTestJSON-186183964 tempest-AttachSCSIVolumeTestJSON-186183964-project-member] Empty body provided in request {{(pid=97300) get_body /opt/stack/cinder/cinder/api/openstack/wsgi.py:725}}
Jul 22 16:48:47.046822 np0000005639 devstack@c-api.service[97300]: DEBUG cinder.api.openstack.wsgi [req-3982f045-c246-4af0-97fb-ca244072e36f req-0a19d644-a019-4a07-b521-6984a2395eda tempest-AttachSCSIVolumeTestJSON-186183964 tempest-AttachSCSIVolumeTestJSON-186183964-project-member] Calling method 'version_select' {{(pid=97300) _process_stack /opt/stack/cinder/cinder/api/openstack/wsgi.py:878}}
Jul 22 16:48:47.067894 np0000005639 devstack@c-api.service[97300]: /opt/stack/data/venv/lib/python3.12/site-packages/oslo_context/context.py:102: DeprecationWarning: Policy enforcement is depending on the value of is_admin. This key is deprecated. Please update your policy file to use the standard policy values.
Jul 22 16:48:47.067894 np0000005639 devstack@c-api.service[97300]: warnings.warn(
Jul 22 16:48:47.099020 np0000005639 devstack@c-api.service[97302]: DEBUG cinder.api.middleware.request_id [None req-ed6fa2ec-ec69-4aa4-9e14-29008b2e30f8 None None] RequestId filter calling following filter/app {{(pid=97302) _context_setter /opt/stack/cinder/cinder/api/middleware/request_id.py:62}}
Jul 22 16:48:47.100348 np0000005639 devstack@c-api.service[97302]: INFO cinder.api.openstack.wsgi [None req-ed6fa2ec-ec69-4aa4-9e14-29008b2e30f8 None None] GET https://10.4.3.228/volume//
Jul 22 16:48:47.100348 np0000005639 devstack@c-api.service[97302]: DEBUG cinder.api.openstack.wsgi [None req-ed6fa2ec-ec69-4aa4-9e14-29008b2e30f8 None None] Empty body provided in request {{(pid=97302) get_body /opt/stack/cinder/cinder/api/openstack/wsgi.py:725}}
Jul 22 16:48:47.100348 np0000005639 devstack@c-api.service[97302]: DEBUG cinder.api.openstack.wsgi [None req-ed6fa2ec-ec69-4aa4-9e14-29008b2e30f8 None None] Calling method 'all' {{(pid=97302) _process_stack /opt/stack/cinder/cinder/api/openstack/wsgi.py:878}}
Jul 22 16:48:47.101240 np0000005639 devstack@c-api.service[97302]: INFO cinder.api.openstack.wsgi [None req-ed6fa2ec-ec69-4aa4-9e14-29008b2e30f8 None None] https://10.4.3.228/volume// returned with HTTP 300
Jul 22 16:48:47.101709 np0000005639 devstack@c-api.service[97302]: [pid: 97302|app: 0|req: 90/273] 10.4.3.228 () {66 vars in 1426 bytes} [Wed Jul 22 16:48:47 2026] GET /volume/ => generated 386 bytes in 6 msecs (HTTP/1.1 300) 7 headers in 299 bytes (2 switches on core 0)
Jul 22 16:48:47.113538 np0000005639 devstack@c-api.service[97301]: DEBUG cinder.api.middleware.request_id [req-06fdfb0b-a493-4333-9f1a-e2c0bfc19c62 req-03781262-1c6d-4108-ab94-e8a57b94fad9 None None] RequestId filter calling following filter/app {{(pid=97301) _context_setter /opt/stack/cinder/cinder/api/middleware/request_id.py:62}}
Jul 22 16:48:47.118852 np0000005639 devstack@c-api.service[97301]: INFO cinder.api.openstack.wsgi [req-06fdfb0b-a493-4333-9f1a-e2c0bfc19c62 req-03781262-1c6d-4108-ab94-e8a57b94fad9 tempest-TaggedBootDevicesTest_v242-1044836944 tempest-TaggedBootDevicesTest_v242-1044836944-project-member] GET https://10.4.3.228/volume/v3/volumes/87a250f1-8d25-4a0d-8335-845a78153ea0
Jul 22 16:48:47.118852 np0000005639 devstack@c-api.service[97301]: DEBUG cinder.api.openstack.wsgi [req-06fdfb0b-a493-4333-9f1a-e2c0bfc19c62 req-03781262-1c6d-4108-ab94-e8a57b94fad9 tempest-TaggedBootDevicesTest_v242-1044836944 tempest-TaggedBootDevicesTest_v242-1044836944-project-member] Empty body provided in request {{(pid=97301) get_body /opt/stack/cinder/cinder/api/openstack/wsgi.py:725}}
Jul 22 16:48:47.118852 np0000005639 devstack@c-api.service[97301]: DEBUG cinder.api.openstack.wsgi [req-06fdfb0b-a493-4333-9f1a-e2c0bfc19c62 req-03781262-1c6d-4108-ab94-e8a57b94fad9 tempest-TaggedBootDevicesTest_v242-1044836944 tempest-TaggedBootDevicesTest_v242-1044836944-project-member] Calling method 'show' {{(pid=97301) _process_stack /opt/stack/cinder/cinder/api/openstack/wsgi.py:878}}
Jul 22 16:48:47.142159 np0000005639 devstack@c-api.service[97301]: /opt/stack/data/venv/lib/python3.12/site-packages/oslo_context/context.py:102: DeprecationWarning: Policy enforcement is depending on the value of is_admin. This key is deprecated. Please update your policy file to use the standard policy values.
Jul 22 16:48:47.142159 np0000005639 devstack@c-api.service[97301]: warnings.warn(
Jul 22 16:48:47.151515 np0000005639 devstack@c-api.service[97300]: INFO cinder.api.openstack.wsgi [req-3982f045-c246-4af0-97fb-ca244072e36f req-0a19d644-a019-4a07-b521-6984a2395eda tempest-AttachSCSIVolumeTestJSON-186183964 tempest-AttachSCSIVolumeTestJSON-186183964-project-member] https://10.4.3.228/volume/v3/attachments/2c8cf7de-1173-455f-a53a-0f3bb2966dff returned with HTTP 200
Jul 22 16:48:47.151966 np0000005639 devstack@c-api.service[97301]: INFO cinder.volume.api [req-06fdfb0b-a493-4333-9f1a-e2c0bfc19c62 req-03781262-1c6d-4108-ab94-e8a57b94fad9 tempest-TaggedBootDevicesTest_v242-1044836944 tempest-TaggedBootDevicesTest_v242-1044836944-project-member] Volume info retrieved successfully.
Jul 22 16:48:47.152029 np0000005639 devstack@c-api.service[97300]: [pid: 97300|app: 0|req: 90/274] 10.4.3.228 () {72 vars in 1673 bytes} [Wed Jul 22 16:48:47 2026] DELETE /volume/v3/attachments/2c8cf7de-1173-455f-a53a-0f3bb2966dff => generated 19 bytes in 114 msecs (HTTP/1.1 200) 7 headers in 285 bytes (1 switches on core 0)
Jul 22 16:48:47.162702 np0000005639 devstack@c-api.service[97301]: INFO cinder.api.openstack.wsgi [req-06fdfb0b-a493-4333-9f1a-e2c0bfc19c62 req-03781262-1c6d-4108-ab94-e8a57b94fad9 tempest-TaggedBootDevicesTest_v242-1044836944 tempest-TaggedBootDevicesTest_v242-1044836944-project-member] https://10.4.3.228/volume/v3/volumes/87a250f1-8d25-4a0d-8335-845a78153ea0 returned with HTTP 200
Jul 22 16:48:47.163461 np0000005639 devstack@c-api.service[97301]: [pid: 97301|app: 0|req: 95/275] 10.4.3.228 () {70 vars in 1639 bytes} [Wed Jul 22 16:48:47 2026] GET /volume/v3/volumes/87a250f1-8d25-4a0d-8335-845a78153ea0 => generated 1575 bytes in 50 msecs (HTTP/1.1 200) 7 headers in 287 bytes (1 switches on core 0)
Jul 22 16:48:47.386207 np0000005639 devstack@c-api.service[97302]: DEBUG cinder.api.middleware.request_id [None req-6afc6822-7f0f-4d3e-ae33-c9e86a850bf3 None None] RequestId filter calling following filter/app {{(pid=97302) _context_setter /opt/stack/cinder/cinder/api/middleware/request_id.py:62}}
Jul 22 16:48:47.390136 np0000005639 devstack@c-api.service[97302]: INFO cinder.api.openstack.wsgi [None req-6afc6822-7f0f-4d3e-ae33-c9e86a850bf3 tempest-VolumesAssistedSnapshotsTest-1335992882 tempest-VolumesAssistedSnapshotsTest-1335992882-project-admin] GET https://10.4.3.228/volume/v3/volumes/5aa4adb4-90e9-4eca-b2d8-4c1f7e86368f
Jul 22 16:48:47.390136 np0000005639 devstack@c-api.service[97302]: DEBUG cinder.api.openstack.wsgi [None req-6afc6822-7f0f-4d3e-ae33-c9e86a850bf3 tempest-VolumesAssistedSnapshotsTest-1335992882 tempest-VolumesAssistedSnapshotsTest-1335992882-project-admin] Empty body provided in request {{(pid=97302) get_body /opt/stack/cinder/cinder/api/openstack/wsgi.py:725}}
Jul 22 16:48:47.390136 np0000005639 devstack@c-api.service[97302]: DEBUG cinder.api.openstack.wsgi [None req-6afc6822-7f0f-4d3e-ae33-c9e86a850bf3 tempest-VolumesAssistedSnapshotsTest-1335992882 tempest-VolumesAssistedSnapshotsTest-1335992882-project-admin] Calling method 'show' {{(pid=97302) _process_stack /opt/stack/cinder/cinder/api/openstack/wsgi.py:878}}
Jul 22 16:48:47.421316 np0000005639 devstack@c-api.service[97302]: /opt/stack/data/venv/lib/python3.12/site-packages/oslo_context/context.py:102: DeprecationWarning: Policy enforcement is depending on the value of is_admin. This key is deprecated. Please update your policy file to use the standard policy values.
Jul 22 16:48:47.421316 np0000005639 devstack@c-api.service[97302]: warnings.warn(
Jul 22 16:48:47.429129 np0000005639 devstack@c-api.service[97302]: INFO cinder.volume.api [None req-6afc6822-7f0f-4d3e-ae33-c9e86a850bf3 tempest-VolumesAssistedSnapshotsTest-1335992882 tempest-VolumesAssistedSnapshotsTest-1335992882-project-admin] Volume info retrieved successfully.
Jul 22 16:48:47.439132 np0000005639 devstack@c-api.service[97302]: INFO cinder.api.openstack.wsgi [None req-6afc6822-7f0f-4d3e-ae33-c9e86a850bf3 tempest-VolumesAssistedSnapshotsTest-1335992882 tempest-VolumesAssistedSnapshotsTest-1335992882-project-admin] https://10.4.3.228/volume/v3/volumes/5aa4adb4-90e9-4eca-b2d8-4c1f7e86368f returned with HTTP 200
Jul 22 16:48:47.439132 np0000005639 devstack@c-api.service[97302]: [pid: 97302|app: 0|req: 91/276] 10.4.3.228 () {66 vars in 1348 bytes} [Wed Jul 22 16:48:47 2026] GET /volume/v3/volumes/5aa4adb4-90e9-4eca-b2d8-4c1f7e86368f => generated 1327 bytes in 56 msecs (HTTP/1.1 200) 7 headers in 286 bytes (1 switches on core 0)
Jul 22 16:48:47.561887 np0000005639 devstack@c-api.service[97300]: DEBUG cinder.api.middleware.request_id [req-a85a3d83-354b-45ff-a88e-7bb026a22e88 req-bd683c3b-0d74-4989-80da-5c2740e1ec67 None None] RequestId filter calling following filter/app {{(pid=97300) _context_setter /opt/stack/cinder/cinder/api/middleware/request_id.py:62}}
Jul 22 16:48:47.565081 np0000005639 devstack@c-api.service[97300]: INFO cinder.api.openstack.wsgi [req-a85a3d83-354b-45ff-a88e-7bb026a22e88 req-bd683c3b-0d74-4989-80da-5c2740e1ec67 tempest-VolumesAssistedSnapshotsTest-1335992882 tempest-VolumesAssistedSnapshotsTest-1335992882-project-admin] GET https://10.4.3.228/volume/v3/volumes/5aa4adb4-90e9-4eca-b2d8-4c1f7e86368f
Jul 22 16:48:47.565081 np0000005639 devstack@c-api.service[97300]: DEBUG cinder.api.openstack.wsgi [req-a85a3d83-354b-45ff-a88e-7bb026a22e88 req-bd683c3b-0d74-4989-80da-5c2740e1ec67 tempest-VolumesAssistedSnapshotsTest-1335992882 tempest-VolumesAssistedSnapshotsTest-1335992882-project-admin] Empty body provided in request {{(pid=97300) get_body /opt/stack/cinder/cinder/api/openstack/wsgi.py:725}}
Jul 22 16:48:47.565081 np0000005639 devstack@c-api.service[97300]: DEBUG cinder.api.openstack.wsgi [req-a85a3d83-354b-45ff-a88e-7bb026a22e88 req-bd683c3b-0d74-4989-80da-5c2740e1ec67 tempest-VolumesAssistedSnapshotsTest-1335992882 tempest-VolumesAssistedSnapshotsTest-1335992882-project-admin] Calling method 'show' {{(pid=97300) _process_stack /opt/stack/cinder/cinder/api/openstack/wsgi.py:878}}
Jul 22 16:48:47.576993 np0000005639 devstack@c-api.service[97301]: DEBUG cinder.api.middleware.request_id [req-0991c5bb-a5b5-4240-999e-e23124af6896 req-7816edb3-5e1e-47d0-a456-2d0c7ab44fea None None] RequestId filter calling following filter/app {{(pid=97301) _context_setter /opt/stack/cinder/cinder/api/middleware/request_id.py:62}}
Jul 22 16:48:47.579863 np0000005639 devstack@c-api.service[97301]: INFO cinder.api.openstack.wsgi [req-0991c5bb-a5b5-4240-999e-e23124af6896 req-7816edb3-5e1e-47d0-a456-2d0c7ab44fea tempest-VolumesAssistedSnapshotsTest-1839839694 tempest-VolumesAssistedSnapshotsTest-1839839694-project] POST https://10.4.3.228/volume/v3/snapshots/None/action
Jul 22 16:48:47.580379 np0000005639 devstack@c-api.service[97301]: DEBUG cinder.api.openstack.wsgi [req-0991c5bb-a5b5-4240-999e-e23124af6896 req-7816edb3-5e1e-47d0-a456-2d0c7ab44fea tempest-VolumesAssistedSnapshotsTest-1839839694 tempest-VolumesAssistedSnapshotsTest-1839839694-project] Action body: b'{"os-update_snapshot_status": {"status": "error_deleting", "progress": "90%"}}' {{(pid=97301) get_method /opt/stack/cinder/cinder/api/openstack/wsgi.py:993}}
Jul 22 16:48:47.580564 np0000005639 devstack@c-api.service[97301]: DEBUG cinder.api.openstack.wsgi [req-0991c5bb-a5b5-4240-999e-e23124af6896 req-7816edb3-5e1e-47d0-a456-2d0c7ab44fea tempest-VolumesAssistedSnapshotsTest-1839839694 tempest-VolumesAssistedSnapshotsTest-1839839694-project] Action: 'action', calling method: _update_snapshot_status, body: {"os-update_snapshot_status": {"status": "error_deleting", "progress": "90%"}} {{(pid=97301) _process_stack /opt/stack/cinder/cinder/api/openstack/wsgi.py:876}}
Jul 22 16:48:47.582437 np0000005639 devstack@c-api.service[97301]: DEBUG cinder.api.contrib.snapshot_actions [req-0991c5bb-a5b5-4240-999e-e23124af6896 req-7816edb3-5e1e-47d0-a456-2d0c7ab44fea tempest-VolumesAssistedSnapshotsTest-1839839694 tempest-VolumesAssistedSnapshotsTest-1839839694-project] body: {'os-update_snapshot_status': {'status': 'error_deleting', 'progress': '90%'}} {{(pid=97301) _update_snapshot_status /opt/stack/cinder/cinder/api/contrib/snapshot_actions.py:46}}
Jul 22 16:48:47.589836 np0000005639 devstack@c-api.service[97301]: INFO cinder.api.openstack.wsgi [req-0991c5bb-a5b5-4240-999e-e23124af6896 req-7816edb3-5e1e-47d0-a456-2d0c7ab44fea tempest-VolumesAssistedSnapshotsTest-1839839694 tempest-VolumesAssistedSnapshotsTest-1839839694-project] https://10.4.3.228/volume/v3/snapshots/None/action returned with HTTP 404
Jul 22 16:48:47.589836 np0000005639 devstack@c-api.service[97301]: [pid: 97301|app: 0|req: 96/277] 10.4.3.228 () {72 vars in 1582 bytes} [Wed Jul 22 16:48:47 2026] POST /volume/v3/snapshots/None/action => generated 79 bytes in 13 msecs (HTTP/1.1 404) 7 headers in 291 bytes (1 switches on core 0)
Jul 22 16:48:47.593960 np0000005639 devstack@c-api.service[97300]: /opt/stack/data/venv/lib/python3.12/site-packages/oslo_context/context.py:102: DeprecationWarning: Policy enforcement is depending on the value of is_admin. This key is deprecated. Please update your policy file to use the standard policy values.
Jul 22 16:48:47.593960 np0000005639 devstack@c-api.service[97300]: warnings.warn(
Jul 22 16:48:47.601771 np0000005639 devstack@c-api.service[97300]: INFO cinder.volume.api [req-a85a3d83-354b-45ff-a88e-7bb026a22e88 req-bd683c3b-0d74-4989-80da-5c2740e1ec67 tempest-VolumesAssistedSnapshotsTest-1335992882 tempest-VolumesAssistedSnapshotsTest-1335992882-project-admin] Volume info retrieved successfully.
Jul 22 16:48:47.608764 np0000005639 devstack@c-api.service[97300]: INFO cinder.api.openstack.wsgi [req-a85a3d83-354b-45ff-a88e-7bb026a22e88 req-bd683c3b-0d74-4989-80da-5c2740e1ec67 tempest-VolumesAssistedSnapshotsTest-1335992882 tempest-VolumesAssistedSnapshotsTest-1335992882-project-admin] https://10.4.3.228/volume/v3/volumes/5aa4adb4-90e9-4eca-b2d8-4c1f7e86368f returned with HTTP 200
Jul 22 16:48:47.611707 np0000005639 devstack@c-api.service[97300]: [pid: 97300|app: 0|req: 91/278] 10.4.3.228 () {68 vars in 1598 bytes} [Wed Jul 22 16:48:47 2026] GET /volume/v3/volumes/5aa4adb4-90e9-4eca-b2d8-4c1f7e86368f => generated 1327 bytes in 50 msecs (HTTP/1.1 200) 7 headers in 286 bytes (1 switches on core 0)
Jul 22 16:48:47.638683 np0000005639 devstack@c-api.service[97302]: DEBUG cinder.api.middleware.request_id [None req-468c544d-8f42-4f16-b8d4-163a4ace2348 None None] RequestId filter calling following filter/app {{(pid=97302) _context_setter /opt/stack/cinder/cinder/api/middleware/request_id.py:62}}
Jul 22 16:48:47.646447 np0000005639 devstack@c-api.service[97302]: INFO cinder.api.openstack.wsgi [None req-468c544d-8f42-4f16-b8d4-163a4ace2348 tempest-AttachSCSIVolumeTestJSON-186183964 tempest-AttachSCSIVolumeTestJSON-186183964-project-reader] GET https://10.4.3.228/volume/v3/volumes/9d694996-7b2f-4d47-9722-35b7b3183706
Jul 22 16:48:47.646621 np0000005639 devstack@c-api.service[97302]: DEBUG cinder.api.openstack.wsgi [None req-468c544d-8f42-4f16-b8d4-163a4ace2348 tempest-AttachSCSIVolumeTestJSON-186183964 tempest-AttachSCSIVolumeTestJSON-186183964-project-reader] Empty body provided in request {{(pid=97302) get_body /opt/stack/cinder/cinder/api/openstack/wsgi.py:725}}
Jul 22 16:48:47.648745 np0000005639 devstack@c-api.service[97302]: DEBUG cinder.api.openstack.wsgi [None req-468c544d-8f42-4f16-b8d4-163a4ace2348 tempest-AttachSCSIVolumeTestJSON-186183964 tempest-AttachSCSIVolumeTestJSON-186183964-project-reader] Calling method 'show' {{(pid=97302) _process_stack /opt/stack/cinder/cinder/api/openstack/wsgi.py:878}}
Jul 22 16:48:47.665587 np0000005639 devstack@c-api.service[97302]: /opt/stack/data/venv/lib/python3.12/site-packages/oslo_context/context.py:102: DeprecationWarning: Policy enforcement is depending on the value of is_admin. This key is deprecated. Please update your policy file to use the standard policy values.
Jul 22 16:48:47.665587 np0000005639 devstack@c-api.service[97302]: warnings.warn(
Jul 22 16:48:47.673955 np0000005639 devstack@c-api.service[97302]: INFO cinder.volume.api [None req-468c544d-8f42-4f16-b8d4-163a4ace2348 tempest-AttachSCSIVolumeTestJSON-186183964 tempest-AttachSCSIVolumeTestJSON-186183964-project-reader] Volume info retrieved successfully.
Jul 22 16:48:47.684429 np0000005639 devstack@c-api.service[97302]: INFO cinder.api.openstack.wsgi [None req-468c544d-8f42-4f16-b8d4-163a4ace2348 tempest-AttachSCSIVolumeTestJSON-186183964 tempest-AttachSCSIVolumeTestJSON-186183964-project-reader] https://10.4.3.228/volume/v3/volumes/9d694996-7b2f-4d47-9722-35b7b3183706 returned with HTTP 200
Jul 22 16:48:47.685146 np0000005639 devstack@c-api.service[97302]: [pid: 97302|app: 0|req: 92/279] 10.4.3.228 () {66 vars in 1348 bytes} [Wed Jul 22 16:48:47 2026] GET /volume/v3/volumes/9d694996-7b2f-4d47-9722-35b7b3183706 => generated 847 bytes in 47 msecs (HTTP/1.1 200) 7 headers in 285 bytes (1 switches on core 0)
Jul 22 16:48:47.690771 np0000005639 devstack@c-api.service[97301]: DEBUG cinder.api.middleware.request_id [req-4074f7eb-0b72-461f-a04c-79b0431aa358 req-dc0b7f7d-0643-4c6c-b9f4-942dd030be3c None None] RequestId filter calling following filter/app {{(pid=97301) _context_setter /opt/stack/cinder/cinder/api/middleware/request_id.py:62}}
Jul 22 16:48:47.691126 np0000005639 devstack@c-api.service[97300]: DEBUG cinder.api.middleware.request_id [req-a85a3d83-354b-45ff-a88e-7bb026a22e88 req-87db0c0c-57bd-40d7-a3fc-8d5a807e393a None None] RequestId filter calling following filter/app {{(pid=97300) _context_setter /opt/stack/cinder/cinder/api/middleware/request_id.py:62}}
Jul 22 16:48:47.693038 np0000005639 devstack@c-api.service[97301]: INFO cinder.api.openstack.wsgi [req-4074f7eb-0b72-461f-a04c-79b0431aa358 req-dc0b7f7d-0643-4c6c-b9f4-942dd030be3c tempest-VolumesAssistedSnapshotsTest-1839839694 tempest-VolumesAssistedSnapshotsTest-1839839694-project] POST https://10.4.3.228/volume/v3/snapshots/67188677-5d4f-4478-83a9-5190772ae2bb/action
Jul 22 16:48:47.693559 np0000005639 devstack@c-api.service[97301]: DEBUG cinder.api.openstack.wsgi [req-4074f7eb-0b72-461f-a04c-79b0431aa358 req-dc0b7f7d-0643-4c6c-b9f4-942dd030be3c tempest-VolumesAssistedSnapshotsTest-1839839694 tempest-VolumesAssistedSnapshotsTest-1839839694-project] Action body: b'{"os-update_snapshot_status": {"status": "error", "progress": "90%"}}' {{(pid=97301) get_method /opt/stack/cinder/cinder/api/openstack/wsgi.py:993}}
Jul 22 16:48:47.693832 np0000005639 devstack@c-api.service[97301]: DEBUG cinder.api.openstack.wsgi [req-4074f7eb-0b72-461f-a04c-79b0431aa358 req-dc0b7f7d-0643-4c6c-b9f4-942dd030be3c tempest-VolumesAssistedSnapshotsTest-1839839694 tempest-VolumesAssistedSnapshotsTest-1839839694-project] Action: 'action', calling method: _update_snapshot_status, body: {"os-update_snapshot_status": {"status": "error", "progress": "90%"}} {{(pid=97301) _process_stack /opt/stack/cinder/cinder/api/openstack/wsgi.py:876}}
Jul 22 16:48:47.697648 np0000005639 devstack@c-api.service[97301]: DEBUG cinder.api.contrib.snapshot_actions [req-4074f7eb-0b72-461f-a04c-79b0431aa358 req-dc0b7f7d-0643-4c6c-b9f4-942dd030be3c tempest-VolumesAssistedSnapshotsTest-1839839694 tempest-VolumesAssistedSnapshotsTest-1839839694-project] body: {'os-update_snapshot_status': {'status': 'error', 'progress': '90%'}} {{(pid=97301) _update_snapshot_status /opt/stack/cinder/cinder/api/contrib/snapshot_actions.py:46}}
Jul 22 16:48:47.697778 np0000005639 devstack@c-api.service[97300]: INFO cinder.api.openstack.wsgi [req-a85a3d83-354b-45ff-a88e-7bb026a22e88 req-87db0c0c-57bd-40d7-a3fc-8d5a807e393a tempest-VolumesAssistedSnapshotsTest-1335992882 tempest-VolumesAssistedSnapshotsTest-1335992882-project-admin] POST https://10.4.3.228/volume/v3/volumes/5aa4adb4-90e9-4eca-b2d8-4c1f7e86368f/action
Jul 22 16:48:47.700354 np0000005639 devstack@c-api.service[97300]: DEBUG cinder.api.openstack.wsgi [req-a85a3d83-354b-45ff-a88e-7bb026a22e88 req-87db0c0c-57bd-40d7-a3fc-8d5a807e393a tempest-VolumesAssistedSnapshotsTest-1335992882 tempest-VolumesAssistedSnapshotsTest-1335992882-project-admin] Action body: b'{"os-begin_detaching": null}' {{(pid=97300) get_method /opt/stack/cinder/cinder/api/openstack/wsgi.py:993}}
Jul 22 16:48:47.700731 np0000005639 devstack@c-api.service[97300]: DEBUG cinder.api.openstack.wsgi [req-a85a3d83-354b-45ff-a88e-7bb026a22e88 req-87db0c0c-57bd-40d7-a3fc-8d5a807e393a tempest-VolumesAssistedSnapshotsTest-1335992882 tempest-VolumesAssistedSnapshotsTest-1335992882-project-admin] Action: 'action', calling method: _begin_detaching, body: {"os-begin_detaching": null} {{(pid=97300) _process_stack /opt/stack/cinder/cinder/api/openstack/wsgi.py:876}}
Jul 22 16:48:47.709509 np0000005639 devstack@c-api.service[97302]: DEBUG cinder.api.middleware.request_id [req-06fdfb0b-a493-4333-9f1a-e2c0bfc19c62 req-def54cc5-7482-44be-aced-c8d86339700d None None] RequestId filter calling following filter/app {{(pid=97302) _context_setter /opt/stack/cinder/cinder/api/middleware/request_id.py:62}}
Jul 22 16:48:47.710982 np0000005639 devstack@c-api.service[97301]: INFO cinder.api.openstack.wsgi [req-4074f7eb-0b72-461f-a04c-79b0431aa358 req-dc0b7f7d-0643-4c6c-b9f4-942dd030be3c tempest-VolumesAssistedSnapshotsTest-1839839694 tempest-VolumesAssistedSnapshotsTest-1839839694-project] https://10.4.3.228/volume/v3/snapshots/67188677-5d4f-4478-83a9-5190772ae2bb/action returned with HTTP 404
Jul 22 16:48:47.712132 np0000005639 devstack@c-api.service[97301]: [pid: 97301|app: 0|req: 97/280] 10.4.3.228 () {72 vars in 1678 bytes} [Wed Jul 22 16:48:47 2026] POST /volume/v3/snapshots/67188677-5d4f-4478-83a9-5190772ae2bb/action => generated 111 bytes in 22 msecs (HTTP/1.1 404) 7 headers in 292 bytes (1 switches on core 0)
Jul 22 16:48:47.713474 np0000005639 devstack@c-api.service[97302]: INFO cinder.api.openstack.wsgi [req-06fdfb0b-a493-4333-9f1a-e2c0bfc19c62 req-def54cc5-7482-44be-aced-c8d86339700d tempest-TaggedBootDevicesTest_v242-1044836944 tempest-TaggedBootDevicesTest_v242-1044836944-project-member] PUT https://10.4.3.228/volume/v3/attachments/549e6f81-1d7a-4a17-b0de-0bfc950c5667
Jul 22 16:48:47.714587 np0000005639 devstack@c-api.service[97302]: DEBUG cinder.api.openstack.wsgi [req-06fdfb0b-a493-4333-9f1a-e2c0bfc19c62 req-def54cc5-7482-44be-aced-c8d86339700d tempest-TaggedBootDevicesTest_v242-1044836944 tempest-TaggedBootDevicesTest_v242-1044836944-project-member] Action: 'update', calling method: version_select, body: {"attachment": {"connector": {"platform": "x86_64", "os_type": "linux", "ip": "10.4.3.228", "host": "np0000005639", "multipath": false, "enforce_multipath": true, "initiator": "iqn.2016-04.com.open-iscsi:8bc41336fdd7", "do_local_attach": false, "nvme_hostid": "01603506-758c-4c9f-a51d-45324be4df1f", "uuid": "8515de1c-ba7e-467b-adde-6d9f8a8dbc1f", "system uuid": "07261953-7897-47a2-8c75-79f27bf60476", "nqn": "nqn.2014-08.org.nvmexpress:uuid:07261953-7897-47a2-8c75-79f27bf60476", "nvme_native_multipath": true, "found_dsc": "", "host_ips": ["10.4.3.228", "fe80::f816:3eff:fe63:8c46", "192.168.10.6", "fe80::f816:3eff:fe57:280c", "192.168.20.6", "fe80::f816:3eff:fef2:8690", "192.168.30.6", "fe80::f816:3eff:fe7f:df30", "192.168.122.1", "172.24.5.1", "2001:db8::2", "fe80::2cad:77ff:fe63:e84a", "fe80::f816:3eff:fe77:e603", "fe80::f816:3eff:fe83:8aa2", "fe80::f816:3eff:fe74:ccf0", "fe80::58e3:ceff:fe2c:ddc6", "fe80::90e6:66ff:fe97:5c0", "fe80::f816:3eff:fe83:c022", "fe80::8d9:acff:fe70:f719", "fe80::f816:3eff:fe0f:a925", "fe80::fc02:c4ff:fe5f:3059", "fe80::f816:3eff:fe51:b025", "fe80::f816:3eff:fe42:2fe4", "fe80::f816:3eff:fe8f:4f35", "fe80::f816:3eff:fe94:ab60", "fe80::d441:bbff:fe35:4bb0", "fe80::f816:3eff:fee5:8a82", "fe80::e43a:95ff:fe39:1b6e"], "mountpoint": "/dev/vda"}}} {{(pid=97302) _process_stack /opt/stack/cinder/cinder/api/openstack/wsgi.py:876}}
Jul 22 16:48:47.723033 np0000005639 devstack@c-api.service[97300]: /opt/stack/data/venv/lib/python3.12/site-packages/oslo_context/context.py:102: DeprecationWarning: Policy enforcement is depending on the value of is_admin. This key is deprecated. Please update your policy file to use the standard policy values.
Jul 22 16:48:47.723033 np0000005639 devstack@c-api.service[97300]: warnings.warn(
Jul 22 16:48:47.723569 np0000005639 devstack@c-api.service[97300]: INFO cinder.volume.api [req-a85a3d83-354b-45ff-a88e-7bb026a22e88 req-87db0c0c-57bd-40d7-a3fc-8d5a807e393a tempest-VolumesAssistedSnapshotsTest-1335992882 tempest-VolumesAssistedSnapshotsTest-1335992882-project-admin] Volume info retrieved successfully.
Jul 22 16:48:47.724662 np0000005639 devstack@c-api.service[97302]: DEBUG cinder.coordination [req-06fdfb0b-a493-4333-9f1a-e2c0bfc19c62 req-def54cc5-7482-44be-aced-c8d86339700d tempest-TaggedBootDevicesTest_v242-1044836944 tempest-TaggedBootDevicesTest_v242-1044836944-project-member] Acquiring lock "cinder-attachment_update-87a250f1-8d25-4a0d-8335-845a78153ea0-np0000005639" by "attachment_update" {{(pid=97302) __acquire /opt/stack/cinder/cinder/coordination.py:138}}
Jul 22 16:48:47.736732 np0000005639 devstack@c-api.service[97302]: DEBUG cinder.coordination [req-06fdfb0b-a493-4333-9f1a-e2c0bfc19c62 req-def54cc5-7482-44be-aced-c8d86339700d tempest-TaggedBootDevicesTest_v242-1044836944 tempest-TaggedBootDevicesTest_v242-1044836944-project-member] Lock "cinder-attachment_update-87a250f1-8d25-4a0d-8335-845a78153ea0-np0000005639" acquired by "attachment_update" :: waited 0.012s {{(pid=97302) __acquire /opt/stack/cinder/cinder/coordination.py:141}}
Jul 22 16:48:47.736845 np0000005639 devstack@c-api.service[97300]: INFO cinder.volume.api [req-a85a3d83-354b-45ff-a88e-7bb026a22e88 req-87db0c0c-57bd-40d7-a3fc-8d5a807e393a tempest-VolumesAssistedSnapshotsTest-1335992882 tempest-VolumesAssistedSnapshotsTest-1335992882-project-admin] Begin detaching volume completed successfully.
Jul 22 16:48:47.737471 np0000005639 devstack@c-api.service[97300]: INFO cinder.api.openstack.wsgi [req-a85a3d83-354b-45ff-a88e-7bb026a22e88 req-87db0c0c-57bd-40d7-a3fc-8d5a807e393a tempest-VolumesAssistedSnapshotsTest-1335992882 tempest-VolumesAssistedSnapshotsTest-1335992882-project-admin] https://10.4.3.228/volume/v3/volumes/5aa4adb4-90e9-4eca-b2d8-4c1f7e86368f/action returned with HTTP 202
Jul 22 16:48:47.737788 np0000005639 devstack@c-api.service[97300]: [pid: 97300|app: 0|req: 92/281] 10.4.3.228 () {72 vars in 1672 bytes} [Wed Jul 22 16:48:47 2026] POST /volume/v3/volumes/5aa4adb4-90e9-4eca-b2d8-4c1f7e86368f/action => generated 0 bytes in 48 msecs (HTTP/1.1 202) 7 headers in 289 bytes (1 switches on core 0)
Jul 22 16:48:47.739804 np0000005639 devstack@c-api.service[97302]: /opt/stack/data/venv/lib/python3.12/site-packages/oslo_context/context.py:102: DeprecationWarning: Policy enforcement is depending on the value of is_admin. This key is deprecated. Please update your policy file to use the standard policy values.
Jul 22 16:48:47.739804 np0000005639 devstack@c-api.service[97302]: warnings.warn(
Jul 22 16:48:47.806892 np0000005639 devstack@c-api.service[97301]: DEBUG cinder.api.middleware.request_id [None req-afbb09f6-a61e-4894-953b-6062e4476092 None None] RequestId filter calling following filter/app {{(pid=97301) _context_setter /opt/stack/cinder/cinder/api/middleware/request_id.py:62}}
Jul 22 16:48:47.812543 np0000005639 devstack@c-api.service[97301]: INFO cinder.api.openstack.wsgi [None req-afbb09f6-a61e-4894-953b-6062e4476092 tempest-AttachSCSIVolumeTestJSON-186183964 tempest-AttachSCSIVolumeTestJSON-186183964-project-member] GET https://10.4.3.228/volume/v3/volumes/9d694996-7b2f-4d47-9722-35b7b3183706
Jul 22 16:48:47.812996 np0000005639 devstack@c-api.service[97301]: DEBUG cinder.api.openstack.wsgi [None req-afbb09f6-a61e-4894-953b-6062e4476092 tempest-AttachSCSIVolumeTestJSON-186183964 tempest-AttachSCSIVolumeTestJSON-186183964-project-member] Empty body provided in request {{(pid=97301) get_body /opt/stack/cinder/cinder/api/openstack/wsgi.py:725}}
Jul 22 16:48:47.813270 np0000005639 devstack@c-api.service[97301]: DEBUG cinder.api.openstack.wsgi [None req-afbb09f6-a61e-4894-953b-6062e4476092 tempest-AttachSCSIVolumeTestJSON-186183964 tempest-AttachSCSIVolumeTestJSON-186183964-project-member] Calling method 'show' {{(pid=97301) _process_stack /opt/stack/cinder/cinder/api/openstack/wsgi.py:878}}
Jul 22 16:48:47.828785 np0000005639 devstack@c-api.service[97301]: /opt/stack/data/venv/lib/python3.12/site-packages/oslo_context/context.py:102: DeprecationWarning: Policy enforcement is depending on the value of is_admin. This key is deprecated. Please update your policy file to use the standard policy values.
Jul 22 16:48:47.828785 np0000005639 devstack@c-api.service[97301]: warnings.warn(
Jul 22 16:48:47.837829 np0000005639 devstack@c-api.service[97301]: INFO cinder.volume.api [None req-afbb09f6-a61e-4894-953b-6062e4476092 tempest-AttachSCSIVolumeTestJSON-186183964 tempest-AttachSCSIVolumeTestJSON-186183964-project-member] Volume info retrieved successfully.
Jul 22 16:48:47.853564 np0000005639 devstack@c-api.service[97301]: INFO cinder.api.openstack.wsgi [None req-afbb09f6-a61e-4894-953b-6062e4476092 tempest-AttachSCSIVolumeTestJSON-186183964 tempest-AttachSCSIVolumeTestJSON-186183964-project-member] https://10.4.3.228/volume/v3/volumes/9d694996-7b2f-4d47-9722-35b7b3183706 returned with HTTP 200
Jul 22 16:48:47.854446 np0000005639 devstack@c-api.service[97301]: [pid: 97301|app: 0|req: 98/282] 10.4.3.228 () {66 vars in 1348 bytes} [Wed Jul 22 16:48:47 2026] GET /volume/v3/volumes/9d694996-7b2f-4d47-9722-35b7b3183706 => generated 847 bytes in 48 msecs (HTTP/1.1 200) 7 headers in 285 bytes (1 switches on core 0)
Jul 22 16:48:47.862652 np0000005639 devstack@c-api.service[97300]: DEBUG cinder.api.middleware.request_id [None req-fe27ccd0-da33-4e07-9e3c-03c6c3f30194 None None] RequestId filter calling following filter/app {{(pid=97300) _context_setter /opt/stack/cinder/cinder/api/middleware/request_id.py:62}}
Jul 22 16:48:47.863560 np0000005639 devstack@c-api.service[97300]: INFO cinder.api.openstack.wsgi [None req-fe27ccd0-da33-4e07-9e3c-03c6c3f30194 None None] GET https://10.4.3.228/volume//
Jul 22 16:48:47.863853 np0000005639 devstack@c-api.service[97300]: DEBUG cinder.api.openstack.wsgi [None req-fe27ccd0-da33-4e07-9e3c-03c6c3f30194 None None] Empty body provided in request {{(pid=97300) get_body /opt/stack/cinder/cinder/api/openstack/wsgi.py:725}}
Jul 22 16:48:47.864343 np0000005639 devstack@c-api.service[97300]: DEBUG cinder.api.openstack.wsgi [None req-fe27ccd0-da33-4e07-9e3c-03c6c3f30194 None None] Calling method 'all' {{(pid=97300) _process_stack /opt/stack/cinder/cinder/api/openstack/wsgi.py:878}}
Jul 22 16:48:47.864879 np0000005639 devstack@c-api.service[97300]: INFO cinder.api.openstack.wsgi [None req-fe27ccd0-da33-4e07-9e3c-03c6c3f30194 None None] https://10.4.3.228/volume// returned with HTTP 300
Jul 22 16:48:47.865429 np0000005639 devstack@c-api.service[97300]: [pid: 97300|app: 0|req: 93/283] 10.4.3.228 () {66 vars in 1426 bytes} [Wed Jul 22 16:48:47 2026] GET /volume/ => generated 386 bytes in 5 msecs (HTTP/1.1 300) 7 headers in 299 bytes (1 switches on core 0)
Jul 22 16:48:47.870394 np0000005639 devstack@c-api.service[97301]: DEBUG cinder.api.middleware.request_id [None req-841f7b33-5396-4ab8-9590-16cf07db1ab2 None None] RequestId filter calling following filter/app {{(pid=97301) _context_setter /opt/stack/cinder/cinder/api/middleware/request_id.py:62}}
Jul 22 16:48:47.879822 np0000005639 devstack@c-api.service[97301]: INFO cinder.api.openstack.wsgi [None req-841f7b33-5396-4ab8-9590-16cf07db1ab2 tempest-VolumesBackupsAdminTest-55663684 tempest-VolumesBackupsAdminTest-55663684-project-member] GET https://10.4.3.228/volume/v3/backups/f2a5ec3e-9c27-4864-8774-0d887e389928
Jul 22 16:48:47.879822 np0000005639 devstack@c-api.service[97301]: DEBUG cinder.api.openstack.wsgi [None req-841f7b33-5396-4ab8-9590-16cf07db1ab2 tempest-VolumesBackupsAdminTest-55663684 tempest-VolumesBackupsAdminTest-55663684-project-member] Empty body provided in request {{(pid=97301) get_body /opt/stack/cinder/cinder/api/openstack/wsgi.py:725}}
Jul 22 16:48:47.879822 np0000005639 devstack@c-api.service[97301]: DEBUG cinder.api.openstack.wsgi [None req-841f7b33-5396-4ab8-9590-16cf07db1ab2 tempest-VolumesBackupsAdminTest-55663684 tempest-VolumesBackupsAdminTest-55663684-project-member] Calling method 'show' {{(pid=97301) _process_stack /opt/stack/cinder/cinder/api/openstack/wsgi.py:878}}
Jul 22 16:48:47.879822 np0000005639 devstack@c-api.service[97301]: DEBUG cinder.api.v3.backups [None req-841f7b33-5396-4ab8-9590-16cf07db1ab2 tempest-VolumesBackupsAdminTest-55663684 tempest-VolumesBackupsAdminTest-55663684-project-member] Show backup with id f2a5ec3e-9c27-4864-8774-0d887e389928. {{(pid=97301) show /opt/stack/cinder/cinder/api/v3/backups.py:75}}
Jul 22 16:48:47.880525 np0000005639 devstack@c-api.service[97302]: DEBUG cinder.coordination [req-06fdfb0b-a493-4333-9f1a-e2c0bfc19c62 req-def54cc5-7482-44be-aced-c8d86339700d tempest-TaggedBootDevicesTest_v242-1044836944 tempest-TaggedBootDevicesTest_v242-1044836944-project-member] Lock "cinder-attachment_update-87a250f1-8d25-4a0d-8335-845a78153ea0-np0000005639" released by "attachment_update" :: held 0.144s {{(pid=97302) __release /opt/stack/cinder/cinder/coordination.py:152}}
Jul 22 16:48:47.881008 np0000005639 devstack@c-api.service[97302]: INFO cinder.api.openstack.wsgi [req-06fdfb0b-a493-4333-9f1a-e2c0bfc19c62 req-def54cc5-7482-44be-aced-c8d86339700d tempest-TaggedBootDevicesTest_v242-1044836944 tempest-TaggedBootDevicesTest_v242-1044836944-project-member] https://10.4.3.228/volume/v3/attachments/549e6f81-1d7a-4a17-b0de-0bfc950c5667 returned with HTTP 200
Jul 22 16:48:47.881703 np0000005639 devstack@c-api.service[97302]: [pid: 97302|app: 0|req: 93/284] 10.4.3.228 () {74 vars in 1705 bytes} [Wed Jul 22 16:48:47 2026] PUT /volume/v3/attachments/549e6f81-1d7a-4a17-b0de-0bfc950c5667 => generated 535 bytes in 173 msecs (HTTP/1.1 200) 7 headers in 286 bytes (1 switches on core 0)
Jul 22 16:48:47.883528 np0000005639 devstack@c-api.service[97300]: DEBUG cinder.api.middleware.request_id [req-a85a3d83-354b-45ff-a88e-7bb026a22e88 req-e6733a42-0d02-42a4-aa1c-b6f4ecf4161a None None] RequestId filter calling following filter/app {{(pid=97300) _context_setter /opt/stack/cinder/cinder/api/middleware/request_id.py:62}}
Jul 22 16:48:47.889298 np0000005639 devstack@c-api.service[97300]: INFO cinder.api.openstack.wsgi [req-a85a3d83-354b-45ff-a88e-7bb026a22e88 req-e6733a42-0d02-42a4-aa1c-b6f4ecf4161a tempest-VolumesAssistedSnapshotsTest-1335992882 tempest-VolumesAssistedSnapshotsTest-1335992882-project-admin] GET https://10.4.3.228/volume/v3/volumes/5aa4adb4-90e9-4eca-b2d8-4c1f7e86368f
Jul 22 16:48:47.889298 np0000005639 devstack@c-api.service[97300]: DEBUG cinder.api.openstack.wsgi [req-a85a3d83-354b-45ff-a88e-7bb026a22e88 req-e6733a42-0d02-42a4-aa1c-b6f4ecf4161a tempest-VolumesAssistedSnapshotsTest-1335992882 tempest-VolumesAssistedSnapshotsTest-1335992882-project-admin] Empty body provided in request {{(pid=97300) get_body /opt/stack/cinder/cinder/api/openstack/wsgi.py:725}}
Jul 22 16:48:47.889298 np0000005639 devstack@c-api.service[97300]: DEBUG cinder.api.openstack.wsgi [req-a85a3d83-354b-45ff-a88e-7bb026a22e88 req-e6733a42-0d02-42a4-aa1c-b6f4ecf4161a tempest-VolumesAssistedSnapshotsTest-1335992882 tempest-VolumesAssistedSnapshotsTest-1335992882-project-admin] Calling method 'show' {{(pid=97300) _process_stack /opt/stack/cinder/cinder/api/openstack/wsgi.py:878}}
Jul 22 16:48:47.892157 np0000005639 devstack@c-api.service[97301]: /opt/stack/data/venv/lib/python3.12/site-packages/oslo_context/context.py:102: DeprecationWarning: Policy enforcement is depending on the value of is_admin. This key is deprecated. Please update your policy file to use the standard policy values.
Jul 22 16:48:47.892157 np0000005639 devstack@c-api.service[97301]: warnings.warn(
Jul 22 16:48:47.895442 np0000005639 devstack@c-api.service[97301]: INFO cinder.api.openstack.wsgi [None req-841f7b33-5396-4ab8-9590-16cf07db1ab2 tempest-VolumesBackupsAdminTest-55663684 tempest-VolumesBackupsAdminTest-55663684-project-member] https://10.4.3.228/volume/v3/backups/f2a5ec3e-9c27-4864-8774-0d887e389928 returned with HTTP 200
Jul 22 16:48:47.897176 np0000005639 devstack@c-api.service[97301]: [pid: 97301|app: 0|req: 99/285] 10.4.3.228 () {66 vars in 1348 bytes} [Wed Jul 22 16:48:47 2026] GET /volume/v3/backups/f2a5ec3e-9c27-4864-8774-0d887e389928 => generated 801 bytes in 28 msecs (HTTP/1.1 200) 7 headers in 285 bytes (1 switches on core 0)
Jul 22 16:48:47.907677 np0000005639 devstack@c-api.service[97300]: /opt/stack/data/venv/lib/python3.12/site-packages/oslo_context/context.py:102: DeprecationWarning: Policy enforcement is depending on the value of is_admin. This key is deprecated. Please update your policy file to use the standard policy values.
Jul 22 16:48:47.907677 np0000005639 devstack@c-api.service[97300]: warnings.warn(
Jul 22 16:48:47.912684 np0000005639 devstack@c-api.service[97300]: INFO cinder.volume.api [req-a85a3d83-354b-45ff-a88e-7bb026a22e88 req-e6733a42-0d02-42a4-aa1c-b6f4ecf4161a tempest-VolumesAssistedSnapshotsTest-1335992882 tempest-VolumesAssistedSnapshotsTest-1335992882-project-admin] Volume info retrieved successfully.
Jul 22 16:48:47.924763 np0000005639 devstack@c-api.service[97300]: INFO cinder.api.openstack.wsgi [req-a85a3d83-354b-45ff-a88e-7bb026a22e88 req-e6733a42-0d02-42a4-aa1c-b6f4ecf4161a tempest-VolumesAssistedSnapshotsTest-1335992882 tempest-VolumesAssistedSnapshotsTest-1335992882-project-admin] https://10.4.3.228/volume/v3/volumes/5aa4adb4-90e9-4eca-b2d8-4c1f7e86368f returned with HTTP 200
Jul 22 16:48:47.924763 np0000005639 devstack@c-api.service[97300]: [pid: 97300|app: 0|req: 94/286] 10.4.3.228 () {70 vars in 1639 bytes} [Wed Jul 22 16:48:47 2026] GET /volume/v3/volumes/5aa4adb4-90e9-4eca-b2d8-4c1f7e86368f => generated 1554 bytes in 43 msecs (HTTP/1.1 200) 7 headers in 287 bytes (1 switches on core 0)
Jul 22 16:48:47.957938 np0000005639 devstack@c-api.service[97302]: DEBUG cinder.api.middleware.request_id [None req-166f5aff-e9fc-4da0-b490-bb67f0dc535f None None] RequestId filter calling following filter/app {{(pid=97302) _context_setter /opt/stack/cinder/cinder/api/middleware/request_id.py:62}}
Jul 22 16:48:47.961490 np0000005639 devstack@c-api.service[97302]: INFO cinder.api.openstack.wsgi [None req-166f5aff-e9fc-4da0-b490-bb67f0dc535f tempest-AttachSCSIVolumeTestJSON-186183964 tempest-AttachSCSIVolumeTestJSON-186183964-project-member] GET https://10.4.3.228/volume/v3/volumes/9d694996-7b2f-4d47-9722-35b7b3183706
Jul 22 16:48:47.961803 np0000005639 devstack@c-api.service[97302]: DEBUG cinder.api.openstack.wsgi [None req-166f5aff-e9fc-4da0-b490-bb67f0dc535f tempest-AttachSCSIVolumeTestJSON-186183964 tempest-AttachSCSIVolumeTestJSON-186183964-project-member] Empty body provided in request {{(pid=97302) get_body /opt/stack/cinder/cinder/api/openstack/wsgi.py:725}}
Jul 22 16:48:47.963294 np0000005639 devstack@c-api.service[97302]: DEBUG cinder.api.openstack.wsgi [None req-166f5aff-e9fc-4da0-b490-bb67f0dc535f tempest-AttachSCSIVolumeTestJSON-186183964 tempest-AttachSCSIVolumeTestJSON-186183964-project-member] Calling method 'show' {{(pid=97302) _process_stack /opt/stack/cinder/cinder/api/openstack/wsgi.py:878}}
Jul 22 16:48:47.964763 np0000005639 devstack@c-api.service[97301]: DEBUG cinder.api.middleware.request_id [req-06fdfb0b-a493-4333-9f1a-e2c0bfc19c62 req-e58e0a7e-6dd6-4093-ae70-4ce931aeefdf None None] RequestId filter calling following filter/app {{(pid=97301) _context_setter /opt/stack/cinder/cinder/api/middleware/request_id.py:62}}
Jul 22 16:48:47.974053 np0000005639 devstack@c-api.service[97301]: INFO cinder.api.openstack.wsgi [req-06fdfb0b-a493-4333-9f1a-e2c0bfc19c62 req-e58e0a7e-6dd6-4093-ae70-4ce931aeefdf tempest-TaggedBootDevicesTest_v242-1044836944 tempest-TaggedBootDevicesTest_v242-1044836944-project-member] POST https://10.4.3.228/volume/v3/attachments/549e6f81-1d7a-4a17-b0de-0bfc950c5667/action
Jul 22 16:48:47.974585 np0000005639 devstack@c-api.service[97301]: DEBUG cinder.api.openstack.wsgi [req-06fdfb0b-a493-4333-9f1a-e2c0bfc19c62 req-e58e0a7e-6dd6-4093-ae70-4ce931aeefdf tempest-TaggedBootDevicesTest_v242-1044836944 tempest-TaggedBootDevicesTest_v242-1044836944-project-member] Action body: b'{"os-complete": null}' {{(pid=97301) get_method /opt/stack/cinder/cinder/api/openstack/wsgi.py:993}}
Jul 22 16:48:47.974732 np0000005639 devstack@c-api.service[97301]: DEBUG cinder.api.openstack.wsgi [req-06fdfb0b-a493-4333-9f1a-e2c0bfc19c62 req-e58e0a7e-6dd6-4093-ae70-4ce931aeefdf tempest-TaggedBootDevicesTest_v242-1044836944 tempest-TaggedBootDevicesTest_v242-1044836944-project-member] Action: 'action', calling method: complete, body: {"os-complete": null} {{(pid=97301) _process_stack /opt/stack/cinder/cinder/api/openstack/wsgi.py:876}}
Jul 22 16:48:47.981904 np0000005639 devstack@c-api.service[97302]: /opt/stack/data/venv/lib/python3.12/site-packages/oslo_context/context.py:102: DeprecationWarning: Policy enforcement is depending on the value of is_admin. This key is deprecated. Please update your policy file to use the standard policy values.
Jul 22 16:48:47.981904 np0000005639 devstack@c-api.service[97302]: warnings.warn(
Jul 22 16:48:47.998869 np0000005639 devstack@c-api.service[97302]: INFO cinder.volume.api [None req-166f5aff-e9fc-4da0-b490-bb67f0dc535f tempest-AttachSCSIVolumeTestJSON-186183964 tempest-AttachSCSIVolumeTestJSON-186183964-project-member] Volume info retrieved successfully.
Jul 22 16:48:48.006566 np0000005639 devstack@c-api.service[97302]: INFO cinder.api.openstack.wsgi [None req-166f5aff-e9fc-4da0-b490-bb67f0dc535f tempest-AttachSCSIVolumeTestJSON-186183964 tempest-AttachSCSIVolumeTestJSON-186183964-project-member] https://10.4.3.228/volume/v3/volumes/9d694996-7b2f-4d47-9722-35b7b3183706 returned with HTTP 200
Jul 22 16:48:48.007267 np0000005639 devstack@c-api.service[97302]: [pid: 97302|app: 0|req: 94/287] 10.4.3.228 () {66 vars in 1348 bytes} [Wed Jul 22 16:48:47 2026] GET /volume/v3/volumes/9d694996-7b2f-4d47-9722-35b7b3183706 => generated 847 bytes in 51 msecs (HTTP/1.1 200) 7 headers in 285 bytes (1 switches on core 0)
Jul 22 16:48:48.009399 np0000005639 devstack@c-api.service[97301]: /opt/stack/data/venv/lib/python3.12/site-packages/oslo_context/context.py:102: DeprecationWarning: Policy enforcement is depending on the value of is_admin. This key is deprecated. Please update your policy file to use the standard policy values.
Jul 22 16:48:48.009399 np0000005639 devstack@c-api.service[97301]: warnings.warn(
Jul 22 16:48:48.035420 np0000005639 devstack@c-api.service[97301]: INFO cinder.api.openstack.wsgi [req-06fdfb0b-a493-4333-9f1a-e2c0bfc19c62 req-e58e0a7e-6dd6-4093-ae70-4ce931aeefdf tempest-TaggedBootDevicesTest_v242-1044836944 tempest-TaggedBootDevicesTest_v242-1044836944-project-member] https://10.4.3.228/volume/v3/attachments/549e6f81-1d7a-4a17-b0de-0bfc950c5667/action returned with HTTP 204
Jul 22 16:48:48.036316 np0000005639 devstack@c-api.service[97301]: [pid: 97301|app: 0|req: 100/288] 10.4.3.228 () {74 vars in 1725 bytes} [Wed Jul 22 16:48:47 2026] POST /volume/v3/attachments/549e6f81-1d7a-4a17-b0de-0bfc950c5667/action => generated 0 bytes in 75 msecs (HTTP/1.1 204) 7 headers in 292 bytes (1 switches on core 0)
Jul 22 16:48:48.084549 np0000005639 devstack@c-api.service[97300]: DEBUG cinder.api.middleware.request_id [None req-3395b14d-0898-49c5-9007-7bb04e2e9fc0 None None] RequestId filter calling following filter/app {{(pid=97300) _context_setter /opt/stack/cinder/cinder/api/middleware/request_id.py:62}}
Jul 22 16:48:48.084549 np0000005639 devstack@c-api.service[97300]: INFO cinder.api.openstack.wsgi [None req-3395b14d-0898-49c5-9007-7bb04e2e9fc0 None None] GET https://10.4.3.228/volume//
Jul 22 16:48:48.086355 np0000005639 devstack@c-api.service[97300]: DEBUG cinder.api.openstack.wsgi [None req-3395b14d-0898-49c5-9007-7bb04e2e9fc0 None None] Empty body provided in request {{(pid=97300) get_body /opt/stack/cinder/cinder/api/openstack/wsgi.py:725}}
Jul 22 16:48:48.086355 np0000005639 devstack@c-api.service[97300]: DEBUG cinder.api.openstack.wsgi [None req-3395b14d-0898-49c5-9007-7bb04e2e9fc0 None None] Calling method 'all' {{(pid=97300) _process_stack /opt/stack/cinder/cinder/api/openstack/wsgi.py:878}}
Jul 22 16:48:48.086355 np0000005639 devstack@c-api.service[97300]: INFO cinder.api.openstack.wsgi [None req-3395b14d-0898-49c5-9007-7bb04e2e9fc0 None None] https://10.4.3.228/volume// returned with HTTP 300
Jul 22 16:48:48.086355 np0000005639 devstack@c-api.service[97300]: [pid: 97300|app: 0|req: 95/289] 10.4.3.228 () {66 vars in 1426 bytes} [Wed Jul 22 16:48:48 2026] GET /volume/ => generated 386 bytes in 3 msecs (HTTP/1.1 300) 7 headers in 299 bytes (1 switches on core 0)
Jul 22 16:48:48.098567 np0000005639 devstack@c-api.service[97302]: DEBUG cinder.api.middleware.request_id [req-06fdfb0b-a493-4333-9f1a-e2c0bfc19c62 req-8144cdad-25cc-43a7-860b-8f4dca459149 None None] RequestId filter calling following filter/app {{(pid=97302) _context_setter /opt/stack/cinder/cinder/api/middleware/request_id.py:62}}
Jul 22 16:48:48.104232 np0000005639 devstack@c-api.service[97302]: INFO cinder.api.openstack.wsgi [req-06fdfb0b-a493-4333-9f1a-e2c0bfc19c62 req-8144cdad-25cc-43a7-860b-8f4dca459149 tempest-TaggedBootDevicesTest_v242-1044836944 tempest-TaggedBootDevicesTest_v242-1044836944-project-member] GET https://10.4.3.228/volume/v3/volumes/d2ead6db-3c05-4111-ac98-da882cbbff17
Jul 22 16:48:48.105534 np0000005639 devstack@c-api.service[97302]: DEBUG cinder.api.openstack.wsgi [req-06fdfb0b-a493-4333-9f1a-e2c0bfc19c62 req-8144cdad-25cc-43a7-860b-8f4dca459149 tempest-TaggedBootDevicesTest_v242-1044836944 tempest-TaggedBootDevicesTest_v242-1044836944-project-member] Empty body provided in request {{(pid=97302) get_body /opt/stack/cinder/cinder/api/openstack/wsgi.py:725}}
Jul 22 16:48:48.105534 np0000005639 devstack@c-api.service[97302]: DEBUG cinder.api.openstack.wsgi [req-06fdfb0b-a493-4333-9f1a-e2c0bfc19c62 req-8144cdad-25cc-43a7-860b-8f4dca459149 tempest-TaggedBootDevicesTest_v242-1044836944 tempest-TaggedBootDevicesTest_v242-1044836944-project-member] Calling method 'show' {{(pid=97302) _process_stack /opt/stack/cinder/cinder/api/openstack/wsgi.py:878}}
Jul 22 16:48:48.127484 np0000005639 devstack@c-api.service[97302]: /opt/stack/data/venv/lib/python3.12/site-packages/oslo_context/context.py:102: DeprecationWarning: Policy enforcement is depending on the value of is_admin. This key is deprecated. Please update your policy file to use the standard policy values.
Jul 22 16:48:48.127484 np0000005639 devstack@c-api.service[97302]: warnings.warn(
Jul 22 16:48:48.143634 np0000005639 devstack@c-api.service[97302]: INFO cinder.volume.api [req-06fdfb0b-a493-4333-9f1a-e2c0bfc19c62 req-8144cdad-25cc-43a7-860b-8f4dca459149 tempest-TaggedBootDevicesTest_v242-1044836944 tempest-TaggedBootDevicesTest_v242-1044836944-project-member] Volume info retrieved successfully.
Jul 22 16:48:48.153277 np0000005639 devstack@c-api.service[97302]: INFO cinder.api.openstack.wsgi [req-06fdfb0b-a493-4333-9f1a-e2c0bfc19c62 req-8144cdad-25cc-43a7-860b-8f4dca459149 tempest-TaggedBootDevicesTest_v242-1044836944 tempest-TaggedBootDevicesTest_v242-1044836944-project-member] https://10.4.3.228/volume/v3/volumes/d2ead6db-3c05-4111-ac98-da882cbbff17 returned with HTTP 200
